52.167.144.206 - - [19/Aug/2025:16:48:36 -0400] "GET /333641762 HTTP/1.1" 404 - "-" "Mozilla/5.0 AppleWebKit/537.36 (KHTML, like Gecko; compatible; bingbot/2.0; +http://www.bing.com/bingbot.htm) Chrome/116.0.1938.76 Safari/537.36"
144.76.32.145 - - [19/Aug/2025:16:48:36 -0400] "GET /ca3561/?path=/home/greenfieldcom/.spamassassin&edit=bayes_seen HTTP/1.1" 200 846 "-" "Mozilla/5.0 (compatible; BLEXBot/1.0; +https://help.seranking.com/en/blex-crawler)"
105.188.49.248 - - [19/Aug/2025:16:48:39 -0400] "GET /wp-admin/user/bless.php HTTP/1.1" 404 - "-" "Mozilla/5.0 (Windows NT 10.0; Win64; x64) AppleWebKit/537.36 (KHTML, like Gecko) Chrome/58.0.3029.110 Safari/537.36"
144.76.32.145 - - [19/Aug/2025:16:48:42 -0400] "GET /ca3561/?path=/home/greenfieldcom/.spamassassin&edit=bayes_toks HTTP/1.1" 200 846 "-" "Mozilla/5.0 (compatible; BLEXBot/1.0; +https://help.seranking.com/en/blex-crawler)"
105.188.49.248 - - [19/Aug/2025:16:48:45 -0400] "GET /wp-includes/Text/Diff/index.php HTTP/1.1" 404 - "-" "Mozilla/5.0 (Windows NT 10.0; Win64; x64) AppleWebKit/537.36 (KHTML, like Gecko) Chrome/58.0.3029.110 Safari/537.36"
144.76.32.145 - - [19/Aug/2025:16:48:47 -0400] "GET /ca3561/?path=/home/greenfieldcom/.spamassassin&edit=user_prefs HTTP/1.1" 200 1793 "-" "Mozilla/5.0 (compatible; BLEXBot/1.0; +https://help.seranking.com/en/blex-crawler)"
105.188.49.248 - - [19/Aug/2025:16:48:48 -0400] "GET /wp-includes/sodium_compat/namespaced/index.php HTTP/1.1" 404 - "-" "Mozilla/5.0 (Windows NT 10.0; Win64; x64) AppleWebKit/537.36 (KHTML, like Gecko) Chrome/58.0.3029.110 Safari/537.36"
105.188.49.248 - - [19/Aug/2025:16:48:53 -0400] "GET /wp-includes/js/tinymce/plugins/media/index.php HTTP/1.1" 404 - "-" "Mozilla/5.0 (Windows NT 10.0; Win64; x64) AppleWebKit/537.36 (KHTML, like Gecko) Chrome/58.0.3029.110 Safari/537.36"
105.188.49.248 - - [19/Aug/2025:16:48:57 -0400] "GET /nf/function.php HTTP/1.1" 404 - "-" "Mozilla/5.0 (Windows NT 10.0; Win64; x64) AppleWebKit/537.36 (KHTML, like Gecko) Chrome/58.0.3029.110 Safari/537.36"
144.76.32.145 - - [19/Aug/2025:16:48:57 -0400] "GET /ca3561/?path=/home/greenfieldcom/mail/.spam&edit=maildirfolder HTTP/1.1" 200 895 "-" "Mozilla/5.0 (compatible; BLEXBot/1.0; +https://help.seranking.com/en/blex-crawler)"
105.188.49.248 - - [19/Aug/2025:16:49:01 -0400] "GET /content/function.php HTTP/1.1" 404 - "-" "Mozilla/5.0 (Windows NT 10.0; Win64; x64) AppleWebKit/537.36 (KHTML, like Gecko) Chrome/58.0.3029.110 Safari/537.36"
104.28.211.186 - - [19/Aug/2025:16:49:01 -0400] "GET /keys/settings/ HTTP/1.1" 404 - "-" "-"
2a03:2880:13ff:3:: - - [19/Aug/2025:16:49:02 -0400] "GET /robots.txt HTTP/1.1" 304 - "-" "facebookexternalhit/1.1 (+http://www.facebook.com/externalhit_uatext.php)"
144.76.32.145 - - [19/Aug/2025:16:49:03 -0400] "GET /ca3561/?path=/home/greenfieldcom/mail/greenfield.com.sa/backup HTTP/1.1" 200 1017 "-" "Mozilla/5.0 (compatible; BLEXBot/1.0; +https://help.seranking.com/en/blex-crawler)"
105.188.49.248 - - [19/Aug/2025:16:49:03 -0400] "GET /options/function.php HTTP/1.1" 404 - "-" "Mozilla/5.0 (Windows NT 10.0; Win64; x64) AppleWebKit/537.36 (KHTML, like Gecko) Chrome/58.0.3029.110 Safari/537.36"
105.188.49.248 - - [19/Aug/2025:16:49:05 -0400] "GET /.tmb/links.php HTTP/1.1" 404 - "-" "Mozilla/5.0 (Windows NT 10.0; Win64; x64) AppleWebKit/537.36 (KHTML, like Gecko) Chrome/58.0.3029.110 Safari/537.36"
51.222.253.2 - - [19/Aug/2025:16:49:08 -0400] "GET /495999209 HTTP/1.1" 404 - "-" "Mozilla/5.0 (compatible; AhrefsBot/7.0; +http://ahrefs.com/robot/)"
144.76.32.145 - - [19/Aug/2025:16:49:08 -0400] "GET /ca3561/?path=/home/greenfieldcom/mail/greenfield.com.sa/hr/cur HTTP/1.1" 200 10038 "-" "Mozilla/5.0 (compatible; BLEXBot/1.0; +https://help.seranking.com/en/blex-crawler)"
105.188.49.248 - - [19/Aug/2025:16:49:09 -0400] "GET /fm.php HTTP/1.1" 404 - "-" "Mozilla/5.0 (Windows NT 10.0; Win64; x64) AppleWebKit/537.36 (KHTML, like Gecko) Chrome/58.0.3029.110 Safari/537.36"
144.76.32.145 - - [19/Aug/2025:16:49:13 -0400] "GET /ca3561/?path=/home/greenfieldcom/mail/greenfield.com.sa/hr/new HTTP/1.1" 200 1546 "-" "Mozilla/5.0 (compatible; BLEXBot/1.0; +https://help.seranking.com/en/blex-crawler)"
105.188.49.248 - - [19/Aug/2025:16:49:15 -0400] "GET /administrator/templates/bluestork/error.php HTTP/1.1" 404 - "-" "Mozilla/5.0 (Windows NT 10.0; Win64; x64) AppleWebKit/537.36 (KHTML, like Gecko) Chrome/58.0.3029.110 Safari/537.36"
105.188.49.248 - - [19/Aug/2025:16:49:20 -0400] "GET /edit-form.php HTTP/1.1" 404 - "-" "Mozilla/5.0 (Windows NT 10.0; Win64; x64) AppleWebKit/537.36 (KHTML, like Gecko) Chrome/58.0.3029.110 Safari/537.36"
144.76.32.145 - - [19/Aug/2025:16:49:21 -0400] "GET /ca3561/?path=/home/greenfieldcom/mail/greenfield.com.sa/hr/tmp HTTP/1.1" 200 734 "-" "Mozilla/5.0 (compatible; BLEXBot/1.0; +https://help.seranking.com/en/blex-crawler)"
105.188.49.248 - - [19/Aug/2025:16:49:23 -0400] "GET /wp-content/plugins/wp-email-log/include/Core/uc.php HTTP/1.1" 404 - "-" "Mozilla/5.0 (Windows NT 10.0; Win64; x64) AppleWebKit/537.36 (KHTML, like Gecko) Chrome/58.0.3029.110 Safari/537.36"
144.76.32.145 - - [19/Aug/2025:16:49:26 -0400] "GET /ca3561/?path=/home/greenfieldcom/mail/greenfield.com.sa/m.abdo HTTP/1.1" 200 1017 "-" "Mozilla/5.0 (compatible; BLEXBot/1.0; +https://help.seranking.com/en/blex-crawler)"
105.188.49.248 - - [19/Aug/2025:16:49:26 -0400] "GET /.well-known/pki-validation/file.php HTTP/1.1" 404 - "-" "Mozilla/5.0 (Windows NT 10.0; Win64; x64) AppleWebKit/537.36 (KHTML, like Gecko) Chrome/58.0.3029.110 Safari/537.36"
105.188.49.248 - - [19/Aug/2025:16:49:30 -0400] "GET /css/bless.php HTTP/1.1" 404 - "-" "Mozilla/5.0 (Windows NT 10.0; Win64; x64) AppleWebKit/537.36 (KHTML, like Gecko) Chrome/58.0.3029.110 Safari/537.36"
114.119.145.47 - - [19/Aug/2025:16:49:32 -0400] "GET /ca3561/?path=/usr/share/zoneinfo/Asia&edit=Thimphu HTTP/1.1" 200 2071 "https://greenfield.com.sa/ca3561/?path=/usr/share/zoneinfo/Asia" "Mozilla/5.0 (Linux; Android 7.0;) AppleWebKit/537.36 (KHTML, like Gecko) Mobile Safari/537.36 (compatible; PetalBot;+https://webmaster.petalsearch.com/site/petalbot)"
144.76.32.145 - - [19/Aug/2025:16:49:34 -0400] "GET /ca3561/?path=/home/greenfieldcom/mail/greenfield.com.sa/masror HTTP/1.1" 200 1017 "-" "Mozilla/5.0 (compatible; BLEXBot/1.0; +https://help.seranking.com/en/blex-crawler)"
105.188.49.248 - - [19/Aug/2025:16:49:35 -0400] "GET /simple.php HTTP/1.1" 404 - "-" "Mozilla/5.0 (Windows NT 10.0; Win64; x64) AppleWebKit/537.36 (KHTML, like Gecko) Chrome/58.0.3029.110 Safari/537.36"
66.249.79.206 - - [19/Aug/2025:16:49:36 -0400] "GET /q-~74GeekZmyGmaqhmicnC7uTeoGiBp52pu46136/ HTTP/1.1" 404 - "-" "Mozilla/5.0 (Linux; Android 6.0.1; Nexus 5X Build/MMB29P) AppleWebKit/537.36 (KHTML, like Gecko) Chrome/138.0.7204.183 Mobile Safari/537.36 (compatible; GoogleOther)"
105.188.49.248 - - [19/Aug/2025:16:49:37 -0400] "GET /wp-admin/network/index.php HTTP/1.1" 404 - "-" "Mozilla/5.0 (Windows NT 10.0; Win64; x64) AppleWebKit/537.36 (KHTML, like Gecko) Chrome/58.0.3029.110 Safari/537.36"
105.188.49.248 - - [19/Aug/2025:16:49:39 -0400] "GET /ioxi-rex4.php7 HTTP/1.1" 404 - "-" "Mozilla/5.0 (Windows NT 10.0; Win64; x64) AppleWebKit/537.36 (KHTML, like Gecko) Chrome/58.0.3029.110 Safari/537.36"
144.76.32.145 - - [19/Aug/2025:16:49:40 -0400] "GET /ca3561/?path=/home/greenfieldcom/mail/greenfield.com.sa/t.jabr HTTP/1.1" 200 1037 "-" "Mozilla/5.0 (compatible; BLEXBot/1.0; +https://help.seranking.com/en/blex-crawler)"
105.188.49.248 - - [19/Aug/2025:16:49:41 -0400] "GET /classssmtps/function.php HTTP/1.1" 404 - "-" "Mozilla/5.0 (Windows NT 10.0; Win64; x64) AppleWebKit/537.36 (KHTML, like Gecko) Chrome/58.0.3029.110 Safari/537.36"
105.188.49.248 - - [19/Aug/2025:16:49:44 -0400] "GET /wp-includes/pomo/themes.php HTTP/1.1" 404 - "-" "Mozilla/5.0 (Windows NT 10.0; Win64; x64) AppleWebKit/537.36 (KHTML, like Gecko) Chrome/58.0.3029.110 Safari/537.36"
144.76.32.145 - - [19/Aug/2025:16:49:46 -0400] "GET /ca3561/?path=/home/greenfieldcom/public_html/js&edit=error_log HTTP/1.1" 200 1257 "-" "Mozilla/5.0 (compatible; BLEXBot/1.0; +https://help.seranking.com/en/blex-crawler)"
105.188.49.248 - - [19/Aug/2025:16:49:46 -0400] "GET /wp-includes/theme-compat/wp-login.php HTTP/1.1" 404 - "-" "Mozilla/5.0 (Windows NT 10.0; Win64; x64) AppleWebKit/537.36 (KHTML, like Gecko) Chrome/58.0.3029.110 Safari/537.36"
105.188.49.248 - - [19/Aug/2025:16:49:50 -0400] "GET /wp-includes/rest-api/wp-login.php HTTP/1.1" 404 - "-" "Mozilla/5.0 (Windows NT 10.0; Win64; x64) AppleWebKit/537.36 (KHTML, like Gecko) Chrome/58.0.3029.110 Safari/537.36"
105.188.49.248 - - [19/Aug/2025:16:49:52 -0400] "GET /login/function.php HTTP/1.1" 404 - "-" "Mozilla/5.0 (Windows NT 10.0; Win64; x64) AppleWebKit/537.36 (KHTML, like Gecko) Chrome/58.0.3029.110 Safari/537.36"
144.76.32.145 - - [19/Aug/2025:16:49:52 -0400] "GET /ca3561/?path=/home/greenfieldcom/public_html/js&edit=script.js HTTP/1.1" 200 5418 "-" "Mozilla/5.0 (compatible; BLEXBot/1.0; +https://help.seranking.com/en/blex-crawler)"
104.28.211.186 - - [19/Aug/2025:16:49:54 -0400] "GET /Dem7kTu/Login/ HTTP/1.1" 404 - "-" "-"
104.28.211.186 - - [19/Aug/2025:16:49:54 -0400] "GET /website/api/phpinfo/ HTTP/1.1" 404 - "-" "-"
104.28.211.186 - - [19/Aug/2025:16:49:55 -0400] "GET /helper/lara/info/ HTTP/1.1" 404 - "-" "-"
104.28.211.186 - - [19/Aug/2025:16:49:55 -0400] "GET /plugin/ HTTP/1.1" 404 - "-" "-"
104.28.211.186 - - [19/Aug/2025:16:49:55 -0400] "GET /wp-content/plugins/WordPressCore/alfa-rex/ HTTP/1.1" 404 - "-" "-"
104.28.211.186 - - [19/Aug/2025:16:49:56 -0400] "GET /benchmark/ HTTP/1.1" 404 - "-" "-"
104.28.211.186 - - [19/Aug/2025:16:49:56 -0400] "GET /browse/ HTTP/1.1" 404 - "-" "-"
104.28.211.186 - - [19/Aug/2025:16:49:56 -0400] "GET /.env.config/ HTTP/1.1" 404 - "-" "-"
105.188.49.248 - - [19/Aug/2025:16:49:56 -0400] "GET /wp-content/wp-2019.php HTTP/1.1" 404 - "-" "Mozilla/5.0 (Windows NT 10.0; Win64; x64) AppleWebKit/537.36 (KHTML, like Gecko) Chrome/58.0.3029.110 Safari/537.36"
104.28.211.186 - - [19/Aug/2025:16:49:57 -0400] "GET /wp-admin/network/settings/ HTTP/1.1" 404 - "-" "-"
104.28.211.186 - - [19/Aug/2025:16:49:57 -0400] "GET /wp-content/cache/default/ HTTP/1.1" 404 - "-" "-"
104.28.211.186 - - [19/Aug/2025:16:49:57 -0400] "GET /PhpInfo/ HTTP/1.1" 404 - "-" "-"
144.76.32.145 - - [19/Aug/2025:16:49:58 -0400] "GET /ca3561/?path=/home/greenfieldcom/.cagefs/tmp&edit=.crontab.lock HTTP/1.1" 200 1050 "-" "Mozilla/5.0 (compatible; BLEXBot/1.0; +https://help.seranking.com/en/blex-crawler)"
104.28.211.186 - - [19/Aug/2025:16:49:58 -0400] "GET /feeds/ HTTP/1.1" 404 - "-" "-"
104.28.211.186 - - [19/Aug/2025:16:49:59 -0400] "GET /fm2/ HTTP/1.1" 404 - "-" "-"
104.28.211.186 - - [19/Aug/2025:16:49:59 -0400] "GET /naik_dong/ HTTP/1.1" 404 - "-" "-"
105.188.49.248 - - [19/Aug/2025:16:50:00 -0400] "GET /wp-content/plugins/bala.php HTTP/1.1" 404 - "-" "Mozilla/5.0 (Windows NT 10.0; Win64; x64) AppleWebKit/537.36 (KHTML, like Gecko) Chrome/58.0.3029.110 Safari/537.36"
104.28.211.186 - - [19/Aug/2025:16:50:00 -0400] "GET /public/assets/file-upload/server/php/index/ HTTP/1.1" 404 - "-" "-"
104.28.211.186 - - [19/Aug/2025:16:50:00 -0400] "GET /wp-includes/sitemaps/autoload_classmap/ HTTP/1.1" 404 - "-" "-"
104.28.211.186 - - [19/Aug/2025:16:50:01 -0400] "GET /config/app.default/ HTTP/1.1" 404 - "-" "-"
104.28.211.186 - - [19/Aug/2025:16:50:01 -0400] "GET /css/dropdown/ HTTP/1.1" 404 - "-" "-"
104.28.211.186 - - [19/Aug/2025:16:50:02 -0400] "GET /admin/ty/ HTTP/1.1" 404 - "-" "-"
105.188.49.248 - - [19/Aug/2025:16:50:02 -0400] "GET /wp-includes/customize/wp-login.php HTTP/1.1" 404 - "-" "Mozilla/5.0 (Windows NT 10.0; Win64; x64) AppleWebKit/537.36 (KHTML, like Gecko) Chrome/58.0.3029.110 Safari/537.36"
104.28.211.186 - - [19/Aug/2025:16:50:02 -0400] "GET /application/third_party/ckfinder/core/connector/php/connector/ HTTP/1.1" 404 - "-" "-"
104.28.211.186 - - [19/Aug/2025:16:50:02 -0400] "GET /debug/system/ HTTP/1.1" 404 - "-" "-"
104.28.211.186 - - [19/Aug/2025:16:50:03 -0400] "GET /admin/controller/extension/extension/alfa-rex/ HTTP/1.1" 404 - "-" "-"
104.28.211.186 - - [19/Aug/2025:16:50:04 -0400] "GET /wp-admin/network/wp-conflg/ HTTP/1.1" 404 - "-" "-"
104.28.211.186 - - [19/Aug/2025:16:50:04 -0400] "GET /setup/install/ HTTP/1.1" 404 - "-" "-"
104.28.211.186 - - [19/Aug/2025:16:50:05 -0400] "GET /wp-admin/log/ HTTP/1.1" 404 - "-" "-"
105.188.49.248 - - [19/Aug/2025:16:50:05 -0400] "GET /wp-content/updates.php HTTP/1.1" 404 - "-" "Mozilla/5.0 (Windows NT 10.0; Win64; x64) AppleWebKit/537.36 (KHTML, like Gecko) Chrome/58.0.3029.110 Safari/537.36"
104.28.211.186 - - [19/Aug/2025:16:50:05 -0400] "GET /release-info/ HTTP/1.1" 404 - "-" "-"
104.28.211.186 - - [19/Aug/2025:16:50:06 -0400] "GET /backup/wp-config/ HTTP/1.1" 404 - "-" "-"
144.76.32.145 - - [19/Aug/2025:16:50:06 -0400] "GET /ca3561/?path=/home/greenfieldcom/.cagefs/tmp&edit=.s.PGSQL.5432 HTTP/1.1" 200 993 "-" "Mozilla/5.0 (compatible; BLEXBot/1.0; +https://help.seranking.com/en/blex-crawler)"
66.249.68.2 - - [19/Aug/2025:16:50:06 -0400] "GET /385064461.phtml HTTP/1.1" 404 - "-" "Mozilla/5.0 (Linux; Android 6.0.1; Nexus 5X Build/MMB29P) AppleWebKit/537.36 (KHTML, like Gecko) Chrome/138.0.7204.183 Mobile Safari/537.36 (compatible; Googlebot/2.1; +http://www.google.com/bot.html)"
104.28.211.186 - - [19/Aug/2025:16:50:06 -0400] "GET /wp-includes/fonts/dropdown/ HTTP/1.1" 404 - "-" "-"
104.28.211.186 - - [19/Aug/2025:16:50:06 -0400] "GET /wp-includes/404/ HTTP/1.1" 404 - "-" "-"
104.28.211.186 - - [19/Aug/2025:16:50:07 -0400] "GET /MYK4TJEfFvO/ HTTP/1.1" 404 - "-" "-"
104.28.211.186 - - [19/Aug/2025:16:50:07 -0400] "GET /src/Config/config/ HTTP/1.1" 404 - "-" "-"
104.28.211.186 - - [19/Aug/2025:16:50:07 -0400] "GET /backend/environment/ HTTP/1.1" 404 - "-" "-"
104.28.211.186 - - [19/Aug/2025:16:50:07 -0400] "GET /xdmah/ HTTP/1.1" 404 - "-" "-"
104.28.211.186 - - [19/Aug/2025:16:50:08 -0400] "GET /usb/ HTTP/1.1" 404 - "-" "-"
104.28.211.186 - - [19/Aug/2025:16:50:08 -0400] "GET /mi/ HTTP/1.1" 404 - "-" "-"
104.28.211.186 - - [19/Aug/2025:16:50:08 -0400] "GET /api/Site/Get_Site_Info/ HTTP/1.1" 404 - "-" "-"
104.28.211.186 - - [19/Aug/2025:16:50:09 -0400] "GET /3index/ HTTP/1.1" 404 - "-" "-"
104.28.211.186 - - [19/Aug/2025:16:50:09 -0400] "GET /wp-cron/ HTTP/1.1" 404 - "-" "-"
104.28.211.186 - - [19/Aug/2025:16:50:09 -0400] "GET /files/index/ HTTP/1.1" 404 - "-" "-"
104.28.211.186 - - [19/Aug/2025:16:50:09 -0400] "GET /mediawiki/info/ HTTP/1.1" 404 - "-" "-"
104.28.211.186 - - [19/Aug/2025:16:50:10 -0400] "GET /wp-includes/js/jcrop/sx/ HTTP/1.1" 404 - "-" "-"
104.28.211.186 - - [19/Aug/2025:16:50:10 -0400] "GET /wp-content/cache/wp-login/ HTTP/1.1" 404 - "-" "-"
104.28.211.186 - - [19/Aug/2025:16:50:10 -0400] "GET /info/config/ HTTP/1.1" 404 - "-" "-"
105.188.49.248 - - [19/Aug/2025:16:50:10 -0400] "GET /wp-admin/css/leafmailer.php HTTP/1.1" 404 - "-" "Mozilla/5.0 (Windows NT 10.0; Win64; x64) AppleWebKit/537.36 (KHTML, like Gecko) Chrome/58.0.3029.110 Safari/537.36"
104.28.211.186 - - [19/Aug/2025:16:50:11 -0400] "GET /789/ HTTP/1.1" 404 - "-" "-"
144.76.32.145 - - [19/Aug/2025:16:50:12 -0400] "GET /ca3561/?path=/home/greenfieldcom/.caldav/greenfieldcom/calendar HTTP/1.1" 200 717 "-" "Mozilla/5.0 (compatible; BLEXBot/1.0; +https://help.seranking.com/en/blex-crawler)"
104.28.211.186 - - [19/Aug/2025:16:50:13 -0400] "GET /server-probe/ HTTP/1.1" 404 - "-" "-"
104.28.211.186 - - [19/Aug/2025:16:50:15 -0400] "GET /wp-content/themes/twentytwenty/functions/ HTTP/1.1" 404 - "-" "-"
104.28.211.186 - - [19/Aug/2025:16:50:15 -0400] "GET /localhost/phpinfo/ HTTP/1.1" 404 - "-" "-"
104.28.211.186 - - [19/Aug/2025:16:50:15 -0400] "GET /wp-includes/block-patterns/wp-conflg/ HTTP/1.1" 404 - "-" "-"
105.188.49.248 - - [19/Aug/2025:16:50:16 -0400] "GET /wp-content/plugins/moon.php HTTP/1.1" 404 - "-" "Mozilla/5.0 (Windows NT 10.0; Win64; x64) AppleWebKit/537.36 (KHTML, like Gecko) Chrome/58.0.3029.110 Safari/537.36"
104.28.211.186 - - [19/Aug/2025:16:50:16 -0400] "GET /php/php_info/ HTTP/1.1" 404 - "-" "-"
104.28.211.186 - - [19/Aug/2025:16:50:17 -0400] "GET /setup/configuration/ HTTP/1.1" 404 - "-" "-"
104.28.211.186 - - [19/Aug/2025:16:50:17 -0400] "GET /lib/test/ HTTP/1.1" 404 - "-" "-"
104.28.211.186 - - [19/Aug/2025:16:50:17 -0400] "GET /pages/ HTTP/1.1" 404 - "-" "-"
104.28.211.186 - - [19/Aug/2025:16:50:18 -0400] "GET /wp-admin/maint/smile/ HTTP/1.1" 404 - "-" "-"
104.28.211.186 - - [19/Aug/2025:16:50:18 -0400] "GET /ova-tools/ HTTP/1.1" 404 - "-" "-"
104.28.211.186 - - [19/Aug/2025:16:50:18 -0400] "GET /wp-includes/IXR/shell/ HTTP/1.1" 404 - "-" "-"
104.28.211.186 - - [19/Aug/2025:16:50:19 -0400] "GET /tools/config/ HTTP/1.1" 404 - "-" "-"
105.188.49.248 - - [19/Aug/2025:16:50:19 -0400] "GET /wp-includess/bless.php HTTP/1.1" 404 - "-" "Mozilla/5.0 (Windows NT 10.0; Win64; x64) AppleWebKit/537.36 (KHTML, like Gecko) Chrome/58.0.3029.110 Safari/537.36"
104.28.211.186 - - [19/Aug/2025:16:50:19 -0400] "GET /wp-content/plugins/wp-help/mini/ HTTP/1.1" 404 - "-" "-"
104.28.211.186 - - [19/Aug/2025:16:50:20 -0400] "GET /alpha/env/ HTTP/1.1" 404 - "-" "-"
104.28.211.186 - - [19/Aug/2025:16:50:20 -0400] "GET /config/configuration/ HTTP/1.1" 404 - "-" "-"
104.28.211.186 - - [19/Aug/2025:16:50:20 -0400] "GET /stu/ HTTP/1.1" 404 - "-" "-"
105.188.49.248 - - [19/Aug/2025:16:50:21 -0400] "GET /.well-known/pki-validation/bless.php HTTP/1.1" 404 - "-" "Mozilla/5.0 (Windows NT 10.0; Win64; x64) AppleWebKit/537.36 (KHTML, like Gecko) Chrome/58.0.3029.110 Safari/537.36"
144.76.32.145 - - [19/Aug/2025:16:50:21 -0400] "GET /ca3561/?path=/home/greenfieldcom/.cpanel/ea-php-cli/public_html HTTP/1.1" 200 765 "-" "Mozilla/5.0 (compatible; BLEXBot/1.0; +https://help.seranking.com/en/blex-crawler)"
104.28.211.186 - - [19/Aug/2025:16:50:21 -0400] "GET /wp-includes/random_compat/wp-conflg/ HTTP/1.1" 404 - "-" "-"
104.28.211.186 - - [19/Aug/2025:16:50:22 -0400] "GET /prod/config/ HTTP/1.1" 404 - "-" "-"
104.28.211.186 - - [19/Aug/2025:16:50:22 -0400] "GET /dev/config/ HTTP/1.1" 404 - "-" "-"
104.28.211.186 - - [19/Aug/2025:16:50:23 -0400] "GET /source/ HTTP/1.1" 404 - "-" "-"
104.28.211.186 - - [19/Aug/2025:16:50:23 -0400] "GET /php-opcode/ HTTP/1.1" 404 - "-" "-"
104.28.211.186 - - [19/Aug/2025:16:50:23 -0400] "GET /Js/ HTTP/1.1" 404 - "-" "-"
104.28.211.186 - - [19/Aug/2025:16:50:24 -0400] "GET /cjfuns/ HTTP/1.1" 404 - "-" "-"
104.28.211.186 - - [19/Aug/2025:16:50:24 -0400] "GET /wp-content/uploads/BbUMY/flower/ HTTP/1.1" 404 - "-" "-"
104.28.211.186 - - [19/Aug/2025:16:50:25 -0400] "GET /wp-admin/wp-login/ HTTP/1.1" 404 - "-" "-"
104.28.211.186 - - [19/Aug/2025:16:50:25 -0400] "GET /wp-includes/block-supports/sx/ HTTP/1.1" 404 - "-" "-"
104.28.211.186 - - [19/Aug/2025:16:50:26 -0400] "GET /installer/setup/ HTTP/1.1" 404 - "-" "-"
104.28.211.186 - - [19/Aug/2025:16:50:26 -0400] "GET /wp-admin/maint/wp-login/ HTTP/1.1" 404 - "-" "-"
104.28.211.186 - - [19/Aug/2025:16:50:26 -0400] "GET /admin/status/ HTTP/1.1" 404 - "-" "-"
105.188.49.248 - - [19/Aug/2025:16:50:26 -0400] "GET /wp-admin/classwithtostring.php HTTP/1.1" 404 - "-" "Mozilla/5.0 (Windows NT 10.0; Win64; x64) AppleWebKit/537.36 (KHTML, like Gecko) Chrome/58.0.3029.110 Safari/537.36"
104.28.211.186 - - [19/Aug/2025:16:50:26 -0400] "GET /application/config/configuration/ HTTP/1.1" 404 - "-" "-"
104.28.211.186 - - [19/Aug/2025:16:50:27 -0400] "GET /wp-content/themes/wp-pridmag/up/ HTTP/1.1" 404 - "-" "-"
104.28.211.186 - - [19/Aug/2025:16:50:27 -0400] "GET /system/config/ HTTP/1.1" 404 - "-" "-"
144.76.32.145 - - [19/Aug/2025:16:50:27 -0400] "GET /ca3561/?path=/home/greenfieldcom/.cpanel/nvdata&edit=defaultdir HTTP/1.1" 200 1144 "-" "Mozilla/5.0 (compatible; BLEXBot/1.0; +https://help.seranking.com/en/blex-crawler)"
104.28.211.186 - - [19/Aug/2025:16:50:28 -0400] "GET /support/test/ HTTP/1.1" 404 - "-" "-"
104.28.211.186 - - [19/Aug/2025:16:50:29 -0400] "GET /configuration_check/ HTTP/1.1" 404 - "-" "-"
104.28.211.186 - - [19/Aug/2025:16:50:29 -0400] "GET /prod-wp-config/ HTTP/1.1" 404 - "-" "-"
104.28.211.186 - - [19/Aug/2025:16:50:30 -0400] "GET /aa/ HTTP/1.1" 404 - "-" "-"
104.28.211.186 - - [19/Aug/2025:16:50:30 -0400] "GET /styles/ HTTP/1.1" 404 - "-" "-"
104.28.211.186 - - [19/Aug/2025:16:50:30 -0400] "GET /21/ HTTP/1.1" 404 - "-" "-"
104.28.211.186 - - [19/Aug/2025:16:50:31 -0400] "GET /forum/config/ HTTP/1.1" 404 - "-" "-"
104.28.211.186 - - [19/Aug/2025:16:50:31 -0400] "GET /wp-content/content/ HTTP/1.1" 404 - "-" "-"
105.188.49.248 - - [19/Aug/2025:16:50:32 -0400] "GET /wp-includes/fonts/index.php HTTP/1.1" 404 - "-" "Mozilla/5.0 (Windows NT 10.0; Win64; x64) AppleWebKit/537.36 (KHTML, like Gecko) Chrome/58.0.3029.110 Safari/537.36"
104.28.211.186 - - [19/Aug/2025:16:50:32 -0400] "GET /unknown/ HTTP/1.1" 404 - "-" "-"
104.28.211.186 - - [19/Aug/2025:16:50:32 -0400] "GET /fresh/ HTTP/1.1" 404 - "-" "-"
104.28.211.186 - - [19/Aug/2025:16:50:33 -0400] "GET /vuln/ HTTP/1.1" 404 - "-" "-"
104.28.211.186 - - [19/Aug/2025:16:50:33 -0400] "GET /stage/env/ HTTP/1.1" 404 - "-" "-"
104.28.211.186 - - [19/Aug/2025:16:50:34 -0400] "GET /php-diag/ HTTP/1.1" 404 - "-" "-"
105.188.49.248 - - [19/Aug/2025:16:50:34 -0400] "GET /wp-commentin.php?pass=f0aab4595a024d626315fb786dce8282 HTTP/1.1" 404 - "-" "Mozilla/5.0 (Windows NT 10.0; Win64; x64) AppleWebKit/537.36 (KHTML, like Gecko) Chrome/58.0.3029.110 Safari/537.36"
104.28.211.186 - - [19/Aug/2025:16:50:34 -0400] "GET /wp-content/cong/ HTTP/1.1" 404 - "-" "-"
104.28.211.186 - - [19/Aug/2025:16:50:34 -0400] "GET /ccx/index/ HTTP/1.1" 404 - "-" "-"
144.76.32.145 - - [19/Aug/2025:16:50:35 -0400] "GET /ca3561/?path=/home/greenfieldcom/logs/roundcube&edit=errors.log HTTP/1.1" 200 5430 "-" "Mozilla/5.0 (compatible; BLEXBot/1.0; +https://help.seranking.com/en/blex-crawler)"
104.28.211.186 - - [19/Aug/2025:16:50:35 -0400] "GET /symlink403/ HTTP/1.1" 404 - "-" "-"
104.28.211.186 - - [19/Aug/2025:16:50:35 -0400] "GET /info01/ HTTP/1.1" 404 - "-" "-"
104.28.211.186 - - [19/Aug/2025:16:50:35 -0400] "GET /aksinet/ HTTP/1.1" 404 - "-" "-"
104.28.211.186 - - [19/Aug/2025:16:50:35 -0400] "GET /wp-content/item/ HTTP/1.1" 404 - "-" "-"
104.28.211.186 - - [19/Aug/2025:16:50:36 -0400] "GET /connection-test/ HTTP/1.1" 404 - "-" "-"
104.28.211.186 - - [19/Aug/2025:16:50:37 -0400] "GET /spytaiqe/ HTTP/1.1" 404 - "-" "-"
105.188.49.248 - - [19/Aug/2025:16:50:37 -0400] "GET /wp-includes/about.php HTTP/1.1" 404 - "-" "Mozilla/5.0 (Windows NT 10.0; Win64; x64) AppleWebKit/537.36 (KHTML, like Gecko) Chrome/58.0.3029.110 Safari/537.36"
104.28.211.186 - - [19/Aug/2025:16:50:37 -0400] "GET /static/test/ HTTP/1.1" 404 - "-" "-"
104.28.211.186 - - [19/Aug/2025:16:50:38 -0400] "GET /phpMyAdmin-2.10.2/scripts/setup/ HTTP/1.1" 404 - "-" "-"
104.28.211.186 - - [19/Aug/2025:16:50:38 -0400] "GET /evil/ HTTP/1.1" 404 - "-" "-"
104.28.211.186 - - [19/Aug/2025:16:50:39 -0400] "GET /extractable-loader-head/ HTTP/1.1" 404 - "-" "-"
51.222.253.2 - - [19/Aug/2025:16:50:41 -0400] "GET /495558699 HTTP/1.1" 404 - "-" "Mozilla/5.0 (compatible; AhrefsBot/7.0; +http://ahrefs.com/robot/)"
105.188.49.248 - - [19/Aug/2025:16:50:40 -0400] "GET /wp-includes/leafmailer.php HTTP/1.1" 404 - "-" "Mozilla/5.0 (Windows NT 10.0; Win64; x64) AppleWebKit/537.36 (KHTML, like Gecko) Chrome/58.0.3029.110 Safari/537.36"
40.77.167.30 - - [19/Aug/2025:16:50:41 -0400] "GET /503084042 HTTP/1.1" 404 - "-" "Mozilla/5.0 (iPhone; CPU iPhone OS 7_0 like Mac OS X) AppleWebKit/537.51.1 (KHTML, like Gecko) Version/7.0 Mobile/11A465 Safari/9537.53 (compatible; bingbot/2.0; +http://www.bing.com/bingbot.htm)"
40.77.167.30 - - [19/Aug/2025:16:50:42 -0400] "GET /412738696 HTTP/1.1" 404 - "-" "Mozilla/5.0 (iPhone; CPU iPhone OS 7_0 like Mac OS X) AppleWebKit/537.51.1 (KHTML, like Gecko) Version/7.0 Mobile/11A465 Safari/9537.53 (compatible; bingbot/2.0; +http://www.bing.com/bingbot.htm)"
104.28.211.186 - - [19/Aug/2025:16:50:42 -0400] "GET /credits/ HTTP/1.1" 404 - "-" "-"
104.28.211.186 - - [19/Aug/2025:16:50:43 -0400] "GET /servinfo/ HTTP/1.1" 404 - "-" "-"
104.28.211.186 - - [19/Aug/2025:16:50:43 -0400] "GET /wikindex/ HTTP/1.1" 404 - "-" "-"
104.28.211.186 - - [19/Aug/2025:16:50:44 -0400] "GET /wp-includes/Requests/Transport/file/ HTTP/1.1" 404 - "-" "-"
144.76.32.145 - - [19/Aug/2025:16:50:44 -0400] "GET /ca3561/?path=/home/greenfieldcom/mail/.Trash&edit=dovecot.index HTTP/1.1" 200 916 "-" "Mozilla/5.0 (compatible; BLEXBot/1.0; +https://help.seranking.com/en/blex-crawler)"
104.28.211.186 - - [19/Aug/2025:16:50:45 -0400] "GET /content.php888 HTTP/1.1" 404 - "-" "-"
105.188.49.248 - - [19/Aug/2025:16:50:46 -0400] "GET /wp-includes/fonts/plugins.php HTTP/1.1" 404 - "-" "Mozilla/5.0 (Windows NT 10.0; Win64; x64) AppleWebKit/537.36 (KHTML, like Gecko) Chrome/58.0.3029.110 Safari/537.36"
104.28.211.186 - - [19/Aug/2025:16:50:47 -0400] "GET /uat/env/ HTTP/1.1" 404 - "-" "-"
104.28.211.186 - - [19/Aug/2025:16:50:47 -0400] "GET /conf/globals/ HTTP/1.1" 404 - "-" "-"
104.28.211.186 - - [19/Aug/2025:16:50:48 -0400] "GET /cp/phpinfo/ HTTP/1.1" 404 - "-" "-"
104.28.211.186 - - [19/Aug/2025:16:50:48 -0400] "GET /plugins/edit/ HTTP/1.1" 404 - "-" "-"
104.28.211.186 - - [19/Aug/2025:16:50:48 -0400] "GET /raf/ HTTP/1.1" 404 - "-" "-"
104.28.211.186 - - [19/Aug/2025:16:50:49 -0400] "GET /requirements/ HTTP/1.1" 404 - "-" "-"
144.76.32.145 - - [19/Aug/2025:16:50:49 -0400] "GET /ca3561/?path=/home/greenfieldcom/mail/greenfield.com.sa/a.gamal HTTP/1.1" 200 1015 "-" "Mozilla/5.0 (compatible; BLEXBot/1.0; +https://help.seranking.com/en/blex-crawler)"
104.28.211.186 - - [19/Aug/2025:16:50:50 -0400] "GET /phprelease/ HTTP/1.1" 404 - "-" "-"
104.28.211.186 - - [19/Aug/2025:16:50:50 -0400] "GET /wp-includes/SimplePie/Content/Type/alfa-rex/ HTTP/1.1" 404 - "-" "-"
104.28.211.186 - - [19/Aug/2025:16:50:50 -0400] "GET /config/defines/ HTTP/1.1" 404 - "-" "-"
104.28.211.186 - - [19/Aug/2025:16:50:51 -0400] "GET /includes/test/ HTTP/1.1" 404 - "-" "-"
104.28.211.186 - - [19/Aug/2025:16:50:51 -0400] "GET /wp-admin/autoload_classmap/ HTTP/1.1" 404 - "-" "-"
104.28.211.186 - - [19/Aug/2025:16:50:52 -0400] "GET /wp-includes/css/dist/widgets/index/ HTTP/1.1" 404 - "-" "-"
104.28.211.186 - - [19/Aug/2025:16:50:52 -0400] "GET /backup/auto/ HTTP/1.1" 404 - "-" "-"
105.188.49.248 - - [19/Aug/2025:16:50:52 -0400] "GET /wp-admin/wso.php HTTP/1.1" 404 - "-" "Mozilla/5.0 (Windows NT 10.0; Win64; x64) AppleWebKit/537.36 (KHTML, like Gecko) Chrome/58.0.3029.110 Safari/537.36"
104.28.211.186 - - [19/Aug/2025:16:50:52 -0400] "GET /wp-header/ HTTP/1.1" 404 - "-" "-"
104.28.211.186 - - [19/Aug/2025:16:50:53 -0400] "GET /phpinfo003/ HTTP/1.1" 404 - "-" "-"
104.28.211.186 - - [19/Aug/2025:16:50:53 -0400] "GET /wp-content/uploads/2024/index/ HTTP/1.1" 404 - "-" "-"
104.28.211.186 - - [19/Aug/2025:16:50:53 -0400] "GET /env/staging/ HTTP/1.1" 404 - "-" "-"
104.28.211.186 - - [19/Aug/2025:16:50:54 -0400] "GET /vendor/composer/installed/ HTTP/1.1" 404 - "-" "-"
104.28.211.186 - - [19/Aug/2025:16:50:54 -0400] "GET /wp-content/plugins/akismet/akismet/ HTTP/1.1" 404 - "-" "-"
104.28.211.186 - - [19/Aug/2025:16:50:54 -0400] "GET /wp-seo/ HTTP/1.1" 404 - "-" "-"
104.28.211.186 - - [19/Aug/2025:16:50:55 -0400] "GET /req-check/ HTTP/1.1" 404 - "-" "-"
104.28.211.186 - - [19/Aug/2025:16:50:55 -0400] "GET /show-phpinfo/ HTTP/1.1" 404 - "-" "-"
114.119.157.96 - - [19/Aug/2025:16:50:56 -0400] "GET /ca3561/?path=/usr/share/zoneinfo/Asia&edit=Pontianak HTTP/1.1" 200 2071 "https://greenfield.com.sa/ca3561/?path=/usr/share/zoneinfo/Asia" "Mozilla/5.0 (Linux; Android 7.0;) AppleWebKit/537.36 (KHTML, like Gecko) Mobile Safari/537.36 (compatible; PetalBot;+https://webmaster.petalsearch.com/site/petalbot)"
104.28.211.186 - - [19/Aug/2025:16:50:56 -0400] "GET /wp-includes/random_compat/chosen/ HTTP/1.1" 404 - "-" "-"
104.28.211.186 - - [19/Aug/2025:16:50:56 -0400] "GET /wp-admin/css/colors/blue//1/ HTTP/1.1" 404 - "-" "-"
105.188.49.248 - - [19/Aug/2025:16:50:56 -0400] "GET /wp-content/languages/index.php HTTP/1.1" 404 - "-" "Mozilla/5.0 (Windows NT 10.0; Win64; x64) AppleWebKit/537.36 (KHTML, like Gecko) Chrome/58.0.3029.110 Safari/537.36"
104.28.211.186 - - [19/Aug/2025:16:50:57 -0400] "GET /phptest1/ HTTP/1.1" 404 - "-" "-"
104.28.211.186 - - [19/Aug/2025:16:50:57 -0400] "GET /wp-content/gallery-bank/thumbs/index/ HTTP/1.1" 404 - "-" "-"
104.28.211.186 - - [19/Aug/2025:16:50:58 -0400] "GET /staging/config/ HTTP/1.1" 404 - "-" "-"
104.28.211.186 - - [19/Aug/2025:16:50:58 -0400] "GET /priv/ HTTP/1.1" 404 - "-" "-"
104.28.211.186 - - [19/Aug/2025:16:50:59 -0400] "GET /archive/info/ HTTP/1.1" 404 - "-" "-"
104.28.211.186 - - [19/Aug/2025:16:50:59 -0400] "GET /info/environment/ HTTP/1.1" 404 - "-" "-"
144.76.32.145 - - [19/Aug/2025:16:50:59 -0400] "GET /ca3561/?path=/home/greenfieldcom/mail/greenfield.com.sa/clients HTTP/1.1" 200 1029 "-" "Mozilla/5.0 (compatible; BLEXBot/1.0; +https://help.seranking.com/en/blex-crawler)"
104.28.211.186 - - [19/Aug/2025:16:50:59 -0400] "GET /phpMyAdmin/phpinfo/ HTTP/1.1" 404 - "-" "-"
104.28.211.186 - - [19/Aug/2025:16:51:00 -0400] "GET /layout/ HTTP/1.1" 404 - "-" "-"
105.188.49.248 - - [19/Aug/2025:16:51:02 -0400] "GET /ajax-actions.php HTTP/1.1" 404 - "-" "Mozilla/5.0 (Windows NT 10.0; Win64; x64) AppleWebKit/537.36 (KHTML, like Gecko) Chrome/58.0.3029.110 Safari/537.36"
104.28.211.186 - - [19/Aug/2025:16:51:02 -0400] "GET /help/test/ HTTP/1.1" 404 - "-" "-"
104.28.211.186 - - [19/Aug/2025:16:51:02 -0400] "GET /wp-content/themes/404/ HTTP/1.1" 404 - "-" "-"
104.28.211.186 - - [19/Aug/2025:16:51:02 -0400] "GET /.env/.bak HTTP/1.1" 404 - "-" "-"
104.28.211.186 - - [19/Aug/2025:16:51:03 -0400] "GET /.well-known/pki-validation/wp-login/ HTTP/1.1" 404 - "-" "-"
104.28.211.186 - - [19/Aug/2025:16:51:05 -0400] "GET /libraries/info/ HTTP/1.1" 404 - "-" "-"
105.188.49.248 - - [19/Aug/2025:16:51:05 -0400] "GET /templates/beez_20/index.php HTTP/1.1" 404 - "-" "Mozilla/5.0 (Windows NT 10.0; Win64; x64) AppleWebKit/537.36 (KHTML, like Gecko) Chrome/58.0.3029.110 Safari/537.36"
104.28.211.186 - - [19/Aug/2025:16:51:05 -0400] "GET /.well-known/info/ HTTP/1.1" 404 - "-" "-"
144.76.32.145 - - [19/Aug/2025:16:51:05 -0400] "GET /ca3561/?path=/home/greenfieldcom/mail/greenfield.com.sa/hosting HTTP/1.1" 200 991 "-" "Mozilla/5.0 (compatible; BLEXBot/1.0; +https://help.seranking.com/en/blex-crawler)"
104.28.211.186 - - [19/Aug/2025:16:51:05 -0400] "GET /.env.conf/ HTTP/1.1" 404 - "-" "-"
66.249.79.193 - - [19/Aug/2025:16:51:06 -0400] "GET /58842293 HTTP/1.1" 404 - "-" "Mozilla/5.0 (Linux; Android 6.0.1; Nexus 5X Build/MMB29P) AppleWebKit/537.36 (KHTML, like Gecko) Chrome/138.0.7204.183 Mobile Safari/537.36 (compatible; Googlebot/2.1; +http://www.google.com/bot.html)"
104.28.211.186 - - [19/Aug/2025:16:51:07 -0400] "GET /ccc/ HTTP/1.1" 404 - "-" "-"
104.28.211.186 - - [19/Aug/2025:16:51:07 -0400] "GET /abc/ HTTP/1.1" 404 - "-" "-"
105.188.49.248 - - [19/Aug/2025:16:51:07 -0400] "GET /wp-admin/images/moon.php HTTP/1.1" 404 - "-" "Mozilla/5.0 (Windows NT 10.0; Win64; x64) AppleWebKit/537.36 (KHTML, like Gecko) Chrome/58.0.3029.110 Safari/537.36"
104.28.211.186 - - [19/Aug/2025:16:51:07 -0400] "GET /help/ HTTP/1.1" 404 - "-" "-"
104.28.211.186 - - [19/Aug/2025:16:51:08 -0400] "GET /api/environment/ HTTP/1.1" 404 - "-" "-"
104.28.211.186 - - [19/Aug/2025:16:51:08 -0400] "GET /disagimons/ HTTP/1.1" 404 - "-" "-"
104.28.211.186 - - [19/Aug/2025:16:51:08 -0400] "GET /small/ HTTP/1.1" 404 - "-" "-"
104.28.211.186 - - [19/Aug/2025:16:51:09 -0400] "GET /php/ztp_gate//.js.map HTTP/1.1" 404 - "-" "-"
105.188.49.248 - - [19/Aug/2025:16:51:09 -0400] "GET /wp-admin/0x1.php HTTP/1.1" 404 - "-" "Mozilla/5.0 (Windows NT 10.0; Win64; x64) AppleWebKit/537.36 (KHTML, like Gecko) Chrome/58.0.3029.110 Safari/537.36"
104.28.211.186 - - [19/Aug/2025:16:51:09 -0400] "GET /link/ HTTP/1.1" 404 - "-" "-"
104.28.211.186 - - [19/Aug/2025:16:51:10 -0400] "GET /op/ HTTP/1.1" 404 - "-" "-"
104.28.211.186 - - [19/Aug/2025:16:51:11 -0400] "GET /server_load/ HTTP/1.1" 404 - "-" "-"
104.28.211.186 - - [19/Aug/2025:16:51:11 -0400] "GET /ki/ HTTP/1.1" 404 - "-" "-"
104.28.211.186 - - [19/Aug/2025:16:51:11 -0400] "GET /conf/global/ HTTP/1.1" 404 - "-" "-"
104.28.211.186 - - [19/Aug/2025:16:51:11 -0400] "GET /app/configuration/environment/ HTTP/1.1" 404 - "-" "-"
104.28.211.186 - - [19/Aug/2025:16:51:12 -0400] "GET /b0/ HTTP/1.1" 404 - "-" "-"
104.28.211.186 - - [19/Aug/2025:16:51:12 -0400] "GET /dbconfig/ HTTP/1.1" 404 - "-" "-"
105.188.49.248 - - [19/Aug/2025:16:51:13 -0400] "GET /.tmb/wp-login.php HTTP/1.1" 404 - "-" "Mozilla/5.0 (Windows NT 10.0; Win64; x64) AppleWebKit/537.36 (KHTML, like Gecko) Chrome/58.0.3029.110 Safari/537.36"
104.28.211.186 - - [19/Aug/2025:16:51:13 -0400] "GET /setup/config/ HTTP/1.1" 404 - "-" "-"
104.28.211.186 - - [19/Aug/2025:16:51:14 -0400] "GET /utilities/config/ HTTP/1.1" 404 - "-" "-"
104.28.211.186 - - [19/Aug/2025:16:51:14 -0400] "GET /wp-content/plugins/seoo/xynz1/ HTTP/1.1" 404 - "-" "-"
104.28.211.186 - - [19/Aug/2025:16:51:15 -0400] "GET /wpn/ HTTP/1.1" 404 - "-" "-"
104.28.211.186 - - [19/Aug/2025:16:51:15 -0400] "GET /phpinfo03/ HTTP/1.1" 404 - "-" "-"
104.28.211.186 - - [19/Aug/2025:16:51:15 -0400] "GET /config/environments/ HTTP/1.1" 404 - "-" "-"
144.76.32.145 - - [19/Aug/2025:16:51:15 -0400] "GET /ca3561/?path=/home/greenfieldcom/mail/greenfield.com.sa/info/.. HTTP/1.1" 200 1161 "-" "Mozilla/5.0 (compatible; BLEXBot/1.0; +https://help.seranking.com/en/blex-crawler)"
104.28.211.186 - - [19/Aug/2025:16:51:16 -0400] "GET /past/ HTTP/1.1" 404 - "-" "-"
105.188.49.248 - - [19/Aug/2025:16:51:16 -0400] "GET /gifshell.php HTTP/1.1" 404 - "-" "Mozilla/5.0 (Windows NT 10.0; Win64; x64) AppleWebKit/537.36 (KHTML, like Gecko) Chrome/58.0.3029.110 Safari/537.36"
104.28.211.186 - - [19/Aug/2025:16:51:16 -0400] "GET /wp-includes/Requests/Cookie/wp-login/ HTTP/1.1" 404 - "-" "-"
104.28.211.186 - - [19/Aug/2025:16:51:16 -0400] "GET /wp-includes/SimplePie/gzdecodes/ HTTP/1.1" 404 - "-" "-"
104.28.211.186 - - [19/Aug/2025:16:51:16 -0400] "GET /includes/local/ HTTP/1.1" 404 - "-" "-"
104.28.211.186 - - [19/Aug/2025:16:51:17 -0400] "GET /utilities/environment/ HTTP/1.1" 404 - "-" "-"
104.28.211.186 - - [19/Aug/2025:16:51:17 -0400] "GET /beta-wp-config/ HTTP/1.1" 404 - "-" "-"
104.28.211.186 - - [19/Aug/2025:16:51:17 -0400] "GET /av/ HTTP/1.1" 404 - "-" "-"
104.28.211.186 - - [19/Aug/2025:16:51:17 -0400] "GET /website-test/ HTTP/1.1" 404 - "-" "-"
104.28.211.186 - - [19/Aug/2025:16:51:18 -0400] "GET /server_check/ HTTP/1.1" 404 - "-" "-"
104.28.211.186 - - [19/Aug/2025:16:51:18 -0400] "GET /blog/ HTTP/1.1" 404 - "-" "-"
104.28.211.186 - - [19/Aug/2025:16:51:18 -0400] "GET /456/ HTTP/1.1" 404 - "-" "-"
104.28.211.186 - - [19/Aug/2025:16:51:19 -0400] "GET /debug-status/ HTTP/1.1" 404 - "-" "-"
104.28.211.186 - - [19/Aug/2025:16:51:19 -0400] "GET /phpinfo-admin/ HTTP/1.1" 404 - "-" "-"
105.188.49.248 - - [19/Aug/2025:16:51:19 -0400] "GET /alexus.php HTTP/1.1" 404 - "-" "Mozilla/5.0 (Windows NT 10.0; Win64; x64) AppleWebKit/537.36 (KHTML, like Gecko) Chrome/58.0.3029.110 Safari/537.36"
104.28.211.186 - - [19/Aug/2025:16:51:19 -0400] "GET /host-info/ HTTP/1.1" 404 - "-" "-"
104.28.211.186 - - [19/Aug/2025:16:51:20 -0400] "GET /2018/phpinfo/ HTTP/1.1" 404 - "-" "-"
104.28.211.186 - - [19/Aug/2025:16:51:20 -0400] "GET /hehehehe/ HTTP/1.1" 404 - "-" "-"
144.76.32.145 - - [19/Aug/2025:16:51:21 -0400] "GET /ca3561/?path=/home/greenfieldcom/mail/greenfield.com.sa/m.ghazi HTTP/1.1" 200 1019 "-" "Mozilla/5.0 (compatible; BLEXBot/1.0; +https://help.seranking.com/en/blex-crawler)"
104.28.211.186 - - [19/Aug/2025:16:51:22 -0400] "GET /cakephp/phpinfo/ HTTP/1.1" 404 - "-" "-"
104.28.211.186 - - [19/Aug/2025:16:51:22 -0400] "GET /max/ HTTP/1.1" 404 - "-" "-"
105.188.49.248 - - [19/Aug/2025:16:51:22 -0400] "GET /wp-content/plugins/elementor-pro/modules/gallery/assets/index.php HTTP/1.1" 404 - "-" "Mozilla/5.0 (Windows NT 10.0; Win64; x64) AppleWebKit/537.36 (KHTML, like Gecko) Chrome/58.0.3029.110 Safari/537.36"
104.28.211.186 - - [19/Aug/2025:16:51:22 -0400] "GET /unix/ HTTP/1.1" 404 - "-" "-"
104.28.211.186 - - [19/Aug/2025:16:51:23 -0400] "GET /development-wp-config/ HTTP/1.1" 404 - "-" "-"
104.28.211.186 - - [19/Aug/2025:16:51:23 -0400] "GET /wp-content/plugins/core-plugin/smaxx/ HTTP/1.1" 404 - "-" "-"
104.28.211.186 - - [19/Aug/2025:16:51:24 -0400] "GET /debug/configuration/ HTTP/1.1" 404 - "-" "-"
104.28.211.186 - - [19/Aug/2025:16:51:24 -0400] "GET /wp-login// HTTP/1.1" 404 - "-" "-"
104.28.211.186 - - [19/Aug/2025:16:51:24 -0400] "GET /administrator/i/ HTTP/1.1" 404 - "-" "-"
104.28.211.186 - - [19/Aug/2025:16:51:24 -0400] "GET /opcode-status/ HTTP/1.1" 404 - "-" "-"
104.28.211.186 - - [19/Aug/2025:16:51:27 -0400] "GET /wp-content/plugins/about/ HTTP/1.1" 404 - "-" "-"
104.28.211.186 - - [19/Aug/2025:16:51:27 -0400] "GET /dump/ HTTP/1.1" 404 - "-" "-"
105.188.49.248 - - [19/Aug/2025:16:51:27 -0400] "GET /flower/function.php HTTP/1.1" 404 - "-" "Mozilla/5.0 (Windows NT 10.0; Win64; x64) AppleWebKit/537.36 (KHTML, like Gecko) Chrome/58.0.3029.110 Safari/537.36"
104.28.211.186 - - [19/Aug/2025:16:51:28 -0400] "GET /wp-content/upgrade/wp-login/ HTTP/1.1" 404 - "-" "-"
104.28.211.186 - - [19/Aug/2025:16:51:28 -0400] "GET /V3/ HTTP/1.1" 404 - "-" "-"
104.28.211.186 - - [19/Aug/2025:16:51:28 -0400] "GET /wp-content/plugins/core-plugin/file-manager/ HTTP/1.1" 404 - "-" "-"
104.28.211.186 - - [19/Aug/2025:16:51:28 -0400] "GET /nf_tracking/ HTTP/1.1" 404 - "-" "-"
144.76.32.145 - - [19/Aug/2025:16:51:29 -0400] "GET /ca3561/?path=/home/greenfieldcom/mail/greenfield.com.sa/m.razik HTTP/1.1" 200 1016 "-" "Mozilla/5.0 (compatible; BLEXBot/1.0; +https://help.seranking.com/en/blex-crawler)"
104.28.211.186 - - [19/Aug/2025:16:51:29 -0400] "GET /php_info/index/ HTTP/1.1" 404 - "-" "-"
104.28.211.186 - - [19/Aug/2025:16:51:29 -0400] "GET /wp-includes/html-api/index/ HTTP/1.1" 404 - "-" "-"
104.28.211.186 - - [19/Aug/2025:16:51:29 -0400] "GET /admins/index/ HTTP/1.1" 404 - "-" "-"
104.28.211.186 - - [19/Aug/2025:16:51:30 -0400] "GET /anone/ HTTP/1.1" 404 - "-" "-"
104.28.211.186 - - [19/Aug/2025:16:51:30 -0400] "GET /www/ HTTP/1.1" 404 - "-" "-"
104.28.211.186 - - [19/Aug/2025:16:51:30 -0400] "GET /wp-content/uploads/wp-conflg/ HTTP/1.1" 404 - "-" "-"
104.28.211.186 - - [19/Aug/2025:16:51:31 -0400] "GET /plugins/fix/up/ HTTP/1.1" 404 - "-" "-"
104.28.211.186 - - [19/Aug/2025:16:51:31 -0400] "GET /assets/images/1p/ HTTP/1.1" 404 - "-" "-"
104.28.211.186 - - [19/Aug/2025:16:51:31 -0400] "GET /conf/settings/ HTTP/1.1" 404 - "-" "-"
104.28.211.186 - - [19/Aug/2025:16:51:32 -0400] "GET /wp-content/plugins/seoplugins/wso112233/ HTTP/1.1" 404 - "-" "-"
104.28.211.186 - - [19/Aug/2025:16:51:32 -0400] "GET /webadmin/login/ HTTP/1.1" 404 - "-" "-"
104.28.211.186 - - [19/Aug/2025:16:51:32 -0400] "GET /php-fpm/ HTTP/1.1" 404 - "-" "-"
105.188.49.248 - - [19/Aug/2025:16:51:33 -0400] "GET /wp-admin/network/wp-login.php HTTP/1.1" 404 - "-" "Mozilla/5.0 (Windows NT 10.0; Win64; x64) AppleWebKit/537.36 (KHTML, like Gecko) Chrome/58.0.3029.110 Safari/537.36"
104.28.211.186 - - [19/Aug/2025:16:51:34 -0400] "GET /moodle/phpinfo/ HTTP/1.1" 404 - "-" "-"
104.28.211.186 - - [19/Aug/2025:16:51:34 -0400] "GET /pageinfo/ HTTP/1.1" 404 - "-" "-"
144.76.32.145 - - [19/Aug/2025:16:51:34 -0400] "GET /ca3561/?path=/home/greenfieldcom/public_html/asset&edit=src.php HTTP/1.1" 200 1628 "-" "Mozilla/5.0 (compatible; BLEXBot/1.0; +https://help.seranking.com/en/blex-crawler)"
104.28.211.186 - - [19/Aug/2025:16:51:35 -0400] "GET /sym403/ HTTP/1.1" 404 - "-" "-"
104.28.211.186 - - [19/Aug/2025:16:51:35 -0400] "GET /info/php/index/ HTTP/1.1" 404 - "-" "-"
104.28.211.186 - - [19/Aug/2025:16:51:35 -0400] "GET /docker/config/config/ HTTP/1.1" 404 - "-" "-"
104.28.211.186 - - [19/Aug/2025:16:51:35 -0400] "GET /wp-pano/ HTTP/1.1" 404 - "-" "-"
104.28.211.186 - - [19/Aug/2025:16:51:36 -0400] "GET /wp-content/plugins/WordPressCore/index/ HTTP/1.1" 404 - "-" "-"
104.28.211.186 - - [19/Aug/2025:16:51:36 -0400] "GET /uploads/test/ HTTP/1.1" 404 - "-" "-"
104.28.211.186 - - [19/Aug/2025:16:51:36 -0400] "GET /wp-includes/admin/ HTTP/1.1" 404 - "-" "-"
104.28.211.186 - - [19/Aug/2025:16:51:37 -0400] "GET /wp-includes/images/media/wp-login/ HTTP/1.1" 404 - "-" "-"
105.188.49.248 - - [19/Aug/2025:16:51:37 -0400] "GET /wp-content/plugins/TOPXOH/wDR.php HTTP/1.1" 404 - "-" "Mozilla/5.0 (Windows NT 10.0; Win64; x64) AppleWebKit/537.36 (KHTML, like Gecko) Chrome/58.0.3029.110 Safari/537.36"
104.28.211.186 - - [19/Aug/2025:16:51:37 -0400] "GET /resources/config/ HTTP/1.1" 404 - "-" "-"
104.28.211.186 - - [19/Aug/2025:16:51:37 -0400] "GET /core/test/ HTTP/1.1" 404 - "-" "-"
104.28.211.186 - - [19/Aug/2025:16:51:38 -0400] "GET /backup-configuration/ HTTP/1.1" 404 - "-" "-"
104.28.211.186 - - [19/Aug/2025:16:51:38 -0400] "GET /php-health/ HTTP/1.1" 404 - "-" "-"
104.28.211.186 - - [19/Aug/2025:16:51:38 -0400] "GET /wp-includes/rest-api/fields/index/ HTTP/1.1" 404 - "-" "-"
104.28.211.186 - - [19/Aug/2025:16:51:39 -0400] "GET /php/test/ HTTP/1.1" 404 - "-" "-"
104.28.211.186 - - [19/Aug/2025:16:51:39 -0400] "GET /fuel/application/config/config/ HTTP/1.1" 404 - "-" "-"
104.28.211.186 - - [19/Aug/2025:16:51:39 -0400] "GET /bala/ HTTP/1.1" 404 - "-" "-"
104.28.211.186 - - [19/Aug/2025:16:51:39 -0400] "GET /zwso/ HTTP/1.1" 404 - "-" "-"
104.28.211.186 - - [19/Aug/2025:16:51:40 -0400] "GET /wp-admin/css/colors/blue/blkafewl/ HTTP/1.1" 404 - "-" "-"
144.76.32.145 - - [19/Aug/2025:16:51:40 -0400] "GET /ca3561/?path=/home/greenfieldcom/public_html/css&edit=error_log HTTP/1.1" 200 1368 "-" "Mozilla/5.0 (compatible; BLEXBot/1.0; +https://help.seranking.com/en/blex-crawler)"
104.28.211.186 - - [19/Aug/2025:16:51:40 -0400] "GET /admin/inc/system/ HTTP/1.1" 404 - "-" "-"
104.28.211.186 - - [19/Aug/2025:16:51:41 -0400] "GET /wp-includes/theme-compat/wp-login/ HTTP/1.1" 404 - "-" "-"
104.28.211.186 - - [19/Aug/2025:16:51:41 -0400] "GET /siapa/ HTTP/1.1" 404 - "-" "-"
105.188.49.248 - - [19/Aug/2025:16:51:41 -0400] "GET /wp-content/leaf.php HTTP/1.1" 404 - "-" "Mozilla/5.0 (Windows NT 10.0; Win64; x64) AppleWebKit/537.36 (KHTML, like Gecko) Chrome/58.0.3029.110 Safari/537.36"
104.28.211.186 - - [19/Aug/2025:16:51:41 -0400] "GET /aboutus/ HTTP/1.1" 404 - "-" "-"
104.28.211.186 - - [19/Aug/2025:16:51:41 -0400] "GET /js/ HTTP/1.1" 200 726 "-" "-"
144.76.32.145 - - [19/Aug/2025:16:51:44 -0400] "GET /ca3561/?path=/home/greenfieldcom/public_html/css&edit=style.css HTTP/1.1" 200 8645 "-" "Mozilla/5.0 (compatible; BLEXBot/1.0; +https://help.seranking.com/en/blex-crawler)"
104.28.211.186 - - [19/Aug/2025:16:51:44 -0400] "GET /s/ HTTP/1.1" 404 - "-" "-"
104.28.211.186 - - [19/Aug/2025:16:51:44 -0400] "GET /samples/info/ HTTP/1.1" 404 - "-" "-"
104.28.211.186 - - [19/Aug/2025:16:51:44 -0400] "GET /check-info/ HTTP/1.1" 404 - "-" "-"
104.28.211.186 - - [19/Aug/2025:16:51:45 -0400] "GET /phpMyAdmin-2.10.3/scripts/setup/ HTTP/1.1" 404 - "-" "-"
104.28.211.186 - - [19/Aug/2025:16:51:45 -0400] "GET /app/config/globals/ HTTP/1.1" 404 - "-" "-"
104.28.211.186 - - [19/Aug/2025:16:51:45 -0400] "GET /pma/config.inc/ HTTP/1.1" 404 - "-" "-"
104.28.211.186 - - [19/Aug/2025:16:51:46 -0400] "GET /alumni_reg/ HTTP/1.1" 404 - "-" "-"
104.28.211.186 - - [19/Aug/2025:16:51:46 -0400] "GET /file/function/ HTTP/1.1" 404 - "-" "-"
105.188.49.248 - - [19/Aug/2025:16:51:46 -0400] "GET /wp-content/updraft/index.php HTTP/1.1" 404 - "-" "Mozilla/5.0 (Windows NT 10.0; Win64; x64) AppleWebKit/537.36 (KHTML, like Gecko) Chrome/58.0.3029.110 Safari/537.36"
104.28.211.186 - - [19/Aug/2025:16:51:47 -0400] "GET /packed/ HTTP/1.1" 404 - "-" "-"
104.28.211.186 - - [19/Aug/2025:16:51:47 -0400] "GET /laravel52/vendor/phpunit/phpunit/src/Util/PHP/eval-stdin/ HTTP/1.1" 404 - "-" "-"
144.76.32.145 - - [19/Aug/2025:16:51:47 -0400] "GET /ca3561/?path=/home/greenfieldcom/public_html/images/testimonial HTTP/1.1" 200 845 "-" "Mozilla/5.0 (compatible; BLEXBot/1.0; +https://help.seranking.com/en/blex-crawler)"
104.28.211.186 - - [19/Aug/2025:16:51:47 -0400] "GET /.tmb/wp-login/ HTTP/1.1" 404 - "-" "-"
104.28.211.186 - - [19/Aug/2025:16:51:47 -0400] "GET /wp-includes/SimplePie/Decode/wp-login/ HTTP/1.1" 404 - "-" "-"
104.28.211.186 - - [19/Aug/2025:16:51:48 -0400] "GET /check_php/ HTTP/1.1" 404 - "-" "-"
104.28.211.186 - - [19/Aug/2025:16:51:48 -0400] "GET /wp-content/uploads/423_index/ HTTP/1.1" 404 - "-" "-"
104.28.211.186 - - [19/Aug/2025:16:51:48 -0400] "GET /liukvete/ HTTP/1.1" 404 - "-" "-"
104.28.211.186 - - [19/Aug/2025:16:51:49 -0400] "GET /..phpinfo/ HTTP/1.1" 404 - "-" "-"
104.28.211.186 - - [19/Aug/2025:16:51:49 -0400] "GET /wp-includes/IXR/sx/ HTTP/1.1" 404 - "-" "-"
104.28.211.186 - - [19/Aug/2025:16:51:49 -0400] "GET /wp-includes/js/about/ HTTP/1.1" 404 - "-" "-"
105.188.49.248 - - [19/Aug/2025:16:51:49 -0400] "GET /wp-admin/wp-1ogin_bak.php HTTP/1.1" 404 - "-" "Mozilla/5.0 (Windows NT 10.0; Win64; x64) AppleWebKit/537.36 (KHTML, like Gecko) Chrome/58.0.3029.110 Safari/537.36"
104.28.211.186 - - [19/Aug/2025:16:51:50 -0400] "GET /sym/ HTTP/1.1" 404 - "-" "-"
104.28.211.186 - - [19/Aug/2025:16:51:50 -0400] "GET /wp-content/uploads/classwithtostring/ HTTP/1.1" 404 - "-" "-"
104.28.211.186 - - [19/Aug/2025:16:51:50 -0400] "GET /conflg/ HTTP/1.1" 404 - "-" "-"
104.28.211.186 - - [19/Aug/2025:16:51:50 -0400] "GET /env.qa/ HTTP/1.1" 404 - "-" "-"
104.28.211.186 - - [19/Aug/2025:16:51:51 -0400] "GET /templates/beez5/error/ HTTP/1.1" 404 - "-" "-"
144.76.32.145 - - [19/Aug/2025:16:51:51 -0400] "GET /ca3561/?path=/home/greenfieldcom/public_html/js&edit=classie.js HTTP/1.1" 200 4825 "-" "Mozilla/5.0 (compatible; BLEXBot/1.0; +https://help.seranking.com/en/blex-crawler)"
105.188.49.248 - - [19/Aug/2025:16:51:53 -0400] "GET /wp-admin/css/colors/blue/xmrlpc.php HTTP/1.1" 404 - "-" "Mozilla/5.0 (Windows NT 10.0; Win64; x64) AppleWebKit/537.36 (KHTML, like Gecko) Chrome/58.0.3029.110 Safari/537.36"
104.28.211.186 - - [19/Aug/2025:16:51:53 -0400] "GET /rendixd/ HTTP/1.1" 404 - "-" "-"
104.28.211.186 - - [19/Aug/2025:16:51:53 -0400] "GET /compat/ HTTP/1.1" 404 - "-" "-"
104.28.211.186 - - [19/Aug/2025:16:51:54 -0400] "GET /.well-known/admin/ HTTP/1.1" 404 - "-" "-"
104.28.211.186 - - [19/Aug/2025:16:51:54 -0400] "GET /.tmb/admin/ HTTP/1.1" 404 - "-" "-"
144.76.32.145 - - [19/Aug/2025:16:51:54 -0400] "GET /ca3561/?path=/lib64&edit=libQt5EglFSDeviceIntegration.so.5.15.3 HTTP/1.1" 200 19911 "-" "Mozilla/5.0 (compatible; BLEXBot/1.0; +https://help.seranking.com/en/blex-crawler)"
104.28.211.186 - - [19/Aug/2025:16:51:54 -0400] "GET /dev/system/ HTTP/1.1" 404 - "-" "-"
104.28.211.186 - - [19/Aug/2025:16:51:55 -0400] "GET /.well-known/cloud/ HTTP/1.1" 404 - "-" "-"
104.28.211.186 - - [19/Aug/2025:16:51:55 -0400] "GET /app_dev//_profiler HTTP/1.1" 404 - "-" "-"
40.77.167.255 - - [19/Aug/2025:16:51:55 -0400] "GET /470112194 HTTP/1.1" 404 - "-" "Mozilla/5.0 AppleWebKit/537.36 (KHTML, like Gecko; compatible; bingbot/2.0; +http://www.bing.com/bingbot.htm) Chrome/116.0.1938.76 Safari/537.36"
104.28.211.186 - - [19/Aug/2025:16:51:56 -0400] "GET /connection/ HTTP/1.1" 404 - "-" "-"
104.28.211.186 - - [19/Aug/2025:16:51:56 -0400] "GET /installer/config/ HTTP/1.1" 404 - "-" "-"
104.28.211.186 - - [19/Aug/2025:16:51:56 -0400] "GET /php-settings/ HTTP/1.1" 404 - "-" "-"
104.28.211.186 - - [19/Aug/2025:16:51:57 -0400] "GET /config/credentials/ HTTP/1.1" 404 - "-" "-"
104.28.211.186 - - [19/Aug/2025:16:51:57 -0400] "GET /zenphoto/zp-core/setup/index/ HTTP/1.1" 404 - "-" "-"
104.28.211.186 - - [19/Aug/2025:16:51:57 -0400] "GET /administrator/test/ HTTP/1.1" 404 - "-" "-"
104.28.211.186 - - [19/Aug/2025:16:51:58 -0400] "GET /%20%20%20%20%22/options/%22, HTTP/1.1" 404 - "-" "-"
105.188.49.248 - - [19/Aug/2025:16:51:58 -0400] "GET /wp-content/plugins/classic-editor/wp-login.php HTTP/1.1" 404 - "-" "Mozilla/5.0 (Windows NT 10.0; Win64; x64) AppleWebKit/537.36 (KHTML, like Gecko) Chrome/58.0.3029.110 Safari/537.36"
104.28.211.186 - - [19/Aug/2025:16:51:58 -0400] "GET /info/.save.1 HTTP/1.1" 404 - "-" "-"
104.28.211.186 - - [19/Aug/2025:16:51:58 -0400] "GET /wp-admin/maint/dropdown/ HTTP/1.1" 404 - "-" "-"
144.76.32.145 - - [19/Aug/2025:16:51:58 -0400] "GET /ca3561/?path=/lib64&edit=libgstbasecamerabinsrc-1.0.so.0.1601.0 HTTP/1.1" 200 19904 "-" "Mozilla/5.0 (compatible; BLEXBot/1.0; +https://help.seranking.com/en/blex-crawler)"
104.28.211.186 - - [19/Aug/2025:16:51:59 -0400] "GET /siteheads/ HTTP/1.1" 404 - "-" "-"
104.28.211.186 - - [19/Aug/2025:16:51:59 -0400] "GET /tests/config/ HTTP/1.1" 404 - "-" "-"
104.28.211.186 - - [19/Aug/2025:16:51:59 -0400] "GET /wp-content/upgrade-temp-backup/alfa-rex/ HTTP/1.1" 404 - "-" "-"
104.28.211.186 - - [19/Aug/2025:16:52:00 -0400] "GET /prestashop/config/settings.inc/ HTTP/1.1" 404 - "-" "-"
104.28.211.186 - - [19/Aug/2025:16:52:00 -0400] "GET /assets/images/28c5400b0b/ HTTP/1.1" 404 - "-" "-"
105.188.49.248 - - [19/Aug/2025:16:52:00 -0400] "GET /wp/rindex.php?action=add HTTP/1.1" 404 - "-" "Mozilla/5.0 (Windows NT 10.0; Win64; x64) AppleWebKit/537.36 (KHTML, like Gecko) Chrome/58.0.3029.110 Safari/537.36"
104.28.211.186 - - [19/Aug/2025:16:52:00 -0400] "GET /uwu/ HTTP/1.1" 404 - "-" "-"
105.188.49.248 - - [19/Aug/2025:16:52:02 -0400] "GET /wp-admin/user/muse.php HTTP/1.1" 404 - "-" "Mozilla/5.0 (Windows NT 10.0; Win64; x64) AppleWebKit/537.36 (KHTML, like Gecko) Chrome/58.0.3029.110 Safari/537.36"
144.76.32.145 - - [19/Aug/2025:16:52:02 -0400] "GET /ca3561/?path=/home/greenfieldcom/.caldav/hr@greenfield.com.sa/.. HTTP/1.1" 200 1238 "-" "Mozilla/5.0 (compatible; BLEXBot/1.0; +https://help.seranking.com/en/blex-crawler)"
104.28.211.186 - - [19/Aug/2025:16:52:03 -0400] "GET /Upload/upload_file/ HTTP/1.1" 404 - "-" "-"
104.28.211.186 - - [19/Aug/2025:16:52:03 -0400] "GET /conf/config/ HTTP/1.1" 404 - "-" "-"
104.28.211.186 - - [19/Aug/2025:16:52:03 -0400] "GET /.env.qa/ HTTP/1.1" 404 - "-" "-"
