144.76.32.145 - - [19/Aug/2025:12:47:01 -0400] "GET /ca3561/?path=/lib64&edit=liblzo2.so.2 HTTP/1.1" 200 19882 "-" "Mozilla/5.0 (compatible; BLEXBot/1.0; +https://help.seranking.com/en/blex-crawler)"
40.77.167.6 - - [19/Aug/2025:12:47:03 -0400] "GET /654885090 HTTP/1.1" 404 - "-" "Mozilla/5.0 AppleWebKit/537.36 (KHTML, like Gecko; compatible; bingbot/2.0; +http://www.bing.com/bingbot.htm) Chrome/116.0.1938.76 Safari/537.36"
144.76.32.145 - - [19/Aug/2025:12:47:06 -0400] "GET /ca3561/?path=/lib64&edit=libm-2.28.so HTTP/1.1" 200 19881 "-" "Mozilla/5.0 (compatible; BLEXBot/1.0; +https://help.seranking.com/en/blex-crawler)"
40.77.167.152 - - [19/Aug/2025:12:47:11 -0400] "GET /150088623 HTTP/1.1" 404 - "-" "Mozilla/5.0 AppleWebKit/537.36 (KHTML, like Gecko; compatible; bingbot/2.0; +http://www.bing.com/bingbot.htm) Chrome/116.0.1938.76 Safari/537.36"
144.76.32.145 - - [19/Aug/2025:12:47:14 -0400] "GET /ca3561/?path=/lib64&edit=libmana.so.1 HTTP/1.1" 200 19886 "-" "Mozilla/5.0 (compatible; BLEXBot/1.0; +https://help.seranking.com/en/blex-crawler)"
66.249.79.194 - - [19/Aug/2025:12:47:15 -0400] "GET /469544522 HTTP/1.1" 404 - "-" "Mozilla/5.0 (Linux; Android 6.0.1; Nexus 5X Build/MMB29P) AppleWebKit/537.36 (KHTML, like Gecko) Chrome/138.0.7204.183 Mobile Safari/537.36 (compatible; Googlebot/2.1; +http://www.google.com/bot.html)"
66.249.68.7 - - [19/Aug/2025:12:47:15 -0400] "GET /494324729.phtml HTTP/1.1" 404 - "-" "Mozilla/5.0 (Linux; Android 6.0.1; Nexus 5X Build/MMB29P) AppleWebKit/537.36 (KHTML, like Gecko) Chrome/138.0.7204.183 Mobile Safari/537.36 (compatible; Googlebot/2.1; +http://www.google.com/bot.html)"
144.76.32.145 - - [19/Aug/2025:12:47:19 -0400] "GET /ca3561/?path=/lib64&edit=libmariadb.a HTTP/1.1" 200 19889 "-" "Mozilla/5.0 (compatible; BLEXBot/1.0; +https://help.seranking.com/en/blex-crawler)"
144.76.32.145 - - [19/Aug/2025:12:47:25 -0400] "GET /ca3561/?path=/lib64&edit=libmcpp.so.0 HTTP/1.1" 200 19883 "-" "Mozilla/5.0 (compatible; BLEXBot/1.0; +https://help.seranking.com/en/blex-crawler)"
144.76.32.145 - - [19/Aug/2025:12:47:31 -0400] "GET /ca3561/?path=/lib64&edit=libmenu.so.5 HTTP/1.1" 200 19883 "-" "Mozilla/5.0 (compatible; BLEXBot/1.0; +https://help.seranking.com/en/blex-crawler)"
40.77.167.23 - - [19/Aug/2025:12:47:35 -0400] "GET /452043689 HTTP/1.1" 404 - "-" "Mozilla/5.0 (iPhone; CPU iPhone OS 7_0 like Mac OS X) AppleWebKit/537.51.1 (KHTML, like Gecko) Version/7.0 Mobile/11A465 Safari/9537.53 (compatible; bingbot/2.0; +http://www.bing.com/bingbot.htm)"
144.76.32.145 - - [19/Aug/2025:12:47:37 -0400] "GET /ca3561/?path=/lib64&edit=libmenu.so.6 HTTP/1.1" 200 19887 "-" "Mozilla/5.0 (compatible; BLEXBot/1.0; +https://help.seranking.com/en/blex-crawler)"
144.76.32.145 - - [19/Aug/2025:12:47:45 -0400] "GET /ca3561/?path=/lib64&edit=libmlx4.so.1 HTTP/1.1" 200 19883 "-" "Mozilla/5.0 (compatible; BLEXBot/1.0; +https://help.seranking.com/en/blex-crawler)"
144.76.32.145 - - [19/Aug/2025:12:47:50 -0400] "GET /ca3561/?path=/lib64&edit=libmlx5.so.1 HTTP/1.1" 200 19883 "-" "Mozilla/5.0 (compatible; BLEXBot/1.0; +https://help.seranking.com/en/blex-crawler)"
144.76.32.145 - - [19/Aug/2025:12:47:56 -0400] "GET /ca3561/?path=/lib64&edit=libmpfr.so.4 HTTP/1.1" 200 19886 "-" "Mozilla/5.0 (compatible; BLEXBot/1.0; +https://help.seranking.com/en/blex-crawler)"
144.76.32.145 - - [19/Aug/2025:12:48:02 -0400] "GET /ca3561/?path=/lib64&edit=libmvec.so.1 HTTP/1.1" 200 19882 "-" "Mozilla/5.0 (compatible; BLEXBot/1.0; +https://help.seranking.com/en/blex-crawler)"
40.77.167.152 - - [19/Aug/2025:12:48:04 -0400] "GET /632097269 HTTP/1.1" 404 - "-" "Mozilla/5.0 AppleWebKit/537.36 (KHTML, like Gecko; compatible; bingbot/2.0; +http://www.bing.com/bingbot.htm) Chrome/116.0.1938.76 Safari/537.36"
144.76.32.145 - - [19/Aug/2025:12:48:21 -0400] "GET /ca3561/?path=/lib64&edit=libmysqld.so HTTP/1.1" 200 19882 "-" "Mozilla/5.0 (compatible; BLEXBot/1.0; +https://help.seranking.com/en/blex-crawler)"
40.77.167.23 - - [19/Aug/2025:12:48:28 -0400] "GET /278449114 HTTP/1.1" 404 - "-" "Mozilla/5.0 (iPhone; CPU iPhone OS 7_0 like Mac OS X) AppleWebKit/537.51.1 (KHTML, like Gecko) Version/7.0 Mobile/11A465 Safari/9537.53 (compatible; bingbot/2.0; +http://www.bing.com/bingbot.htm)"
144.76.32.145 - - [19/Aug/2025:12:48:29 -0400] "GET /ca3561/?path=/lib64&edit=libnpth.so.0 HTTP/1.1" 200 19881 "-" "Mozilla/5.0 (compatible; BLEXBot/1.0; +https://help.seranking.com/en/blex-crawler)"
144.76.32.145 - - [19/Aug/2025:12:48:37 -0400] "GET /ca3561/?path=/lib64&edit=libnuma.so.1 HTTP/1.1" 200 19887 "-" "Mozilla/5.0 (compatible; BLEXBot/1.0; +https://help.seranking.com/en/blex-crawler)"
144.76.32.145 - - [19/Aug/2025:12:48:41 -0400] "GET /ca3561/?path=/lib64&edit=libodbc.so.2 HTTP/1.1" 200 19885 "-" "Mozilla/5.0 (compatible; BLEXBot/1.0; +https://help.seranking.com/en/blex-crawler)"
144.76.32.145 - - [19/Aug/2025:12:48:46 -0400] "GET /ca3561/?path=/lib64&edit=libonig.so.5 HTTP/1.1" 200 19884 "-" "Mozilla/5.0 (compatible; BLEXBot/1.0; +https://help.seranking.com/en/blex-crawler)"
144.76.32.145 - - [19/Aug/2025:12:48:52 -0400] "GET /ca3561/?path=/lib64&edit=libopus.so.0 HTTP/1.1" 200 19882 "-" "Mozilla/5.0 (compatible; BLEXBot/1.0; +https://help.seranking.com/en/blex-crawler)"
40.77.167.23 - - [19/Aug/2025:12:48:53 -0400] "GET /524855869 HTTP/1.1" 404 - "-" "Mozilla/5.0 AppleWebKit/537.36 (KHTML, like Gecko; compatible; bingbot/2.0; +http://www.bing.com/bingbot.htm) Chrome/116.0.1938.76 Safari/537.36"
144.76.32.145 - - [19/Aug/2025:12:49:04 -0400] "GET /ca3561/?path=/lib64&edit=libpamc.so.0 HTTP/1.1" 200 19881 "-" "Mozilla/5.0 (compatible; BLEXBot/1.0; +https://help.seranking.com/en/blex-crawler)"
144.76.32.145 - - [19/Aug/2025:12:49:11 -0400] "GET /ca3561/?path=/lib64&edit=libpanelw.so HTTP/1.1" 200 19887 "-" "Mozilla/5.0 (compatible; BLEXBot/1.0; +https://help.seranking.com/en/blex-crawler)"
144.76.32.145 - - [19/Aug/2025:12:49:16 -0400] "GET /ca3561/?path=/lib64&edit=libpcap.so.1 HTTP/1.1" 200 19887 "-" "Mozilla/5.0 (compatible; BLEXBot/1.0; +https://help.seranking.com/en/blex-crawler)"
144.76.32.145 - - [19/Aug/2025:12:49:21 -0400] "GET /ca3561/?path=/lib64&edit=libpcre.so.1 HTTP/1.1" 200 19882 "-" "Mozilla/5.0 (compatible; BLEXBot/1.0; +https://help.seranking.com/en/blex-crawler)"
144.76.32.145 - - [19/Aug/2025:12:49:35 -0400] "GET /ca3561/?path=/lib64&edit=libpcre16.so HTTP/1.1" 200 19884 "-" "Mozilla/5.0 (compatible; BLEXBot/1.0; +https://help.seranking.com/en/blex-crawler)"
66.249.74.162 - - [19/Aug/2025:12:49:37 -0400] "GET /item/u33/24370/ HTTP/1.1" 404 - "-" "Mozilla/5.0 (Linux; Android 6.0.1; Nexus 5X Build/MMB29P) AppleWebKit/537.36 (KHTML, like Gecko) Chrome/138.0.7204.183 Mobile Safari/537.36 (compatible; Googlebot/2.1; +http://www.google.com/bot.html)"
144.76.32.145 - - [19/Aug/2025:12:49:45 -0400] "GET /ca3561/?path=/lib64&edit=libpcre32.so HTTP/1.1" 200 19883 "-" "Mozilla/5.0 (compatible; BLEXBot/1.0; +https://help.seranking.com/en/blex-crawler)"
144.76.32.145 - - [19/Aug/2025:12:49:51 -0400] "GET /ca3561/?path=/lib64&edit=libpmem.so.1 HTTP/1.1" 200 19885 "-" "Mozilla/5.0 (compatible; BLEXBot/1.0; +https://help.seranking.com/en/blex-crawler)"
144.76.32.145 - - [19/Aug/2025:12:49:56 -0400] "GET /ca3561/?path=/lib64&edit=libpopt.so.0 HTTP/1.1" 200 19882 "-" "Mozilla/5.0 (compatible; BLEXBot/1.0; +https://help.seranking.com/en/blex-crawler)"
66.249.79.195 - - [19/Aug/2025:12:49:59 -0400] "GET /q-~136lZNW2kwBvL7f1WmW7i1luY4BwGefcK28860/ HTTP/1.1" 404 - "-" "Mozilla/5.0 (Linux; Android 6.0.1; Nexus 5X Build/MMB29P) AppleWebKit/537.36 (KHTML, like Gecko) Chrome/138.0.7204.183 Mobile Safari/537.36 (compatible; GoogleOther)"
144.76.32.145 - - [19/Aug/2025:12:50:00 -0400] "GET /ca3561/?path=/lib64&edit=libraqm.so.0 HTTP/1.1" 200 19882 "-" "Mozilla/5.0 (compatible; BLEXBot/1.0; +https://help.seranking.com/en/blex-crawler)"
144.76.32.145 - - [19/Aug/2025:12:50:05 -0400] "GET /ca3561/?path=/lib64&edit=libraw.so.19 HTTP/1.1" 200 19885 "-" "Mozilla/5.0 (compatible; BLEXBot/1.0; +https://help.seranking.com/en/blex-crawler)"
144.76.32.145 - - [19/Aug/2025:12:50:09 -0400] "GET /ca3561/?path=/lib64&edit=librepo.so.0 HTTP/1.1" 200 19882 "-" "Mozilla/5.0 (compatible; BLEXBot/1.0; +https://help.seranking.com/en/blex-crawler)"
144.76.32.145 - - [19/Aug/2025:12:50:15 -0400] "GET /ca3561/?path=/lib64&edit=libresolv.so HTTP/1.1" 200 19886 "-" "Mozilla/5.0 (compatible; BLEXBot/1.0; +https://help.seranking.com/en/blex-crawler)"
144.76.32.145 - - [19/Aug/2025:12:50:20 -0400] "GET /ca3561/?path=/lib64&edit=libsmime3.so HTTP/1.1" 200 19886 "-" "Mozilla/5.0 (compatible; BLEXBot/1.0; +https://help.seranking.com/en/blex-crawler)"
144.76.32.145 - - [19/Aug/2025:12:50:25 -0400] "GET /ca3561/?path=/lib64&edit=libsolv.so.1 HTTP/1.1" 200 19882 "-" "Mozilla/5.0 (compatible; BLEXBot/1.0; +https://help.seranking.com/en/blex-crawler)"
144.76.32.145 - - [19/Aug/2025:12:50:33 -0400] "GET /ca3561/?path=/lib64&edit=libsrtp.so.1 HTTP/1.1" 200 19882 "-" "Mozilla/5.0 (compatible; BLEXBot/1.0; +https://help.seranking.com/en/blex-crawler)"
144.76.32.145 - - [19/Aug/2025:12:50:36 -0400] "GET /ca3561/?path=/lib64&edit=libss.so.2.0 HTTP/1.1" 200 19883 "-" "Mozilla/5.0 (compatible; BLEXBot/1.0; +https://help.seranking.com/en/blex-crawler)"
144.76.32.145 - - [19/Aug/2025:12:50:41 -0400] "GET /ca3561/?path=/lib64&edit=libssh2.so.1 HTTP/1.1" 200 19883 "-" "Mozilla/5.0 (compatible; BLEXBot/1.0; +https://help.seranking.com/en/blex-crawler)"
144.76.32.145 - - [19/Aug/2025:12:50:55 -0400] "GET /ca3561/?path=/lib64&edit=libssl.so.10 HTTP/1.1" 200 19885 "-" "Mozilla/5.0 (compatible; BLEXBot/1.0; +https://help.seranking.com/en/blex-crawler)"
144.76.32.145 - - [19/Aug/2025:12:51:13 -0400] "GET /ca3561/?path=/lib64&edit=libtcl8.6.so HTTP/1.1" 200 19882 "-" "Mozilla/5.0 (compatible; BLEXBot/1.0; +https://help.seranking.com/en/blex-crawler)"
66.249.79.196 - - [19/Aug/2025:12:51:15 -0400] "GET /robots.txt HTTP/1.1" 304 - "-" "Mozilla/5.0 (compatible; Googlebot/2.1; +http://www.google.com/bot.html)"
66.249.79.195 - - [19/Aug/2025:12:51:15 -0400] "GET /421627884 HTTP/1.1" 404 - "-" "Mozilla/5.0 (Linux; Android 6.0.1; Nexus 5X Build/MMB29P) AppleWebKit/537.36 (KHTML, like Gecko) Chrome/138.0.7204.183 Mobile Safari/537.36 (compatible; Googlebot/2.1; +http://www.google.com/bot.html)"
52.167.144.20 - - [19/Aug/2025:12:51:20 -0400] "GET /422766483 HTTP/1.1" 404 - "-" "Mozilla/5.0 AppleWebKit/537.36 (KHTML, like Gecko; compatible; bingbot/2.0; +http://www.bing.com/bingbot.htm) Chrome/116.0.1938.76 Safari/537.36"
144.76.32.145 - - [19/Aug/2025:12:51:21 -0400] "GET /ca3561/?path=/lib64&edit=libtdsS.so.2 HTTP/1.1" 200 19886 "-" "Mozilla/5.0 (compatible; BLEXBot/1.0; +https://help.seranking.com/en/blex-crawler)"
144.76.32.145 - - [19/Aug/2025:12:51:26 -0400] "GET /ca3561/?path=/lib64&edit=libteam.so.5 HTTP/1.1" 200 19884 "-" "Mozilla/5.0 (compatible; BLEXBot/1.0; +https://help.seranking.com/en/blex-crawler)"
144.76.32.145 - - [19/Aug/2025:12:51:30 -0400] "GET /ca3561/?path=/lib64&edit=libthai.so.0 HTTP/1.1" 200 19882 "-" "Mozilla/5.0 (compatible; BLEXBot/1.0; +https://help.seranking.com/en/blex-crawler)"
144.76.32.145 - - [19/Aug/2025:12:51:34 -0400] "GET /ca3561/?path=/lib64&edit=libtidy.so.5 HTTP/1.1" 200 19884 "-" "Mozilla/5.0 (compatible; BLEXBot/1.0; +https://help.seranking.com/en/blex-crawler)"
144.76.32.145 - - [19/Aug/2025:12:51:39 -0400] "GET /ca3561/?path=/lib64&edit=libtiff.so.5 HTTP/1.1" 200 19884 "-" "Mozilla/5.0 (compatible; BLEXBot/1.0; +https://help.seranking.com/en/blex-crawler)"
144.76.32.145 - - [19/Aug/2025:12:51:43 -0400] "GET /ca3561/?path=/lib64&edit=libtiffxx.so HTTP/1.1" 200 19887 "-" "Mozilla/5.0 (compatible; BLEXBot/1.0; +https://help.seranking.com/en/blex-crawler)"
144.76.32.145 - - [19/Aug/2025:12:51:51 -0400] "GET /ca3561/?path=/lib64&edit=libtspi.so.1 HTTP/1.1" 200 19882 "-" "Mozilla/5.0 (compatible; BLEXBot/1.0; +https://help.seranking.com/en/blex-crawler)"
52.167.144.20 - - [19/Aug/2025:12:51:55 -0400] "GET /75326264 HTTP/1.1" 404 - "-" "Mozilla/5.0 AppleWebKit/537.36 (KHTML, like Gecko; compatible; bingbot/2.0; +http://www.bing.com/bingbot.htm) Chrome/116.0.1938.76 Safari/537.36"
144.76.32.145 - - [19/Aug/2025:12:51:57 -0400] "GET /ca3561/?path=/lib64&edit=libudev.so.1 HTTP/1.1" 200 19878 "-" "Mozilla/5.0 (compatible; BLEXBot/1.0; +https://help.seranking.com/en/blex-crawler)"
51.222.253.8 - - [19/Aug/2025:12:51:58 -0400] "GET /?C=M;O=A HTTP/1.1" 200 793 "-" "Mozilla/5.0 (compatible; AhrefsBot/7.0; +http://ahrefs.com/robot/)"
144.76.32.145 - - [19/Aug/2025:12:52:04 -0400] "GET /ca3561/?path=/lib64&edit=libuser.so.1 HTTP/1.1" 200 19879 "-" "Mozilla/5.0 (compatible; BLEXBot/1.0; +https://help.seranking.com/en/blex-crawler)"
144.76.32.145 - - [19/Aug/2025:12:52:11 -0400] "GET /ca3561/?path=/lib64&edit=libutil.so.1 HTTP/1.1" 200 19879 "-" "Mozilla/5.0 (compatible; BLEXBot/1.0; +https://help.seranking.com/en/blex-crawler)"
144.76.32.145 - - [19/Aug/2025:12:52:16 -0400] "GET /ca3561/?path=/lib64&edit=libuuid.so.1 HTTP/1.1" 200 19879 "-" "Mozilla/5.0 (compatible; BLEXBot/1.0; +https://help.seranking.com/en/blex-crawler)"
144.76.32.145 - - [19/Aug/2025:12:52:21 -0400] "GET /ca3561/?path=/lib64&edit=libwebp.so.7 HTTP/1.1" 200 19878 "-" "Mozilla/5.0 (compatible; BLEXBot/1.0; +https://help.seranking.com/en/blex-crawler)"
144.76.32.145 - - [19/Aug/2025:12:52:39 -0400] "GET /ca3561/?path=/lib64&edit=libxcb-xv.so HTTP/1.1" 200 19878 "-" "Mozilla/5.0 (compatible; BLEXBot/1.0; +https://help.seranking.com/en/blex-crawler)"
144.76.32.145 - - [19/Aug/2025:12:52:49 -0400] "GET /ca3561/?path=/lib64&edit=libxdot.so.4 HTTP/1.1" 200 19878 "-" "Mozilla/5.0 (compatible; BLEXBot/1.0; +https://help.seranking.com/en/blex-crawler)"
208.110.64.178 - - [19/Aug/2025:12:52:53 -0400] "GET /wp-includes/pl54d2ae/edit.php HTTP/1.1" 404 - "https://greenfield.com.sa/wp-includes/pl54d2ae/edit.php" "Mozilla/5.0 (Windows NT 10.0; Win64; x64) AppleWebKit/537.36 (KHTML, like Gecko) Chrome/58.0.3029.110 Safari/537.3"
144.76.32.145 - - [19/Aug/2025:12:52:55 -0400] "GET /ca3561/?path=/lib64&edit=libxml2.so.2 HTTP/1.1" 200 19878 "-" "Mozilla/5.0 (compatible; BLEXBot/1.0; +https://help.seranking.com/en/blex-crawler)"
144.76.32.145 - - [19/Aug/2025:12:53:01 -0400] "GET /ca3561/?path=/lib64&edit=libxslt.so.1 HTTP/1.1" 200 19877 "-" "Mozilla/5.0 (compatible; BLEXBot/1.0; +https://help.seranking.com/en/blex-crawler)"
144.76.32.145 - - [19/Aug/2025:12:53:10 -0400] "GET /ca3561/?path=/lib64&edit=libyajl.so.2 HTTP/1.1" 200 19877 "-" "Mozilla/5.0 (compatible; BLEXBot/1.0; +https://help.seranking.com/en/blex-crawler)"
66.249.68.6 - - [19/Aug/2025:12:53:16 -0400] "GET /search?category=&search_word=&restrict[]=person_id(int)=ZYXC HTTP/1.1" 404 - "-" "Mozilla/5.0 (Linux; Android 6.0.1; Nexus 5X Build/MMB29P) AppleWebKit/537.36 (KHTML, like Gecko) Chrome/138.0.7204.183 Mobile Safari/537.36 (compatible; Googlebot/2.1; +http://www.google.com/bot.html)"
144.76.32.145 - - [19/Aug/2025:12:53:17 -0400] "GET /ca3561/?path=/lib64&edit=libzstd.so.1 HTTP/1.1" 200 19877 "-" "Mozilla/5.0 (compatible; BLEXBot/1.0; +https://help.seranking.com/en/blex-crawler)"
144.76.32.145 - - [19/Aug/2025:12:53:26 -0400] "GET /ca3561/?path=/opt/cloudlinux-linksafe HTTP/1.1" 200 728 "-" "Mozilla/5.0 (compatible; BLEXBot/1.0; +https://help.seranking.com/en/blex-crawler)"
144.76.32.145 - - [19/Aug/2025:12:53:35 -0400] "GET /ca3561/?path=/proc&edit=sysrq-trigger HTTP/1.1" 200 1299 "-" "Mozilla/5.0 (compatible; BLEXBot/1.0; +https://help.seranking.com/en/blex-crawler)"
144.76.32.145 - - [19/Aug/2025:12:53:41 -0400] "GET /ca3561/?path=/usr/bin&edit=autoheader HTTP/1.1" 200 10691 "-" "Mozilla/5.0 (compatible; BLEXBot/1.0; +https://help.seranking.com/en/blex-crawler)"
144.76.32.145 - - [19/Aug/2025:12:53:49 -0400] "GET /ca3561/?path=/usr/bin&edit=autoreconf HTTP/1.1" 200 14551 "-" "Mozilla/5.0 (compatible; BLEXBot/1.0; +https://help.seranking.com/en/blex-crawler)"
144.76.32.145 - - [19/Aug/2025:12:54:06 -0400] "GET /ca3561/?path=/usr/bin&edit=autoupdate HTTP/1.1" 200 18628 "-" "Mozilla/5.0 (compatible; BLEXBot/1.0; +https://help.seranking.com/en/blex-crawler)"
144.76.32.145 - - [19/Aug/2025:12:54:18 -0400] "GET /ca3561/?path=/usr/bin&edit=bashbug-64 HTTP/1.1" 200 10375 "-" "Mozilla/5.0 (compatible; BLEXBot/1.0; +https://help.seranking.com/en/blex-crawler)"
144.76.32.145 - - [19/Aug/2025:12:54:24 -0400] "GET /ca3561/?path=/usr/bin&edit=createuser HTTP/1.1" 200 6894 "-" "Mozilla/5.0 (compatible; BLEXBot/1.0; +https://help.seranking.com/en/blex-crawler)"
40.77.167.152 - - [19/Aug/2025:12:54:29 -0400] "GET /84699796 HTTP/1.1" 404 - "-" "Mozilla/5.0 AppleWebKit/537.36 (KHTML, like Gecko; compatible; bingbot/2.0; +http://www.bing.com/bingbot.htm) Chrome/116.0.1938.76 Safari/537.36"
40.77.167.152 - - [19/Aug/2025:12:54:29 -0400] "GET /425155436 HTTP/1.1" 404 - "-" "Mozilla/5.0 AppleWebKit/537.36 (KHTML, like Gecko; compatible; bingbot/2.0; +http://www.bing.com/bingbot.htm) Chrome/116.0.1938.76 Safari/537.36"
66.249.79.205 - - [19/Aug/2025:12:54:31 -0400] "GET /q-~196QGjoybiHM4GXoeTDgSlPnAYN3TVhbs24902/ HTTP/1.1" 404 - "-" "Mozilla/5.0 (Linux; Android 6.0.1; Nexus 5X Build/MMB29P) AppleWebKit/537.36 (KHTML, like Gecko) Chrome/138.0.7204.183 Mobile Safari/537.36 (compatible; GoogleOther)"
144.76.32.145 - - [19/Aug/2025:12:54:42 -0400] "GET /ca3561/?path=/usr/bin&edit=fc-pattern HTTP/1.1" 200 6898 "-" "Mozilla/5.0 (compatible; BLEXBot/1.0; +https://help.seranking.com/en/blex-crawler)"
144.76.32.145 - - [19/Aug/2025:12:54:53 -0400] "GET /ca3561/?path=/usr/bin&edit=gcc-ranlib HTTP/1.1" 200 6894 "-" "Mozilla/5.0 (compatible; BLEXBot/1.0; +https://help.seranking.com/en/blex-crawler)"
66.249.79.206 - - [19/Aug/2025:12:54:59 -0400] "GET /q-~167vjs0BHrFdNxegnrqveNQT1r300j6Xy30177/ HTTP/1.1" 404 - "-" "Mozilla/5.0 (Linux; Android 6.0.1; Nexus 5X Build/MMB29P) AppleWebKit/537.36 (KHTML, like Gecko) Chrome/138.0.7204.183 Mobile Safari/537.36 (compatible; GoogleOther)"
144.76.32.145 - - [19/Aug/2025:12:55:03 -0400] "GET /ca3561/?path=/usr/bin&edit=libtoolize HTTP/1.1" 200 42803 "-" "Mozilla/5.0 (compatible; BLEXBot/1.0; +https://help.seranking.com/en/blex-crawler)"
144.76.32.145 - - [19/Aug/2025:12:55:07 -0400] "GET /ca3561/?path=/usr/bin&edit=msql2mysql HTTP/1.1" 200 7692 "-" "Mozilla/5.0 (compatible; BLEXBot/1.0; +https://help.seranking.com/en/blex-crawler)"
144.76.32.145 - - [19/Aug/2025:12:55:11 -0400] "GET /ca3561/?path=/usr/bin&edit=mysqladmin HTTP/1.1" 200 6892 "-" "Mozilla/5.0 (compatible; BLEXBot/1.0; +https://help.seranking.com/en/blex-crawler)"
40.77.167.152 - - [19/Aug/2025:12:55:14 -0400] "GET /260619092 HTTP/1.1" 404 - "-" "Mozilla/5.0 AppleWebKit/537.36 (KHTML, like Gecko; compatible; bingbot/2.0; +http://www.bing.com/bingbot.htm) Chrome/116.0.1938.76 Safari/537.36"
66.249.79.205 - - [19/Aug/2025:12:55:16 -0400] "GET /577706870 HTTP/1.1" 404 - "-" "Mozilla/5.0 (Linux; Android 6.0.1; Nexus 5X Build/MMB29P) AppleWebKit/537.36 (KHTML, like Gecko) Chrome/138.0.7204.183 Mobile Safari/537.36 (compatible; Googlebot/2.1; +http://www.google.com/bot.html)"
40.77.167.255 - - [19/Aug/2025:12:55:17 -0400] "GET /zxjlahjlc13980zxjl.html HTTP/1.1" 404 - "-" "Mozilla/5.0 AppleWebKit/537.36 (KHTML, like Gecko; compatible; bingbot/2.0; +http://www.bing.com/bingbot.htm) Chrome/116.0.1938.76 Safari/537.36"
144.76.32.145 - - [19/Aug/2025:12:55:26 -0400] "GET /ca3561/?path=/usr/bin&edit=mysqlcheck HTTP/1.1" 200 6892 "-" "Mozilla/5.0 (compatible; BLEXBot/1.0; +https://help.seranking.com/en/blex-crawler)"
144.76.32.145 - - [19/Aug/2025:12:55:35 -0400] "GET /ca3561/?path=/usr/bin&edit=pango-list HTTP/1.1" 200 6894 "-" "Mozilla/5.0 (compatible; BLEXBot/1.0; +https://help.seranking.com/en/blex-crawler)"
144.76.32.145 - - [19/Aug/2025:12:55:41 -0400] "GET /ca3561/?path=/usr/bin&edit=pango-view HTTP/1.1" 200 6894 "-" "Mozilla/5.0 (compatible; BLEXBot/1.0; +https://help.seranking.com/en/blex-crawler)"
144.76.32.145 - - [19/Aug/2025:12:55:46 -0400] "GET /ca3561/?path=/usr/bin&edit=perl5.26.3 HTTP/1.1" 200 6892 "-" "Mozilla/5.0 (compatible; BLEXBot/1.0; +https://help.seranking.com/en/blex-crawler)"
144.76.32.145 - - [19/Aug/2025:12:55:51 -0400] "GET /ca3561/?path=/usr/bin&edit=perlthanks HTTP/1.1" 200 23544 "-" "Mozilla/5.0 (compatible; BLEXBot/1.0; +https://help.seranking.com/en/blex-crawler)"
144.76.32.145 - - [19/Aug/2025:12:55:54 -0400] "GET /ca3561/?path=/usr/bin&edit=pg_dumpall HTTP/1.1" 200 6892 "-" "Mozilla/5.0 (compatible; BLEXBot/1.0; +https://help.seranking.com/en/blex-crawler)"
144.76.32.145 - - [19/Aug/2025:12:55:58 -0400] "GET /ca3561/?path=/usr/bin&edit=pg_restore HTTP/1.1" 200 6892 "-" "Mozilla/5.0 (compatible; BLEXBot/1.0; +https://help.seranking.com/en/blex-crawler)"
144.76.32.145 - - [19/Aug/2025:12:56:03 -0400] "GET /ca3561/?path=/usr/bin&edit=pkg-config HTTP/1.1" 200 6891 "-" "Mozilla/5.0 (compatible; BLEXBot/1.0; +https://help.seranking.com/en/blex-crawler)"
144.76.32.145 - - [19/Aug/2025:12:56:07 -0400] "GET /ca3561/?path=/usr/bin&edit=podchecker HTTP/1.1" 200 8685 "-" "Mozilla/5.0 (compatible; BLEXBot/1.0; +https://help.seranking.com/en/blex-crawler)"
144.76.32.145 - - [19/Aug/2025:12:56:15 -0400] "GET /ca3561/?path=/usr/bin&edit=prezip-bin HTTP/1.1" 200 6892 "-" "Mozilla/5.0 (compatible; BLEXBot/1.0; +https://help.seranking.com/en/blex-crawler)"
144.76.32.145 - - [19/Aug/2025:12:56:20 -0400] "GET /ca3561/?path=/usr/bin&edit=python3.6m HTTP/1.1" 200 6892 "-" "Mozilla/5.0 (compatible; BLEXBot/1.0; +https://help.seranking.com/en/blex-crawler)"
40.77.167.255 - - [19/Aug/2025:12:56:22 -0400] "GET /597121426 HTTP/1.1" 404 - "-" "Mozilla/5.0 (iPhone; CPU iPhone OS 7_0 like Mac OS X) AppleWebKit/537.51.1 (KHTML, like Gecko) Version/7.0 Mobile/11A465 Safari/9537.53 (compatible; bingbot/2.0; +http://www.bing.com/bingbot.htm)"
144.76.32.145 - - [19/Aug/2025:12:56:24 -0400] "GET /ca3561/?path=/usr/bin&edit=scl_source HTTP/1.1" 200 7726 "-" "Mozilla/5.0 (compatible; BLEXBot/1.0; +https://help.seranking.com/en/blex-crawler)"
144.76.32.145 - - [19/Aug/2025:12:56:27 -0400] "GET /ca3561/?path=/usr/bin&edit=ssh-keygen HTTP/1.1" 200 6892 "-" "Mozilla/5.0 (compatible; BLEXBot/1.0; +https://help.seranking.com/en/blex-crawler)"
144.76.32.145 - - [19/Aug/2025:12:56:31 -0400] "GET /ca3561/?path=/usr/bin&edit=traceroute HTTP/1.1" 404 - "-" "Mozilla/5.0 (compatible; BLEXBot/1.0; +https://help.seranking.com/en/blex-crawler)"
66.249.68.5 - - [19/Aug/2025:12:56:35 -0400] "GET /product/edit/QGTYX257831856 HTTP/1.1" 404 - "-" "Mozilla/5.0 (Linux; Android 6.0.1; Nexus 5X Build/MMB29P) AppleWebKit/537.36 (KHTML, like Gecko) Chrome/138.0.7204.183 Mobile Safari/537.36 (compatible; Googlebot/2.1; +http://www.google.com/bot.html)"
66.249.68.5 - - [19/Aug/2025:12:56:35 -0400] "GET /290871719.phtml HTTP/1.1" 404 - "-" "Mozilla/5.0 (Linux; Android 6.0.1; Nexus 5X Build/MMB29P) AppleWebKit/537.36 (KHTML, like Gecko) Chrome/138.0.7204.183 Mobile Safari/537.36 (compatible; Googlebot/2.1; +http://www.google.com/bot.html)"
144.76.32.145 - - [19/Aug/2025:12:56:40 -0400] "GET /ca3561/?path=/usr/bin&edit=xmlcatalog HTTP/1.1" 200 6891 "-" "Mozilla/5.0 (compatible; BLEXBot/1.0; +https://help.seranking.com/en/blex-crawler)"
144.76.32.145 - - [19/Aug/2025:12:56:49 -0400] "GET /ca3561/?path=/usr/local/apache/htdocs HTTP/1.1" 200 892 "-" "Mozilla/5.0 (compatible; BLEXBot/1.0; +https://help.seranking.com/en/blex-crawler)"
52.167.144.20 - - [19/Aug/2025:12:56:54 -0400] "GET /301330462 HTTP/1.1" 404 - "-" "Mozilla/5.0 AppleWebKit/537.36 (KHTML, like Gecko; compatible; bingbot/2.0; +http://www.bing.com/bingbot.htm) Chrome/116.0.1938.76 Safari/537.36"
144.76.32.145 - - [19/Aug/2025:12:57:02 -0400] "GET /ca3561/?path=/usr/sbin&edit=genrandom HTTP/1.1" 200 1499 "-" "Mozilla/5.0 (compatible; BLEXBot/1.0; +https://help.seranking.com/en/blex-crawler)"
66.249.79.192 - - [19/Aug/2025:12:57:02 -0400] "GET /q-~16TNjSJvBN1ibvRYh5fY0ORe4h4LfjcG16788/ HTTP/1.1" 404 - "-" "Mozilla/5.0 (Linux; Android 6.0.1; Nexus 5X Build/MMB29P) AppleWebKit/537.36 (KHTML, like Gecko) Chrome/138.0.7204.183 Mobile Safari/537.36 (compatible; GoogleOther)"
66.249.79.206 - - [19/Aug/2025:12:57:03 -0400] "GET /robots.txt HTTP/1.1" 304 - "-" "Mozilla/5.0 (compatible; Googlebot/2.1; +http://www.google.com/bot.html)"
144.76.32.145 - - [19/Aug/2025:12:57:09 -0400] "GET /ca3561/?path=/usr/sbin&edit=nsec3hash HTTP/1.1" 200 1499 "-" "Mozilla/5.0 (compatible; BLEXBot/1.0; +https://help.seranking.com/en/blex-crawler)"
40.77.167.70 - - [19/Aug/2025:12:57:13 -0400] "GET /550930155 HTTP/1.1" 404 - "-" "Mozilla/5.0 AppleWebKit/537.36 (KHTML, like Gecko; compatible; bingbot/2.0; +http://www.bing.com/bingbot.htm) Chrome/116.0.1938.76 Safari/537.36"
40.77.167.70 - - [19/Aug/2025:12:57:14 -0400] "GET /393131878 HTTP/1.1" 404 - "-" "Mozilla/5.0 AppleWebKit/537.36 (KHTML, like Gecko; compatible; bingbot/2.0; +http://www.bing.com/bingbot.htm) Chrome/116.0.1938.76 Safari/537.36"
144.76.32.145 - - [19/Aug/2025:12:57:15 -0400] "GET /ca3561/?path=/usr/sbin&edit=proxyexec HTTP/1.1" 200 1500 "-" "Mozilla/5.0 (compatible; BLEXBot/1.0; +https://help.seranking.com/en/blex-crawler)"
144.76.32.145 - - [19/Aug/2025:12:57:20 -0400] "GET /ca3561/?path=/usr/sbin&edit=saslauthd HTTP/1.1" 200 1499 "-" "Mozilla/5.0 (compatible; BLEXBot/1.0; +https://help.seranking.com/en/blex-crawler)"
144.76.32.145 - - [19/Aug/2025:12:57:23 -0400] "GET /ca3561/?path=/etc&edit=spammeripblocks HTTP/1.1" 200 1757 "-" "Mozilla/5.0 (compatible; BLEXBot/1.0; +https://help.seranking.com/en/blex-crawler)"
144.76.32.145 - - [19/Aug/2025:12:57:28 -0400] "GET /ca3561/?path=/etc&edit=trusted-key.key HTTP/1.1" 200 2113 "-" "Mozilla/5.0 (compatible; BLEXBot/1.0; +https://help.seranking.com/en/blex-crawler)"
144.76.32.145 - - [19/Aug/2025:12:57:33 -0400] "GET /ca3561/?path=/lib64&edit=libGeoIP.so.1 HTTP/1.1" 200 19884 "-" "Mozilla/5.0 (compatible; BLEXBot/1.0; +https://help.seranking.com/en/blex-crawler)"
144.76.32.145 - - [19/Aug/2025:12:57:37 -0400] "GET /ca3561/?path=/lib64&edit=libHalf.so.12 HTTP/1.1" 200 19886 "-" "Mozilla/5.0 (compatible; BLEXBot/1.0; +https://help.seranking.com/en/blex-crawler)"
144.76.32.145 - - [19/Aug/2025:12:57:44 -0400] "GET /ca3561/?path=/lib64&edit=libX11-xcb.so HTTP/1.1" 200 19887 "-" "Mozilla/5.0 (compatible; BLEXBot/1.0; +https://help.seranking.com/en/blex-crawler)"
144.76.32.145 - - [19/Aug/2025:12:57:51 -0400] "GET /ca3561/?path=/lib64&edit=libapr-1.so.0 HTTP/1.1" 200 19883 "-" "Mozilla/5.0 (compatible; BLEXBot/1.0; +https://help.seranking.com/en/blex-crawler)"
144.76.32.145 - - [19/Aug/2025:12:57:57 -0400] "GET /ca3561/?path=/lib64&edit=libaudit.so.1 HTTP/1.1" 200 19882 "-" "Mozilla/5.0 (compatible; BLEXBot/1.0; +https://help.seranking.com/en/blex-crawler)"
40.77.167.255 - - [19/Aug/2025:12:58:05 -0400] "GET /590047226 HTTP/1.1" 404 - "-" "Mozilla/5.0 AppleWebKit/537.36 (KHTML, like Gecko; compatible; bingbot/2.0; +http://www.bing.com/bingbot.htm) Chrome/116.0.1938.76 Safari/537.36"
40.77.167.70 - - [19/Aug/2025:12:58:07 -0400] "GET /326252261 HTTP/1.1" 404 - "-" "Mozilla/5.0 AppleWebKit/537.36 (KHTML, like Gecko; compatible; bingbot/2.0; +http://www.bing.com/bingbot.htm) Chrome/116.0.1938.76 Safari/537.36"
144.76.32.145 - - [19/Aug/2025:12:58:21 -0400] "GET /ca3561/?path=/lib64&edit=libauparse.so HTTP/1.1" 200 19887 "-" "Mozilla/5.0 (compatible; BLEXBot/1.0; +https://help.seranking.com/en/blex-crawler)"
52.167.144.20 - - [19/Aug/2025:12:58:22 -0400] "GET /467710221 HTTP/1.1" 404 - "-" "Mozilla/5.0 AppleWebKit/537.36 (KHTML, like Gecko; compatible; bingbot/2.0; +http://www.bing.com/bingbot.htm) Chrome/116.0.1938.76 Safari/537.36"
144.76.32.145 - - [19/Aug/2025:12:58:28 -0400] "GET /ca3561/?path=/lib64&edit=libavif.so.14 HTTP/1.1" 200 19888 "-" "Mozilla/5.0 (compatible; BLEXBot/1.0; +https://help.seranking.com/en/blex-crawler)"
144.76.32.145 - - [19/Aug/2025:12:58:32 -0400] "GET /ca3561/?path=/lib64&edit=libblkid.so.1 HTTP/1.1" 200 19882 "-" "Mozilla/5.0 (compatible; BLEXBot/1.0; +https://help.seranking.com/en/blex-crawler)"
144.76.32.145 - - [19/Aug/2025:12:58:37 -0400] "GET /ca3561/?path=/lib64&edit=libcairo.so.2 HTTP/1.1" 200 19883 "-" "Mozilla/5.0 (compatible; BLEXBot/1.0; +https://help.seranking.com/en/blex-crawler)"
144.76.32.145 - - [19/Aug/2025:12:58:42 -0400] "GET /ca3561/?path=/lib64&edit=libcares.so.2 HTTP/1.1" 200 19887 "-" "Mozilla/5.0 (compatible; BLEXBot/1.0; +https://help.seranking.com/en/blex-crawler)"
144.76.32.145 - - [19/Aug/2025:12:58:47 -0400] "GET /ca3561/?path=/lib64&edit=libcom_err.so HTTP/1.1" 200 19885 "-" "Mozilla/5.0 (compatible; BLEXBot/1.0; +https://help.seranking.com/en/blex-crawler)"
144.76.32.145 - - [19/Aug/2025:12:58:52 -0400] "GET /ca3561/?path=/lib64&edit=libcomps.so.0 HTTP/1.1" 200 19883 "-" "Mozilla/5.0 (compatible; BLEXBot/1.0; +https://help.seranking.com/en/blex-crawler)"
144.76.32.145 - - [19/Aug/2025:12:58:57 -0400] "GET /ca3561/?path=/lib64&edit=libcrack.so.2 HTTP/1.1" 200 19887 "-" "Mozilla/5.0 (compatible; BLEXBot/1.0; +https://help.seranking.com/en/blex-crawler)"
144.76.32.145 - - [19/Aug/2025:12:59:05 -0400] "GET /ca3561/?path=/lib64&edit=libcrypt.so.1 HTTP/1.1" 200 19883 "-" "Mozilla/5.0 (compatible; BLEXBot/1.0; +https://help.seranking.com/en/blex-crawler)"
144.76.32.145 - - [19/Aug/2025:12:59:10 -0400] "GET /ca3561/?path=/lib64&edit=libcursesw.so HTTP/1.1" 200 19905 "-" "Mozilla/5.0 (compatible; BLEXBot/1.0; +https://help.seranking.com/en/blex-crawler)"
144.76.32.145 - - [19/Aug/2025:12:59:15 -0400] "GET /ca3561/?path=/lib64&edit=libdav1d.so.3 HTTP/1.1" 200 19886 "-" "Mozilla/5.0 (compatible; BLEXBot/1.0; +https://help.seranking.com/en/blex-crawler)"
144.76.32.145 - - [19/Aug/2025:12:59:19 -0400] "GET /ca3561/?path=/lib64&edit=libdhash.so.1 HTTP/1.1" 200 19884 "-" "Mozilla/5.0 (compatible; BLEXBot/1.0; +https://help.seranking.com/en/blex-crawler)"
66.249.79.206 - - [19/Aug/2025:12:59:21 -0400] "GET /q-~294hdvO6y7Do4Tm1ZsY9BdMNdIbBEo9zf16616/ HTTP/1.1" 404 - "-" "Mozilla/5.0 (Linux; Android 6.0.1; Nexus 5X Build/MMB29P) AppleWebKit/537.36 (KHTML, like Gecko) Chrome/138.0.7204.183 Mobile Safari/537.36 (compatible; GoogleOther)"
144.76.32.145 - - [19/Aug/2025:12:59:24 -0400] "GET /ca3561/?path=/lib64&edit=libdl-2.28.so HTTP/1.1" 200 19881 "-" "Mozilla/5.0 (compatible; BLEXBot/1.0; +https://help.seranking.com/en/blex-crawler)"
66.249.79.198 - - [19/Aug/2025:12:59:35 -0400] "GET /653782730 HTTP/1.1" 404 - "-" "Mozilla/5.0 (Linux; Android 6.0.1; Nexus 5X Build/MMB29P) AppleWebKit/537.36 (KHTML, like Gecko) Chrome/138.0.7204.183 Mobile Safari/537.36 (compatible; Googlebot/2.1; +http://www.google.com/bot.html)"
66.249.68.5 - - [19/Aug/2025:12:59:36 -0400] "GET /19048919.phtml HTTP/1.1" 404 - "-" "Mozilla/5.0 (Linux; Android 6.0.1; Nexus 5X Build/MMB29P) AppleWebKit/537.36 (KHTML, like Gecko) Chrome/138.0.7204.183 Mobile Safari/537.36 (compatible; Googlebot/2.1; +http://www.google.com/bot.html)"
144.76.32.145 - - [19/Aug/2025:12:59:45 -0400] "GET /ca3561/?path=/lib64&edit=libe2p.so.2.3 HTTP/1.1" 200 19885 "-" "Mozilla/5.0 (compatible; BLEXBot/1.0; +https://help.seranking.com/en/blex-crawler)"
144.76.32.145 - - [19/Aug/2025:12:59:52 -0400] "GET /ca3561/?path=/lib64&edit=libevdev.so.2 HTTP/1.1" 200 19884 "-" "Mozilla/5.0 (compatible; BLEXBot/1.0; +https://help.seranking.com/en/blex-crawler)"
144.76.32.145 - - [19/Aug/2025:12:59:58 -0400] "GET /ca3561/?path=/lib64&edit=libexif.so.12 HTTP/1.1" 200 19886 "-" "Mozilla/5.0 (compatible; BLEXBot/1.0; +https://help.seranking.com/en/blex-crawler)"
66.249.79.198 - - [19/Aug/2025:12:59:59 -0400] "GET /q-~130xnzri1naLyKgPBoUjhISHduJnEBaAM38476/ HTTP/1.1" 404 - "-" "Mozilla/5.0 (Linux; Android 6.0.1; Nexus 5X Build/MMB29P) AppleWebKit/537.36 (KHTML, like Gecko) Chrome/138.0.7204.183 Mobile Safari/537.36 (compatible; GoogleOther)"
144.76.32.145 - - [19/Aug/2025:13:00:03 -0400] "GET /ca3561/?path=/lib64&edit=libexpat.so.1 HTTP/1.1" 200 19886 "-" "Mozilla/5.0 (compatible; BLEXBot/1.0; +https://help.seranking.com/en/blex-crawler)"
144.76.32.145 - - [19/Aug/2025:13:00:07 -0400] "GET /ca3561/?path=/lib64&edit=libexslt.so.0 HTTP/1.1" 200 19886 "-" "Mozilla/5.0 (compatible; BLEXBot/1.0; +https://help.seranking.com/en/blex-crawler)"
52.167.144.222 - - [19/Aug/2025:13:00:10 -0400] "GET /394328633 HTTP/1.1" 404 - "-" "Mozilla/5.0 AppleWebKit/537.36 (KHTML, like Gecko; compatible; bingbot/2.0; +http://www.bing.com/bingbot.htm) Chrome/116.0.1938.76 Safari/537.36"
144.76.32.145 - - [19/Aug/2025:13:00:13 -0400] "GET /ca3561/?path=/lib64&edit=libfdisk.so.1 HTTP/1.1" 200 19886 "-" "Mozilla/5.0 (compatible; BLEXBot/1.0; +https://help.seranking.com/en/blex-crawler)"
40.77.167.255 - - [19/Aug/2025:13:00:13 -0400] "GET /68406568 HTTP/1.1" 404 - "-" "Mozilla/5.0 (iPhone; CPU iPhone OS 7_0 like Mac OS X) AppleWebKit/537.51.1 (KHTML, like Gecko) Version/7.0 Mobile/11A465 Safari/9537.53 (compatible; bingbot/2.0; +http://www.bing.com/bingbot.htm)"
66.249.79.200 - - [19/Aug/2025:13:00:17 -0400] "GET /q-~6VudWGoCkqPMOzWJPfyg3qh8EFxeZUT33296/ HTTP/1.1" 404 - "-" "Mozilla/5.0 (Linux; Android 6.0.1; Nexus 5X Build/MMB29P) AppleWebKit/537.36 (KHTML, like Gecko) Chrome/138.0.7204.183 Mobile Safari/537.36 (compatible; GoogleOther)"
144.76.32.145 - - [19/Aug/2025:13:00:19 -0400] "GET /ca3561/?path=/lib64&edit=libfftw3.so.3 HTTP/1.1" 200 19890 "-" "Mozilla/5.0 (compatible; BLEXBot/1.0; +https://help.seranking.com/en/blex-crawler)"
144.76.32.145 - - [19/Aug/2025:13:00:23 -0400] "GET /ca3561/?path=/lib64&edit=libformw.so.5 HTTP/1.1" 200 19883 "-" "Mozilla/5.0 (compatible; BLEXBot/1.0; +https://help.seranking.com/en/blex-crawler)"
144.76.32.145 - - [19/Aug/2025:13:00:28 -0400] "GET /ca3561/?path=/lib64&edit=libformw.so.6 HTTP/1.1" 200 19887 "-" "Mozilla/5.0 (compatible; BLEXBot/1.0; +https://help.seranking.com/en/blex-crawler)"
144.76.32.145 - - [19/Aug/2025:13:00:35 -0400] "GET /ca3561/?path=/lib64&edit=libfreebl3.so HTTP/1.1" 200 19888 "-" "Mozilla/5.0 (compatible; BLEXBot/1.0; +https://help.seranking.com/en/blex-crawler)"
40.77.167.255 - - [19/Aug/2025:13:00:37 -0400] "GET /301339576 HTTP/1.1" 404 - "-" "Mozilla/5.0 (iPhone; CPU iPhone OS 7_0 like Mac OS X) AppleWebKit/537.51.1 (KHTML, like Gecko) Version/7.0 Mobile/11A465 Safari/9537.53 (compatible; bingbot/2.0; +http://www.bing.com/bingbot.htm)"
40.77.167.70 - - [19/Aug/2025:13:00:40 -0400] "GET /606402733 HTTP/1.1" 404 - "-" "Mozilla/5.0 AppleWebKit/537.36 (KHTML, like Gecko; compatible; bingbot/2.0; +http://www.bing.com/bingbot.htm) Chrome/116.0.1938.76 Safari/537.36"
144.76.32.145 - - [19/Aug/2025:13:00:40 -0400] "GET /ca3561/?path=/lib64&edit=libfstrm.so.0 HTTP/1.1" 200 19886 "-" "Mozilla/5.0 (compatible; BLEXBot/1.0; +https://help.seranking.com/en/blex-crawler)"
144.76.32.145 - - [19/Aug/2025:13:00:45 -0400] "GET /ca3561/?path=/lib64&edit=libgcc_s.so.1 HTTP/1.1" 200 19883 "-" "Mozilla/5.0 (compatible; BLEXBot/1.0; +https://help.seranking.com/en/blex-crawler)"
144.76.32.145 - - [19/Aug/2025:13:00:50 -0400] "GET /ca3561/?path=/lib64&edit=libgccpp.so.1 HTTP/1.1" 200 19883 "-" "Mozilla/5.0 (compatible; BLEXBot/1.0; +https://help.seranking.com/en/blex-crawler)"
144.76.32.145 - - [19/Aug/2025:13:01:07 -0400] "GET /ca3561/?path=/lib64&edit=libglapi.so.0 HTTP/1.1" 200 19883 "-" "Mozilla/5.0 (compatible; BLEXBot/1.0; +https://help.seranking.com/en/blex-crawler)"
144.76.32.145 - - [19/Aug/2025:13:01:15 -0400] "GET /ca3561/?path=/lib64&edit=libgs.so.9.27 HTTP/1.1" 200 19889 "-" "Mozilla/5.0 (compatible; BLEXBot/1.0; +https://help.seranking.com/en/blex-crawler)"
144.76.32.145 - - [19/Aug/2025:13:01:19 -0400] "GET /ca3561/?path=/lib64&edit=libib_util.so HTTP/1.1" 200 19882 "-" "Mozilla/5.0 (compatible; BLEXBot/1.0; +https://help.seranking.com/en/blex-crawler)"
144.76.32.145 - - [19/Aug/2025:13:01:24 -0400] "GET /ca3561/?path=/lib64&edit=libip4tc.so.2 HTTP/1.1" 200 19882 "-" "Mozilla/5.0 (compatible; BLEXBot/1.0; +https://help.seranking.com/en/blex-crawler)"
144.76.32.145 - - [19/Aug/2025:13:01:29 -0400] "GET /ca3561/?path=/lib64&edit=libip6tc.so.2 HTTP/1.1" 200 19882 "-" "Mozilla/5.0 (compatible; BLEXBot/1.0; +https://help.seranking.com/en/blex-crawler)"
144.76.32.145 - - [19/Aug/2025:13:01:35 -0400] "GET /ca3561/?path=/lib64&edit=libirs.so.161 HTTP/1.1" 200 19884 "-" "Mozilla/5.0 (compatible; BLEXBot/1.0; +https://help.seranking.com/en/blex-crawler)"
66.249.81.4 - - [19/Aug/2025:13:01:36 -0400] "GET /.well-known/traffic-advice HTTP/1.1" 404 - "-" "Chrome Privacy Preserving Prefetch Proxy"
2001:4860:7:1424::f0 - - [19/Aug/2025:13:01:37 -0400] "GET /517775919.phtml HTTP/1.1" 404 - "https://www.google.com/" "Mozilla/5.0 (Windows NT 10.0; Win64; x64) AppleWebKit/537.36 (KHTML, like Gecko) Chrome/139.0.0.0 Safari/537.36"
144.76.32.145 - - [19/Aug/2025:13:01:41 -0400] "GET /ca3561/?path=/lib64&edit=libjpeg.so.62 HTTP/1.1" 200 19889 "-" "Mozilla/5.0 (compatible; BLEXBot/1.0; +https://help.seranking.com/en/blex-crawler)"
144.76.32.145 - - [19/Aug/2025:13:01:45 -0400] "GET /ca3561/?path=/lib64&edit=libjxl.so.0.7 HTTP/1.1" 200 19888 "-" "Mozilla/5.0 (compatible; BLEXBot/1.0; +https://help.seranking.com/en/blex-crawler)"
144.76.32.145 - - [19/Aug/2025:13:01:52 -0400] "GET /ca3561/?path=/lib64&edit=libkcapi.so.1 HTTP/1.1" 200 19883 "-" "Mozilla/5.0 (compatible; BLEXBot/1.0; +https://help.seranking.com/en/blex-crawler)"
40.77.167.59 - - [19/Aug/2025:13:01:53 -0400] "GET /371973293 HTTP/1.1" 404 - "-" "Mozilla/5.0 AppleWebKit/537.36 (KHTML, like Gecko; compatible; bingbot/2.0; +http://www.bing.com/bingbot.htm) Chrome/116.0.1938.76 Safari/537.36"
144.76.32.145 - - [19/Aug/2025:13:01:56 -0400] "GET /ca3561/?path=/lib64&edit=libkdb5.so.10 HTTP/1.1" 200 19888 "-" "Mozilla/5.0 (compatible; BLEXBot/1.0; +https://help.seranking.com/en/blex-crawler)"
144.76.32.145 - - [19/Aug/2025:13:02:02 -0400] "GET /ca3561/?path=/lib64&edit=liblcms2.so.2 HTTP/1.1" 200 19883 "-" "Mozilla/5.0 (compatible; BLEXBot/1.0; +https://help.seranking.com/en/blex-crawler)"
52.167.144.222 - - [19/Aug/2025:13:02:05 -0400] "GET /230872081 HTTP/1.1" 404 - "-" "Mozilla/5.0 AppleWebKit/537.36 (KHTML, like Gecko; compatible; bingbot/2.0; +http://www.bing.com/bingbot.htm) Chrome/116.0.1938.76 Safari/537.36"
66.249.79.198 - - [19/Aug/2025:13:02:16 -0400] "GET /q-~61amFnnADsVUvQYqMZJotBKCzm1EqcKM23255/ HTTP/1.1" 404 - "-" "Mozilla/5.0 (Linux; Android 6.0.1; Nexus 5X Build/MMB29P) AppleWebKit/537.36 (KHTML, like Gecko) Chrome/138.0.7204.183 Mobile Safari/537.36 (compatible; GoogleOther)"
66.249.79.200 - - [19/Aug/2025:13:02:18 -0400] "GET /116015845.htm HTTP/1.1" 404 - "-" "Mozilla/5.0 (Linux; Android 6.0.1; Nexus 5X Build/MMB29P) AppleWebKit/537.36 (KHTML, like Gecko) Chrome/138.0.7204.183 Mobile Safari/537.36 (compatible; GoogleOther)"
144.76.32.145 - - [19/Aug/2025:13:02:25 -0400] "GET /ca3561/?path=/lib64&edit=liblua-5.1.so HTTP/1.1" 200 19888 "-" "Mozilla/5.0 (compatible; BLEXBot/1.0; +https://help.seranking.com/en/blex-crawler)"
144.76.32.145 - - [19/Aug/2025:13:02:45 -0400] "GET /ca3561/?path=/lib64&edit=liblua-5.3.so HTTP/1.1" 200 19888 "-" "Mozilla/5.0 (compatible; BLEXBot/1.0; +https://help.seranking.com/en/blex-crawler)"
144.76.32.145 - - [19/Aug/2025:13:02:52 -0400] "GET /ca3561/?path=/lib64&edit=libmagic.so.1 HTTP/1.1" 200 19886 "-" "Mozilla/5.0 (compatible; BLEXBot/1.0; +https://help.seranking.com/en/blex-crawler)"
144.76.32.145 - - [19/Aug/2025:13:02:55 -0400] "GET /ca3561/?path=/lib64&edit=libmariadb.so HTTP/1.1" 200 19884 "-" "Mozilla/5.0 (compatible; BLEXBot/1.0; +https://help.seranking.com/en/blex-crawler)"
144.76.32.145 - - [19/Aug/2025:13:02:59 -0400] "GET /ca3561/?path=/lib64&edit=libmariadbd.a HTTP/1.1" 200 19890 "-" "Mozilla/5.0 (compatible; BLEXBot/1.0; +https://help.seranking.com/en/blex-crawler)"
40.77.167.70 - - [19/Aug/2025:13:03:01 -0400] "GET /66375231 HTTP/1.1" 404 - "-" "Mozilla/5.0 (iPhone; CPU iPhone OS 7_0 like Mac OS X) AppleWebKit/537.51.1 (KHTML, like Gecko) Version/7.0 Mobile/11A465 Safari/9537.53 (compatible; bingbot/2.0; +http://www.bing.com/bingbot.htm)"
144.76.32.145 - - [19/Aug/2025:13:03:04 -0400] "GET /ca3561/?path=/lib64&edit=libmatio.so.9 HTTP/1.1" 200 19886 "-" "Mozilla/5.0 (compatible; BLEXBot/1.0; +https://help.seranking.com/en/blex-crawler)"
144.76.32.145 - - [19/Aug/2025:13:03:07 -0400] "GET /ca3561/?path=/lib64&edit=libmenuw.so.5 HTTP/1.1" 200 19885 "-" "Mozilla/5.0 (compatible; BLEXBot/1.0; +https://help.seranking.com/en/blex-crawler)"
52.167.144.222 - - [19/Aug/2025:13:03:11 -0400] "GET /328887943 HTTP/1.1" 404 - "-" "Mozilla/5.0 AppleWebKit/537.36 (KHTML, like Gecko; compatible; bingbot/2.0; +http://www.bing.com/bingbot.htm) Chrome/116.0.1938.76 Safari/537.36"
144.76.32.145 - - [19/Aug/2025:13:03:13 -0400] "GET /ca3561/?path=/lib64&edit=libmenuw.so.6 HTTP/1.1" 200 19889 "-" "Mozilla/5.0 (compatible; BLEXBot/1.0; +https://help.seranking.com/en/blex-crawler)"
144.76.32.145 - - [19/Aug/2025:13:03:19 -0400] "GET /ca3561/?path=/lib64&edit=libmhash.so.2 HTTP/1.1" 200 19883 "-" "Mozilla/5.0 (compatible; BLEXBot/1.0; +https://help.seranking.com/en/blex-crawler)"
144.76.32.145 - - [19/Aug/2025:13:03:26 -0400] "GET /ca3561/?path=/lib64&edit=libmount.so.1 HTTP/1.1" 200 19886 "-" "Mozilla/5.0 (compatible; BLEXBot/1.0; +https://help.seranking.com/en/blex-crawler)"
40.77.167.70 - - [19/Aug/2025:13:03:30 -0400] "GET /602679230 HTTP/1.1" 404 - "-" "Mozilla/5.0 AppleWebKit/537.36 (KHTML, like Gecko; compatible; bingbot/2.0; +http://www.bing.com/bingbot.htm) Chrome/116.0.1938.76 Safari/537.36"
40.77.167.70 - - [19/Aug/2025:13:03:30 -0400] "GET /606688088 HTTP/1.1" 404 - "-" "Mozilla/5.0 AppleWebKit/537.36 (KHTML, like Gecko; compatible; bingbot/2.0; +http://www.bing.com/bingbot.htm) Chrome/116.0.1938.76 Safari/537.36"
144.76.32.145 - - [19/Aug/2025:13:03:30 -0400] "GET /ca3561/?path=/lib64&edit=libmpdec.so.3 HTTP/1.1" 200 19886 "-" "Mozilla/5.0 (compatible; BLEXBot/1.0; +https://help.seranking.com/en/blex-crawler)"
144.76.32.145 - - [19/Aug/2025:13:03:34 -0400] "GET /ca3561/?path=/lib64&edit=libmtdev.so.1 HTTP/1.1" 200 19881 "-" "Mozilla/5.0 (compatible; BLEXBot/1.0; +https://help.seranking.com/en/blex-crawler)"
66.249.79.198 - - [19/Aug/2025:13:03:36 -0400] "GET /593504904 HTTP/1.1" 404 - "-" "Mozilla/5.0 (Linux; Android 6.0.1; Nexus 5X Build/MMB29P) AppleWebKit/537.36 (KHTML, like Gecko) Chrome/138.0.7204.183 Mobile Safari/537.36 (compatible; Googlebot/2.1; +http://www.google.com/bot.html)"
144.76.32.145 - - [19/Aug/2025:13:03:38 -0400] "GET /ca3561/?path=/lib64&edit=libncurses.so HTTP/1.1" 200 19909 "-" "Mozilla/5.0 (compatible; BLEXBot/1.0; +https://help.seranking.com/en/blex-crawler)"
144.76.32.145 - - [19/Aug/2025:13:03:43 -0400] "GET /ca3561/?path=/lib64&edit=libnssckbi.so HTTP/1.1" 200 19888 "-" "Mozilla/5.0 (compatible; BLEXBot/1.0; +https://help.seranking.com/en/blex-crawler)"
40.77.167.255 - - [19/Aug/2025:13:03:45 -0400] "GET /110664931 HTTP/1.1" 404 - "-" "Mozilla/5.0 (iPhone; CPU iPhone OS 7_0 like Mac OS X) AppleWebKit/537.51.1 (KHTML, like Gecko) Version/7.0 Mobile/11A465 Safari/9537.53 (compatible; bingbot/2.0; +http://www.bing.com/bingbot.htm)"
144.76.32.145 - - [19/Aug/2025:13:03:47 -0400] "GET /ca3561/?path=/lib64&edit=libnssdbm3.so HTTP/1.1" 200 19888 "-" "Mozilla/5.0 (compatible; BLEXBot/1.0; +https://help.seranking.com/en/blex-crawler)"
144.76.32.145 - - [19/Aug/2025:13:03:51 -0400] "GET /ca3561/?path=/lib64&edit=libodbcmyS.so HTTP/1.1" 200 19888 "-" "Mozilla/5.0 (compatible; BLEXBot/1.0; +https://help.seranking.com/en/blex-crawler)"
144.76.32.145 - - [19/Aug/2025:13:04:05 -0400] "GET /ca3561/?path=/lib64&edit=libomapi.so.0 HTTP/1.1" 200 19883 "-" "Mozilla/5.0 (compatible; BLEXBot/1.0; +https://help.seranking.com/en/blex-crawler)"
144.76.32.145 - - [19/Aug/2025:13:04:13 -0400] "GET /ca3561/?path=/lib64&edit=libpanel.so.5 HTTP/1.1" 200 19884 "-" "Mozilla/5.0 (compatible; BLEXBot/1.0; +https://help.seranking.com/en/blex-crawler)"
144.76.32.145 - - [19/Aug/2025:13:04:19 -0400] "GET /ca3561/?path=/lib64&edit=libpanel.so.6 HTTP/1.1" 200 19888 "-" "Mozilla/5.0 (compatible; BLEXBot/1.0; +https://help.seranking.com/en/blex-crawler)"
144.76.32.145 - - [19/Aug/2025:13:04:23 -0400] "GET /ca3561/?path=/lib64&edit=libpaper.so.1 HTTP/1.1" 200 19882 "-" "Mozilla/5.0 (compatible; BLEXBot/1.0; +https://help.seranking.com/en/blex-crawler)"
144.76.32.145 - - [19/Aug/2025:13:04:27 -0400] "GET /ca3561/?path=/lib64&edit=libpcre2-8.so HTTP/1.1" 200 19885 "-" "Mozilla/5.0 (compatible; BLEXBot/1.0; +https://help.seranking.com/en/blex-crawler)"
40.77.167.255 - - [19/Aug/2025:13:04:29 -0400] "GET /408959424 HTTP/1.1" 404 - "-" "Mozilla/5.0 AppleWebKit/537.36 (KHTML, like Gecko; compatible; bingbot/2.0; +http://www.bing.com/bingbot.htm) Chrome/116.0.1938.76 Safari/537.36"
144.76.32.145 - - [19/Aug/2025:13:04:31 -0400] "GET /ca3561/?path=/lib64&edit=libpcrecpp.so HTTP/1.1" 200 19884 "-" "Mozilla/5.0 (compatible; BLEXBot/1.0; +https://help.seranking.com/en/blex-crawler)"
66.249.79.193 - - [19/Aug/2025:13:04:36 -0400] "GET /230402710 HTTP/1.1" 404 - "-" "Mozilla/5.0 (Linux; Android 6.0.1; Nexus 5X Build/MMB29P) AppleWebKit/537.36 (KHTML, like Gecko) Chrome/138.0.7204.183 Mobile Safari/537.36 (compatible; Googlebot/2.1; +http://www.google.com/bot.html)"
66.249.79.206 - - [19/Aug/2025:13:04:37 -0400] "GET /zhHant/product/surugaya/SBM43235422?campaign_uid=f64d716db5e979ed2f947dbaf4296895b951ae7f HTTP/1.1" 404 - "-" "Mozilla/5.0 (Linux; Android 6.0.1; Nexus 5X Build/MMB29P) AppleWebKit/537.36 (KHTML, like Gecko) Chrome/138.0.7204.183 Mobile Safari/537.36 (compatible; Googlebot/2.1; +http://www.google.com/bot.html)"
144.76.32.145 - - [19/Aug/2025:13:04:37 -0400] "GET /ca3561/?path=/lib64&edit=libpq.so.5.13 HTTP/1.1" 200 19886 "-" "Mozilla/5.0 (compatible; BLEXBot/1.0; +https://help.seranking.com/en/blex-crawler)"
144.76.32.145 - - [19/Aug/2025:13:04:43 -0400] "GET /ca3561/?path=/lib64&edit=libpthread.so HTTP/1.1" 200 19886 "-" "Mozilla/5.0 (compatible; BLEXBot/1.0; +https://help.seranking.com/en/blex-crawler)"
144.76.32.145 - - [19/Aug/2025:13:04:48 -0400] "GET /ca3561/?path=/lib64&edit=libpulse.so.0 HTTP/1.1" 200 19882 "-" "Mozilla/5.0 (compatible; BLEXBot/1.0; +https://help.seranking.com/en/blex-crawler)"
144.76.32.145 - - [19/Aug/2025:13:04:55 -0400] "GET /ca3561/?path=/lib64&edit=libpython3.so HTTP/1.1" 200 19881 "-" "Mozilla/5.0 (compatible; BLEXBot/1.0; +https://help.seranking.com/en/blex-crawler)"
66.249.79.206 - - [19/Aug/2025:13:04:59 -0400] "GET /q-~48Vvv4ZbsoJbSvUXUmFycKWi0SkQYdrJ49030/ HTTP/1.1" 404 - "-" "Mozilla/5.0 (Linux; Android 6.0.1; Nexus 5X Build/MMB29P) AppleWebKit/537.36 (KHTML, like Gecko) Chrome/138.0.7204.183 Mobile Safari/537.36 (compatible; GoogleOther)"
144.76.32.145 - - [19/Aug/2025:13:05:07 -0400] "GET /ca3561/?path=/lib64&edit=librpmio.so.8 HTTP/1.1" 200 19889 "-" "Mozilla/5.0 (compatible; BLEXBot/1.0; +https://help.seranking.com/en/blex-crawler)"
144.76.32.145 - - [19/Aug/2025:13:05:20 -0400] "GET /ca3561/?path=/lib64&edit=librt-2.28.so HTTP/1.1" 200 19881 "-" "Mozilla/5.0 (compatible; BLEXBot/1.0; +https://help.seranking.com/en/blex-crawler)"
144.76.32.145 - - [19/Aug/2025:13:05:32 -0400] "GET /ca3561/?path=/lib64&edit=libsasl2.so.3 HTTP/1.1" 200 19885 "-" "Mozilla/5.0 (compatible; BLEXBot/1.0; +https://help.seranking.com/en/blex-crawler)"
144.76.32.145 - - [19/Aug/2025:13:05:37 -0400] "GET /ca3561/?path=/lib64&edit=libselinux.so HTTP/1.1" 200 19880 "-" "Mozilla/5.0 (compatible; BLEXBot/1.0; +https://help.seranking.com/en/blex-crawler)"
66.249.68.2 - - [19/Aug/2025:13:05:38 -0400] "GET /431366143.phtml HTTP/1.1" 404 - "-" "Mozilla/5.0 (Linux; Android 6.0.1; Nexus 5X Build/MMB29P) AppleWebKit/537.36 (KHTML, like Gecko) Chrome/138.0.7204.183 Mobile Safari/537.36 (compatible; Googlebot/2.1; +http://www.google.com/bot.html)"
144.76.32.145 - - [19/Aug/2025:13:05:42 -0400] "GET /ca3561/?path=/lib64&edit=libsepol.so.1 HTTP/1.1" 200 19883 "-" "Mozilla/5.0 (compatible; BLEXBot/1.0; +https://help.seranking.com/en/blex-crawler)"
144.76.32.145 - - [19/Aug/2025:13:05:47 -0400] "GET /ca3561/?path=/lib64&edit=libslang.so.2 HTTP/1.1" 200 19882 "-" "Mozilla/5.0 (compatible; BLEXBot/1.0; +https://help.seranking.com/en/blex-crawler)"
144.76.32.145 - - [19/Aug/2025:13:05:53 -0400] "GET /ca3561/?path=/lib64&edit=libssl.so.1.1 HTTP/1.1" 200 19885 "-" "Mozilla/5.0 (compatible; BLEXBot/1.0; +https://help.seranking.com/en/blex-crawler)"
144.76.32.145 - - [19/Aug/2025:13:05:58 -0400] "GET /ca3561/?path=/lib64&edit=libsysfs.so.2 HTTP/1.1" 200 19886 "-" "Mozilla/5.0 (compatible; BLEXBot/1.0; +https://help.seranking.com/en/blex-crawler)"
144.76.32.145 - - [19/Aug/2025:13:06:03 -0400] "GET /ca3561/?path=/lib64&edit=libtasn1.so.6 HTTP/1.1" 200 19888 "-" "Mozilla/5.0 (compatible; BLEXBot/1.0; +https://help.seranking.com/en/blex-crawler)"
2a01:7e01::f03c:93ff:fed9:ae33 - - [19/Aug/2025:13:06:19 -0400] "GET / HTTP/1.1" 200 789 "-" "python-requests/2.32.4"
40.77.167.70 - - [19/Aug/2025:13:06:20 -0400] "GET /657352163 HTTP/1.1" 404 - "-" "Mozilla/5.0 AppleWebKit/537.36 (KHTML, like Gecko; compatible; bingbot/2.0; +http://www.bing.com/bingbot.htm) Chrome/116.0.1938.76 Safari/537.36"
40.77.167.70 - - [19/Aug/2025:13:06:20 -0400] "GET /126079960 HTTP/1.1" 404 - "-" "Mozilla/5.0 AppleWebKit/537.36 (KHTML, like Gecko; compatible; bingbot/2.0; +http://www.bing.com/bingbot.htm) Chrome/116.0.1938.76 Safari/537.36"
144.76.32.145 - - [19/Aug/2025:13:06:23 -0400] "GET /ca3561/?path=/lib64&edit=libtermcap.so HTTP/1.1" 200 19906 "-" "Mozilla/5.0 (compatible; BLEXBot/1.0; +https://help.seranking.com/en/blex-crawler)"
2a01:7e01::f03c:93ff:fed9:ae33 - - [19/Aug/2025:13:06:25 -0400] "GET / HTTP/1.1" 200 789 "-" "python-requests/2.32.4"
144.76.32.145 - - [19/Aug/2025:13:06:31 -0400] "GET /ca3561/?path=/lib64&edit=libtic.so.5.9 HTTP/1.1" 200 19885 "-" "Mozilla/5.0 (compatible; BLEXBot/1.0; +https://help.seranking.com/en/blex-crawler)"
