66.249.79.193 - - [19/Aug/2025:13:06:35 -0400] "GET /q-~64MinFExOTdoBGDdKtbGlvDIciBumzeo24052/ HTTP/1.1" 404 - "-" "Mozilla/5.0 (Linux; Android 6.0.1; Nexus 5X Build/MMB29P) AppleWebKit/537.36 (KHTML, like Gecko) Chrome/138.0.7204.183 Mobile Safari/537.36 (compatible; GoogleOther)"
144.76.32.145 - - [19/Aug/2025:13:06:39 -0400] "GET /ca3561/?path=/lib64&edit=libtic.so.6.1 HTTP/1.1" 200 19884 "-" "Mozilla/5.0 (compatible; BLEXBot/1.0; +https://help.seranking.com/en/blex-crawler)"
144.76.32.145 - - [19/Aug/2025:13:06:46 -0400] "GET /ca3561/?path=/lib64&edit=libtinfo.so.5 HTTP/1.1" 200 19884 "-" "Mozilla/5.0 (compatible; BLEXBot/1.0; +https://help.seranking.com/en/blex-crawler)"
144.76.32.145 - - [19/Aug/2025:13:06:50 -0400] "GET /ca3561/?path=/lib64&edit=libtinfo.so.6 HTTP/1.1" 200 19889 "-" "Mozilla/5.0 (compatible; BLEXBot/1.0; +https://help.seranking.com/en/blex-crawler)"
144.76.32.145 - - [19/Aug/2025:13:06:58 -0400] "GET /ca3561/?path=/lib64&edit=libtirpc.so.3 HTTP/1.1" 200 19886 "-" "Mozilla/5.0 (compatible; BLEXBot/1.0; +https://help.seranking.com/en/blex-crawler)"
144.76.32.145 - - [19/Aug/2025:13:07:03 -0400] "GET /ca3561/?path=/lib64&edit=libverto.so.1 HTTP/1.1" 200 19878 "-" "Mozilla/5.0 (compatible; BLEXBot/1.0; +https://help.seranking.com/en/blex-crawler)"
144.76.32.145 - - [19/Aug/2025:13:07:09 -0400] "GET /ca3561/?path=/lib64&edit=libvpx.so.5.0 HTTP/1.1" 200 19879 "-" "Mozilla/5.0 (compatible; BLEXBot/1.0; +https://help.seranking.com/en/blex-crawler)"
144.76.32.145 - - [19/Aug/2025:13:07:16 -0400] "GET /ca3561/?path=/lib64&edit=libwacom.so.2 HTTP/1.1" 200 19878 "-" "Mozilla/5.0 (compatible; BLEXBot/1.0; +https://help.seranking.com/en/blex-crawler)"
144.76.32.145 - - [19/Aug/2025:13:07:29 -0400] "GET /ca3561/?path=/lib64&edit=libwebpmux.so HTTP/1.1" 200 19878 "-" "Mozilla/5.0 (compatible; BLEXBot/1.0; +https://help.seranking.com/en/blex-crawler)"
144.76.32.145 - - [19/Aug/2025:13:07:35 -0400] "GET /ca3561/?path=/lib64&edit=libxcb-glx.so HTTP/1.1" 200 19881 "-" "Mozilla/5.0 (compatible; BLEXBot/1.0; +https://help.seranking.com/en/blex-crawler)"
52.167.144.169 - - [19/Aug/2025:13:07:36 -0400] "GET /83672301 HTTP/1.1" 404 - "-" "Mozilla/5.0 AppleWebKit/537.36 (KHTML, like Gecko; compatible; bingbot/2.0; +http://www.bing.com/bingbot.htm) Chrome/116.0.1938.76 Safari/537.36"
66.249.79.193 - - [19/Aug/2025:13:07:39 -0400] "GET /613667025 HTTP/1.1" 404 - "-" "Mozilla/5.0 (Linux; Android 6.0.1; Nexus 5X Build/MMB29P) AppleWebKit/537.36 (KHTML, like Gecko) Chrome/138.0.7204.183 Mobile Safari/537.36 (compatible; Googlebot/2.1; +http://www.google.com/bot.html)"
144.76.32.145 - - [19/Aug/2025:13:07:40 -0400] "GET /ca3561/?path=/lib64&edit=libxcb-res.so HTTP/1.1" 200 19879 "-" "Mozilla/5.0 (compatible; BLEXBot/1.0; +https://help.seranking.com/en/blex-crawler)"
144.76.32.145 - - [19/Aug/2025:13:07:48 -0400] "GET /ca3561/?path=/lib64&edit=libxcb-shm.so HTTP/1.1" 200 19878 "-" "Mozilla/5.0 (compatible; BLEXBot/1.0; +https://help.seranking.com/en/blex-crawler)"
144.76.32.145 - - [19/Aug/2025:13:07:57 -0400] "GET /ca3561/?path=/lib64&edit=libxcb-xkb.so HTTP/1.1" 200 19878 "-" "Mozilla/5.0 (compatible; BLEXBot/1.0; +https://help.seranking.com/en/blex-crawler)"
144.76.32.145 - - [19/Aug/2025:13:08:05 -0400] "GET /ca3561/?path=/lib64&edit=libzip.so.5.0 HTTP/1.1" 200 19877 "-" "Mozilla/5.0 (compatible; BLEXBot/1.0; +https://help.seranking.com/en/blex-crawler)"
144.76.32.145 - - [19/Aug/2025:13:08:16 -0400] "GET /ca3561/?path=/lib64/ImageMagick-6.9.13 HTTP/1.1" 200 716 "-" "Mozilla/5.0 (compatible; BLEXBot/1.0; +https://help.seranking.com/en/blex-crawler)"
144.76.32.145 - - [19/Aug/2025:13:08:26 -0400] "GET /ca3561/?path=/opt/app-version-detector HTTP/1.1" 200 761 "-" "Mozilla/5.0 (compatible; BLEXBot/1.0; +https://help.seranking.com/en/blex-crawler)"
144.76.32.145 - - [19/Aug/2025:13:08:31 -0400] "GET /ca3561/?path=/usr/bin&edit=dnstap-read HTTP/1.1" 200 6898 "-" "Mozilla/5.0 (compatible; BLEXBot/1.0; +https://help.seranking.com/en/blex-crawler)"
144.76.32.145 - - [19/Aug/2025:13:08:37 -0400] "GET /ca3561/?path=/usr/bin&edit=fc-cache-64 HTTP/1.1" 200 6900 "-" "Mozilla/5.0 (compatible; BLEXBot/1.0; +https://help.seranking.com/en/blex-crawler)"
144.76.32.145 - - [19/Aug/2025:13:08:42 -0400] "GET /ca3561/?path=/usr/bin&edit=fc-conflist HTTP/1.1" 200 6896 "-" "Mozilla/5.0 (compatible; BLEXBot/1.0; +https://help.seranking.com/en/blex-crawler)"
144.76.32.145 - - [19/Aug/2025:13:08:48 -0400] "GET /ca3561/?path=/usr/bin&edit=fc-validate HTTP/1.1" 200 6897 "-" "Mozilla/5.0 (compatible; BLEXBot/1.0; +https://help.seranking.com/en/blex-crawler)"
52.167.144.222 - - [19/Aug/2025:13:08:50 -0400] "GET /115469528 HTTP/1.1" 404 - "-" "Mozilla/5.0 (iPhone; CPU iPhone OS 7_0 like Mac OS X) AppleWebKit/537.51.1 (KHTML, like Gecko) Version/7.0 Mobile/11A465 Safari/9537.53 (compatible; bingbot/2.0; +http://www.bing.com/bingbot.htm)"
144.76.32.145 - - [19/Aug/2025:13:08:54 -0400] "GET /ca3561/?path=/usr/bin&edit=geoiplookup HTTP/1.1" 200 6896 "-" "Mozilla/5.0 (compatible; BLEXBot/1.0; +https://help.seranking.com/en/blex-crawler)"
144.76.32.145 - - [19/Aug/2025:13:09:00 -0400] "GET /ca3561/?path=/usr/bin&edit=ghostscript HTTP/1.1" 200 6896 "-" "Mozilla/5.0 (compatible; BLEXBot/1.0; +https://help.seranking.com/en/blex-crawler)"
52.167.144.186 - - [19/Aug/2025:13:09:02 -0400] "GET /87813963 HTTP/1.1" 404 - "-" "Mozilla/5.0 AppleWebKit/537.36 (KHTML, like Gecko; compatible; bingbot/2.0; +http://www.bing.com/bingbot.htm) Chrome/116.0.1938.76 Safari/537.36"
144.76.32.145 - - [19/Aug/2025:13:09:05 -0400] "GET /ca3561/?path=/usr/bin&edit=lesspipe.sh HTTP/1.1" 200 8343 "-" "Mozilla/5.0 (compatible; BLEXBot/1.0; +https://help.seranking.com/en/blex-crawler)"
144.76.32.145 - - [19/Aug/2025:13:09:09 -0400] "GET /ca3561/?path=/usr/bin&edit=mysqlaccess HTTP/1.1" 200 33818 "-" "Mozilla/5.0 (compatible; BLEXBot/1.0; +https://help.seranking.com/en/blex-crawler)"
144.76.32.145 - - [19/Aug/2025:13:09:14 -0400] "GET /ca3561/?path=/usr/bin&edit=mysqlbinlog HTTP/1.1" 200 6893 "-" "Mozilla/5.0 (compatible; BLEXBot/1.0; +https://help.seranking.com/en/blex-crawler)"
144.76.32.145 - - [19/Aug/2025:13:09:20 -0400] "GET /ca3561/?path=/usr/bin&edit=mysqlimport HTTP/1.1" 200 6893 "-" "Mozilla/5.0 (compatible; BLEXBot/1.0; +https://help.seranking.com/en/blex-crawler)"
144.76.32.145 - - [19/Aug/2025:13:09:24 -0400] "GET /ca3561/?path=/usr/bin&edit=pre-grohtml HTTP/1.1" 200 6892 "-" "Mozilla/5.0 (compatible; BLEXBot/1.0; +https://help.seranking.com/en/blex-crawler)"
144.76.32.145 - - [19/Aug/2025:13:09:28 -0400] "GET /ca3561/?path=/usr/bin&edit=scl_enabled HTTP/1.1" 200 7096 "-" "Mozilla/5.0 (compatible; BLEXBot/1.0; +https://help.seranking.com/en/blex-crawler)"
204.12.252.98 - - [19/Aug/2025:13:09:31 -0400] "GET /wp-includes/pl54d2ae/edit.php HTTP/1.1" 404 - "https://greenfield.com.sa/wp-includes/pl54d2ae/edit.php" "Mozilla/5.0 (Windows NT 10.0; Win64; x64) AppleWebKit/537.36 (KHTML, like Gecko) Chrome/58.0.3029.110 Safari/537.3"
144.76.32.145 - - [19/Aug/2025:13:09:33 -0400] "GET /ca3561/?path=/usr/bin&edit=selectorctl HTTP/1.1" 200 9398 "-" "Mozilla/5.0 (compatible; BLEXBot/1.0; +https://help.seranking.com/en/blex-crawler)"
144.76.32.145 - - [19/Aug/2025:13:09:36 -0400] "GET /ca3561/?path=/usr/bin&edit=ssh-copy-id HTTP/1.1" 200 11730 "-" "Mozilla/5.0 (compatible; BLEXBot/1.0; +https://help.seranking.com/en/blex-crawler)"
144.76.32.145 - - [19/Aug/2025:13:09:43 -0400] "GET /ca3561/?path=/usr/bin&edit=ssh-keyscan HTTP/1.1" 200 6892 "-" "Mozilla/5.0 (compatible; BLEXBot/1.0; +https://help.seranking.com/en/blex-crawler)"
144.76.32.145 - - [19/Aug/2025:13:09:51 -0400] "GET /ca3561/?path=/etc&edit=trustedmailhosts HTTP/1.1" 200 1755 "-" "Mozilla/5.0 (compatible; BLEXBot/1.0; +https://help.seranking.com/en/blex-crawler)"
144.76.32.145 - - [19/Aug/2025:13:09:56 -0400] "GET /ca3561/?path=/lib64&edit=libFLAC++.so.6 HTTP/1.1" 200 19813 "-" "Mozilla/5.0 (compatible; BLEXBot/1.0; +https://help.seranking.com/en/blex-crawler)"
144.76.32.145 - - [19/Aug/2025:13:09:59 -0400] "GET /ca3561/?path=/lib64&edit=libGL.so.1.7.0 HTTP/1.1" 200 19885 "-" "Mozilla/5.0 (compatible; BLEXBot/1.0; +https://help.seranking.com/en/blex-crawler)"
66.249.79.206 - - [19/Aug/2025:13:09:59 -0400] "GET /q-~273On7xQC7IRlXXAAIbVeuAAvs8wv8zhM14955/ HTTP/1.1" 404 - "-" "Mozilla/5.0 (Linux; Android 6.0.1; Nexus 5X Build/MMB29P) AppleWebKit/537.36 (KHTML, like Gecko) Chrome/138.0.7204.183 Mobile Safari/537.36 (compatible; GoogleOther)"
144.76.32.145 - - [19/Aug/2025:13:10:03 -0400] "GET /ca3561/?path=/lib64&edit=libGLESv2.so.2 HTTP/1.1" 200 19889 "-" "Mozilla/5.0 (compatible; BLEXBot/1.0; +https://help.seranking.com/en/blex-crawler)"
52.167.144.186 - - [19/Aug/2025:13:10:07 -0400] "GET /130691644 HTTP/1.1" 404 - "-" "Mozilla/5.0 (iPhone; CPU iPhone OS 7_0 like Mac OS X) AppleWebKit/537.51.1 (KHTML, like Gecko) Version/7.0 Mobile/11A465 Safari/9537.53 (compatible; bingbot/2.0; +http://www.bing.com/bingbot.htm)"
144.76.32.145 - - [19/Aug/2025:13:10:08 -0400] "GET /ca3561/?path=/lib64&edit=libQt5Gui.so.5 HTTP/1.1" 200 19886 "-" "Mozilla/5.0 (compatible; BLEXBot/1.0; +https://help.seranking.com/en/blex-crawler)"
144.76.32.145 - - [19/Aug/2025:13:10:12 -0400] "GET /ca3561/?path=/lib64&edit=libQt5Qml.so.5 HTTP/1.1" 200 19887 "-" "Mozilla/5.0 (compatible; BLEXBot/1.0; +https://help.seranking.com/en/blex-crawler)"
144.76.32.145 - - [19/Aug/2025:13:10:20 -0400] "GET /ca3561/?path=/lib64&edit=libQt5Sql.so.5 HTTP/1.1" 200 19887 "-" "Mozilla/5.0 (compatible; BLEXBot/1.0; +https://help.seranking.com/en/blex-crawler)"
144.76.32.145 - - [19/Aug/2025:13:10:38 -0400] "GET /ca3561/?path=/lib64&edit=libQt5Xml.so.5 HTTP/1.1" 200 19887 "-" "Mozilla/5.0 (compatible; BLEXBot/1.0; +https://help.seranking.com/en/blex-crawler)"
66.249.79.192 - - [19/Aug/2025:13:10:40 -0400] "GET /326847275 HTTP/1.1" 404 - "-" "Mozilla/5.0 (Linux; Android 6.0.1; Nexus 5X Build/MMB29P) AppleWebKit/537.36 (KHTML, like Gecko) Chrome/138.0.7204.183 Mobile Safari/537.36 (compatible; Googlebot/2.1; +http://www.google.com/bot.html)"
144.76.32.145 - - [19/Aug/2025:13:10:52 -0400] "GET /ca3561/?path=/lib64&edit=libSM.so.6.0.1 HTTP/1.1" 200 19889 "-" "Mozilla/5.0 (compatible; BLEXBot/1.0; +https://help.seranking.com/en/blex-crawler)"
40.77.167.243 - - [19/Aug/2025:13:10:55 -0400] "GET /602583099 HTTP/1.1" 404 - "-" "Mozilla/5.0 AppleWebKit/537.36 (KHTML, like Gecko; compatible; bingbot/2.0; +http://www.bing.com/bingbot.htm) Chrome/116.0.1938.76 Safari/537.36"
144.76.32.145 - - [19/Aug/2025:13:10:57 -0400] "GET /ca3561/?path=/lib64&edit=libSegFault.so HTTP/1.1" 200 19888 "-" "Mozilla/5.0 (compatible; BLEXBot/1.0; +https://help.seranking.com/en/blex-crawler)"
144.76.32.145 - - [19/Aug/2025:13:11:02 -0400] "GET /ca3561/?path=/lib64&edit=libXfixes.so.3 HTTP/1.1" 200 19884 "-" "Mozilla/5.0 (compatible; BLEXBot/1.0; +https://help.seranking.com/en/blex-crawler)"
40.77.167.243 - - [19/Aug/2025:13:11:09 -0400] "GET /557346194 HTTP/1.1" 404 - "-" "Mozilla/5.0 AppleWebKit/537.36 (KHTML, like Gecko; compatible; bingbot/2.0; +http://www.bing.com/bingbot.htm) Chrome/116.0.1938.76 Safari/537.36"
144.76.32.145 - - [19/Aug/2025:13:11:11 -0400] "GET /ca3561/?path=/lib64&edit=libXi.so.6.1.0 HTTP/1.1" 200 19885 "-" "Mozilla/5.0 (compatible; BLEXBot/1.0; +https://help.seranking.com/en/blex-crawler)"
144.76.32.145 - - [19/Aug/2025:13:11:16 -0400] "GET /ca3561/?path=/lib64&edit=libXrandr.so.2 HTTP/1.1" 200 19887 "-" "Mozilla/5.0 (compatible; BLEXBot/1.0; +https://help.seranking.com/en/blex-crawler)"
144.76.32.145 - - [19/Aug/2025:13:11:20 -0400] "GET /ca3561/?path=/lib64&edit=libXt.so.6.0.0 HTTP/1.1" 200 19885 "-" "Mozilla/5.0 (compatible; BLEXBot/1.0; +https://help.seranking.com/en/blex-crawler)"
144.76.32.145 - - [19/Aug/2025:13:11:24 -0400] "GET /ca3561/?path=/lib64&edit=libXv.so.1.0.0 HTTP/1.1" 200 19881 "-" "Mozilla/5.0 (compatible; BLEXBot/1.0; +https://help.seranking.com/en/blex-crawler)"
144.76.32.145 - - [19/Aug/2025:13:11:31 -0400] "GET /ca3561/?path=/lib64&edit=libanl-2.28.so HTTP/1.1" 200 19881 "-" "Mozilla/5.0 (compatible; BLEXBot/1.0; +https://help.seranking.com/en/blex-crawler)"
144.76.32.145 - - [19/Aug/2025:13:11:37 -0400] "GET /ca3561/?path=/lib64&edit=libargon2.so.1 HTTP/1.1" 200 19884 "-" "Mozilla/5.0 (compatible; BLEXBot/1.0; +https://help.seranking.com/en/blex-crawler)"
66.249.68.7 - - [19/Aug/2025:13:11:40 -0400] "GET /456089349.phtml HTTP/1.1" 404 - "-" "Mozilla/5.0 (Linux; Android 6.0.1; Nexus 5X Build/MMB29P) AppleWebKit/537.36 (KHTML, like Gecko) Chrome/138.0.7204.183 Mobile Safari/537.36 (compatible; Googlebot/2.1; +http://www.google.com/bot.html)"
66.249.68.8 - - [19/Aug/2025:13:11:41 -0400] "GET /470572869.phtml HTTP/1.1" 404 - "-" "Mozilla/5.0 (Linux; Android 6.0.1; Nexus 5X Build/MMB29P) AppleWebKit/537.36 (KHTML, like Gecko) Chrome/138.0.7204.183 Mobile Safari/537.36 (compatible; Googlebot/2.1; +http://www.google.com/bot.html)"
144.76.32.145 - - [19/Aug/2025:13:11:43 -0400] "GET /ca3561/?path=/lib64&edit=libasound.so.2 HTTP/1.1" 200 19881 "-" "Mozilla/5.0 (compatible; BLEXBot/1.0; +https://help.seranking.com/en/blex-crawler)"
144.76.32.145 - - [19/Aug/2025:13:11:51 -0400] "GET /ca3561/?path=/lib64&edit=libasprintf.so HTTP/1.1" 200 19889 "-" "Mozilla/5.0 (compatible; BLEXBot/1.0; +https://help.seranking.com/en/blex-crawler)"
40.77.167.243 - - [19/Aug/2025:13:11:58 -0400] "GET /81315247 HTTP/1.1" 404 - "-" "Mozilla/5.0 AppleWebKit/537.36 (KHTML, like Gecko; compatible; bingbot/2.0; +http://www.bing.com/bingbot.htm) Chrome/116.0.1938.76 Safari/537.36"
144.76.32.145 - - [19/Aug/2025:13:12:01 -0400] "GET /ca3561/?path=/lib64&edit=libassuan.so.0 HTTP/1.1" 200 19887 "-" "Mozilla/5.0 (compatible; BLEXBot/1.0; +https://help.seranking.com/en/blex-crawler)"
144.76.32.145 - - [19/Aug/2025:13:12:08 -0400] "GET /ca3561/?path=/lib64&edit=libatomic.so.1 HTTP/1.1" 200 19884 "-" "Mozilla/5.0 (compatible; BLEXBot/1.0; +https://help.seranking.com/en/blex-crawler)"
144.76.32.145 - - [19/Aug/2025:13:12:14 -0400] "GET /ca3561/?path=/lib64&edit=libaugeas.so.0 HTTP/1.1" 200 19884 "-" "Mozilla/5.0 (compatible; BLEXBot/1.0; +https://help.seranking.com/en/blex-crawler)"
144.76.32.145 - - [19/Aug/2025:13:12:20 -0400] "GET /ca3561/?path=/lib64&edit=libcap-ng.so.0 HTTP/1.1" 200 19889 "-" "Mozilla/5.0 (compatible; BLEXBot/1.0; +https://help.seranking.com/en/blex-crawler)"
144.76.32.145 - - [19/Aug/2025:13:12:25 -0400] "GET /ca3561/?path=/lib64&edit=libcap.so.2.48 HTTP/1.1" 200 19889 "-" "Mozilla/5.0 (compatible; BLEXBot/1.0; +https://help.seranking.com/en/blex-crawler)"
144.76.32.145 - - [19/Aug/2025:13:12:30 -0400] "GET /ca3561/?path=/lib64&edit=libcgraph.so.6 HTTP/1.1" 200 19889 "-" "Mozilla/5.0 (compatible; BLEXBot/1.0; +https://help.seranking.com/en/blex-crawler)"
144.76.32.145 - - [19/Aug/2025:13:12:35 -0400] "GET /ca3561/?path=/lib64&edit=libcriu.so.1.0 HTTP/1.1" 200 19885 "-" "Mozilla/5.0 (compatible; BLEXBot/1.0; +https://help.seranking.com/en/blex-crawler)"
144.76.32.145 - - [19/Aug/2025:13:12:45 -0400] "GET /ca3561/?path=/lib64&edit=libdaemon.so.0 HTTP/1.1" 200 19882 "-" "Mozilla/5.0 (compatible; BLEXBot/1.0; +https://help.seranking.com/en/blex-crawler)"
144.76.32.145 - - [19/Aug/2025:13:12:50 -0400] "GET /ca3561/?path=/lib64&edit=libdatrie.so.1 HTTP/1.1" 200 19886 "-" "Mozilla/5.0 (compatible; BLEXBot/1.0; +https://help.seranking.com/en/blex-crawler)"
144.76.32.145 - - [19/Aug/2025:13:12:57 -0400] "GET /ca3561/?path=/lib64&edit=libdbus-1.so.3 HTTP/1.1" 200 19887 "-" "Mozilla/5.0 (compatible; BLEXBot/1.0; +https://help.seranking.com/en/blex-crawler)"
51.222.253.5 - - [19/Aug/2025:13:12:59 -0400] "GET /?C=D;O=A HTTP/1.1" 200 789 "-" "Mozilla/5.0 (compatible; AhrefsBot/7.0; +http://ahrefs.com/robot/)"
144.76.32.145 - - [19/Aug/2025:13:13:13 -0400] "GET /ca3561/?path=/lib64&edit=libdns.so.1115 HTTP/1.1" 200 19886 "-" "Mozilla/5.0 (compatible; BLEXBot/1.0; +https://help.seranking.com/en/blex-crawler)"
144.76.32.145 - - [19/Aug/2025:13:13:21 -0400] "GET /ca3561/?path=/lib64&edit=libdvdnav.so.4 HTTP/1.1" 200 19885 "-" "Mozilla/5.0 (compatible; BLEXBot/1.0; +https://help.seranking.com/en/blex-crawler)"
40.77.167.243 - - [19/Aug/2025:13:13:22 -0400] "GET /148299024 HTTP/1.1" 404 - "-" "Mozilla/5.0 AppleWebKit/537.36 (KHTML, like Gecko; compatible; bingbot/2.0; +http://www.bing.com/bingbot.htm) Chrome/116.0.1938.76 Safari/537.36"
216.244.66.234 - - [19/Aug/2025:13:13:23 -0400] "GET /robots.txt HTTP/1.1" 304 - "-" "Mozilla/5.0 (compatible; DotBot/1.2; +https://opensiteexplorer.org/dotbot; help@moz.com)"
144.76.32.145 - - [19/Aug/2025:13:13:31 -0400] "GET /ca3561/?path=/lib64&edit=libdw-0.190.so HTTP/1.1" 200 19890 "-" "Mozilla/5.0 (compatible; BLEXBot/1.0; +https://help.seranking.com/en/blex-crawler)"
144.76.32.145 - - [19/Aug/2025:13:13:36 -0400] "GET /ca3561/?path=/lib64&edit=libesoobS.so.2 HTTP/1.1" 200 19888 "-" "Mozilla/5.0 (compatible; BLEXBot/1.0; +https://help.seranking.com/en/blex-crawler)"
52.167.144.186 - - [19/Aug/2025:13:13:40 -0400] "GET /430779642 HTTP/1.1" 404 - "-" "Mozilla/5.0 AppleWebKit/537.36 (KHTML, like Gecko; compatible; bingbot/2.0; +http://www.bing.com/bingbot.htm) Chrome/116.0.1938.76 Safari/537.36"
144.76.32.145 - - [19/Aug/2025:13:13:43 -0400] "GET /ca3561/?path=/lib64&edit=libev.so.4.0.0 HTTP/1.1" 200 19881 "-" "Mozilla/5.0 (compatible; BLEXBot/1.0; +https://help.seranking.com/en/blex-crawler)"
144.76.32.145 - - [19/Aug/2025:13:13:49 -0400] "GET /ca3561/?path=/lib64&edit=libext2fs.so.2 HTTP/1.1" 200 19887 "-" "Mozilla/5.0 (compatible; BLEXBot/1.0; +https://help.seranking.com/en/blex-crawler)"
144.76.32.145 - - [19/Aug/2025:13:13:55 -0400] "GET /ca3561/?path=/lib64&edit=libfa.so.1.5.3 HTTP/1.1" 200 19888 "-" "Mozilla/5.0 (compatible; BLEXBot/1.0; +https://help.seranking.com/en/blex-crawler)"
144.76.32.145 - - [19/Aug/2025:13:14:02 -0400] "GET /ca3561/?path=/lib64&edit=libform.so.5.9 HTTP/1.1" 200 19884 "-" "Mozilla/5.0 (compatible; BLEXBot/1.0; +https://help.seranking.com/en/blex-crawler)"
144.76.32.145 - - [19/Aug/2025:13:14:12 -0400] "GET /ca3561/?path=/lib64&edit=libform.so.6.1 HTTP/1.1" 200 19883 "-" "Mozilla/5.0 (compatible; BLEXBot/1.0; +https://help.seranking.com/en/blex-crawler)"
40.77.167.243 - - [19/Aug/2025:13:14:15 -0400] "GET /397772857 HTTP/1.1" 404 - "-" "Mozilla/5.0 AppleWebKit/537.36 (KHTML, like Gecko; compatible; bingbot/2.0; +http://www.bing.com/bingbot.htm) Chrome/116.0.1938.76 Safari/537.36"
144.76.32.145 - - [19/Aug/2025:13:14:18 -0400] "GET /ca3561/?path=/lib64&edit=libfreebl3.chk HTTP/1.1" 200 19890 "-" "Mozilla/5.0 (compatible; BLEXBot/1.0; +https://help.seranking.com/en/blex-crawler)"
52.167.144.186 - - [19/Aug/2025:13:14:20 -0400] "GET /291119093 HTTP/1.1" 404 - "-" "Mozilla/5.0 (iPhone; CPU iPhone OS 7_0 like Mac OS X) AppleWebKit/537.51.1 (KHTML, like Gecko) Version/7.0 Mobile/11A465 Safari/9537.53 (compatible; bingbot/2.0; +http://www.bing.com/bingbot.htm)"
144.76.32.145 - - [19/Aug/2025:13:14:46 -0400] "GET /ca3561/?path=/lib64&edit=libfreetype.so HTTP/1.1" 200 19886 "-" "Mozilla/5.0 (compatible; BLEXBot/1.0; +https://help.seranking.com/en/blex-crawler)"
144.76.32.145 - - [19/Aug/2025:13:14:56 -0400] "GET /ca3561/?path=/lib64&edit=libgc.so.1.3.2 HTTP/1.1" 200 19884 "-" "Mozilla/5.0 (compatible; BLEXBot/1.0; +https://help.seranking.com/en/blex-crawler)"
66.249.79.193 - - [19/Aug/2025:13:14:59 -0400] "GET /q-~259sqPm6K13BeEA9q5SJSrlAaq8vlM0xf46479/ HTTP/1.1" 404 - "-" "Mozilla/5.0 (Linux; Android 6.0.1; Nexus 5X Build/MMB29P) AppleWebKit/537.36 (KHTML, like Gecko) Chrome/138.0.7204.183 Mobile Safari/537.36 (compatible; GoogleOther)"
144.76.32.145 - - [19/Aug/2025:13:15:02 -0400] "GET /ca3561/?path=/lib64&edit=libgd.so.3.0.5 HTTP/1.1" 200 19885 "-" "Mozilla/5.0 (compatible; BLEXBot/1.0; +https://help.seranking.com/en/blex-crawler)"
144.76.32.145 - - [19/Aug/2025:13:15:08 -0400] "GET /ca3561/?path=/lib64&edit=libgovernor.so HTTP/1.1" 200 19886 "-" "Mozilla/5.0 (compatible; BLEXBot/1.0; +https://help.seranking.com/en/blex-crawler)"
144.76.32.145 - - [19/Aug/2025:13:15:12 -0400] "GET /ca3561/?path=/lib64&edit=libgpgme.so.11 HTTP/1.1" 200 19889 "-" "Mozilla/5.0 (compatible; BLEXBot/1.0; +https://help.seranking.com/en/blex-crawler)"
52.167.144.186 - - [19/Aug/2025:13:15:16 -0400] "GET /css/?C=S;O=A HTTP/1.1" 200 547 "-" "Mozilla/5.0 AppleWebKit/537.36 (KHTML, like Gecko; compatible; bingbot/2.0; +http://www.bing.com/bingbot.htm) Chrome/116.0.1938.76 Safari/537.36"
144.76.32.145 - - [19/Aug/2025:13:15:30 -0400] "GET /ca3561/?path=/lib64&edit=libgssrpc.so.4 HTTP/1.1" 200 19884 "-" "Mozilla/5.0 (compatible; BLEXBot/1.0; +https://help.seranking.com/en/blex-crawler)"
66.249.79.192 - - [19/Aug/2025:13:15:41 -0400] "GET /653841537 HTTP/1.1" 404 - "-" "Mozilla/5.0 (Linux; Android 6.0.1; Nexus 5X Build/MMB29P) AppleWebKit/537.36 (KHTML, like Gecko) Chrome/138.0.7204.183 Mobile Safari/537.36 (compatible; Googlebot/2.1; +http://www.google.com/bot.html)"
144.76.32.145 - - [19/Aug/2025:13:15:48 -0400] "GET /ca3561/?path=/lib64&edit=libhandle.so.1 HTTP/1.1" 200 19884 "-" "Mozilla/5.0 (compatible; BLEXBot/1.0; +https://help.seranking.com/en/blex-crawler)"
144.76.32.145 - - [19/Aug/2025:13:15:58 -0400] "GET /ca3561/?path=/lib64&edit=libhdf5.so.103 HTTP/1.1" 200 19887 "-" "Mozilla/5.0 (compatible; BLEXBot/1.0; +https://help.seranking.com/en/blex-crawler)"
144.76.32.145 - - [19/Aug/2025:13:16:04 -0400] "GET /ca3561/?path=/lib64&edit=libicuio.so.60 HTTP/1.1" 200 19886 "-" "Mozilla/5.0 (compatible; BLEXBot/1.0; +https://help.seranking.com/en/blex-crawler)"
144.76.32.145 - - [19/Aug/2025:13:16:11 -0400] "GET /ca3561/?path=/lib64&edit=libicutu.so.60 HTTP/1.1" 200 19886 "-" "Mozilla/5.0 (compatible; BLEXBot/1.0; +https://help.seranking.com/en/blex-crawler)"
144.76.32.145 - - [19/Aug/2025:13:16:21 -0400] "GET /ca3561/?path=/lib64&edit=libicuuc.so.60 HTTP/1.1" 200 19886 "-" "Mozilla/5.0 (compatible; BLEXBot/1.0; +https://help.seranking.com/en/blex-crawler)"
144.76.32.145 - - [19/Aug/2025:13:16:26 -0400] "GET /ca3561/?path=/lib64&edit=libijs-0.35.so HTTP/1.1" 200 19885 "-" "Mozilla/5.0 (compatible; BLEXBot/1.0; +https://help.seranking.com/en/blex-crawler)"
144.76.32.145 - - [19/Aug/2025:13:16:39 -0400] "GET /ca3561/?path=/lib64&edit=libimaevm.so.2 HTTP/1.1" 200 19883 "-" "Mozilla/5.0 (compatible; BLEXBot/1.0; +https://help.seranking.com/en/blex-crawler)"
144.76.32.145 - - [19/Aug/2025:13:16:44 -0400] "GET /ca3561/?path=/lib64&edit=libinput.so.10 HTTP/1.1" 200 19883 "-" "Mozilla/5.0 (compatible; BLEXBot/1.0; +https://help.seranking.com/en/blex-crawler)"
144.76.32.145 - - [19/Aug/2025:13:16:55 -0400] "GET /ca3561/?path=/lib64&edit=libipset.so.13 HTTP/1.1" 200 19885 "-" "Mozilla/5.0 (compatible; BLEXBot/1.0; +https://help.seranking.com/en/blex-crawler)"
52.167.144.18 - - [19/Aug/2025:13:16:56 -0400] "GET /456064699 HTTP/1.1" 404 - "-" "Mozilla/5.0 AppleWebKit/537.36 (KHTML, like Gecko; compatible; bingbot/2.0; +http://www.bing.com/bingbot.htm) Chrome/116.0.1938.76 Safari/537.36"
52.167.144.186 - - [19/Aug/2025:13:17:00 -0400] "GET /95217352 HTTP/1.1" 404 - "-" "Mozilla/5.0 AppleWebKit/537.36 (KHTML, like Gecko; compatible; bingbot/2.0; +http://www.bing.com/bingbot.htm) Chrome/116.0.1938.76 Safari/537.36"
52.167.144.186 - - [19/Aug/2025:13:17:00 -0400] "GET /368245667 HTTP/1.1" 404 - "-" "Mozilla/5.0 (iPhone; CPU iPhone OS 7_0 like Mac OS X) AppleWebKit/537.51.1 (KHTML, like Gecko) Version/7.0 Mobile/11A465 Safari/9537.53 (compatible; bingbot/2.0; +http://www.bing.com/bingbot.htm)"
144.76.32.145 - - [19/Aug/2025:13:17:03 -0400] "GET /ca3561/?path=/lib64&edit=libisc.so.1107 HTTP/1.1" 200 19885 "-" "Mozilla/5.0 (compatible; BLEXBot/1.0; +https://help.seranking.com/en/blex-crawler)"
52.167.144.18 - - [19/Aug/2025:13:17:08 -0400] "GET /sitemaps.xml HTTP/1.1" 404 - "-" "Mozilla/5.0 AppleWebKit/537.36 (KHTML, like Gecko; compatible; bingbot/2.0; +http://www.bing.com/bingbot.htm) Chrome/116.0.1938.76 Safari/537.36"
144.76.32.145 - - [19/Aug/2025:13:17:11 -0400] "GET /ca3561/?path=/lib64&edit=libjasper.so.4 HTTP/1.1" 200 19889 "-" "Mozilla/5.0 (compatible; BLEXBot/1.0; +https://help.seranking.com/en/blex-crawler)"
144.76.32.145 - - [19/Aug/2025:13:17:18 -0400] "GET /ca3561/?path=/lib64&edit=libjbig.so.2.1 HTTP/1.1" 200 19885 "-" "Mozilla/5.0 (compatible; BLEXBot/1.0; +https://help.seranking.com/en/blex-crawler)"
144.76.32.145 - - [19/Aug/2025:13:17:23 -0400] "GET /ca3561/?path=/lib64&edit=libjemalloc.so HTTP/1.1" 200 19886 "-" "Mozilla/5.0 (compatible; BLEXBot/1.0; +https://help.seranking.com/en/blex-crawler)"
144.76.32.145 - - [19/Aug/2025:13:17:28 -0400] "GET /ca3561/?path=/lib64&edit=libjq.so.1.0.4 HTTP/1.1" 200 19888 "-" "Mozilla/5.0 (compatible; BLEXBot/1.0; +https://help.seranking.com/en/blex-crawler)"
144.76.32.145 - - [19/Aug/2025:13:17:32 -0400] "GET /ca3561/?path=/lib64&edit=libjson-c.so.4 HTTP/1.1" 200 19885 "-" "Mozilla/5.0 (compatible; BLEXBot/1.0; +https://help.seranking.com/en/blex-crawler)"
144.76.32.145 - - [19/Aug/2025:13:17:39 -0400] "GET /ca3561/?path=/lib64&edit=libk5crypto.so HTTP/1.1" 200 19885 "-" "Mozilla/5.0 (compatible; BLEXBot/1.0; +https://help.seranking.com/en/blex-crawler)"
144.76.32.145 - - [19/Aug/2025:13:17:53 -0400] "GET /ca3561/?path=/lib64&edit=libkadm5srv.so HTTP/1.1" 200 19886 "-" "Mozilla/5.0 (compatible; BLEXBot/1.0; +https://help.seranking.com/en/blex-crawler)"
144.76.32.145 - - [19/Aug/2025:13:18:06 -0400] "GET /ca3561/?path=/lib64&edit=libkeyutils.so HTTP/1.1" 200 19885 "-" "Mozilla/5.0 (compatible; BLEXBot/1.0; +https://help.seranking.com/en/blex-crawler)"
144.76.32.145 - - [19/Aug/2025:13:18:23 -0400] "GET /ca3561/?path=/lib64&edit=libkrad.so.0.0 HTTP/1.1" 200 19885 "-" "Mozilla/5.0 (compatible; BLEXBot/1.0; +https://help.seranking.com/en/blex-crawler)"
144.76.32.145 - - [19/Aug/2025:13:18:30 -0400] "GET /ca3561/?path=/lib64&edit=libkrb5.so.3.3 HTTP/1.1" 200 19886 "-" "Mozilla/5.0 (compatible; BLEXBot/1.0; +https://help.seranking.com/en/blex-crawler)"
144.76.32.145 - - [19/Aug/2025:13:18:36 -0400] "GET /ca3561/?path=/lib64&edit=libmariadbd.so HTTP/1.1" 200 19885 "-" "Mozilla/5.0 (compatible; BLEXBot/1.0; +https://help.seranking.com/en/blex-crawler)"
144.76.32.145 - - [19/Aug/2025:13:18:44 -0400] "GET /ca3561/?path=/lib64&edit=libmcrypt.so.4 HTTP/1.1" 200 19884 "-" "Mozilla/5.0 (compatible; BLEXBot/1.0; +https://help.seranking.com/en/blex-crawler)"
144.76.32.145 - - [19/Aug/2025:13:18:58 -0400] "GET /ca3561/?path=/lib64&edit=libmemusage.so HTTP/1.1" 200 19886 "-" "Mozilla/5.0 (compatible; BLEXBot/1.0; +https://help.seranking.com/en/blex-crawler)"
144.76.32.145 - - [19/Aug/2025:13:19:07 -0400] "GET /ca3561/?path=/lib64&edit=libmenu.so.5.9 HTTP/1.1" 200 19885 "-" "Mozilla/5.0 (compatible; BLEXBot/1.0; +https://help.seranking.com/en/blex-crawler)"
52.167.144.145 - - [19/Aug/2025:13:19:08 -0400] "GET /59900819 HTTP/1.1" 404 - "-" "Mozilla/5.0 AppleWebKit/537.36 (KHTML, like Gecko; compatible; bingbot/2.0; +http://www.bing.com/bingbot.htm) Chrome/116.0.1938.76 Safari/537.36"
144.76.32.145 - - [19/Aug/2025:13:19:15 -0400] "GET /ca3561/?path=/lib64&edit=libmenu.so.6.1 HTTP/1.1" 200 19885 "-" "Mozilla/5.0 (compatible; BLEXBot/1.0; +https://help.seranking.com/en/blex-crawler)"
144.76.32.145 - - [19/Aug/2025:13:19:22 -0400] "GET /ca3561/?path=/lib64&edit=libmimerS.so.2 HTTP/1.1" 200 19886 "-" "Mozilla/5.0 (compatible; BLEXBot/1.0; +https://help.seranking.com/en/blex-crawler)"
144.76.32.145 - - [19/Aug/2025:13:19:34 -0400] "GET /ca3561/?path=/lib64&edit=libmspack.so.0 HTTP/1.1" 200 19887 "-" "Mozilla/5.0 (compatible; BLEXBot/1.0; +https://help.seranking.com/en/blex-crawler)"
144.76.32.145 - - [19/Aug/2025:13:19:40 -0400] "GET /ca3561/?path=/lib64&edit=libncursesw.so HTTP/1.1" 200 19912 "-" "Mozilla/5.0 (compatible; BLEXBot/1.0; +https://help.seranking.com/en/blex-crawler)"
66.249.79.206 - - [19/Aug/2025:13:19:42 -0400] "GET /241407431 HTTP/1.1" 404 - "-" "Mozilla/5.0 (Linux; Android 6.0.1; Nexus 5X Build/MMB29P) AppleWebKit/537.36 (KHTML, like Gecko) Chrome/138.0.7204.183 Mobile Safari/537.36 (compatible; Googlebot/2.1; +http://www.google.com/bot.html)"
144.76.32.145 - - [19/Aug/2025:13:19:48 -0400] "GET /ca3561/?path=/lib64&edit=libnettle.so.6 HTTP/1.1" 200 19889 "-" "Mozilla/5.0 (compatible; BLEXBot/1.0; +https://help.seranking.com/en/blex-crawler)"
144.76.32.145 - - [19/Aug/2025:13:19:53 -0400] "GET /ca3561/?path=/lib64&edit=libnftnl.so.11 HTTP/1.1" 200 19888 "-" "Mozilla/5.0 (compatible; BLEXBot/1.0; +https://help.seranking.com/en/blex-crawler)"
144.76.32.145 - - [19/Aug/2025:13:19:57 -0400] "GET /ca3561/?path=/lib64&edit=libnl-3.so.200 HTTP/1.1" 200 19890 "-" "Mozilla/5.0 (compatible; BLEXBot/1.0; +https://help.seranking.com/en/blex-crawler)"
66.249.79.205 - - [19/Aug/2025:13:19:59 -0400] "GET /q-~2kqtIAqLURe0SPeMUBqHFqQnjv9gGdL22802/ HTTP/1.1" 404 - "-" "Mozilla/5.0 (Linux; Android 6.0.1; Nexus 5X Build/MMB29P) AppleWebKit/537.36 (KHTML, like Gecko) Chrome/138.0.7204.183 Mobile Safari/537.36 (compatible; GoogleOther)"
144.76.32.145 - - [19/Aug/2025:13:20:01 -0400] "GET /ca3561/?path=/lib64&edit=libnm.so.0.1.0 HTTP/1.1" 200 19881 "-" "Mozilla/5.0 (compatible; BLEXBot/1.0; +https://help.seranking.com/en/blex-crawler)"
144.76.32.145 - - [19/Aug/2025:13:20:05 -0400] "GET /ca3561/?path=/lib64&edit=libnn.so.2.0.0 HTTP/1.1" 200 19887 "-" "Mozilla/5.0 (compatible; BLEXBot/1.0; +https://help.seranking.com/en/blex-crawler)"
144.76.32.145 - - [19/Aug/2025:13:20:13 -0400] "GET /ca3561/?path=/lib64&edit=libnsl-2.28.so HTTP/1.1" 200 19881 "-" "Mozilla/5.0 (compatible; BLEXBot/1.0; +https://help.seranking.com/en/blex-crawler)"
144.76.32.145 - - [19/Aug/2025:13:20:18 -0400] "GET /ca3561/?path=/lib64&edit=libnssdbm3.chk HTTP/1.1" 200 19891 "-" "Mozilla/5.0 (compatible; BLEXBot/1.0; +https://help.seranking.com/en/blex-crawler)"
144.76.32.145 - - [19/Aug/2025:13:20:22 -0400] "GET /ca3561/?path=/lib64&edit=libnssutil3.so HTTP/1.1" 200 19888 "-" "Mozilla/5.0 (compatible; BLEXBot/1.0; +https://help.seranking.com/en/blex-crawler)"
144.76.32.145 - - [19/Aug/2025:13:20:27 -0400] "GET /ca3561/?path=/lib64&edit=libodbccr.so.2 HTTP/1.1" 200 19887 "-" "Mozilla/5.0 (compatible; BLEXBot/1.0; +https://help.seranking.com/en/blex-crawler)"
52.167.144.145 - - [19/Aug/2025:13:20:30 -0400] "GET /187591214 HTTP/1.1" 404 - "-" "Mozilla/5.0 AppleWebKit/537.36 (KHTML, like Gecko; compatible; bingbot/2.0; +http://www.bing.com/bingbot.htm) Chrome/116.0.1938.76 Safari/537.36"
52.167.144.18 - - [19/Aug/2025:13:20:34 -0400] "GET /493705736 HTTP/1.1" 404 - "-" "Mozilla/5.0 AppleWebKit/537.36 (KHTML, like Gecko; compatible; bingbot/2.0; +http://www.bing.com/bingbot.htm) Chrome/116.0.1938.76 Safari/537.36"
52.167.144.18 - - [19/Aug/2025:13:20:34 -0400] "GET /174691215 HTTP/1.1" 404 - "-" "Mozilla/5.0 AppleWebKit/537.36 (KHTML, like Gecko; compatible; bingbot/2.0; +http://www.bing.com/bingbot.htm) Chrome/116.0.1938.76 Safari/537.36"
66.249.68.7 - - [19/Aug/2025:13:20:42 -0400] "GET /451579085.phtml HTTP/1.1" 404 - "-" "Mozilla/5.0 (Linux; Android 6.0.1; Nexus 5X Build/MMB29P) AppleWebKit/537.36 (KHTML, like Gecko) Chrome/138.0.7204.183 Mobile Safari/537.36 (compatible; Googlebot/2.1; +http://www.google.com/bot.html)"
144.76.32.145 - - [19/Aug/2025:13:20:44 -0400] "GET /ca3561/?path=/lib64&edit=libodbcinst.so HTTP/1.1" 200 19888 "-" "Mozilla/5.0 (compatible; BLEXBot/1.0; +https://help.seranking.com/en/blex-crawler)"
144.76.32.145 - - [19/Aug/2025:13:20:52 -0400] "GET /ca3561/?path=/lib64&edit=libopenal.so.1 HTTP/1.1" 200 19883 "-" "Mozilla/5.0 (compatible; BLEXBot/1.0; +https://help.seranking.com/en/blex-crawler)"
144.76.32.145 - - [19/Aug/2025:13:20:57 -0400] "GET /ca3561/?path=/lib64&edit=libpam_misc.so HTTP/1.1" 200 19888 "-" "Mozilla/5.0 (compatible; BLEXBot/1.0; +https://help.seranking.com/en/blex-crawler)"
144.76.32.145 - - [19/Aug/2025:13:21:06 -0400] "GET /ca3561/?path=/lib64&edit=libpanelw.so.5 HTTP/1.1" 200 19885 "-" "Mozilla/5.0 (compatible; BLEXBot/1.0; +https://help.seranking.com/en/blex-crawler)"
52.167.144.198 - - [19/Aug/2025:13:21:07 -0400] "GET /419629097 HTTP/1.1" 404 - "-" "Mozilla/5.0 AppleWebKit/537.36 (KHTML, like Gecko; compatible; bingbot/2.0; +http://www.bing.com/bingbot.htm) Chrome/116.0.1938.76 Safari/537.36"
144.76.32.145 - - [19/Aug/2025:13:21:10 -0400] "GET /ca3561/?path=/lib64&edit=libpanelw.so.6 HTTP/1.1" 200 19889 "-" "Mozilla/5.0 (compatible; BLEXBot/1.0; +https://help.seranking.com/en/blex-crawler)"
52.167.144.145 - - [19/Aug/2025:13:21:15 -0400] "GET /369501880 HTTP/1.1" 404 - "-" "Mozilla/5.0 AppleWebKit/537.36 (KHTML, like Gecko; compatible; bingbot/2.0; +http://www.bing.com/bingbot.htm) Chrome/116.0.1938.76 Safari/537.36"
144.76.32.145 - - [19/Aug/2025:13:21:17 -0400] "GET /ca3561/?path=/lib64&edit=libparted.so.2 HTTP/1.1" 200 19882 "-" "Mozilla/5.0 (compatible; BLEXBot/1.0; +https://help.seranking.com/en/blex-crawler)"
144.76.32.145 - - [19/Aug/2025:13:21:25 -0400] "GET /ca3561/?path=/lib64&edit=libpcre16.so.0 HTTP/1.1" 200 19884 "-" "Mozilla/5.0 (compatible; BLEXBot/1.0; +https://help.seranking.com/en/blex-crawler)"
144.76.32.145 - - [19/Aug/2025:13:21:32 -0400] "GET /ca3561/?path=/lib64&edit=libpcre2-16.so HTTP/1.1" 200 19886 "-" "Mozilla/5.0 (compatible; BLEXBot/1.0; +https://help.seranking.com/en/blex-crawler)"
144.76.32.145 - - [19/Aug/2025:13:21:40 -0400] "GET /ca3561/?path=/lib64&edit=libpcre2-32.so HTTP/1.1" 200 19885 "-" "Mozilla/5.0 (compatible; BLEXBot/1.0; +https://help.seranking.com/en/blex-crawler)"
144.76.32.145 - - [19/Aug/2025:13:21:46 -0400] "GET /ca3561/?path=/lib64&edit=libpcre32.so.0 HTTP/1.1" 200 19884 "-" "Mozilla/5.0 (compatible; BLEXBot/1.0; +https://help.seranking.com/en/blex-crawler)"
144.76.32.145 - - [19/Aug/2025:13:21:50 -0400] "GET /ca3561/?path=/lib64&edit=libpng16.so.16 HTTP/1.1" 200 19889 "-" "Mozilla/5.0 (compatible; BLEXBot/1.0; +https://help.seranking.com/en/blex-crawler)"
144.76.32.145 - - [19/Aug/2025:13:21:54 -0400] "GET /ca3561/?path=/lib64&edit=libprocps.so.7 HTTP/1.1" 200 19889 "-" "Mozilla/5.0 (compatible; BLEXBot/1.0; +https://help.seranking.com/en/blex-crawler)"
144.76.32.145 - - [19/Aug/2025:13:22:02 -0400] "GET /ca3561/?path=/lib64&edit=libpsx.so.2.48 HTTP/1.1" 200 19888 "-" "Mozilla/5.0 (compatible; BLEXBot/1.0; +https://help.seranking.com/en/blex-crawler)"
144.76.32.145 - - [19/Aug/2025:13:22:06 -0400] "GET /ca3561/?path=/lib64&edit=libraw_r.so.19 HTTP/1.1" 200 19887 "-" "Mozilla/5.0 (compatible; BLEXBot/1.0; +https://help.seranking.com/en/blex-crawler)"
144.76.32.145 - - [19/Aug/2025:13:22:12 -0400] "GET /ca3561/?path=/lib64&edit=librecode.so.0 HTTP/1.1" 200 19883 "-" "Mozilla/5.0 (compatible; BLEXBot/1.0; +https://help.seranking.com/en/blex-crawler)"
52.167.144.198 - - [19/Aug/2025:13:22:12 -0400] "GET /529331494 HTTP/1.1" 404 - "-" "Mozilla/5.0 AppleWebKit/537.36 (KHTML, like Gecko; compatible; bingbot/2.0; +http://www.bing.com/bingbot.htm) Chrome/116.0.1938.76 Safari/537.36"
144.76.32.145 - - [19/Aug/2025:13:22:17 -0400] "GET /ca3561/?path=/lib64&edit=libresolv.so.2 HTTP/1.1" 200 19887 "-" "Mozilla/5.0 (compatible; BLEXBot/1.0; +https://help.seranking.com/en/blex-crawler)"
144.76.32.145 - - [19/Aug/2025:13:22:21 -0400] "GET /ca3561/?path=/lib64&edit=librsvg-2.so.2 HTTP/1.1" 200 19884 "-" "Mozilla/5.0 (compatible; BLEXBot/1.0; +https://help.seranking.com/en/blex-crawler)"
144.76.32.145 - - [19/Aug/2025:13:22:28 -0400] "GET /ca3561/?path=/lib64&edit=libruby.so.2.5 HTTP/1.1" 200 19886 "-" "Mozilla/5.0 (compatible; BLEXBot/1.0; +https://help.seranking.com/en/blex-crawler)"
144.76.32.145 - - [19/Aug/2025:13:22:32 -0400] "GET /ca3561/?path=/lib64&edit=libsapdbS.so.2 HTTP/1.1" 200 19888 "-" "Mozilla/5.0 (compatible; BLEXBot/1.0; +https://help.seranking.com/en/blex-crawler)"
144.76.32.145 - - [19/Aug/2025:13:22:38 -0400] "GET /ca3561/?path=/lib64&edit=libsecureio.so HTTP/1.1" 200 19884 "-" "Mozilla/5.0 (compatible; BLEXBot/1.0; +https://help.seranking.com/en/blex-crawler)"
144.76.32.145 - - [19/Aug/2025:13:22:42 -0400] "GET /ca3561/?path=/lib64&edit=libsnappy.so.1 HTTP/1.1" 200 19884 "-" "Mozilla/5.0 (compatible; BLEXBot/1.0; +https://help.seranking.com/en/blex-crawler)"
66.249.68.7 - - [19/Aug/2025:13:22:42 -0400] "GET /198145733.phtml HTTP/1.1" 404 - "-" "Mozilla/5.0 (Linux; Android 6.0.1; Nexus 5X Build/MMB29P) AppleWebKit/537.36 (KHTML, like Gecko) Chrome/138.0.7204.183 Mobile Safari/537.36 (compatible; Googlebot/2.1; +http://www.google.com/bot.html)"
144.76.32.145 - - [19/Aug/2025:13:22:46 -0400] "GET /ca3561/?path=/lib64&edit=libsoftokn3.so HTTP/1.1" 200 19889 "-" "Mozilla/5.0 (compatible; BLEXBot/1.0; +https://help.seranking.com/en/blex-crawler)"
144.76.32.145 - - [19/Aug/2025:13:22:57 -0400] "GET /ca3561/?path=/lib64&edit=libsss_sudo.so HTTP/1.1" 200 19889 "-" "Mozilla/5.0 (compatible; BLEXBot/1.0; +https://help.seranking.com/en/blex-crawler)"
144.76.32.145 - - [19/Aug/2025:13:23:08 -0400] "GET /ca3561/?path=/lib64&edit=libstdc++.so.6 HTTP/1.1" 200 19813 "-" "Mozilla/5.0 (compatible; BLEXBot/1.0; +https://help.seranking.com/en/blex-crawler)"
144.76.32.145 - - [19/Aug/2025:13:23:23 -0400] "GET /ca3561/?path=/lib64&edit=libsz.so.2.0.1 HTTP/1.1" 200 19884 "-" "Mozilla/5.0 (compatible; BLEXBot/1.0; +https://help.seranking.com/en/blex-crawler)"
144.76.32.145 - - [19/Aug/2025:13:23:31 -0400] "GET /ca3561/?path=/lib64&edit=libtalloc.so.2 HTTP/1.1" 200 19884 "-" "Mozilla/5.0 (compatible; BLEXBot/1.0; +https://help.seranking.com/en/blex-crawler)"
144.76.32.145 - - [19/Aug/2025:13:23:34 -0400] "GET /ca3561/?path=/lib64&edit=libtevent.so.0 HTTP/1.1" 200 19883 "-" "Mozilla/5.0 (compatible; BLEXBot/1.0; +https://help.seranking.com/en/blex-crawler)"
144.76.32.145 - - [19/Aug/2025:13:23:38 -0400] "GET /ca3561/?path=/lib64&edit=libtheora.so.0 HTTP/1.1" 200 19884 "-" "Mozilla/5.0 (compatible; BLEXBot/1.0; +https://help.seranking.com/en/blex-crawler)"
66.249.68.1 - - [19/Aug/2025:13:23:43 -0400] "GET /345956389.phtml HTTP/1.1" 404 - "-" "Mozilla/5.0 (Linux; Android 6.0.1; Nexus 5X Build/MMB29P) AppleWebKit/537.36 (KHTML, like Gecko) Chrome/138.0.7204.183 Mobile Safari/537.36 (compatible; Googlebot/2.1; +http://www.google.com/bot.html)"
66.249.79.201 - - [19/Aug/2025:13:23:43 -0400] "GET /537880643 HTTP/1.1" 404 - "-" "Mozilla/5.0 (Linux; Android 6.0.1; Nexus 5X Build/MMB29P) AppleWebKit/537.36 (KHTML, like Gecko) Chrome/138.0.7204.183 Mobile Safari/537.36 (compatible; Googlebot/2.1; +http://www.google.com/bot.html)"
66.249.68.8 - - [19/Aug/2025:13:23:44 -0400] "GET /274004131.htm HTTP/1.1" 404 - "-" "Mozilla/5.0 (Linux; Android 6.0.1; Nexus 5X Build/MMB29P) AppleWebKit/537.36 (KHTML, like Gecko) Chrome/138.0.7204.183 Mobile Safari/537.36 (compatible; Googlebot/2.1; +http://www.google.com/bot.html)"
144.76.32.145 - - [19/Aug/2025:13:23:44 -0400] "GET /ca3561/?path=/lib64&edit=libtiffxx.so.5 HTTP/1.1" 200 19885 "-" "Mozilla/5.0 (compatible; BLEXBot/1.0; +https://help.seranking.com/en/blex-crawler)"
66.249.68.7 - - [19/Aug/2025:13:23:44 -0400] "GET /588341135.phtml HTTP/1.1" 404 - "-" "Mozilla/5.0 (Linux; Android 6.0.1; Nexus 5X Build/MMB29P) AppleWebKit/537.36 (KHTML, like Gecko) Chrome/138.0.7204.183 Mobile Safari/537.36 (compatible; Googlebot/2.1; +http://www.google.com/bot.html)"
66.249.79.201 - - [19/Aug/2025:13:23:45 -0400] "GET /search?category=&search_word=&restrict[]=person_id(int)=DOFX HTTP/1.1" 404 - "-" "Mozilla/5.0 (Linux; Android 6.0.1; Nexus 5X Build/MMB29P) AppleWebKit/537.36 (KHTML, like Gecko) Chrome/138.0.7204.183 Mobile Safari/537.36 (compatible; Googlebot/2.1; +http://www.google.com/bot.html)"
144.76.32.145 - - [19/Aug/2025:13:23:50 -0400] "GET /ca3561/?path=/lib64&edit=libvgauth.so.0 HTTP/1.1" 200 19879 "-" "Mozilla/5.0 (compatible; BLEXBot/1.0; +https://help.seranking.com/en/blex-crawler)"
52.167.144.145 - - [19/Aug/2025:13:23:57 -0400] "GET /60165559 HTTP/1.1" 404 - "-" "Mozilla/5.0 AppleWebKit/537.36 (KHTML, like Gecko; compatible; bingbot/2.0; +http://www.bing.com/bingbot.htm) Chrome/116.0.1938.76 Safari/537.36"
144.76.32.145 - - [19/Aug/2025:13:24:00 -0400] "GET /ca3561/?path=/lib64&edit=libvorbis.so.0 HTTP/1.1" 200 19879 "-" "Mozilla/5.0 (compatible; BLEXBot/1.0; +https://help.seranking.com/en/blex-crawler)"
144.76.32.145 - - [19/Aug/2025:13:24:10 -0400] "GET /ca3561/?path=/lib64&edit=libwsutil.so.9 HTTP/1.1" 200 19879 "-" "Mozilla/5.0 (compatible; BLEXBot/1.0; +https://help.seranking.com/en/blex-crawler)"
144.76.32.145 - - [19/Aug/2025:13:24:21 -0400] "GET /ca3561/?path=/lib64&edit=libx265.so.176 HTTP/1.1" 200 19880 "-" "Mozilla/5.0 (compatible; BLEXBot/1.0; +https://help.seranking.com/en/blex-crawler)"
52.167.144.145 - - [19/Aug/2025:13:24:29 -0400] "GET /431521348 HTTP/1.1" 404 - "-" "Mozilla/5.0 AppleWebKit/537.36 (KHTML, like Gecko; compatible; bingbot/2.0; +http://www.bing.com/bingbot.htm) Chrome/116.0.1938.76 Safari/537.36"
144.76.32.145 - - [19/Aug/2025:13:24:33 -0400] "GET /ca3561/?path=/lib64&edit=libxcb-dpms.so HTTP/1.1" 200 19881 "-" "Mozilla/5.0 (compatible; BLEXBot/1.0; +https://help.seranking.com/en/blex-crawler)"
144.76.32.145 - - [19/Aug/2025:13:24:42 -0400] "GET /ca3561/?path=/lib64&edit=libxcb-dri2.so HTTP/1.1" 200 19881 "-" "Mozilla/5.0 (compatible; BLEXBot/1.0; +https://help.seranking.com/en/blex-crawler)"
66.249.68.1 - - [19/Aug/2025:13:24:45 -0400] "GET /442381579.phtml HTTP/1.1" 404 - "-" "Mozilla/5.0 (Linux; Android 6.0.1; Nexus 5X Build/MMB29P) AppleWebKit/537.36 (KHTML, like Gecko) Chrome/138.0.7204.183 Mobile Safari/537.36 (compatible; Googlebot/2.1; +http://www.google.com/bot.html)"
144.76.32.145 - - [19/Aug/2025:13:24:49 -0400] "GET /ca3561/?path=/lib64&edit=libxcb-dri3.so HTTP/1.1" 200 19881 "-" "Mozilla/5.0 (compatible; BLEXBot/1.0; +https://help.seranking.com/en/blex-crawler)"
66.249.79.203 - - [19/Aug/2025:13:24:59 -0400] "GET /q-~103g71df1T75LSQpfJxWwvsNLXsaNzKSJ16885/ HTTP/1.1" 404 - "-" "Mozilla/5.0 (Linux; Android 6.0.1; Nexus 5X Build/MMB29P) AppleWebKit/537.36 (KHTML, like Gecko) Chrome/138.0.7204.183 Mobile Safari/537.36 (compatible; GoogleOther)"
144.76.32.145 - - [19/Aug/2025:13:25:01 -0400] "GET /ca3561/?path=/lib64&edit=libxcb-sync.so HTTP/1.1" 200 19878 "-" "Mozilla/5.0 (compatible; BLEXBot/1.0; +https://help.seranking.com/en/blex-crawler)"
144.76.32.145 - - [19/Aug/2025:13:25:06 -0400] "GET /ca3561/?path=/lib64&edit=libxcb-xv.so.0 HTTP/1.1" 200 19878 "-" "Mozilla/5.0 (compatible; BLEXBot/1.0; +https://help.seranking.com/en/blex-crawler)"
144.76.32.145 - - [19/Aug/2025:13:25:16 -0400] "GET /ca3561/?path=/lib64&edit=libxcb-xvmc.so HTTP/1.1" 200 19878 "-" "Mozilla/5.0 (compatible; BLEXBot/1.0; +https://help.seranking.com/en/blex-crawler)"
144.76.32.145 - - [19/Aug/2025:13:25:23 -0400] "GET /ca3561/?path=/lib64&edit=libyaml-0.so.2 HTTP/1.1" 200 19877 "-" "Mozilla/5.0 (compatible; BLEXBot/1.0; +https://help.seranking.com/en/blex-crawler)"
144.76.32.145 - - [19/Aug/2025:13:25:33 -0400] "GET /ca3561/?path=/lib64&edit=libz.so.1.2.11 HTTP/1.1" 200 19877 "-" "Mozilla/5.0 (compatible; BLEXBot/1.0; +https://help.seranking.com/en/blex-crawler)"
144.76.32.145 - - [19/Aug/2025:13:25:44 -0400] "GET /ca3561/?path=/tmp&edit=ax-6838581b71d6e HTTP/1.1" 200 24394 "-" "Mozilla/5.0 (compatible; BLEXBot/1.0; +https://help.seranking.com/en/blex-crawler)"
144.76.32.145 - - [19/Aug/2025:13:25:52 -0400] "GET /ca3561/?path=/tmp&edit=gi-6827bc43d151e HTTP/1.1" 200 3341 "-" "Mozilla/5.0 (compatible; BLEXBot/1.0; +https://help.seranking.com/en/blex-crawler)"
144.76.32.145 - - [19/Aug/2025:13:26:12 -0400] "GET /ca3561/?path=/tmp&edit=og-68a1a08edd10e HTTP/1.1" 200 3304 "-" "Mozilla/5.0 (compatible; BLEXBot/1.0; +https://help.seranking.com/en/blex-crawler)"
144.76.32.145 - - [19/Aug/2025:13:26:20 -0400] "GET /ca3561/?path=/tmp&edit=vr-67c7d0a71bc70 HTTP/1.1" 200 26596 "-" "Mozilla/5.0 (compatible; BLEXBot/1.0; +https://help.seranking.com/en/blex-crawler)"
66.249.79.201 - - [19/Aug/2025:13:26:25 -0400] "GET /519398536 HTTP/1.1" 404 - "-" "Mozilla/5.0 (Linux; Android 6.0.1; Nexus 5X Build/MMB29P) AppleWebKit/537.36 (KHTML, like Gecko) Chrome/138.0.7204.183 Mobile Safari/537.36 (compatible; Googlebot/2.1; +http://www.google.com/bot.html)"
66.249.68.7 - - [19/Aug/2025:13:26:25 -0400] "GET /519153009.phtml HTTP/1.1" 404 - "-" "Mozilla/5.0 (Linux; Android 6.0.1; Nexus 5X Build/MMB29P) AppleWebKit/537.36 (KHTML, like Gecko) Chrome/138.0.7204.183 Mobile Safari/537.36 (compatible; Googlebot/2.1; +http://www.google.com/bot.html)"
66.249.79.203 - - [19/Aug/2025:13:26:26 -0400] "GET /458278533 HTTP/1.1" 404 - "-" "Mozilla/5.0 (Linux; Android 6.0.1; Nexus 5X Build/MMB29P) AppleWebKit/537.36 (KHTML, like Gecko) Chrome/138.0.7204.183 Mobile Safari/537.36 (compatible; Googlebot/2.1; +http://www.google.com/bot.html)"
66.249.68.8 - - [19/Aug/2025:13:26:26 -0400] "GET /8321527.phtml HTTP/1.1" 404 - "-" "Mozilla/5.0 (Linux; Android 6.0.1; Nexus 5X Build/MMB29P) AppleWebKit/537.36 (KHTML, like Gecko) Chrome/138.0.7204.183 Mobile Safari/537.36 (compatible; Googlebot/2.1; +http://www.google.com/bot.html)"
144.76.32.145 - - [19/Aug/2025:13:26:27 -0400] "GET /ca3561/?path=/usr/bin&edit=aclocal-1.16 HTTP/1.1" 200 19876 "-" "Mozilla/5.0 (compatible; BLEXBot/1.0; +https://help.seranking.com/en/blex-crawler)"
52.167.144.198 - - [19/Aug/2025:13:26:32 -0400] "GET /130206215 HTTP/1.1" 404 - "-" "Mozilla/5.0 (iPhone; CPU iPhone OS 7_0 like Mac OS X) AppleWebKit/537.51.1 (KHTML, like Gecko) Version/7.0 Mobile/11A465 Safari/9537.53 (compatible; bingbot/2.0; +http://www.bing.com/bingbot.htm)"
52.167.144.198 - - [19/Aug/2025:13:26:32 -0400] "GET /246014992 HTTP/1.1" 404 - "-" "Mozilla/5.0 AppleWebKit/537.36 (KHTML, like Gecko; compatible; bingbot/2.0; +http://www.bing.com/bingbot.htm) Chrome/116.0.1938.76 Safari/537.36"
52.167.144.198 - - [19/Aug/2025:13:26:32 -0400] "GET /175940484 HTTP/1.1" 404 - "-" "Mozilla/5.0 (iPhone; CPU iPhone OS 7_0 like Mac OS X) AppleWebKit/537.51.1 (KHTML, like Gecko) Version/7.0 Mobile/11A465 Safari/9537.53 (compatible; bingbot/2.0; +http://www.bing.com/bingbot.htm)"
144.76.32.145 - - [19/Aug/2025:13:26:34 -0400] "GET /ca3561/?path=/usr/bin&edit=bzip2recover HTTP/1.1" 200 6897 "-" "Mozilla/5.0 (compatible; BLEXBot/1.0; +https://help.seranking.com/en/blex-crawler)"
144.76.32.145 - - [19/Aug/2025:13:26:41 -0400] "GET /ca3561/?path=/usr/bin&edit=geoiplookup6 HTTP/1.1" 200 6899 "-" "Mozilla/5.0 (compatible; BLEXBot/1.0; +https://help.seranking.com/en/blex-crawler)"
144.76.32.145 - - [19/Aug/2025:13:26:51 -0400] "GET /ca3561/?path=/usr/bin&edit=mariadb-conv HTTP/1.1" 200 6898 "-" "Mozilla/5.0 (compatible; BLEXBot/1.0; +https://help.seranking.com/en/blex-crawler)"
144.76.32.145 - - [19/Aug/2025:13:27:07 -0400] "GET /ca3561/?path=/usr/bin&edit=mariadb-dump HTTP/1.1" 200 6898 "-" "Mozilla/5.0 (compatible; BLEXBot/1.0; +https://help.seranking.com/en/blex-crawler)"
144.76.32.145 - - [19/Aug/2025:13:27:16 -0400] "GET /ca3561/?path=/usr/bin&edit=mariadb-show HTTP/1.1" 200 6899 "-" "Mozilla/5.0 (compatible; BLEXBot/1.0; +https://help.seranking.com/en/blex-crawler)"
144.76.32.145 - - [19/Aug/2025:13:27:26 -0400] "GET /ca3561/?path=/usr/bin&edit=mariadb-slap HTTP/1.1" 200 6900 "-" "Mozilla/5.0 (compatible; BLEXBot/1.0; +https://help.seranking.com/en/blex-crawler)"
66.249.79.201 - - [19/Aug/2025:13:27:27 -0400] "GET /533776956 HTTP/1.1" 404 - "-" "Mozilla/5.0 (Linux; Android 6.0.1; Nexus 5X Build/MMB29P) AppleWebKit/537.36 (KHTML, like Gecko) Chrome/138.0.7204.183 Mobile Safari/537.36 (compatible; Googlebot/2.1; +http://www.google.com/bot.html)"
66.249.79.201 - - [19/Aug/2025:13:27:27 -0400] "GET /q-~64szobqZpmFfaygZJhuT8mYGziS0zmQp14534/ HTTP/1.1" 404 - "-" "Mozilla/5.0 (Linux; Android 6.0.1; Nexus 5X Build/MMB29P) AppleWebKit/537.36 (KHTML, like Gecko) Chrome/138.0.7204.183 Mobile Safari/537.36 (compatible; Googlebot/2.1; +http://www.google.com/bot.html)"
208.110.64.178 - - [19/Aug/2025:13:27:31 -0400] "GET /wp-includes/pl54d2ae/edit.php HTTP/1.1" 404 - "https://greenfield.com.sa/wp-includes/pl54d2ae/edit.php" "Mozilla/5.0 (Windows NT 10.0; Win64; x64) AppleWebKit/537.36 (KHTML, like Gecko) Chrome/58.0.3029.110 Safari/537.3"
144.76.32.145 - - [19/Aug/2025:13:27:43 -0400] "GET /ca3561/?path=/usr/bin&edit=mysql_config HTTP/1.1" 200 8920 "-" "Mozilla/5.0 (compatible; BLEXBot/1.0; +https://help.seranking.com/en/blex-crawler)"
40.77.167.132 - - [19/Aug/2025:13:27:46 -0400] "GET /173234928 HTTP/1.1" 404 - "-" "Mozilla/5.0 AppleWebKit/537.36 (KHTML, like Gecko; compatible; bingbot/2.0; +http://www.bing.com/bingbot.htm) Chrome/116.0.1938.76 Safari/537.36"
40.77.167.132 - - [19/Aug/2025:13:27:55 -0400] "GET /575019976 HTTP/1.1" 404 - "-" "Mozilla/5.0 AppleWebKit/537.36 (KHTML, like Gecko; compatible; bingbot/2.0; +http://www.bing.com/bingbot.htm) Chrome/116.0.1938.76 Safari/537.36"
144.76.32.145 - - [19/Aug/2025:13:27:58 -0400] "GET /ca3561/?path=/usr/bin&edit=post-grohtml HTTP/1.1" 200 6892 "-" "Mozilla/5.0 (compatible; BLEXBot/1.0; +https://help.seranking.com/en/blex-crawler)"
144.76.32.145 - - [19/Aug/2025:13:28:06 -0400] "GET /ca3561/?path=/usr/sbin&edit=consoletype HTTP/1.1" 200 1500 "-" "Mozilla/5.0 (compatible; BLEXBot/1.0; +https://help.seranking.com/en/blex-crawler)"
52.167.144.198 - - [19/Aug/2025:13:28:11 -0400] "GET /606766859 HTTP/1.1" 404 - "-" "Mozilla/5.0 (iPhone; CPU iPhone OS 7_0 like Mac OS X) AppleWebKit/537.51.1 (KHTML, like Gecko) Version/7.0 Mobile/11A465 Safari/9537.53 (compatible; bingbot/2.0; +http://www.bing.com/bingbot.htm)"
144.76.32.145 - - [19/Aug/2025:13:28:15 -0400] "GET /ca3561/?path=/usr/sbin&edit=saslpasswd2 HTTP/1.1" 200 1499 "-" "Mozilla/5.0 (compatible; BLEXBot/1.0; +https://help.seranking.com/en/blex-crawler)"
144.76.32.145 - - [19/Aug/2025:13:28:22 -0400] "GET /ca3561/?path=/usr/sbin&edit=tsig-keygen HTTP/1.1" 200 1499 "-" "Mozilla/5.0 (compatible; BLEXBot/1.0; +https://help.seranking.com/en/blex-crawler)"
