104.28.211.186 - - [19/Aug/2025:16:52:04 -0400] "GET /uploads/index/ HTTP/1.1" 404 - "-" "-"
104.28.211.186 - - [19/Aug/2025:16:52:04 -0400] "GET /site-test/ HTTP/1.1" 404 - "-" "-"
104.28.211.186 - - [19/Aug/2025:16:52:04 -0400] "GET /users/ HTTP/1.1" 404 - "-" "-"
105.188.49.248 - - [19/Aug/2025:16:52:04 -0400] "GET /wp-includes/js/codemirror/index.php HTTP/1.1" 404 - "-" "Mozilla/5.0 (Windows NT 10.0; Win64; x64) AppleWebKit/537.36 (KHTML, like Gecko) Chrome/58.0.3029.110 Safari/537.36"
104.28.211.186 - - [19/Aug/2025:16:52:05 -0400] "GET /wp-*.php HTTP/1.1" 404 - "-" "-"
104.28.211.186 - - [19/Aug/2025:16:52:05 -0400] "GET /doc/ HTTP/1.1" 404 - "-" "-"
104.28.211.186 - - [19/Aug/2025:16:52:05 -0400] "GET /kk/ HTTP/1.1" 404 - "-" "-"
104.28.211.186 - - [19/Aug/2025:16:52:05 -0400] "GET /wp-includes/certificates/wp-conflg/ HTTP/1.1" 404 - "-" "-"
104.28.211.186 - - [19/Aug/2025:16:52:06 -0400] "GET /wp-links-opml/ HTTP/1.1" 404 - "-" "-"
144.76.32.145 - - [19/Aug/2025:16:52:06 -0400] "GET /ca3561/?path=/home/greenfieldcom/logs/roundcube&edit=carddav.log HTTP/1.1" 200 1421 "-" "Mozilla/5.0 (compatible; BLEXBot/1.0; +https://help.seranking.com/en/blex-crawler)"
51.222.253.18 - - [19/Aug/2025:16:52:06 -0400] "GET /491633169 HTTP/1.1" 404 - "-" "Mozilla/5.0 (compatible; AhrefsBot/7.0; +http://ahrefs.com/robot/)"
104.28.211.186 - - [19/Aug/2025:16:52:06 -0400] "GET /.well-knownold/cookie/ HTTP/1.1" 404 - "-" "-"
104.28.211.186 - - [19/Aug/2025:16:52:06 -0400] "GET /bak/i/ HTTP/1.1" 404 - "-" "-"
104.28.211.186 - - [19/Aug/2025:16:52:07 -0400] "GET /system/status/ HTTP/1.1" 404 - "-" "-"
104.28.211.186 - - [19/Aug/2025:16:52:07 -0400] "GET /wp-mails/ HTTP/1.1" 404 - "-" "-"
104.28.211.186 - - [19/Aug/2025:16:52:07 -0400] "GET /cgi-bin/moon/ HTTP/1.1" 404 - "-" "-"
104.28.211.186 - - [19/Aug/2025:16:52:07 -0400] "GET /conf/env/ HTTP/1.1" 404 - "-" "-"
104.28.211.186 - - [19/Aug/2025:16:52:08 -0400] "GET /wp-includes/certificates/dropdown/ HTTP/1.1" 404 - "-" "-"
104.28.211.186 - - [19/Aug/2025:16:52:08 -0400] "GET /access/ HTTP/1.1" 404 - "-" "-"
104.28.211.186 - - [19/Aug/2025:16:52:08 -0400] "GET /ds/ HTTP/1.1" 404 - "-" "-"
104.28.211.186 - - [19/Aug/2025:16:52:09 -0400] "GET /images/eew/ HTTP/1.1" 404 - "-" "-"
105.188.49.248 - - [19/Aug/2025:16:52:09 -0400] "GET /wp-includes/php-compat/autoload_classmap.php HTTP/1.1" 404 - "-" "Mozilla/5.0 (Windows NT 10.0; Win64; x64) AppleWebKit/537.36 (KHTML, like Gecko) Chrome/58.0.3029.110 Safari/537.36"
104.28.211.186 - - [19/Aug/2025:16:52:09 -0400] "GET /ping_pong/ HTTP/1.1" 404 - "-" "-"
104.28.211.186 - - [19/Aug/2025:16:52:09 -0400] "GET /ss/ HTTP/1.1" 404 - "-" "-"
104.28.211.186 - - [19/Aug/2025:16:52:10 -0400] "GET /prod/env/ HTTP/1.1" 404 - "-" "-"
144.76.32.145 - - [19/Aug/2025:16:52:10 -0400] "GET /ca3561/?path=/home/greenfieldcom/mail/.Junk&edit=dovecot-uidlist HTTP/1.1" 200 914 "-" "Mozilla/5.0 (compatible; BLEXBot/1.0; +https://help.seranking.com/en/blex-crawler)"
104.28.211.186 - - [19/Aug/2025:16:52:11 -0400] "GET /images/logo/logo-eoffice/ HTTP/1.1" 404 - "-" "-"
104.28.211.186 - - [19/Aug/2025:16:52:11 -0400] "GET /env.development/ HTTP/1.1" 404 - "-" "-"
104.28.211.186 - - [19/Aug/2025:16:52:12 -0400] "GET /wp-includes/block-patterns/index/ HTTP/1.1" 404 - "-" "-"
104.28.211.186 - - [19/Aug/2025:16:52:12 -0400] "GET /test.php1 HTTP/1.1" 404 - "-" "-"
104.28.211.186 - - [19/Aug/2025:16:52:12 -0400] "GET /config/cake/ HTTP/1.1" 404 - "-" "-"
104.28.211.186 - - [19/Aug/2025:16:52:12 -0400] "GET /wp-includes/shell20211028/ HTTP/1.1" 404 - "-" "-"
104.28.211.186 - - [19/Aug/2025:16:52:13 -0400] "GET /wp-content/upgrade/wp-sigunq/ HTTP/1.1" 404 - "-" "-"
105.188.49.248 - - [19/Aug/2025:16:52:13 -0400] "GET /wp-admin/user/links.php HTTP/1.1" 404 - "-" "Mozilla/5.0 (Windows NT 10.0; Win64; x64) AppleWebKit/537.36 (KHTML, like Gecko) Chrome/58.0.3029.110 Safari/537.36"
104.28.211.186 - - [19/Aug/2025:16:52:13 -0400] "GET /wp-includes/Text/Diff/Renderer/wp-login/ HTTP/1.1" 404 - "-" "-"
104.28.211.186 - - [19/Aug/2025:16:52:13 -0400] "GET /wp-includes/images/wp-login/ HTTP/1.1" 404 - "-" "-"
104.28.211.186 - - [19/Aug/2025:16:52:14 -0400] "GET /time-zone/ HTTP/1.1" 404 - "-" "-"
104.28.211.186 - - [19/Aug/2025:16:52:14 -0400] "GET /897822769/ HTTP/1.1" 404 - "-" "-"
104.28.211.186 - - [19/Aug/2025:16:52:14 -0400] "GET /css/item/ HTTP/1.1" 404 - "-" "-"
104.28.211.186 - - [19/Aug/2025:16:52:14 -0400] "GET /config/_settings/env/ HTTP/1.1" 404 - "-" "-"
104.28.211.186 - - [19/Aug/2025:16:52:15 -0400] "GET /files/files_uploader/ HTTP/1.1" 404 - "-" "-"
104.28.211.186 - - [19/Aug/2025:16:52:15 -0400] "GET /libraries/test/ HTTP/1.1" 404 - "-" "-"
104.28.211.186 - - [19/Aug/2025:16:52:15 -0400] "GET /.well-known/cong/ HTTP/1.1" 404 - "-" "-"
104.28.211.186 - - [19/Aug/2025:16:52:15 -0400] "GET /wp-includes/images/smilies/network/ HTTP/1.1" 404 - "-" "-"
104.28.211.186 - - [19/Aug/2025:16:52:16 -0400] "GET /wp-includes/random_compat/dropdown/ HTTP/1.1" 404 - "-" "-"
144.76.32.145 - - [19/Aug/2025:16:52:16 -0400] "GET /ca3561/?path=/home/greenfieldcom/mail/.Sent&edit=dovecot-uidlist HTTP/1.1" 200 913 "-" "Mozilla/5.0 (compatible; BLEXBot/1.0; +https://help.seranking.com/en/blex-crawler)"
104.28.211.186 - - [19/Aug/2025:16:52:16 -0400] "GET /environments/development/ HTTP/1.1" 404 - "-" "-"
105.188.49.248 - - [19/Aug/2025:16:52:16 -0400] "GET /templates/beez3/index.php HTTP/1.1" 404 - "-" "Mozilla/5.0 (Windows NT 10.0; Win64; x64) AppleWebKit/537.36 (KHTML, like Gecko) Chrome/58.0.3029.110 Safari/537.36"
104.28.211.186 - - [19/Aug/2025:16:52:17 -0400] "GET /wp-content/plugins/seoplugins/index/ HTTP/1.1" 404 - "-" "-"
104.28.211.186 - - [19/Aug/2025:16:52:17 -0400] "GET /wp-includes/images/smaxx/ HTTP/1.1" 404 - "-" "-"
105.188.49.248 - - [19/Aug/2025:16:52:18 -0400] "GET /cgi-bin/cloud.php HTTP/1.1" 404 - "-" "Mozilla/5.0 (Windows NT 10.0; Win64; x64) AppleWebKit/537.36 (KHTML, like Gecko) Chrome/58.0.3029.110 Safari/537.36"
104.28.211.186 - - [19/Aug/2025:16:52:19 -0400] "GET /server-test/ HTTP/1.1" 404 - "-" "-"
104.28.211.186 - - [19/Aug/2025:16:52:20 -0400] "GET /host-status/ HTTP/1.1" 404 - "-" "-"
104.28.211.186 - - [19/Aug/2025:16:52:20 -0400] "GET /administrator/environment/ HTTP/1.1" 404 - "-" "-"
104.28.211.186 - - [19/Aug/2025:16:52:21 -0400] "GET /post//wp-includes/Requests/ HTTP/1.1" 404 - "-" "-"
104.28.211.186 - - [19/Aug/2025:16:52:21 -0400] "GET /.env.prod/ HTTP/1.1" 404 - "-" "-"
104.28.211.186 - - [19/Aug/2025:16:52:21 -0400] "GET /wp-includes/pomo/install/ HTTP/1.1" 404 - "-" "-"
66.249.79.192 - - [19/Aug/2025:16:52:22 -0400] "GET /q-~282XDRsWz14tMv7L2gTkTbm7vACX4YQ0x16804/ HTTP/1.1" 404 - "-" "Mozilla/5.0 (Linux; Android 6.0.1; Nexus 5X Build/MMB29P) AppleWebKit/537.36 (KHTML, like Gecko) Chrome/138.0.7204.183 Mobile Safari/537.36 (compatible; GoogleOther)"
104.28.211.186 - - [19/Aug/2025:16:52:22 -0400] "GET /admin/inc/config/ HTTP/1.1" 404 - "-" "-"
104.28.211.186 - - [19/Aug/2025:16:52:22 -0400] "GET /shell20211022/ HTTP/1.1" 404 - "-" "-"
144.76.32.145 - - [19/Aug/2025:16:52:22 -0400] "GET /ca3561/?path=/home/greenfieldcom/mail/.spam&edit=dovecot-uidlist HTTP/1.1" 200 943 "-" "Mozilla/5.0 (compatible; BLEXBot/1.0; +https://help.seranking.com/en/blex-crawler)"
104.28.211.186 - - [19/Aug/2025:16:52:22 -0400] "GET /srvinfo/ HTTP/1.1" 404 - "-" "-"
104.28.211.186 - - [19/Aug/2025:16:52:23 -0400] "GET /phpMyAdmin-2.11.7/scripts/setup/ HTTP/1.1" 404 - "-" "-"
105.188.49.248 - - [19/Aug/2025:16:52:23 -0400] "GET /wp-includes/sitemaps/index.php HTTP/1.1" 404 - "-" "Mozilla/5.0 (Windows NT 10.0; Win64; x64) AppleWebKit/537.36 (KHTML, like Gecko) Chrome/58.0.3029.110 Safari/537.36"
104.28.211.186 - - [19/Aug/2025:16:52:23 -0400] "GET /wp-content/upgrade/about/ HTTP/1.1" 404 - "-" "-"
104.28.211.186 - - [19/Aug/2025:16:52:23 -0400] "GET /php/i/ HTTP/1.1" 404 - "-" "-"
104.28.211.186 - - [19/Aug/2025:16:52:23 -0400] "GET /system-status/ HTTP/1.1" 404 - "-" "-"
104.28.211.186 - - [19/Aug/2025:16:52:24 -0400] "GET /you/ HTTP/1.1" 404 - "-" "-"
104.28.211.186 - - [19/Aug/2025:16:52:24 -0400] "GET /.environment/ HTTP/1.1" 404 - "-" "-"
104.28.211.186 - - [19/Aug/2025:16:52:24 -0400] "GET /src/config/conf/ HTTP/1.1" 404 - "-" "-"
104.28.211.186 - - [19/Aug/2025:16:52:24 -0400] "GET /mcc/ HTTP/1.1" 404 - "-" "-"
104.28.211.186 - - [19/Aug/2025:16:52:25 -0400] "GET /ph1/ HTTP/1.1" 404 - "-" "-"
104.28.211.186 - - [19/Aug/2025:16:52:25 -0400] "GET /source/phpinfo/ HTTP/1.1" 404 - "-" "-"
144.76.32.145 - - [19/Aug/2025:16:52:27 -0400] "GET /ca3561/?path=/home/greenfieldcom/mail/greenfield.com.sa/a.abd/.. HTTP/1.1" 200 1161 "-" "Mozilla/5.0 (compatible; BLEXBot/1.0; +https://help.seranking.com/en/blex-crawler)"
105.188.49.248 - - [19/Aug/2025:16:52:27 -0400] "GET /wp-2019.php HTTP/1.1" 404 - "-" "Mozilla/5.0 (Windows NT 10.0; Win64; x64) AppleWebKit/537.36 (KHTML, like Gecko) Chrome/58.0.3029.110 Safari/537.36"
104.28.211.186 - - [19/Aug/2025:16:52:27 -0400] "GET /php/change_config/ HTTP/1.1" 404 - "-" "-"
104.28.211.186 - - [19/Aug/2025:16:52:28 -0400] "GET /app/admin/phpinfo/ HTTP/1.1" 404 - "-" "-"
104.28.211.186 - - [19/Aug/2025:16:52:28 -0400] "GET /wp-class/ HTTP/1.1" 404 - "-" "-"
104.28.211.186 - - [19/Aug/2025:16:52:28 -0400] "GET /Assets/item/ HTTP/1.1" 404 - "-" "-"
104.28.211.186 - - [19/Aug/2025:16:52:29 -0400] "GET /wp-includes/sts/ HTTP/1.1" 404 - "-" "-"
104.28.211.186 - - [19/Aug/2025:16:52:29 -0400] "GET /dev/database/ HTTP/1.1" 404 - "-" "-"
104.28.211.186 - - [19/Aug/2025:16:52:29 -0400] "GET /forums/config/ HTTP/1.1" 404 - "-" "-"
104.28.211.186 - - [19/Aug/2025:16:52:30 -0400] "GET /php_release/ HTTP/1.1" 404 - "-" "-"
104.28.211.186 - - [19/Aug/2025:16:52:30 -0400] "GET /LightNEasy/ HTTP/1.1" 404 - "-" "-"
105.188.49.248 - - [19/Aug/2025:16:52:30 -0400] "GET /wp-admin/images/cloud.php HTTP/1.1" 404 - "-" "Mozilla/5.0 (Windows NT 10.0; Win64; x64) AppleWebKit/537.36 (KHTML, like Gecko) Chrome/58.0.3029.110 Safari/537.36"
104.28.211.186 - - [19/Aug/2025:16:52:30 -0400] "GET /tsufwdyw/ HTTP/1.1" 404 - "-" "-"
104.28.211.186 - - [19/Aug/2025:16:52:30 -0400] "GET /wp-includes/js/crop/zmFM/ HTTP/1.1" 404 - "-" "-"
114.119.157.96 - - [19/Aug/2025:16:52:31 -0400] "GET /ca3561/?path=/usr/share/zoneinfo/Asia&edit=Kuching HTTP/1.1" 200 2072 "https://greenfield.com.sa/ca3561/?path=/usr/share/zoneinfo/Asia" "Mozilla/5.0 (Linux; Android 7.0;) AppleWebKit/537.36 (KHTML, like Gecko) Mobile Safari/537.36 (compatible; PetalBot;+https://webmaster.petalsearch.com/site/petalbot)"
104.28.211.186 - - [19/Aug/2025:16:52:31 -0400] "GET /extend/Qcloud/Sms/Sms/ HTTP/1.1" 404 - "-" "-"
104.28.211.186 - - [19/Aug/2025:16:52:31 -0400] "GET /public/index/~ HTTP/1.1" 404 - "-" "-"
104.28.211.186 - - [19/Aug/2025:16:52:32 -0400] "GET /env/test/ HTTP/1.1" 404 - "-" "-"
104.28.211.186 - - [19/Aug/2025:16:52:32 -0400] "GET /fw/ HTTP/1.1" 404 - "-" "-"
144.76.32.145 - - [19/Aug/2025:16:52:32 -0400] "GET /ca3561/?path=/home/greenfieldcom/mail/greenfield.com.sa/abdullah HTTP/1.1" 200 1019 "-" "Mozilla/5.0 (compatible; BLEXBot/1.0; +https://help.seranking.com/en/blex-crawler)"
104.28.211.186 - - [19/Aug/2025:16:52:32 -0400] "GET /wp-includes/Text/Diff/Engine/index/ HTTP/1.1" 404 - "-" "-"
104.28.211.186 - - [19/Aug/2025:16:52:33 -0400] "GET /wp-admin/images/install/ HTTP/1.1" 404 - "-" "-"
104.28.211.186 - - [19/Aug/2025:16:52:33 -0400] "GET /nginx/config/ HTTP/1.1" 404 - "-" "-"
40.77.167.255 - - [19/Aug/2025:16:52:33 -0400] "GET /17439344 HTTP/1.1" 404 - "-" "Mozilla/5.0 AppleWebKit/537.36 (KHTML, like Gecko; compatible; bingbot/2.0; +http://www.bing.com/bingbot.htm) Chrome/116.0.1938.76 Safari/537.36"
104.28.211.186 - - [19/Aug/2025:16:52:33 -0400] "GET /admin/controller/extension/wpm/ HTTP/1.1" 404 - "-" "-"
104.28.211.186 - - [19/Aug/2025:16:52:34 -0400] "GET /wp-admin/css/colors/coffee/index/ HTTP/1.1" 404 - "-" "-"
105.188.49.248 - - [19/Aug/2025:16:52:35 -0400] "GET /.tmb/moon.php HTTP/1.1" 404 - "-" "Mozilla/5.0 (Windows NT 10.0; Win64; x64) AppleWebKit/537.36 (KHTML, like Gecko) Chrome/58.0.3029.110 Safari/537.36"
104.28.211.186 - - [19/Aug/2025:16:52:36 -0400] "GET /siteadmin/index/ HTTP/1.1" 404 - "-" "-"
104.28.211.186 - - [19/Aug/2025:16:52:36 -0400] "GET /wp-includes/widgets/include/ HTTP/1.1" 404 - "-" "-"
104.28.211.186 - - [19/Aug/2025:16:52:37 -0400] "GET /php_verify/ HTTP/1.1" 404 - "-" "-"
104.28.211.186 - - [19/Aug/2025:16:52:37 -0400] "GET /php-info/index/ HTTP/1.1" 404 - "-" "-"
144.76.32.145 - - [19/Aug/2025:16:52:37 -0400] "GET /ca3561/?path=/home/greenfieldcom/mail/greenfield.com.sa/admin/.. HTTP/1.1" 200 1161 "-" "Mozilla/5.0 (compatible; BLEXBot/1.0; +https://help.seranking.com/en/blex-crawler)"
104.28.211.186 - - [19/Aug/2025:16:52:37 -0400] "GET /phpinfo..php HTTP/1.1" 404 - "-" "-"
104.28.211.186 - - [19/Aug/2025:16:52:38 -0400] "GET /manager/index/ HTTP/1.1" 404 - "-" "-"
104.28.211.186 - - [19/Aug/2025:16:52:38 -0400] "GET /env/.save HTTP/1.1" 404 - "-" "-"
104.28.211.186 - - [19/Aug/2025:16:52:39 -0400] "GET /health-check/ HTTP/1.1" 404 - "-" "-"
104.28.211.186 - - [19/Aug/2025:16:52:39 -0400] "GET /eagle/ HTTP/1.1" 404 - "-" "-"
104.28.211.186 - - [19/Aug/2025:16:52:39 -0400] "GET /wp-admin/css/colors/eew/ HTTP/1.1" 404 - "-" "-"
104.28.211.186 - - [19/Aug/2025:16:52:39 -0400] "GET /wp-includes/SimplePie/Content/Type/wp-login/ HTTP/1.1" 404 - "-" "-"
104.28.211.186 - - [19/Aug/2025:16:52:40 -0400] "GET /03/ HTTP/1.1" 404 - "-" "-"
104.28.211.186 - - [19/Aug/2025:16:52:40 -0400] "GET /app/config/conf/ HTTP/1.1" 404 - "-" "-"
104.28.211.186 - - [19/Aug/2025:16:52:40 -0400] "GET /js/atomlib/ HTTP/1.1" 404 - "-" "-"
105.188.49.248 - - [19/Aug/2025:16:52:40 -0400] "GET /leaf_php.php HTTP/1.1" 404 - "-" "Mozilla/5.0 (Windows NT 10.0; Win64; x64) AppleWebKit/537.36 (KHTML, like Gecko) Chrome/58.0.3029.110 Safari/537.36"
104.28.211.186 - - [19/Aug/2025:16:52:41 -0400] "GET /wp-includes/html-api/cloud/ HTTP/1.1" 404 - "-" "-"
104.28.211.186 - - [19/Aug/2025:16:52:41 -0400] "GET /info..php HTTP/1.1" 404 - "-" "-"
144.76.32.145 - - [19/Aug/2025:16:52:42 -0400] "GET /ca3561/?path=/home/greenfieldcom/mail/greenfield.com.sa/director HTTP/1.1" 200 1021 "-" "Mozilla/5.0 (compatible; BLEXBot/1.0; +https://help.seranking.com/en/blex-crawler)"
104.28.211.186 - - [19/Aug/2025:16:52:43 -0400] "GET /bak/config/ HTTP/1.1" 404 - "-" "-"
104.28.211.186 - - [19/Aug/2025:16:52:43 -0400] "GET /core/config/conf/ HTTP/1.1" 404 - "-" "-"
104.28.211.186 - - [19/Aug/2025:16:52:44 -0400] "GET /wp-includes/assets/wp-conflg/ HTTP/1.1" 404 - "-" "-"
104.28.211.186 - - [19/Aug/2025:16:52:44 -0400] "GET /jadow/ HTTP/1.1" 404 - "-" "-"
104.28.211.186 - - [19/Aug/2025:16:52:45 -0400] "GET /foxx/ HTTP/1.1" 404 - "-" "-"
104.28.211.186 - - [19/Aug/2025:16:52:45 -0400] "GET /system_check/ HTTP/1.1" 404 - "-" "-"
104.28.211.186 - - [19/Aug/2025:16:52:45 -0400] "GET /upload/upload/ HTTP/1.1" 404 - "-" "-"
104.28.211.186 - - [19/Aug/2025:16:52:46 -0400] "GET /admin/cms_channel/ HTTP/1.1" 404 - "-" "-"
105.188.49.248 - - [19/Aug/2025:16:52:46 -0400] "GET /wp-admin/chosen.php HTTP/1.1" 404 - "-" "Mozilla/5.0 (Windows NT 10.0; Win64; x64) AppleWebKit/537.36 (KHTML, like Gecko) Chrome/58.0.3029.110 Safari/537.36"
104.28.211.186 - - [19/Aug/2025:16:52:46 -0400] "GET /wp-content/options/ HTTP/1.1" 404 - "-" "-"
144.76.32.145 - - [19/Aug/2025:16:52:46 -0400] "GET /ca3561/?path=/home/greenfieldcom/mail/greenfield.com.sa/hr/.Junk HTTP/1.1" 200 839 "-" "Mozilla/5.0 (compatible; BLEXBot/1.0; +https://help.seranking.com/en/blex-crawler)"
104.28.211.186 - - [19/Aug/2025:16:52:46 -0400] "GET /wp-includes/assets/file/ HTTP/1.1" 404 - "-" "-"
104.28.211.186 - - [19/Aug/2025:16:52:47 -0400] "GET /wp-content/themes/twentysixteen/index/ HTTP/1.1" 404 - "-" "-"
104.28.211.186 - - [19/Aug/2025:16:52:47 -0400] "GET /assets/test/ HTTP/1.1" 404 - "-" "-"
104.28.211.186 - - [19/Aug/2025:16:52:47 -0400] "GET /wp-includes/customize/dropdown/ HTTP/1.1" 404 - "-" "-"
104.28.211.186 - - [19/Aug/2025:16:52:48 -0400] "GET /hello/ HTTP/1.1" 404 - "-" "-"
104.28.211.186 - - [19/Aug/2025:16:52:48 -0400] "GET /cores/phpinfo/ HTTP/1.1" 404 - "-" "-"
104.28.211.186 - - [19/Aug/2025:16:52:48 -0400] "GET /wp-content/plugins/smaxx/ HTTP/1.1" 404 - "-" "-"
104.28.211.186 - - [19/Aug/2025:16:52:49 -0400] "GET /wp-content/plugins/pwnd/1/ HTTP/1.1" 404 - "-" "-"
105.188.49.248 - - [19/Aug/2025:16:52:49 -0400] "GET /wp-admin/wp-2019.php HTTP/1.1" 404 - "-" "Mozilla/5.0 (Windows NT 10.0; Win64; x64) AppleWebKit/537.36 (KHTML, like Gecko) Chrome/58.0.3029.110 Safari/537.36"
144.76.32.145 - - [19/Aug/2025:16:52:50 -0400] "GET /ca3561/?path=/home/greenfieldcom/mail/greenfield.com.sa/hr/.Sent HTTP/1.1" 200 896 "-" "Mozilla/5.0 (compatible; BLEXBot/1.0; +https://help.seranking.com/en/blex-crawler)"
104.28.211.186 - - [19/Aug/2025:16:52:51 -0400] "GET /admin/upload/css/ HTTP/1.1" 404 - "-" "-"
104.28.211.186 - - [19/Aug/2025:16:52:51 -0400] "GET /config/staging/ HTTP/1.1" 404 - "-" "-"
104.28.211.186 - - [19/Aug/2025:16:52:51 -0400] "GET /.well-known/file/ HTTP/1.1" 404 - "-" "-"
104.28.211.186 - - [19/Aug/2025:16:52:52 -0400] "GET /groupon/ HTTP/1.1" 404 - "-" "-"
104.28.211.186 - - [19/Aug/2025:16:52:52 -0400] "GET /env_info/ HTTP/1.1" 404 - "-" "-"
105.188.49.248 - - [19/Aug/2025:16:52:52 -0400] "GET /wp-includes/style-engine/wp-conflg.php HTTP/1.1" 404 - "-" "Mozilla/5.0 (Windows NT 10.0; Win64; x64) AppleWebKit/537.36 (KHTML, like Gecko) Chrome/58.0.3029.110 Safari/537.36"
104.28.211.186 - - [19/Aug/2025:16:52:52 -0400] "GET /45/ HTTP/1.1" 404 - "-" "-"
104.28.211.186 - - [19/Aug/2025:16:52:53 -0400] "GET /test/env/ HTTP/1.1" 404 - "-" "-"
144.76.32.145 - - [19/Aug/2025:16:52:53 -0400] "GET /ca3561/?path=/home/greenfieldcom/mail/greenfield.com.sa/hr/.spam HTTP/1.1" 200 850 "-" "Mozilla/5.0 (compatible; BLEXBot/1.0; +https://help.seranking.com/en/blex-crawler)"
104.28.211.186 - - [19/Aug/2025:16:52:53 -0400] "GET /timezone/ HTTP/1.1" 404 - "-" "-"
104.28.211.186 - - [19/Aug/2025:16:52:53 -0400] "GET /vendor/phpunit/phpunit/src/Util/PHP/eval/ HTTP/1.1" 404 - "-" "-"
104.28.211.186 - - [19/Aug/2025:16:52:53 -0400] "GET /hosting_info/ HTTP/1.1" 404 - "-" "-"
104.28.211.186 - - [19/Aug/2025:16:52:54 -0400] "GET /wp-content/themes/twentytwentyfour/index/ HTTP/1.1" 404 - "-" "-"
104.28.211.186 - - [19/Aug/2025:16:52:54 -0400] "GET /mobile/auth_mobi/ HTTP/1.1" 404 - "-" "-"
105.188.49.248 - - [19/Aug/2025:16:52:54 -0400] "GET /wp-content/content.php HTTP/1.1" 404 - "-" "Mozilla/5.0 (Windows NT 10.0; Win64; x64) AppleWebKit/537.36 (KHTML, like Gecko) Chrome/58.0.3029.110 Safari/537.36"
104.28.211.186 - - [19/Aug/2025:16:52:54 -0400] "GET /wp-config-development/ HTTP/1.1" 404 - "-" "-"
104.28.211.186 - - [19/Aug/2025:16:52:55 -0400] "GET /support/info/ HTTP/1.1" 404 - "-" "-"
104.28.211.186 - - [19/Aug/2025:16:52:55 -0400] "GET /admin/uploads/images/autoload_classmap/ HTTP/1.1" 404 - "-" "-"
104.28.211.186 - - [19/Aug/2025:16:52:55 -0400] "GET /test/config/ HTTP/1.1" 404 - "-" "-"
104.28.211.186 - - [19/Aug/2025:16:52:56 -0400] "GET /phpmyadmin/config.inc/ HTTP/1.1" 404 - "-" "-"
104.28.211.186 - - [19/Aug/2025:16:52:56 -0400] "GET /test-phpinfo/ HTTP/1.1" 404 - "-" "-"
104.28.211.186 - - [19/Aug/2025:16:52:56 -0400] "GET /symfony/public/info/ HTTP/1.1" 404 - "-" "-"
105.188.49.248 - - [19/Aug/2025:16:52:57 -0400] "GET /.well-known/acme-challenge/shell20211028.php HTTP/1.1" 404 - "-" "Mozilla/5.0 (Windows NT 10.0; Win64; x64) AppleWebKit/537.36 (KHTML, like Gecko) Chrome/58.0.3029.110 Safari/537.36"
144.76.32.145 - - [19/Aug/2025:16:52:57 -0400] "GET /ca3561/?path=/home/greenfieldcom/mail/greenfield.com.sa/info/cur HTTP/1.1" 200 6261 "-" "Mozilla/5.0 (compatible; BLEXBot/1.0; +https://help.seranking.com/en/blex-crawler)"
105.188.49.248 - - [19/Aug/2025:16:52:59 -0400] "GET /saiga/index.php HTTP/1.1" 404 - "-" "Mozilla/5.0 (Windows NT 10.0; Win64; x64) AppleWebKit/537.36 (KHTML, like Gecko) Chrome/58.0.3029.110 Safari/537.36"
144.76.32.145 - - [19/Aug/2025:16:53:01 -0400] "GET /ca3561/?path=/home/greenfieldcom/mail/greenfield.com.sa/info/new HTTP/1.1" 200 737 "-" "Mozilla/5.0 (compatible; BLEXBot/1.0; +https://help.seranking.com/en/blex-crawler)"
105.188.49.248 - - [19/Aug/2025:16:53:01 -0400] "GET /wp-admin/bless.php HTTP/1.1" 404 - "-" "Mozilla/5.0 (Windows NT 10.0; Win64; x64) AppleWebKit/537.36 (KHTML, like Gecko) Chrome/58.0.3029.110 Safari/537.36"
104.28.211.186 - - [19/Aug/2025:16:53:05 -0400] "GET /adminpanel/phpinfo/ HTTP/1.1" 404 - "-" "-"
144.76.32.145 - - [19/Aug/2025:16:53:05 -0400] "GET /ca3561/?path=/home/greenfieldcom/mail/greenfield.com.sa/info/tmp HTTP/1.1" 200 736 "-" "Mozilla/5.0 (compatible; BLEXBot/1.0; +https://help.seranking.com/en/blex-crawler)"
105.188.49.248 - - [19/Aug/2025:16:53:06 -0400] "GET /wp-content/bala.php HTTP/1.1" 404 - "-" "Mozilla/5.0 (Windows NT 10.0; Win64; x64) AppleWebKit/537.36 (KHTML, like Gecko) Chrome/58.0.3029.110 Safari/537.36"
144.76.32.145 - - [19/Aug/2025:16:53:09 -0400] "GET /ca3561/?path=/home/greenfieldcom/mail/greenfield.com.sa/kh.osman HTTP/1.1" 200 1018 "-" "Mozilla/5.0 (compatible; BLEXBot/1.0; +https://help.seranking.com/en/blex-crawler)"
105.188.49.248 - - [19/Aug/2025:16:53:11 -0400] "GET /wp-includes/certificates/wp-login.php HTTP/1.1" 404 - "-" "Mozilla/5.0 (Windows NT 10.0; Win64; x64) AppleWebKit/537.36 (KHTML, like Gecko) Chrome/58.0.3029.110 Safari/537.36"
144.76.32.145 - - [19/Aug/2025:16:53:15 -0400] "GET /ca3561/?path=/home/greenfieldcom/mail/greenfield.com.sa/m.erfaan HTTP/1.1" 200 1043 "-" "Mozilla/5.0 (compatible; BLEXBot/1.0; +https://help.seranking.com/en/blex-crawler)"
52.167.144.206 - - [19/Aug/2025:16:53:16 -0400] "GET /18660403 HTTP/1.1" 404 - "-" "Mozilla/5.0 AppleWebKit/537.36 (KHTML, like Gecko; compatible; bingbot/2.0; +http://www.bing.com/bingbot.htm) Chrome/116.0.1938.76 Safari/537.36"
105.188.49.248 - - [19/Aug/2025:16:53:17 -0400] "GET /images/fw.php HTTP/1.1" 404 - "-" "Mozilla/5.0 (Windows NT 10.0; Win64; x64) AppleWebKit/537.36 (KHTML, like Gecko) Chrome/58.0.3029.110 Safari/537.36"
51.222.253.12 - - [19/Aug/2025:16:53:17 -0400] "GET /490869980 HTTP/1.1" 404 - "-" "Mozilla/5.0 (compatible; AhrefsBot/7.0; +http://ahrefs.com/robot/)"
144.76.32.145 - - [19/Aug/2025:16:53:21 -0400] "GET /ca3561/?path=/home/greenfieldcom/mail/greenfield.com.sa/m.khalaf HTTP/1.1" 200 1019 "-" "Mozilla/5.0 (compatible; BLEXBot/1.0; +https://help.seranking.com/en/blex-crawler)"
105.188.49.248 - - [19/Aug/2025:16:53:22 -0400] "GET /wp-content/themes/about.php7 HTTP/1.1" 404 - "-" "Mozilla/5.0 (Windows NT 10.0; Win64; x64) AppleWebKit/537.36 (KHTML, like Gecko) Chrome/58.0.3029.110 Safari/537.36"
144.76.32.145 - - [19/Aug/2025:16:53:25 -0400] "GET /ca3561/?path=/home/greenfieldcom/mail/greenfield.com.sa/m.shahin HTTP/1.1" 200 1031 "-" "Mozilla/5.0 (compatible; BLEXBot/1.0; +https://help.seranking.com/en/blex-crawler)"
105.188.49.248 - - [19/Aug/2025:16:53:27 -0400] "GET /rindex.php?action=add HTTP/1.1" 404 - "-" "Mozilla/5.0 (Windows NT 10.0; Win64; x64) AppleWebKit/537.36 (KHTML, like Gecko) Chrome/58.0.3029.110 Safari/537.36"
105.188.49.248 - - [19/Aug/2025:16:53:29 -0400] "GET /images/bless.php HTTP/1.1" 404 - "-" "Mozilla/5.0 (Windows NT 10.0; Win64; x64) AppleWebKit/537.36 (KHTML, like Gecko) Chrome/58.0.3029.110 Safari/537.36"
144.76.32.145 - - [19/Aug/2025:16:53:29 -0400] "GET /ca3561/?path=/home/greenfieldcom/mail/greenfield.com.sa/supports HTTP/1.1" 200 978 "-" "Mozilla/5.0 (compatible; BLEXBot/1.0; +https://help.seranking.com/en/blex-crawler)"
104.28.211.186 - - [19/Aug/2025:16:53:30 -0400] "GET /admin/home/ HTTP/1.1" 404 - "-" "-"
104.28.211.186 - - [19/Aug/2025:16:53:31 -0400] "GET /wp-content/wp-configs/ HTTP/1.1" 404 - "-" "-"
104.28.211.186 - - [19/Aug/2025:16:53:31 -0400] "GET /1ppy/ HTTP/1.1" 404 - "-" "-"
104.28.211.186 - - [19/Aug/2025:16:53:31 -0400] "GET /wp_wrong_datlib/ HTTP/1.1" 404 - "-" "-"
105.188.49.248 - - [19/Aug/2025:16:53:31 -0400] "GET /administrator/templates/isis/error.php HTTP/1.1" 404 - "-" "Mozilla/5.0 (Windows NT 10.0; Win64; x64) AppleWebKit/537.36 (KHTML, like Gecko) Chrome/58.0.3029.110 Safari/537.36"
104.28.211.186 - - [19/Aug/2025:16:53:32 -0400] "GET /installer/env/ HTTP/1.1" 404 - "-" "-"
104.28.211.186 - - [19/Aug/2025:16:53:32 -0400] "GET /test-2/ HTTP/1.1" 404 - "-" "-"
144.76.32.145 - - [19/Aug/2025:16:53:33 -0400] "GET /ca3561/?path=/home/greenfieldcom/public_html/asset&edit=tool.php HTTP/1.1" 200 928 "-" "Mozilla/5.0 (compatible; BLEXBot/1.0; +https://help.seranking.com/en/blex-crawler)"
104.28.211.186 - - [19/Aug/2025:16:53:33 -0400] "GET /24/ HTTP/1.1" 404 - "-" "-"
104.28.211.186 - - [19/Aug/2025:16:53:33 -0400] "GET /wp-config/.master HTTP/1.1" 404 - "-" "-"
104.28.211.186 - - [19/Aug/2025:16:53:34 -0400] "GET /system/configuration/ HTTP/1.1" 404 - "-" "-"
105.188.49.248 - - [19/Aug/2025:16:53:34 -0400] "GET /wp-content/leafmailer.php HTTP/1.1" 404 - "-" "Mozilla/5.0 (Windows NT 10.0; Win64; x64) AppleWebKit/537.36 (KHTML, like Gecko) Chrome/58.0.3029.110 Safari/537.36"
104.28.211.186 - - [19/Aug/2025:16:53:34 -0400] "GET /.well-known/wp-load/ HTTP/1.1" 404 - "-" "-"
104.28.211.186 - - [19/Aug/2025:16:53:34 -0400] "GET /cux/ HTTP/1.1" 404 - "-" "-"
104.28.211.186 - - [19/Aug/2025:16:53:34 -0400] "GET /wp-includes/images/smilies/wp-login/ HTTP/1.1" 404 - "-" "-"
104.28.211.186 - - [19/Aug/2025:16:53:35 -0400] "GET /pma/info/ HTTP/1.1" 404 - "-" "-"
144.76.32.145 - - [19/Aug/2025:16:53:37 -0400] "GET /ca3561/?path=/home/greenfieldcom/public_html/js&edit=count-to.js HTTP/1.1" 200 5077 "-" "Mozilla/5.0 (compatible; BLEXBot/1.0; +https://help.seranking.com/en/blex-crawler)"
104.28.211.186 - - [19/Aug/2025:16:53:37 -0400] "GET /media/ HTTP/1.1" 404 - "-" "-"
105.188.49.248 - - [19/Aug/2025:16:53:38 -0400] "GET /back/function.php HTTP/1.1" 404 - "-" "Mozilla/5.0 (Windows NT 10.0; Win64; x64) AppleWebKit/537.36 (KHTML, like Gecko) Chrome/58.0.3029.110 Safari/537.36"
104.28.211.186 - - [19/Aug/2025:16:53:38 -0400] "GET /sql/ HTTP/1.1" 404 - "-" "-"
104.28.211.186 - - [19/Aug/2025:16:53:38 -0400] "GET /wp-content/uploads/gravity_forms/ss4/ HTTP/1.1" 404 - "-" "-"
104.28.211.186 - - [19/Aug/2025:16:53:39 -0400] "GET /shell20211028/ HTTP/1.1" 404 - "-" "-"
104.28.211.186 - - [19/Aug/2025:16:53:39 -0400] "GET /admin/system/ HTTP/1.1" 404 - "-" "-"
104.28.211.186 - - [19/Aug/2025:16:53:40 -0400] "GET /wp-admin/wp-admin/ HTTP/1.1" 404 - "-" "-"
104.28.211.186 - - [19/Aug/2025:16:53:40 -0400] "GET /magento/info/ HTTP/1.1" 404 - "-" "-"
104.28.211.186 - - [19/Aug/2025:16:53:40 -0400] "GET /aws/config/ HTTP/1.1" 404 - "-" "-"
104.28.211.186 - - [19/Aug/2025:16:53:40 -0400] "GET /localhost/ HTTP/1.1" 404 - "-" "-"
104.28.211.186 - - [19/Aug/2025:16:53:41 -0400] "GET /index//System/MailConnect/host/cv70746qmvg2e64s737gbdxzghwthkyk4.oast.site/port/80/secure/ HTTP/1.1" 404 - "-" "-"
105.188.49.248 - - [19/Aug/2025:16:53:41 -0400] "GET /wp-admin/css/colors/blue/ioxi1.php HTTP/1.1" 404 - "-" "Mozilla/5.0 (Windows NT 10.0; Win64; x64) AppleWebKit/537.36 (KHTML, like Gecko) Chrome/58.0.3029.110 Safari/537.36"
104.28.211.186 - - [19/Aug/2025:16:53:41 -0400] "GET /IDhrIlrLb/ HTTP/1.1" 404 - "-" "-"
144.76.32.145 - - [19/Aug/2025:16:53:42 -0400] "GET /ca3561/?path=/home/greenfieldcom/logs/roundcube&edit=sendmail.log HTTP/1.1" 200 1283 "-" "Mozilla/5.0 (compatible; BLEXBot/1.0; +https://help.seranking.com/en/blex-crawler)"
104.28.211.186 - - [19/Aug/2025:16:53:42 -0400] "GET /dbg/ HTTP/1.1" 404 - "-" "-"
104.28.211.186 - - [19/Aug/2025:16:53:42 -0400] "GET /sites/all/libraries/plupload/examples/upload/ HTTP/1.1" 404 - "-" "-"
104.28.211.186 - - [19/Aug/2025:16:53:43 -0400] "GET /test/setup/ HTTP/1.1" 404 - "-" "-"
114.119.143.225 - - [19/Aug/2025:16:53:44 -0400] "GET /ca3561/?path=/usr/share/zoneinfo/Asia&edit=Barnaul HTTP/1.1" 200 2072 "https://greenfield.com.sa/ca3561/?path=/usr/share/zoneinfo/Asia" "Mozilla/5.0 (Linux; Android 7.0;) AppleWebKit/537.36 (KHTML, like Gecko) Mobile Safari/537.36 (compatible; PetalBot;+https://webmaster.petalsearch.com/site/petalbot)"
104.28.211.186 - - [19/Aug/2025:16:53:44 -0400] "GET /installer/database/ HTTP/1.1" 404 - "-" "-"
105.188.49.248 - - [19/Aug/2025:16:53:45 -0400] "GET /doc/function.php HTTP/1.1" 404 - "-" "Mozilla/5.0 (Windows NT 10.0; Win64; x64) AppleWebKit/537.36 (KHTML, like Gecko) Chrome/58.0.3029.110 Safari/537.36"
144.76.32.145 - - [19/Aug/2025:16:53:45 -0400] "GET /ca3561/?path=/home/greenfieldcom/mail/.Archive&edit=maildirfolder HTTP/1.1" 200 900 "-" "Mozilla/5.0 (compatible; BLEXBot/1.0; +https://help.seranking.com/en/blex-crawler)"
104.28.211.186 - - [19/Aug/2025:16:53:46 -0400] "GET /probe/ HTTP/1.1" 404 - "-" "-"
104.28.211.186 - - [19/Aug/2025:16:53:46 -0400] "GET /old/database/ HTTP/1.1" 404 - "-" "-"
104.28.211.186 - - [19/Aug/2025:16:53:47 -0400] "GET /oo/ HTTP/1.1" 404 - "-" "-"
104.28.211.186 - - [19/Aug/2025:16:53:47 -0400] "GET /wp-admin/js/autoload_classmap/ HTTP/1.1" 404 - "-" "-"
104.28.211.186 - - [19/Aug/2025:16:53:48 -0400] "GET /disagrsod/ HTTP/1.1" 404 - "-" "-"
104.28.211.186 - - [19/Aug/2025:16:53:48 -0400] "GET /blacksec/ HTTP/1.1" 404 - "-" "-"
104.28.211.186 - - [19/Aug/2025:16:53:48 -0400] "GET /wp-config.dev/ HTTP/1.1" 404 - "-" "-"
104.28.211.186 - - [19/Aug/2025:16:53:48 -0400] "GET /qa/ HTTP/1.1" 404 - "-" "-"
104.28.211.186 - - [19/Aug/2025:16:53:49 -0400] "GET /typo3conf/AdditionalConfiguration/ HTTP/1.1" 404 - "-" "-"
190.112.153.203 - - [19/Aug/2025:16:53:49 -0400] "GET /641528523 HTTP/1.1" 404 - "https://greenfield.com.sa/641528523" "Mozilla/5.0 (Windows NT 10.0; Win64; x64) AppleWebKit/537.36 (KHTML, like Gecko) Chrome/135.0.0.0 Safari/537.36"
104.28.211.186 - - [19/Aug/2025:16:53:49 -0400] "GET /php_test/ HTTP/1.1" 404 - "-" "-"
144.76.32.145 - - [19/Aug/2025:16:53:49 -0400] "GET /ca3561/?path=/home/greenfieldcom/mail/.Trash&edit=dovecot-uidlist HTTP/1.1" 200 723751 "-" "Mozilla/5.0 (compatible; BLEXBot/1.0; +https://help.seranking.com/en/blex-crawler)"
104.28.211.186 - - [19/Aug/2025:16:53:49 -0400] "GET /src/config/global/ HTTP/1.1" 404 - "-" "-"
105.188.49.248 - - [19/Aug/2025:16:53:50 -0400] "GET /.tmb/index.php HTTP/1.1" 404 - "-" "Mozilla/5.0 (Windows NT 10.0; Win64; x64) AppleWebKit/537.36 (KHTML, like Gecko) Chrome/58.0.3029.110 Safari/537.36"
104.28.211.186 - - [19/Aug/2025:16:53:50 -0400] "GET /includes/ HTTP/1.1" 404 - "-" "-"
104.28.211.186 - - [19/Aug/2025:16:53:50 -0400] "GET /test/wp-config/ HTTP/1.1" 404 - "-" "-"
104.28.211.186 - - [19/Aug/2025:16:53:50 -0400] "GET /wso2/ HTTP/1.1" 404 - "-" "-"
104.28.211.186 - - [19/Aug/2025:16:53:51 -0400] "GET /wp-content/upgrade/sx/ HTTP/1.1" 404 - "-" "-"
104.28.211.186 - - [19/Aug/2025:16:53:51 -0400] "GET /old-index/ HTTP/1.1" 404 - "-" "-"
104.28.211.186 - - [19/Aug/2025:16:53:51 -0400] "GET /wp-theme/ HTTP/1.1" 404 - "-" "-"
104.28.211.186 - - [19/Aug/2025:16:53:52 -0400] "GET /inc/environment/ HTTP/1.1" 404 - "-" "-"
104.28.211.186 - - [19/Aug/2025:16:53:52 -0400] "GET /config/creds/ HTTP/1.1" 404 - "-" "-"
104.28.211.186 - - [19/Aug/2025:16:53:52 -0400] "GET /php-features/ HTTP/1.1" 404 - "-" "-"
104.28.211.186 - - [19/Aug/2025:16:53:53 -0400] "GET /tmp/i/ HTTP/1.1" 404 - "-" "-"
104.28.211.186 - - [19/Aug/2025:16:53:53 -0400] "GET /templates/beez5/index/ HTTP/1.1" 404 - "-" "-"
104.28.211.186 - - [19/Aug/2025:16:53:53 -0400] "GET /performance/ HTTP/1.1" 404 - "-" "-"
104.28.211.186 - - [19/Aug/2025:16:53:54 -0400] "GET /wp-content/plugins/ubh/up/ HTTP/1.1" 404 - "-" "-"
104.28.211.186 - - [19/Aug/2025:16:53:54 -0400] "GET /wp/info/ HTTP/1.1" 404 - "-" "-"
105.188.49.248 - - [19/Aug/2025:16:53:55 -0400] "GET /wp-includes/php-compat/chosen.php HTTP/1.1" 404 - "-" "Mozilla/5.0 (Windows NT 10.0; Win64; x64) AppleWebKit/537.36 (KHTML, like Gecko) Chrome/58.0.3029.110 Safari/537.36"
104.28.211.186 - - [19/Aug/2025:16:53:59 -0400] "GET /prestashop/info/ HTTP/1.1" 404 - "-" "-"
104.28.211.186 - - [19/Aug/2025:16:53:59 -0400] "GET /env.config/ HTTP/1.1" 404 - "-" "-"
104.28.211.186 - - [19/Aug/2025:16:53:59 -0400] "GET /xl2023x/ HTTP/1.1" 404 - "-" "-"
104.28.211.186 - - [19/Aug/2025:16:53:59 -0400] "GET /include/makecvs/ HTTP/1.1" 404 - "-" "-"
104.28.211.186 - - [19/Aug/2025:16:54:00 -0400] "GET /admin_area/admin/ HTTP/1.1" 404 - "-" "-"
104.28.211.186 - - [19/Aug/2025:16:54:00 -0400] "GET /host_phpinfo/ HTTP/1.1" 404 - "-" "-"
104.28.211.186 - - [19/Aug/2025:16:54:01 -0400] "GET /demo/hostarvideoplayer/ HTTP/1.1" 404 - "-" "-"
104.28.211.186 - - [19/Aug/2025:16:54:01 -0400] "GET /wso/ HTTP/1.1" 404 - "-" "-"
104.28.211.186 - - [19/Aug/2025:16:54:02 -0400] "GET /docker/secrets/ HTTP/1.1" 404 - "-" "-"
104.28.211.186 - - [19/Aug/2025:16:54:02 -0400] "GET /phpinfo.phps HTTP/1.1" 404 - "-" "-"
104.28.211.186 - - [19/Aug/2025:16:54:02 -0400] "GET /fai/ HTTP/1.1" 404 - "-" "-"
104.28.211.186 - - [19/Aug/2025:16:54:03 -0400] "GET /wp-content/plugins/masterx/wpx/ HTTP/1.1" 404 - "-" "-"
104.28.211.186 - - [19/Aug/2025:16:54:03 -0400] "GET /core/config/constants/ HTTP/1.1" 404 - "-" "-"
104.28.211.186 - - [19/Aug/2025:16:54:03 -0400] "GET /site_test/ HTTP/1.1" 404 - "-" "-"
104.28.211.186 - - [19/Aug/2025:16:54:04 -0400] "GET /tests/database/ HTTP/1.1" 404 - "-" "-"
104.28.211.186 - - [19/Aug/2025:16:54:04 -0400] "GET /0x/ HTTP/1.1" 404 - "-" "-"
104.28.211.186 - - [19/Aug/2025:16:54:04 -0400] "GET /class-IXR-encryption/ HTTP/1.1" 404 - "-" "-"
66.249.68.2 - - [19/Aug/2025:16:54:06 -0400] "GET /29609819.phtml HTTP/1.1" 404 - "-" "Mozilla/5.0 (Linux; Android 6.0.1; Nexus 5X Build/MMB29P) AppleWebKit/537.36 (KHTML, like Gecko) Chrome/138.0.7204.183 Mobile Safari/537.36 (compatible; Googlebot/2.1; +http://www.google.com/bot.html)"
104.28.211.186 - - [19/Aug/2025:16:54:07 -0400] "GET /st/ HTTP/1.1" 404 - "-" "-"
104.28.211.186 - - [19/Aug/2025:16:54:07 -0400] "GET /wp-js/ HTTP/1.1" 404 - "-" "-"
104.28.211.186 - - [19/Aug/2025:16:54:08 -0400] "GET /conn_test/ HTTP/1.1" 404 - "-" "-"
104.28.211.186 - - [19/Aug/2025:16:54:08 -0400] "GET /showphpinfo/ HTTP/1.1" 404 - "-" "-"
104.28.211.186 - - [19/Aug/2025:16:54:08 -0400] "GET /env.stage/ HTTP/1.1" 404 - "-" "-"
104.28.211.186 - - [19/Aug/2025:16:54:09 -0400] "GET /mdzpk/ HTTP/1.1" 404 - "-" "-"
104.28.211.186 - - [19/Aug/2025:16:54:09 -0400] "GET /defense/ HTTP/1.1" 404 - "-" "-"
104.28.211.186 - - [19/Aug/2025:16:54:09 -0400] "GET /local/config/config/ HTTP/1.1" 404 - "-" "-"
104.28.211.186 - - [19/Aug/2025:16:54:10 -0400] "GET /admin/environment/ HTTP/1.1" 404 - "-" "-"
104.28.211.186 - - [19/Aug/2025:16:54:10 -0400] "GET /summary/ HTTP/1.1" 404 - "-" "-"
104.28.211.186 - - [19/Aug/2025:16:54:11 -0400] "GET /local/test/ HTTP/1.1" 404 - "-" "-"
104.28.211.186 - - [19/Aug/2025:16:54:11 -0400] "GET /guest_auth/guestIsUp/ HTTP/1.1" 404 - "-" "-"
104.28.211.186 - - [19/Aug/2025:16:54:12 -0400] "GET /show-info/ HTTP/1.1" 404 - "-" "-"
104.28.211.186 - - [19/Aug/2025:16:54:12 -0400] "GET /member/ajax_membergroup/ HTTP/1.1" 404 - "-" "-"
104.28.211.186 - - [19/Aug/2025:16:54:12 -0400] "GET /wp-includes/pomo/fgertreyersd/.suspected HTTP/1.1" 404 - "-" "-"
104.28.211.186 - - [19/Aug/2025:16:54:12 -0400] "GET /bak/database/ HTTP/1.1" 404 - "-" "-"
104.28.211.186 - - [19/Aug/2025:16:54:13 -0400] "GET /wp-includes/smaxx/ HTTP/1.1" 404 - "-" "-"
40.77.167.255 - - [19/Aug/2025:16:54:15 -0400] "GET /607536775 HTTP/1.1" 404 - "-" "Mozilla/5.0 AppleWebKit/537.36 (KHTML, like Gecko; compatible; bingbot/2.0; +http://www.bing.com/bingbot.htm) Chrome/116.0.1938.76 Safari/537.36"
104.28.211.186 - - [19/Aug/2025:16:54:16 -0400] "GET /wp-content/plugins/ioptimization/IOptimize/ HTTP/1.1" 404 - "-" "-"
104.28.211.186 - - [19/Aug/2025:16:54:17 -0400] "GET /dbinfo/ HTTP/1.1" 404 - "-" "-"
104.28.211.186 - - [19/Aug/2025:16:54:17 -0400] "GET /wp-admin/css/colors/blue/wp-login/ HTTP/1.1" 404 - "-" "-"
104.28.211.186 - - [19/Aug/2025:16:54:18 -0400] "GET /index4/ HTTP/1.1" 404 - "-" "-"
104.28.211.186 - - [19/Aug/2025:16:54:18 -0400] "GET /wiki/phpinfo/ HTTP/1.1" 404 - "-" "-"
104.28.211.186 - - [19/Aug/2025:16:54:18 -0400] "GET /.well-known/link/ HTTP/1.1" 404 - "-" "-"
104.28.211.186 - - [19/Aug/2025:16:54:19 -0400] "GET /debug-phpinfo/ HTTP/1.1" 404 - "-" "-"
104.28.211.186 - - [19/Aug/2025:16:54:20 -0400] "GET /if/ HTTP/1.1" 404 - "-" "-"
104.28.211.186 - - [19/Aug/2025:16:54:20 -0400] "GET /about-me/ HTTP/1.1" 404 - "-" "-"
104.28.211.186 - - [19/Aug/2025:16:54:21 -0400] "GET /include/downmix.inc/ HTTP/1.1" 404 - "-" "-"
104.28.211.186 - - [19/Aug/2025:16:54:21 -0400] "GET /viewphpinfo/ HTTP/1.1" 404 - "-" "-"
104.28.211.186 - - [19/Aug/2025:16:54:21 -0400] "GET /lander/sberchat5v4_tds_newcrm_017-ec_register-_1732091122/index/ HTTP/1.1" 404 - "-" "-"
104.28.211.186 - - [19/Aug/2025:16:54:21 -0400] "GET /zcoqCGrnVix/ HTTP/1.1" 404 - "-" "-"
104.28.211.186 - - [19/Aug/2025:16:54:22 -0400] "GET /css/xp/ HTTP/1.1" 404 - "-" "-"
104.28.211.186 - - [19/Aug/2025:16:54:22 -0400] "GET /zp/zp-core/setup/index/ HTTP/1.1" 404 - "-" "-"
104.28.211.186 - - [19/Aug/2025:16:54:23 -0400] "GET /wp-config/.development HTTP/1.1" 404 - "-" "-"
104.28.211.186 - - [19/Aug/2025:16:54:23 -0400] "GET /adm/ HTTP/1.1" 404 - "-" "-"
104.28.211.186 - - [19/Aug/2025:16:54:23 -0400] "GET /support/phpinfo/ HTTP/1.1" 404 - "-" "-"
104.28.211.186 - - [19/Aug/2025:16:54:24 -0400] "GET /drupal/sites/default/settings/ HTTP/1.1" 404 - "-" "-"
104.28.211.186 - - [19/Aug/2025:16:54:24 -0400] "GET /info._/ HTTP/1.1" 404 - "-" "-"
104.28.211.186 - - [19/Aug/2025:16:54:27 -0400] "GET /assets/global/plugins/jquery-file-upload/server/php/index/ HTTP/1.1" 404 - "-" "-"
104.28.211.186 - - [19/Aug/2025:16:54:27 -0400] "GET /admin_info/ HTTP/1.1" 404 - "-" "-"
104.28.211.186 - - [19/Aug/2025:16:54:28 -0400] "GET /pip/ HTTP/1.1" 404 - "-" "-"
104.28.211.186 - - [19/Aug/2025:16:54:28 -0400] "GET /sites/all/libraries/elfinder/src/connectors/php/connector/ HTTP/1.1" 404 - "-" "-"
104.28.211.186 - - [19/Aug/2025:16:54:28 -0400] "GET /env.staging/ HTTP/1.1" 404 - "-" "-"
104.28.211.186 - - [19/Aug/2025:16:54:29 -0400] "GET /info/phpinfo/index/ HTTP/1.1" 404 - "-" "-"
144.76.32.145 - - [19/Aug/2025:16:54:29 -0400] "GET /ca3561/?path=/home/greenfieldcom/mail/greenfield.com.sa/a.abd/new HTTP/1.1" 200 1534 "-" "Mozilla/5.0 (compatible; BLEXBot/1.0; +https://help.seranking.com/en/blex-crawler)"
104.28.211.186 - - [19/Aug/2025:16:54:29 -0400] "GET /wp-content/themes/wp-pridmag/admin/ HTTP/1.1" 404 - "-" "-"
104.28.211.186 - - [19/Aug/2025:16:54:29 -0400] "GET /.well-known/phpinfo/ HTTP/1.1" 404 - "-" "-"
144.76.32.145 - - [19/Aug/2025:16:54:32 -0400] "GET /ca3561/?path=/home/greenfieldcom/mail/greenfield.com.sa/a.abd/tmp HTTP/1.1" 200 736 "-" "Mozilla/5.0 (compatible; BLEXBot/1.0; +https://help.seranking.com/en/blex-crawler)"
144.76.32.145 - - [19/Aug/2025:16:54:38 -0400] "GET /ca3561/?path=/home/greenfieldcom/mail/greenfield.com.sa/a.shuwier HTTP/1.1" 200 1020 "-" "Mozilla/5.0 (compatible; BLEXBot/1.0; +https://help.seranking.com/en/blex-crawler)"
144.76.32.145 - - [19/Aug/2025:16:54:41 -0400] "GET /ca3561/?path=/home/greenfieldcom/mail/greenfield.com.sa/admin/cur HTTP/1.1" 200 919 "-" "Mozilla/5.0 (compatible; BLEXBot/1.0; +https://help.seranking.com/en/blex-crawler)"
104.28.211.186 - - [19/Aug/2025:16:54:41 -0400] "GET /wp-content/plugins/wp-login/ HTTP/1.1" 404 - "-" "-"
104.28.211.186 - - [19/Aug/2025:16:54:42 -0400] "GET /ilusi/ HTTP/1.1" 404 - "-" "-"
104.28.211.186 - - [19/Aug/2025:16:54:42 -0400] "GET /live/config/ HTTP/1.1" 404 - "-" "-"
104.28.211.186 - - [19/Aug/2025:16:54:42 -0400] "GET /wp-content/upgrade/dropdown/ HTTP/1.1" 404 - "-" "-"
104.28.211.186 - - [19/Aug/2025:16:54:43 -0400] "GET /wp-includes/network/ HTTP/1.1" 404 - "-" "-"
51.222.253.18 - - [19/Aug/2025:16:54:43 -0400] "GET /489308231 HTTP/1.1" 404 - "-" "Mozilla/5.0 (compatible; AhrefsBot/7.0; +http://ahrefs.com/robot/)"
104.28.211.186 - - [19/Aug/2025:16:54:43 -0400] "GET /website_test/ HTTP/1.1" 404 - "-" "-"
104.28.211.186 - - [19/Aug/2025:16:54:44 -0400] "GET /alfa-shell-v4/ HTTP/1.1" 404 - "-" "-"
144.76.32.145 - - [19/Aug/2025:16:54:44 -0400] "GET /ca3561/?path=/home/greenfieldcom/mail/greenfield.com.sa/admin/new HTTP/1.1" 200 3296 "-" "Mozilla/5.0 (compatible; BLEXBot/1.0; +https://help.seranking.com/en/blex-crawler)"
104.28.211.186 - - [19/Aug/2025:16:54:44 -0400] "GET /pma/scripts/setup/ HTTP/1.1" 404 - "-" "-"
104.28.211.186 - - [19/Aug/2025:16:54:45 -0400] "GET /wp-content/languages/link/ HTTP/1.1" 404 - "-" "-"
66.249.79.193 - - [19/Aug/2025:16:54:46 -0400] "GET /634202169 HTTP/1.1" 404 - "-" "Mozilla/5.0 (Linux; Android 6.0.1; Nexus 5X Build/MMB29P) AppleWebKit/537.36 (KHTML, like Gecko) Chrome/138.0.7204.183 Mobile Safari/537.36 (compatible; Googlebot/2.1; +http://www.google.com/bot.html)"
104.28.211.186 - - [19/Aug/2025:16:54:47 -0400] "GET /upload/info/ HTTP/1.1" 404 - "-" "-"
104.28.211.186 - - [19/Aug/2025:16:54:47 -0400] "GET /qwerty/ HTTP/1.1" 404 - "-" "-"
144.76.32.145 - - [19/Aug/2025:16:54:47 -0400] "GET /ca3561/?path=/home/greenfieldcom/mail/greenfield.com.sa/admin/tmp HTTP/1.1" 200 736 "-" "Mozilla/5.0 (compatible; BLEXBot/1.0; +https://help.seranking.com/en/blex-crawler)"
104.28.211.186 - - [19/Aug/2025:16:54:49 -0400] "GET /info02/ HTTP/1.1" 404 - "-" "-"
104.28.211.186 - - [19/Aug/2025:16:54:50 -0400] "GET /status/phpinfo/ HTTP/1.1" 404 - "-" "-"
104.28.211.186 - - [19/Aug/2025:16:54:50 -0400] "GET /wp-includes/certificates/autoload_classmap/ HTTP/1.1" 404 - "-" "-"
144.76.32.145 - - [19/Aug/2025:16:54:50 -0400] "GET /ca3561/?path=/home/greenfieldcom/mail/greenfield.com.sa/ahmad.ali HTTP/1.1" 200 1012 "-" "Mozilla/5.0 (compatible; BLEXBot/1.0; +https://help.seranking.com/en/blex-crawler)"
104.28.211.186 - - [19/Aug/2025:16:54:51 -0400] "GET /hostinginfo/ HTTP/1.1" 404 - "-" "-"
104.28.211.186 - - [19/Aug/2025:16:54:51 -0400] "GET /inc/ HTTP/1.1" 404 - "-" "-"
104.28.211.186 - - [19/Aug/2025:16:54:52 -0400] "GET /stage/config/ HTTP/1.1" 404 - "-" "-"
104.28.211.186 - - [19/Aug/2025:16:54:52 -0400] "GET /production/environment/ HTTP/1.1" 404 - "-" "-"
104.28.211.186 - - [19/Aug/2025:16:54:53 -0400] "GET /makeasmtp/ HTTP/1.1" 404 - "-" "-"
104.28.211.186 - - [19/Aug/2025:16:54:53 -0400] "GET /wp-includes/fonts/admin/ HTTP/1.1" 404 - "-" "-"
104.28.211.186 - - [19/Aug/2025:16:54:53 -0400] "GET /xcc/ HTTP/1.1" 404 - "-" "-"
104.28.211.186 - - [19/Aug/2025:16:54:54 -0400] "GET /web/environment/ HTTP/1.1" 404 - "-" "-"
104.28.211.186 - - [19/Aug/2025:16:54:54 -0400] "GET /wp-content/plugins/ninja-forms/randkeyword/ HTTP/1.1" 404 - "-" "-"
144.76.32.145 - - [19/Aug/2025:16:54:55 -0400] "GET /ca3561/?path=/home/greenfieldcom/mail/greenfield.com.sa/alsaghier HTTP/1.1" 200 1036 "-" "Mozilla/5.0 (compatible; BLEXBot/1.0; +https://help.seranking.com/en/blex-crawler)"
104.28.211.186 - - [19/Aug/2025:16:54:55 -0400] "GET /inputs/ HTTP/1.1" 404 - "-" "-"
104.28.211.186 - - [19/Aug/2025:16:54:55 -0400] "GET /wp-includes/block-patterns/themes/ HTTP/1.1" 404 - "-" "-"
104.28.211.186 - - [19/Aug/2025:16:54:56 -0400] "GET /example/info/ HTTP/1.1" 404 - "-" "-"
104.28.211.186 - - [19/Aug/2025:16:54:56 -0400] "GET /wp-includes/IXR/plugins/ HTTP/1.1" 404 - "-" "-"
104.28.211.186 - - [19/Aug/2025:16:54:57 -0400] "GET /.env-dev/ HTTP/1.1" 404 - "-" "-"
104.28.211.186 - - [19/Aug/2025:16:54:58 -0400] "GET /env.conf/ HTTP/1.1" 404 - "-" "-"
104.28.211.186 - - [19/Aug/2025:16:54:58 -0400] "GET /database/.save HTTP/1.1" 404 - "-" "-"
104.28.211.186 - - [19/Aug/2025:16:54:58 -0400] "GET /wp-content/uploads/cong/ HTTP/1.1" 404 - "-" "-"
104.28.211.186 - - [19/Aug/2025:16:54:59 -0400] "GET /wp-content/uploads/file/ HTTP/1.1" 404 - "-" "-"
104.28.211.186 - - [19/Aug/2025:16:54:59 -0400] "GET /.well-known/cache-compat/ HTTP/1.1" 404 - "-" "-"
104.28.211.186 - - [19/Aug/2025:16:54:59 -0400] "GET /wp-includes/wp-gasnuv/ HTTP/1.1" 404 - "-" "-"
144.76.32.145 - - [19/Aug/2025:16:55:00 -0400] "GET /ca3561/?path=/home/greenfieldcom/mail/greenfield.com.sa/executive HTTP/1.1" 200 1023 "-" "Mozilla/5.0 (compatible; BLEXBot/1.0; +https://help.seranking.com/en/blex-crawler)"
104.28.211.186 - - [19/Aug/2025:16:55:00 -0400] "GET /del/ HTTP/1.1" 404 - "-" "-"
104.28.211.186 - - [19/Aug/2025:16:55:00 -0400] "GET /.well-known/pki-validation/fm/ HTTP/1.1" 404 - "-" "-"
104.28.211.186 - - [19/Aug/2025:16:55:01 -0400] "GET /asus/ HTTP/1.1" 404 - "-" "-"
144.76.32.145 - - [19/Aug/2025:16:55:05 -0400] "GET /ca3561/?path=/home/greenfieldcom/mail/greenfield.com.sa/hr/.Trash HTTP/1.1" 200 838 "-" "Mozilla/5.0 (compatible; BLEXBot/1.0; +https://help.seranking.com/en/blex-crawler)"
104.28.211.186 - - [19/Aug/2025:16:55:06 -0400] "GET /view_info/ HTTP/1.1" 404 - "-" "-"
104.28.211.186 - - [19/Aug/2025:16:55:06 -0400] "GET /wp-content/themes/dropdown/ HTTP/1.1" 404 - "-" "-"
114.119.143.225 - - [19/Aug/2025:16:55:06 -0400] "GET /ca3561/?path=/usr/share/zoneinfo/Africa HTTP/1.1" 200 1399 "https://greenfield.com.sa/ca3561/?path=/usr/share/zoneinfo&edit=PRC" "Mozilla/5.0 (Linux; Android 7.0;) AppleWebKit/537.36 (KHTML, like Gecko) Mobile Safari/537.36 (compatible; PetalBot;+https://webmaster.petalsearch.com/site/petalbot)"
104.28.211.186 - - [19/Aug/2025:16:55:07 -0400] "GET /modules/mod_simplefileuploadv1.3/elements/filemanager/ HTTP/1.1" 404 - "-" "-"
104.28.211.186 - - [19/Aug/2025:16:55:07 -0400] "GET /app/configuration/ HTTP/1.1" 404 - "-" "-"
104.28.211.186 - - [19/Aug/2025:16:55:08 -0400] "GET /wp-includes/block-supports/variations/ HTTP/1.1" 404 - "-" "-"
66.249.79.193 - - [19/Aug/2025:16:55:08 -0400] "GET /q-~296EvZyx8bYuiOSAftsFVpBWxGDErjbfV11124/ HTTP/1.1" 404 - "-" "Mozilla/5.0 (Linux; Android 6.0.1; Nexus 5X Build/MMB29P) AppleWebKit/537.36 (KHTML, like Gecko) Chrome/138.0.7204.183 Mobile Safari/537.36 (compatible; GoogleOther)"
104.28.211.186 - - [19/Aug/2025:16:55:08 -0400] "GET /shellsiapa/ HTTP/1.1" 404 - "-" "-"
104.28.211.186 - - [19/Aug/2025:16:55:09 -0400] "GET /certificates/chosen/ HTTP/1.1" 404 - "-" "-"
104.28.211.186 - - [19/Aug/2025:16:55:09 -0400] "GET /al/ HTTP/1.1" 404 - "-" "-"
104.28.211.186 - - [19/Aug/2025:16:55:10 -0400] "GET /test-installation/ HTTP/1.1" 404 - "-" "-"
104.28.211.186 - - [19/Aug/2025:16:55:10 -0400] "GET /wp-content/themes/file/ HTTP/1.1" 404 - "-" "-"
144.76.32.145 - - [19/Aug/2025:16:55:10 -0400] "GET /ca3561/?path=/home/greenfieldcom/mail/greenfield.com.sa/j.sultora HTTP/1.1" 200 1019 "-" "Mozilla/5.0 (compatible; BLEXBot/1.0; +https://help.seranking.com/en/blex-crawler)"
104.28.211.186 - - [19/Aug/2025:16:55:11 -0400] "GET /readme/ HTTP/1.1" 404 - "-" "-"
104.28.211.186 - - [19/Aug/2025:16:55:11 -0400] "GET /.env.public/ HTTP/1.1" 404 - "-" "-"
104.28.211.186 - - [19/Aug/2025:16:55:12 -0400] "GET /ping-pong/ HTTP/1.1" 404 - "-" "-"
104.28.211.186 - - [19/Aug/2025:16:55:12 -0400] "GET /wp-includes/Text/wp/ HTTP/1.1" 404 - "-" "-"
104.28.211.186 - - [19/Aug/2025:16:55:12 -0400] "GET /admin/controller/extension/extension/new/ HTTP/1.1" 404 - "-" "-"
104.28.211.186 - - [19/Aug/2025:16:55:13 -0400] "GET /wp-includes/SimplePie/Exception-class/ HTTP/1.1" 404 - "-" "-"
104.28.211.186 - - [19/Aug/2025:16:55:13 -0400] "GET /gelay/ HTTP/1.1" 404 - "-" "-"
104.28.211.186 - - [19/Aug/2025:16:55:13 -0400] "GET /wp-admin/js/widgets/cong/ HTTP/1.1" 404 - "-" "-"
104.28.211.186 - - [19/Aug/2025:16:55:14 -0400] "GET /cJLGqzB/ HTTP/1.1" 404 - "-" "-"
104.28.211.186 - - [19/Aug/2025:16:55:14 -0400] "GET /dup-installer/index/ HTTP/1.1" 404 - "-" "-"
104.28.211.186 - - [19/Aug/2025:16:55:15 -0400] "GET /wp-includes/IXR/wp-login/ HTTP/1.1" 404 - "-" "-"
104.28.211.186 - - [19/Aug/2025:16:55:15 -0400] "GET /input/ HTTP/1.1" 404 - "-" "-"
104.28.211.186 - - [19/Aug/2025:16:55:15 -0400] "GET /wp-admin/user/sx/ HTTP/1.1" 404 - "-" "-"
144.76.32.145 - - [19/Aug/2025:16:55:16 -0400] "GET /ca3561/?path=/home/greenfieldcom/mail/greenfield.com.sa/kh.khalil HTTP/1.1" 200 1093 "-" "Mozilla/5.0 (compatible; BLEXBot/1.0; +https://help.seranking.com/en/blex-crawler)"
104.28.211.186 - - [19/Aug/2025:16:55:16 -0400] "GET /debug/status/ HTTP/1.1" 404 - "-" "-"
104.28.211.186 - - [19/Aug/2025:16:55:16 -0400] "GET /wp-content/Files/index/ HTTP/1.1" 404 - "-" "-"
104.28.211.186 - - [19/Aug/2025:16:55:16 -0400] "GET /gecko-new/ HTTP/1.1" 404 - "-" "-"
104.28.211.186 - - [19/Aug/2025:16:55:17 -0400] "GET /aq/ HTTP/1.1" 404 - "-" "-"
104.28.211.186 - - [19/Aug/2025:16:55:17 -0400] "GET /assets/item/ HTTP/1.1" 404 - "-" "-"
104.28.211.186 - - [19/Aug/2025:16:55:17 -0400] "GET /docindex/ HTTP/1.1" 404 - "-" "-"
104.28.211.186 - - [19/Aug/2025:16:55:18 -0400] "GET /classes/common/busiFacade/ HTTP/1.1" 404 - "-" "-"
104.28.211.186 - - [19/Aug/2025:16:55:18 -0400] "GET /wp-content/shell20211028/ HTTP/1.1" 404 - "-" "-"
104.28.211.186 - - [19/Aug/2025:16:55:18 -0400] "GET /templates/beez_20/index/ HTTP/1.1" 404 - "-" "-"
104.28.211.186 - - [19/Aug/2025:16:55:19 -0400] "GET /ups/ HTTP/1.1" 404 - "-" "-"
104.28.211.186 - - [19/Aug/2025:16:55:19 -0400] "GET /config/application.config/ HTTP/1.1" 404 - "-" "-"
104.28.211.186 - - [19/Aug/2025:16:55:19 -0400] "GET /about/serverinfo/ HTTP/1.1" 404 - "-" "-"
104.28.211.186 - - [19/Aug/2025:16:55:20 -0400] "GET /servertest/ HTTP/1.1" 404 - "-" "-"
104.28.211.186 - - [19/Aug/2025:16:55:20 -0400] "GET /test/system/ HTTP/1.1" 404 - "-" "-"
144.76.32.145 - - [19/Aug/2025:16:55:20 -0400] "GET /ca3561/?path=/home/greenfieldcom/mail/greenfield.com.sa/m.abdo/.. HTTP/1.1" 200 1161 "-" "Mozilla/5.0 (compatible; BLEXBot/1.0; +https://help.seranking.com/en/blex-crawler)"
104.28.211.186 - - [19/Aug/2025:16:55:20 -0400] "GET /wp-includes/blocks/autoload_classmap/ HTTP/1.1" 404 - "-" "-"
104.28.211.186 - - [19/Aug/2025:16:55:21 -0400] "GET /omest403/ HTTP/1.1" 404 - "-" "-"
104.28.211.186 - - [19/Aug/2025:16:55:21 -0400] "GET /con7/ HTTP/1.1" 404 - "-" "-"
104.28.211.186 - - [19/Aug/2025:16:55:21 -0400] "GET /db/scripts/setup/ HTTP/1.1" 404 - "-" "-"
104.28.211.186 - - [19/Aug/2025:16:55:22 -0400] "GET /info-php/ HTTP/1.1" 404 - "-" "-"
