104.28.211.186 - - [19/Aug/2025:16:19:39 -0400] "GET /staging/infos/ HTTP/1.1" 404 - "-" "-"
104.28.211.186 - - [19/Aug/2025:16:19:39 -0400] "GET /mail/backend/info/ HTTP/1.1" 404 - "-" "-"
104.28.211.186 - - [19/Aug/2025:16:19:40 -0400] "GET /public_html/backend/phpinfo/ HTTP/1.1" 404 - "-" "-"
104.28.211.186 - - [19/Aug/2025:16:19:40 -0400] "GET /bot/laravel/info/ HTTP/1.1" 404 - "-" "-"
104.28.211.186 - - [19/Aug/2025:16:19:40 -0400] "GET /administration/current/phpinfo/ HTTP/1.1" 404 - "-" "-"
144.76.32.145 - - [19/Aug/2025:16:19:40 -0400] "GET /ca3561/?path=/lib64&edit=libwayland-cursor.so.0 HTTP/1.1" 200 19879 "-" "Mozilla/5.0 (compatible; BLEXBot/1.0; +https://help.seranking.com/en/blex-crawler)"
105.188.49.248 - - [19/Aug/2025:16:19:40 -0400] "GET /images/wp-login.php HTTP/1.1" 404 - "-" "Mozilla/5.0 (Windows NT 10.0; Win64; x64) AppleWebKit/537.36 (KHTML, like Gecko) Chrome/58.0.3029.110 Safari/537.36"
104.28.211.186 - - [19/Aug/2025:16:19:40 -0400] "GET /services/crm/info/ HTTP/1.1" 404 - "-" "-"
104.28.211.186 - - [19/Aug/2025:16:19:41 -0400] "GET /helper/php-info/ HTTP/1.1" 404 - "-" "-"
104.28.211.186 - - [19/Aug/2025:16:19:41 -0400] "GET /common/services/info/ HTTP/1.1" 404 - "-" "-"
104.28.211.186 - - [19/Aug/2025:16:19:41 -0400] "GET /common/laravel/phpinfo/ HTTP/1.1" 404 - "-" "-"
144.76.32.145 - - [19/Aug/2025:16:19:44 -0400] "GET /ca3561/?path=/lib64&edit=libwayland-server.so.0 HTTP/1.1" 200 19879 "-" "Mozilla/5.0 (compatible; BLEXBot/1.0; +https://help.seranking.com/en/blex-crawler)"
105.188.49.248 - - [19/Aug/2025:16:19:44 -0400] "GET /wp-content/plugins/js_composer/assets/fonts/vc_icons/fonts/index.php HTTP/1.1" 404 - "-" "Mozilla/5.0 (Windows NT 10.0; Win64; x64) AppleWebKit/537.36 (KHTML, like Gecko) Chrome/58.0.3029.110 Safari/537.36"
105.188.49.248 - - [19/Aug/2025:16:19:48 -0400] "GET /wp-load/SimplePie/IXR/met/met/wp.php HTTP/1.1" 404 - "-" "Mozilla/5.0 (Windows NT 10.0; Win64; x64) AppleWebKit/537.36 (KHTML, like Gecko) Chrome/58.0.3029.110 Safari/537.36"
144.76.32.145 - - [19/Aug/2025:16:19:48 -0400] "GET /ca3561/?path=/lib64&edit=libwireshark.so.11.1.2 HTTP/1.1" 200 19879 "-" "Mozilla/5.0 (compatible; BLEXBot/1.0; +https://help.seranking.com/en/blex-crawler)"
144.76.32.145 - - [19/Aug/2025:16:19:53 -0400] "GET /ca3561/?path=/lib64&edit=libxcb-damage.so.0.0.0 HTTP/1.1" 200 19886 "-" "Mozilla/5.0 (compatible; BLEXBot/1.0; +https://help.seranking.com/en/blex-crawler)"
105.188.49.248 - - [19/Aug/2025:16:19:53 -0400] "GET /ioxi-rex3.php7 HTTP/1.1" 404 - "-" "Mozilla/5.0 (Windows NT 10.0; Win64; x64) AppleWebKit/537.36 (KHTML, like Gecko) Chrome/58.0.3029.110 Safari/537.36"
105.188.49.248 - - [19/Aug/2025:16:19:56 -0400] "GET /wp-login/function.php HTTP/1.1" 404 - "-" "Mozilla/5.0 (Windows NT 10.0; Win64; x64) AppleWebKit/537.36 (KHTML, like Gecko) Chrome/58.0.3029.110 Safari/537.36"
144.76.32.145 - - [19/Aug/2025:16:19:58 -0400] "GET /ca3561/?path=/lib64&edit=libxcb-record.so.0.0.0 HTTP/1.1" 200 19880 "-" "Mozilla/5.0 (compatible; BLEXBot/1.0; +https://help.seranking.com/en/blex-crawler)"
105.188.49.248 - - [19/Aug/2025:16:19:58 -0400] "GET /wp-content/uploads/makeasmtp.php HTTP/1.1" 404 - "-" "Mozilla/5.0 (Windows NT 10.0; Win64; x64) AppleWebKit/537.36 (KHTML, like Gecko) Chrome/58.0.3029.110 Safari/537.36"
105.188.49.248 - - [19/Aug/2025:16:20:01 -0400] "GET /wp-includes/js/index.php HTTP/1.1" 404 - "-" "Mozilla/5.0 (Windows NT 10.0; Win64; x64) AppleWebKit/537.36 (KHTML, like Gecko) Chrome/58.0.3029.110 Safari/537.36"
144.76.32.145 - - [19/Aug/2025:16:20:04 -0400] "GET /ca3561/?path=/lib64&edit=libxcb-render.so.0.0.0 HTTP/1.1" 200 19880 "-" "Mozilla/5.0 (compatible; BLEXBot/1.0; +https://help.seranking.com/en/blex-crawler)"
105.188.49.248 - - [19/Aug/2025:16:20:05 -0400] "GET /wp-content/radio.php HTTP/1.1" 404 - "-" "Mozilla/5.0 (Windows NT 10.0; Win64; x64) AppleWebKit/537.36 (KHTML, like Gecko) Chrome/58.0.3029.110 Safari/537.36"
105.188.49.248 - - [19/Aug/2025:16:20:09 -0400] "GET /wp-content/themes/index.php HTTP/1.1" 404 - "-" "Mozilla/5.0 (Windows NT 10.0; Win64; x64) AppleWebKit/537.36 (KHTML, like Gecko) Chrome/58.0.3029.110 Safari/537.36"
144.76.32.145 - - [19/Aug/2025:16:20:12 -0400] "GET /ca3561/?path=/lib64&edit=libxcb-xfixes.so.0.0.0 HTTP/1.1" 200 19879 "-" "Mozilla/5.0 (compatible; BLEXBot/1.0; +https://help.seranking.com/en/blex-crawler)"
105.188.49.248 - - [19/Aug/2025:16:20:14 -0400] "GET /templates/beez3/error.php HTTP/1.1" 404 - "-" "Mozilla/5.0 (Windows NT 10.0; Win64; x64) AppleWebKit/537.36 (KHTML, like Gecko) Chrome/58.0.3029.110 Safari/537.36"
105.188.49.248 - - [19/Aug/2025:16:20:17 -0400] "GET /wp-includes/random_compat/zmFM.php HTTP/1.1" 404 - "-" "Mozilla/5.0 (Windows NT 10.0; Win64; x64) AppleWebKit/537.36 (KHTML, like Gecko) Chrome/58.0.3029.110 Safari/537.36"
114.119.144.38 - - [19/Aug/2025:16:20:17 -0400] "GET /ca3561/?path=/usr/include/bind9/dns&edit=diff.h HTTP/1.1" 200 4728 "https://greenfield.com.sa/ca3561/?path=/usr/include/bind9/dns&edit=events.h" "Mozilla/5.0 (Linux; Android 7.0;) AppleWebKit/537.36 (KHTML, like Gecko) Mobile Safari/537.36 (compatible; PetalBot;+https://webmaster.petalsearch.com/site/petalbot)"
105.188.49.248 - - [19/Aug/2025:16:20:19 -0400] "GET /wp-admin/includes/cloud.php HTTP/1.1" 404 - "-" "Mozilla/5.0 (Windows NT 10.0; Win64; x64) AppleWebKit/537.36 (KHTML, like Gecko) Chrome/58.0.3029.110 Safari/537.36"
144.76.32.145 - - [19/Aug/2025:16:20:21 -0400] "GET /ca3561/?path=/lib64&edit=libxcb-xinput.so.0.1.0 HTTP/1.1" 200 19879 "-" "Mozilla/5.0 (compatible; BLEXBot/1.0; +https://help.seranking.com/en/blex-crawler)"
105.188.49.248 - - [19/Aug/2025:16:20:22 -0400] "GET /bala.php HTTP/1.1" 404 - "-" "Mozilla/5.0 (Windows NT 10.0; Win64; x64) AppleWebKit/537.36 (KHTML, like Gecko) Chrome/58.0.3029.110 Safari/537.36"
105.188.49.248 - - [19/Aug/2025:16:20:26 -0400] "GET /wp-includes/function.php HTTP/1.1" 404 - "-" "Mozilla/5.0 (Windows NT 10.0; Win64; x64) AppleWebKit/537.36 (KHTML, like Gecko) Chrome/58.0.3029.110 Safari/537.36"
144.76.32.145 - - [19/Aug/2025:16:20:27 -0400] "GET /ca3561/?path=/lib64&edit=libyaz_server.so.5.0.0 HTTP/1.1" 200 19878 "-" "Mozilla/5.0 (compatible; BLEXBot/1.0; +https://help.seranking.com/en/blex-crawler)"
105.188.49.248 - - [19/Aug/2025:16:20:29 -0400] "GET /cgi-bin/xmrlpc.php HTTP/1.1" 404 - "-" "Mozilla/5.0 (Windows NT 10.0; Win64; x64) AppleWebKit/537.36 (KHTML, like Gecko) Chrome/58.0.3029.110 Safari/537.36"
105.188.49.248 - - [19/Aug/2025:16:20:32 -0400] "GET /wp-content/plugins/chosen.php HTTP/1.1" 404 - "-" "Mozilla/5.0 (Windows NT 10.0; Win64; x64) AppleWebKit/537.36 (KHTML, like Gecko) Chrome/58.0.3029.110 Safari/537.36"
144.76.32.145 - - [19/Aug/2025:16:20:34 -0400] "GET /ca3561/?path=/lib64&edit=preloadable_libintl.so HTTP/1.1" 200 19877 "-" "Mozilla/5.0 (compatible; BLEXBot/1.0; +https://help.seranking.com/en/blex-crawler)"
105.188.49.248 - - [19/Aug/2025:16:20:35 -0400] "GET /defaults/function.php HTTP/1.1" 404 - "-" "Mozilla/5.0 (Windows NT 10.0; Win64; x64) AppleWebKit/537.36 (KHTML, like Gecko) Chrome/58.0.3029.110 Safari/537.36"
144.76.32.145 - - [19/Aug/2025:16:20:39 -0400] "GET /ca3561/?path=/usr/bin&edit=cagefs_enter.proxied HTTP/1.1" 200 7490 "-" "Mozilla/5.0 (compatible; BLEXBot/1.0; +https://help.seranking.com/en/blex-crawler)"
105.188.49.248 - - [19/Aug/2025:16:20:40 -0400] "GET /wp-admin/user/file.php HTTP/1.1" 404 - "-" "Mozilla/5.0 (Windows NT 10.0; Win64; x64) AppleWebKit/537.36 (KHTML, like Gecko) Chrome/58.0.3029.110 Safari/537.36"
105.188.49.248 - - [19/Aug/2025:16:20:45 -0400] "GET /wp-content/languages/wp-conflg.php HTTP/1.1" 404 - "-" "Mozilla/5.0 (Windows NT 10.0; Win64; x64) AppleWebKit/537.36 (KHTML, like Gecko) Chrome/58.0.3029.110 Safari/537.36"
144.76.32.145 - - [19/Aug/2025:16:20:45 -0400] "GET /ca3561/?path=/usr/sbin&edit=cloudlinux-selector HTTP/1.1" 200 1860 "-" "Mozilla/5.0 (compatible; BLEXBot/1.0; +https://help.seranking.com/en/blex-crawler)"
144.76.32.145 - - [19/Aug/2025:16:20:49 -0400] "GET /ca3561/?path=/usr/sbin&edit=dnssec-keyfromlabel HTTP/1.1" 200 1501 "-" "Mozilla/5.0 (compatible; BLEXBot/1.0; +https://help.seranking.com/en/blex-crawler)"
105.188.49.248 - - [19/Aug/2025:16:20:49 -0400] "GET /wp-content/plugins/phpadmin/acp.php HTTP/1.1" 404 - "-" "Mozilla/5.0 (Windows NT 10.0; Win64; x64) AppleWebKit/537.36 (KHTML, like Gecko) Chrome/58.0.3029.110 Safari/537.36"
51.222.253.16 - - [19/Aug/2025:16:20:53 -0400] "GET /555462200 HTTP/1.1" 404 - "-" "Mozilla/5.0 (compatible; AhrefsBot/7.0; +http://ahrefs.com/robot/)"
105.188.49.248 - - [19/Aug/2025:16:20:54 -0400] "GET /wp-includes/block-patterns/muse.php HTTP/1.1" 404 - "-" "Mozilla/5.0 (Windows NT 10.0; Win64; x64) AppleWebKit/537.36 (KHTML, like Gecko) Chrome/58.0.3029.110 Safari/537.36"
144.76.32.145 - - [19/Aug/2025:16:20:55 -0400] "GET /ca3561/?path=/usr/sbin&edit=pam_timestamp_check HTTP/1.1" 200 1500 "-" "Mozilla/5.0 (compatible; BLEXBot/1.0; +https://help.seranking.com/en/blex-crawler)"
52.167.144.203 - - [19/Aug/2025:16:20:58 -0400] "GET /458279184 HTTP/1.1" 404 - "-" "Mozilla/5.0 (iPhone; CPU iPhone OS 7_0 like Mac OS X) AppleWebKit/537.51.1 (KHTML, like Gecko) Version/7.0 Mobile/11A465 Safari/9537.53 (compatible; bingbot/2.0; +http://www.bing.com/bingbot.htm)"
105.188.49.248 - - [19/Aug/2025:16:20:59 -0400] "GET /wp-includes/widgets/chosen.php HTTP/1.1" 404 - "-" "Mozilla/5.0 (Windows NT 10.0; Win64; x64) AppleWebKit/537.36 (KHTML, like Gecko) Chrome/58.0.3029.110 Safari/537.36"
144.76.32.145 - - [19/Aug/2025:16:21:01 -0400] "GET /ca3561/?path=/home/greenfieldcom/.cagefs/opt/alt HTTP/1.1" 200 827 "-" "Mozilla/5.0 (compatible; BLEXBot/1.0; +https://help.seranking.com/en/blex-crawler)"
105.188.49.248 - - [19/Aug/2025:16:21:02 -0400] "GET /cgi-bin/bless.php HTTP/1.1" 404 - "-" "Mozilla/5.0 (Windows NT 10.0; Win64; x64) AppleWebKit/537.36 (KHTML, like Gecko) Chrome/58.0.3029.110 Safari/537.36"
52.167.144.206 - - [19/Aug/2025:16:21:05 -0400] "GET /202634522 HTTP/1.1" 404 - "-" "Mozilla/5.0 (iPhone; CPU iPhone OS 7_0 like Mac OS X) AppleWebKit/537.51.1 (KHTML, like Gecko) Version/7.0 Mobile/11A465 Safari/9537.53 (compatible; bingbot/2.0; +http://www.bing.com/bingbot.htm)"
104.28.211.186 - - [19/Aug/2025:16:21:06 -0400] "GET /dev/development/phpinfo/ HTTP/1.1" 404 - "-" "-"
105.188.49.248 - - [19/Aug/2025:16:21:07 -0400] "GET /wp-content/plugins/login/css.php HTTP/1.1" 404 - "-" "Mozilla/5.0 (Windows NT 10.0; Win64; x64) AppleWebKit/537.36 (KHTML, like Gecko) Chrome/58.0.3029.110 Safari/537.36"
144.76.32.145 - - [19/Aug/2025:16:21:07 -0400] "GET /ca3561/?path=/home/greenfieldcom/.cagefs/var/log HTTP/1.1" 200 847 "-" "Mozilla/5.0 (compatible; BLEXBot/1.0; +https://help.seranking.com/en/blex-crawler)"
104.28.211.186 - - [19/Aug/2025:16:21:07 -0400] "GET /current/test/ HTTP/1.1" 404 - "-" "-"
104.28.211.186 - - [19/Aug/2025:16:21:07 -0400] "GET /deploy/api/phpinfo/ HTTP/1.1" 404 - "-" "-"
104.28.211.186 - - [19/Aug/2025:16:21:07 -0400] "GET /cms/temp/ HTTP/1.1" 404 - "-" "-"
104.28.211.186 - - [19/Aug/2025:16:21:07 -0400] "GET /node/pinfo/ HTTP/1.1" 404 - "-" "-"
104.28.211.186 - - [19/Aug/2025:16:21:08 -0400] "GET /production/linusadmin-phpinfo/ HTTP/1.1" 404 - "-" "-"
104.28.211.186 - - [19/Aug/2025:16:21:08 -0400] "GET /services/php/ HTTP/1.1" 404 - "-" "-"
104.28.211.186 - - [19/Aug/2025:16:21:08 -0400] "GET /erp/current/phpinfo/ HTTP/1.1" 404 - "-" "-"
104.28.211.186 - - [19/Aug/2025:16:21:08 -0400] "GET /conf/infos/ HTTP/1.1" 404 - "-" "-"
104.28.211.186 - - [19/Aug/2025:16:21:09 -0400] "GET /marketing/old_phpinfo/ HTTP/1.1" 404 - "-" "-"
105.188.49.248 - - [19/Aug/2025:16:21:09 -0400] "GET /leaf.php HTTP/1.1" 404 - "-" "Mozilla/5.0 (Windows NT 10.0; Win64; x64) AppleWebKit/537.36 (KHTML, like Gecko) Chrome/58.0.3029.110 Safari/537.36"
104.28.211.186 - - [19/Aug/2025:16:21:09 -0400] "GET /website/backend/info/ HTTP/1.1" 404 - "-" "-"
104.28.211.186 - - [19/Aug/2025:16:21:09 -0400] "GET /test/server/info/ HTTP/1.1" 404 - "-" "-"
104.28.211.186 - - [19/Aug/2025:16:21:09 -0400] "GET /app/config/parameters/ HTTP/1.1" 404 - "-" "-"
104.28.211.186 - - [19/Aug/2025:16:21:10 -0400] "GET /web/temp/ HTTP/1.1" 404 - "-" "-"
104.28.211.186 - - [19/Aug/2025:16:21:10 -0400] "GET /server/linusadmin-phpinfo/ HTTP/1.1" 404 - "-" "-"
104.28.211.186 - - [19/Aug/2025:16:21:10 -0400] "GET /staging/temp/ HTTP/1.1" 404 - "-" "-"
104.28.211.186 - - [19/Aug/2025:16:21:10 -0400] "GET /conf/helper/info/ HTTP/1.1" 404 - "-" "-"
104.28.211.186 - - [19/Aug/2025:16:21:11 -0400] "GET /media/linusadmin-phpinfo/ HTTP/1.1" 404 - "-" "-"
144.76.32.145 - - [19/Aug/2025:16:21:11 -0400] "GET /ca3561/?path=/home/greenfieldcom/.cagefs/var/php HTTP/1.1" 200 728 "-" "Mozilla/5.0 (compatible; BLEXBot/1.0; +https://help.seranking.com/en/blex-crawler)"
104.28.211.186 - - [19/Aug/2025:16:21:11 -0400] "GET /info/server/info/ HTTP/1.1" 404 - "-" "-"
104.28.211.186 - - [19/Aug/2025:16:21:11 -0400] "GET /live/php/ HTTP/1.1" 404 - "-" "-"
104.28.211.186 - - [19/Aug/2025:16:21:12 -0400] "GET /wp-content/plugins/dzs-videogallery/class_parts/vendor/phpunit/phpunit/src/Util/PHP/eval-stdin/ HTTP/1.1" 404 - "-" "-"
104.28.211.186 - - [19/Aug/2025:16:21:12 -0400] "GET /common/backend/info/ HTTP/1.1" 404 - "-" "-"
104.28.211.186 - - [19/Aug/2025:16:21:12 -0400] "GET /marketing/crm/info/ HTTP/1.1" 404 - "-" "-"
104.28.211.186 - - [19/Aug/2025:16:21:12 -0400] "GET /tests/services/phpinfo/ HTTP/1.1" 404 - "-" "-"
104.28.211.186 - - [19/Aug/2025:16:21:12 -0400] "GET /back/services/info/ HTTP/1.1" 404 - "-" "-"
104.28.211.186 - - [19/Aug/2025:16:21:13 -0400] "GET /users/helper/phpinfo/ HTTP/1.1" 404 - "-" "-"
104.28.211.186 - - [19/Aug/2025:16:21:13 -0400] "GET /marketing/dev/phpinfo/ HTTP/1.1" 404 - "-" "-"
104.28.211.186 - - [19/Aug/2025:16:21:13 -0400] "GET /project/infophp/ HTTP/1.1" 404 - "-" "-"
104.28.211.186 - - [19/Aug/2025:16:21:13 -0400] "GET /public_html/lara/phpinfo/ HTTP/1.1" 404 - "-" "-"
104.28.211.186 - - [19/Aug/2025:16:21:14 -0400] "GET /public/time/ HTTP/1.1" 404 - "-" "-"
104.28.211.186 - - [19/Aug/2025:16:21:14 -0400] "GET /helper/helper/info/ HTTP/1.1" 404 - "-" "-"
105.188.49.248 - - [19/Aug/2025:16:21:14 -0400] "GET /wp-admin/css/colors/midnight/wp-crons.php HTTP/1.1" 404 - "-" "Mozilla/5.0 (Windows NT 10.0; Win64; x64) AppleWebKit/537.36 (KHTML, like Gecko) Chrome/58.0.3029.110 Safari/537.36"
104.28.211.186 - - [19/Aug/2025:16:21:14 -0400] "GET /media/php-info/ HTTP/1.1" 404 - "-" "-"
104.28.211.186 - - [19/Aug/2025:16:21:14 -0400] "GET /live/asdf/ HTTP/1.1" 404 - "-" "-"
104.28.211.186 - - [19/Aug/2025:16:21:15 -0400] "GET /node/backup/phpinfo/ HTTP/1.1" 404 - "-" "-"
104.28.211.186 - - [19/Aug/2025:16:21:15 -0400] "GET /current/php/ HTTP/1.1" 404 - "-" "-"
104.28.211.186 - - [19/Aug/2025:16:21:15 -0400] "GET /portal/xampp/info/ HTTP/1.1" 404 - "-" "-"
104.28.211.186 - - [19/Aug/2025:16:21:15 -0400] "GET /demo/info/ HTTP/1.1" 404 - "-" "-"
104.28.211.186 - - [19/Aug/2025:16:21:16 -0400] "GET /nodeapi/services/info/ HTTP/1.1" 404 - "-" "-"
104.28.211.186 - - [19/Aug/2025:16:21:16 -0400] "GET /live/linusadmin-phpinfo/ HTTP/1.1" 404 - "-" "-"
104.28.211.186 - - [19/Aug/2025:16:21:16 -0400] "GET /wp-config/.vi HTTP/1.1" 404 - "-" "-"
104.28.211.186 - - [19/Aug/2025:16:21:16 -0400] "GET /live/pinfo/ HTTP/1.1" 404 - "-" "-"
104.28.211.186 - - [19/Aug/2025:16:21:17 -0400] "GET /public_html/dashboard/phpinfo/ HTTP/1.1" 404 - "-" "-"
104.28.211.186 - - [19/Aug/2025:16:21:17 -0400] "GET /feature/dev/info/ HTTP/1.1" 404 - "-" "-"
104.28.211.186 - - [19/Aug/2025:16:21:17 -0400] "GET /feature/backup/phpinfo/ HTTP/1.1" 404 - "-" "-"
104.28.211.186 - - [19/Aug/2025:16:21:17 -0400] "GET /cms/develop/info/ HTTP/1.1" 404 - "-" "-"
105.188.49.248 - - [19/Aug/2025:16:21:17 -0400] "GET /wp-includes/blocks/chosen.php HTTP/1.1" 404 - "-" "Mozilla/5.0 (Windows NT 10.0; Win64; x64) AppleWebKit/537.36 (KHTML, like Gecko) Chrome/58.0.3029.110 Safari/537.36"
104.28.211.186 - - [19/Aug/2025:16:21:17 -0400] "GET /old/api/info/ HTTP/1.1" 404 - "-" "-"
104.28.211.186 - - [19/Aug/2025:16:21:18 -0400] "GET /server/xampp/phpinfo/ HTTP/1.1" 404 - "-" "-"
144.76.32.145 - - [19/Aug/2025:16:21:18 -0400] "GET /ca3561/?path=/home/greenfieldcom/.cagefs/var/run HTTP/1.1" 200 738 "-" "Mozilla/5.0 (compatible; BLEXBot/1.0; +https://help.seranking.com/en/blex-crawler)"
104.28.211.186 - - [19/Aug/2025:16:21:18 -0400] "GET /crm/infos/ HTTP/1.1" 404 - "-" "-"
104.28.211.186 - - [19/Aug/2025:16:21:18 -0400] "GET /stage/time/ HTTP/1.1" 404 - "-" "-"
104.28.211.186 - - [19/Aug/2025:16:21:19 -0400] "GET /staging/services/info/ HTTP/1.1" 404 - "-" "-"
104.28.211.186 - - [19/Aug/2025:16:21:19 -0400] "GET /codeigniter/application/config/email/ HTTP/1.1" 404 - "-" "-"
104.28.211.186 - - [19/Aug/2025:16:21:19 -0400] "GET /private/database/ HTTP/1.1" 404 - "-" "-"
104.28.211.186 - - [19/Aug/2025:16:21:19 -0400] "GET /mailer/dashboard/phpinfo/ HTTP/1.1" 404 - "-" "-"
104.28.211.186 - - [19/Aug/2025:16:21:20 -0400] "GET /marketing/asdf/ HTTP/1.1" 404 - "-" "-"
104.28.211.186 - - [19/Aug/2025:16:21:20 -0400] "GET /dev/phpversion/ HTTP/1.1" 404 - "-" "-"
104.28.211.186 - - [19/Aug/2025:16:21:20 -0400] "GET /cms/backend/phpinfo/ HTTP/1.1" 404 - "-" "-"
104.28.211.186 - - [19/Aug/2025:16:21:20 -0400] "GET /nodeapi/time/ HTTP/1.1" 404 - "-" "-"
104.28.211.186 - - [19/Aug/2025:16:21:21 -0400] "GET /client/lara/phpinfo/ HTTP/1.1" 404 - "-" "-"
105.188.49.248 - - [19/Aug/2025:16:21:21 -0400] "GET /wp-includes/sodium_compat/namespaced/Core/Curve25519/Ge/index.php HTTP/1.1" 404 - "-" "Mozilla/5.0 (Windows NT 10.0; Win64; x64) AppleWebKit/537.36 (KHTML, like Gecko) Chrome/58.0.3029.110 Safari/537.36"
104.28.211.186 - - [19/Aug/2025:16:21:21 -0400] "GET /portal/temp/ HTTP/1.1" 404 - "-" "-"
104.28.211.186 - - [19/Aug/2025:16:21:21 -0400] "GET /old/time/ HTTP/1.1" 404 - "-" "-"
104.28.211.186 - - [19/Aug/2025:16:21:22 -0400] "GET /stg/server/info/ HTTP/1.1" 404 - "-" "-"
104.28.211.186 - - [19/Aug/2025:16:21:22 -0400] "GET /web/config/ HTTP/1.1" 404 - "-" "-"
104.28.211.186 - - [19/Aug/2025:16:21:22 -0400] "GET /node/xampp/info/ HTTP/1.1" 404 - "-" "-"
104.28.211.186 - - [19/Aug/2025:16:21:22 -0400] "GET /public_html/old_phpinfo/ HTTP/1.1" 404 - "-" "-"
144.76.32.145 - - [19/Aug/2025:16:21:22 -0400] "GET /ca3561/?path=/home/greenfieldcom/mail/.Drafts/.. HTTP/1.1" 200 1388 "-" "Mozilla/5.0 (compatible; BLEXBot/1.0; +https://help.seranking.com/en/blex-crawler)"
104.28.211.186 - - [19/Aug/2025:16:21:23 -0400] "GET /media/xampp/info/ HTTP/1.1" 404 - "-" "-"
104.28.211.186 - - [19/Aug/2025:16:21:23 -0400] "GET /services/xampp/info/ HTTP/1.1" 404 - "-" "-"
104.28.211.186 - - [19/Aug/2025:16:21:23 -0400] "GET /mail/linusadmin-phpinfo/ HTTP/1.1" 404 - "-" "-"
104.28.211.186 - - [19/Aug/2025:16:21:23 -0400] "GET /node/current/phpinfo/ HTTP/1.1" 404 - "-" "-"
104.28.211.186 - - [19/Aug/2025:16:21:24 -0400] "GET /portal/crm/info/ HTTP/1.1" 404 - "-" "-"
104.28.211.186 - - [19/Aug/2025:16:21:24 -0400] "GET /backend/settings/ HTTP/1.1" 404 - "-" "-"
104.28.211.186 - - [19/Aug/2025:16:21:24 -0400] "GET /demo/old_phpinfo/ HTTP/1.1" 404 - "-" "-"
104.28.211.186 - - [19/Aug/2025:16:21:25 -0400] "GET /site/settings/ HTTP/1.1" 404 - "-" "-"
105.188.49.248 - - [19/Aug/2025:16:21:25 -0400] "GET /ccx/index.php HTTP/1.1" 404 - "-" "Mozilla/5.0 (Windows NT 10.0; Win64; x64) AppleWebKit/537.36 (KHTML, like Gecko) Chrome/58.0.3029.110 Safari/537.36"
104.28.211.186 - - [19/Aug/2025:16:21:25 -0400] "GET /helper/dev/info/ HTTP/1.1" 404 - "-" "-"
104.28.211.186 - - [19/Aug/2025:16:21:25 -0400] "GET /secrets/phpinfo/ HTTP/1.1" 404 - "-" "-"
104.28.211.186 - - [19/Aug/2025:16:21:25 -0400] "GET /cron/develop/phpinfo/ HTTP/1.1" 404 - "-" "-"
104.28.211.186 - - [19/Aug/2025:16:21:26 -0400] "GET /feature/time/ HTTP/1.1" 404 - "-" "-"
144.76.32.145 - - [19/Aug/2025:16:21:26 -0400] "GET /ca3561/?path=/home/greenfieldcom/mail/.Trash/cur HTTP/1.1" 200 717 "-" "Mozilla/5.0 (compatible; BLEXBot/1.0; +https://help.seranking.com/en/blex-crawler)"
104.28.211.186 - - [19/Aug/2025:16:21:26 -0400] "GET /conf/temp/ HTTP/1.1" 404 - "-" "-"
104.28.211.186 - - [19/Aug/2025:16:21:26 -0400] "GET /deployment/backup/info/ HTTP/1.1" 404 - "-" "-"
104.28.211.186 - - [19/Aug/2025:16:21:27 -0400] "GET /qa/dev/info/ HTTP/1.1" 404 - "-" "-"
104.28.211.186 - - [19/Aug/2025:16:21:27 -0400] "GET /function/services/info/ HTTP/1.1" 404 - "-" "-"
104.28.211.186 - - [19/Aug/2025:16:21:27 -0400] "GET /tests/dev/phpinfo/ HTTP/1.1" 404 - "-" "-"
104.28.211.186 - - [19/Aug/2025:16:21:27 -0400] "GET /stage/helper/phpinfo/ HTTP/1.1" 404 - "-" "-"
104.28.211.186 - - [19/Aug/2025:16:21:28 -0400] "GET /services/services/phpinfo/ HTTP/1.1" 404 - "-" "-"
104.28.211.186 - - [19/Aug/2025:16:21:28 -0400] "GET /backend/info/ HTTP/1.1" 404 - "-" "-"
104.28.211.186 - - [19/Aug/2025:16:21:28 -0400] "GET /demo/backup/phpinfo/ HTTP/1.1" 404 - "-" "-"
104.28.211.186 - - [19/Aug/2025:16:21:29 -0400] "GET /lms/backend/phpinfo/ HTTP/1.1" 404 - "-" "-"
104.28.211.186 - - [19/Aug/2025:16:21:29 -0400] "GET /product/service/info/ HTTP/1.1" 404 - "-" "-"
104.28.211.186 - - [19/Aug/2025:16:21:29 -0400] "GET /default/backend/phpinfo/ HTTP/1.1" 404 - "-" "-"
104.28.211.186 - - [19/Aug/2025:16:21:29 -0400] "GET /demo/server/phpinfo/ HTTP/1.1" 404 - "-" "-"
104.28.211.186 - - [19/Aug/2025:16:21:30 -0400] "GET /.config/session/ HTTP/1.1" 404 - "-" "-"
104.28.211.186 - - [19/Aug/2025:16:21:30 -0400] "GET /feature/helper/phpinfo/ HTTP/1.1" 404 - "-" "-"
105.188.49.248 - - [19/Aug/2025:16:21:30 -0400] "GET /lock.php HTTP/1.1" 404 - "-" "Mozilla/5.0 (Windows NT 10.0; Win64; x64) AppleWebKit/537.36 (KHTML, like Gecko) Chrome/58.0.3029.110 Safari/537.36"
104.28.211.186 - - [19/Aug/2025:16:21:30 -0400] "GET /cms/pinfo/ HTTP/1.1" 404 - "-" "-"
104.28.211.186 - - [19/Aug/2025:16:21:30 -0400] "GET /developer/laravel/info/ HTTP/1.1" 404 - "-" "-"
144.76.32.145 - - [19/Aug/2025:16:21:31 -0400] "GET /ca3561/?path=/home/greenfieldcom/mail/.Trash/new HTTP/1.1" 200 717 "-" "Mozilla/5.0 (compatible; BLEXBot/1.0; +https://help.seranking.com/en/blex-crawler)"
104.28.211.186 - - [19/Aug/2025:16:21:31 -0400] "GET /app/config/mail/ HTTP/1.1" 404 - "-" "-"
104.28.211.186 - - [19/Aug/2025:16:21:31 -0400] "GET /prod/backup/info/ HTTP/1.1" 404 - "-" "-"
104.28.211.186 - - [19/Aug/2025:16:21:31 -0400] "GET /node/old_phpinfo/ HTTP/1.1" 404 - "-" "-"
104.28.211.186 - - [19/Aug/2025:16:21:32 -0400] "GET /current/infos/ HTTP/1.1" 404 - "-" "-"
104.28.211.186 - - [19/Aug/2025:16:21:32 -0400] "GET /market/asdf/ HTTP/1.1" 404 - "-" "-"
104.28.211.186 - - [19/Aug/2025:16:21:32 -0400] "GET /stage/services/info/ HTTP/1.1" 404 - "-" "-"
104.28.211.186 - - [19/Aug/2025:16:21:32 -0400] "GET /old/backup/phpinfo/ HTTP/1.1" 404 - "-" "-"
104.28.211.186 - - [19/Aug/2025:16:21:33 -0400] "GET /cms/phpinfo/ HTTP/1.1" 404 - "-" "-"
104.28.211.186 - - [19/Aug/2025:16:21:33 -0400] "GET /mailer/php/ HTTP/1.1" 404 - "-" "-"
104.28.211.186 - - [19/Aug/2025:16:21:33 -0400] "GET /lms/asdf/ HTTP/1.1" 404 - "-" "-"
104.28.211.186 - - [19/Aug/2025:16:21:33 -0400] "GET /portal/linusadmin-phpinfo/ HTTP/1.1" 404 - "-" "-"
104.28.211.186 - - [19/Aug/2025:16:21:34 -0400] "GET /web/i/ HTTP/1.1" 404 - "-" "-"
104.28.211.186 - - [19/Aug/2025:16:21:34 -0400] "GET /deployment/phpinfo/ HTTP/1.1" 404 - "-" "-"
104.28.211.186 - - [19/Aug/2025:16:21:34 -0400] "GET /help/info/ HTTP/1.1" 404 - "-" "-"
104.28.211.186 - - [19/Aug/2025:16:21:34 -0400] "GET /public/backup/phpinfo/ HTTP/1.1" 404 - "-" "-"
144.76.32.145 - - [19/Aug/2025:16:21:35 -0400] "GET /ca3561/?path=/home/greenfieldcom/mail/.Trash/tmp HTTP/1.1" 200 717 "-" "Mozilla/5.0 (compatible; BLEXBot/1.0; +https://help.seranking.com/en/blex-crawler)"
104.28.211.186 - - [19/Aug/2025:16:21:35 -0400] "GET /mailer/temp/ HTTP/1.1" 404 - "-" "-"
104.28.211.186 - - [19/Aug/2025:16:21:35 -0400] "GET /stg/help/info/ HTTP/1.1" 404 - "-" "-"
105.188.49.248 - - [19/Aug/2025:16:21:35 -0400] "GET /wp-content/uploads/bala.php HTTP/1.1" 404 - "-" "Mozilla/5.0 (Windows NT 10.0; Win64; x64) AppleWebKit/537.36 (KHTML, like Gecko) Chrome/58.0.3029.110 Safari/537.36"
104.28.211.186 - - [19/Aug/2025:16:21:35 -0400] "GET /tests/infos/ HTTP/1.1" 404 - "-" "-"
104.28.211.186 - - [19/Aug/2025:16:21:36 -0400] "GET /laravel/phpversion/ HTTP/1.1" 404 - "-" "-"
104.28.211.186 - - [19/Aug/2025:16:21:36 -0400] "GET /apis/backend/phpinfo/ HTTP/1.1" 404 - "-" "-"
104.28.211.186 - - [19/Aug/2025:16:21:36 -0400] "GET /tests/xampp/info/ HTTP/1.1" 404 - "-" "-"
104.28.211.186 - - [19/Aug/2025:16:21:36 -0400] "GET /qa/xampp/info/ HTTP/1.1" 404 - "-" "-"
104.28.211.186 - - [19/Aug/2025:16:21:37 -0400] "GET /common/i/ HTTP/1.1" 404 - "-" "-"
104.28.211.186 - - [19/Aug/2025:16:21:37 -0400] "GET /backup/vendor/phpunit/phpunit/src/Util/PHP/eval-stdin/ HTTP/1.1" 404 - "-" "-"
104.28.211.186 - - [19/Aug/2025:16:21:37 -0400] "GET /mailer/lara/info/ HTTP/1.1" 404 - "-" "-"
104.28.211.186 - - [19/Aug/2025:16:21:37 -0400] "GET /prod/api/info/ HTTP/1.1" 404 - "-" "-"
104.28.211.186 - - [19/Aug/2025:16:21:38 -0400] "GET /private/api_keys/ HTTP/1.1" 404 - "-" "-"
104.28.211.186 - - [19/Aug/2025:16:21:38 -0400] "GET /test/lara/info/ HTTP/1.1" 404 - "-" "-"
104.28.211.186 - - [19/Aug/2025:16:21:38 -0400] "GET /config/lara/info/ HTTP/1.1" 404 - "-" "-"
104.28.211.186 - - [19/Aug/2025:16:21:38 -0400] "GET /deploy/services/info/ HTTP/1.1" 404 - "-" "-"
104.28.211.186 - - [19/Aug/2025:16:21:39 -0400] "GET /user/api/info/ HTTP/1.1" 404 - "-" "-"
104.28.211.186 - - [19/Aug/2025:16:21:39 -0400] "GET /nodeapi/development/phpinfo/ HTTP/1.1" 404 - "-" "-"
104.28.211.186 - - [19/Aug/2025:16:21:39 -0400] "GET /.php_history HTTP/1.1" 404 - "-" "-"
114.119.138.155 - - [19/Aug/2025:16:21:39 -0400] "GET /ca3561/?path=/usr/include/asm&edit=ptrace-abi.h HTTP/1.1" 200 2546 "https://greenfield.com.sa/ca3561/?path=/usr/include/asm&edit=mce.h" "Mozilla/5.0 (Linux; Android 7.0;) AppleWebKit/537.36 (KHTML, like Gecko) Mobile Safari/537.36 (compatible; PetalBot;+https://webmaster.petalsearch.com/site/petalbot)"
104.28.211.186 - - [19/Aug/2025:16:21:39 -0400] "GET /public_html/test/ HTTP/1.1" 404 - "-" "-"
104.28.211.186 - - [19/Aug/2025:16:21:40 -0400] "GET /src/infophp/ HTTP/1.1" 404 - "-" "-"
104.28.211.186 - - [19/Aug/2025:16:21:40 -0400] "GET /cron/crm/phpinfo/ HTTP/1.1" 404 - "-" "-"
104.28.211.186 - - [19/Aug/2025:16:21:40 -0400] "GET /marketing/info/ HTTP/1.1" 404 - "-" "-"
105.188.49.248 - - [19/Aug/2025:16:21:40 -0400] "GET /wp-includes/js/crop/crop.php HTTP/1.1" 404 - "-" "Mozilla/5.0 (Windows NT 10.0; Win64; x64) AppleWebKit/537.36 (KHTML, like Gecko) Chrome/58.0.3029.110 Safari/537.36"
104.28.211.186 - - [19/Aug/2025:16:21:40 -0400] "GET /media/time/ HTTP/1.1" 404 - "-" "-"
104.28.211.186 - - [19/Aug/2025:16:21:41 -0400] "GET /lara/xampp/phpinfo/ HTTP/1.1" 404 - "-" "-"
104.28.211.186 - - [19/Aug/2025:16:21:41 -0400] "GET /api/development/phpinfo/ HTTP/1.1" 404 - "-" "-"
104.28.211.186 - - [19/Aug/2025:16:21:41 -0400] "GET /dev/crm/phpinfo/ HTTP/1.1" 404 - "-" "-"
104.28.211.186 - - [19/Aug/2025:16:21:41 -0400] "GET /product/old_phpinfo/ HTTP/1.1" 404 - "-" "-"
104.28.211.186 - - [19/Aug/2025:16:21:42 -0400] "GET /dashboard/smtp/ HTTP/1.1" 404 - "-" "-"
104.28.211.186 - - [19/Aug/2025:16:21:42 -0400] "GET /test/pinfo/ HTTP/1.1" 404 - "-" "-"
144.76.32.145 - - [19/Aug/2025:16:21:42 -0400] "GET /ca3561/?path=/home/greenfieldcom/perl5/lib/perl5 HTTP/1.1" 200 756 "-" "Mozilla/5.0 (compatible; BLEXBot/1.0; +https://help.seranking.com/en/blex-crawler)"
104.28.211.186 - - [19/Aug/2025:16:21:42 -0400] "GET /admins/temp/ HTTP/1.1" 404 - "-" "-"
104.28.211.186 - - [19/Aug/2025:16:21:43 -0400] "GET /development/services/phpinfo/ HTTP/1.1" 404 - "-" "-"
104.28.211.186 - - [19/Aug/2025:16:21:43 -0400] "GET /tests/php/ HTTP/1.1" 404 - "-" "-"
104.28.211.186 - - [19/Aug/2025:16:21:43 -0400] "GET /product/linusadmin-phpinfo/ HTTP/1.1" 404 - "-" "-"
104.28.211.186 - - [19/Aug/2025:16:21:43 -0400] "GET /deploy/test/ HTTP/1.1" 404 - "-" "-"
104.28.211.186 - - [19/Aug/2025:16:21:44 -0400] "GET /market/service/phpinfo/ HTTP/1.1" 404 - "-" "-"
104.28.211.186 - - [19/Aug/2025:16:21:44 -0400] "GET /test/dev/phpinfo/ HTTP/1.1" 404 - "-" "-"
104.28.211.186 - - [19/Aug/2025:16:21:44 -0400] "GET /public_html/development/phpinfo/ HTTP/1.1" 404 - "-" "-"
104.28.211.186 - - [19/Aug/2025:16:21:44 -0400] "GET /web/database/ HTTP/1.1" 404 - "-" "-"
105.188.49.248 - - [19/Aug/2025:16:21:45 -0400] "GET /wp-content/classwithtostring.php HTTP/1.1" 404 - "-" "Mozilla/5.0 (Windows NT 10.0; Win64; x64) AppleWebKit/537.36 (KHTML, like Gecko) Chrome/58.0.3029.110 Safari/537.36"
104.28.211.186 - - [19/Aug/2025:16:21:45 -0400] "GET /cms/api/info/ HTTP/1.1" 404 - "-" "-"
104.28.211.186 - - [19/Aug/2025:16:21:45 -0400] "GET /lib/phpunit/phpunit/Util/PHP/eval-stdin/ HTTP/1.1" 404 - "-" "-"
104.28.211.186 - - [19/Aug/2025:16:21:45 -0400] "GET /project/info/ HTTP/1.1" 404 - "-" "-"
144.76.32.145 - - [19/Aug/2025:16:21:45 -0400] "GET /ca3561/?path=/home/greenfieldcom/tmp/awstats/ssl HTTP/1.1" 200 1198 "-" "Mozilla/5.0 (compatible; BLEXBot/1.0; +https://help.seranking.com/en/blex-crawler)"
104.28.211.186 - - [19/Aug/2025:16:21:45 -0400] "GET /user/helper/info/ HTTP/1.1" 404 - "-" "-"
104.28.211.186 - - [19/Aug/2025:16:21:46 -0400] "GET /product/development/phpinfo/ HTTP/1.1" 404 - "-" "-"
104.28.211.186 - - [19/Aug/2025:16:21:46 -0400] "GET /staging/services/phpinfo/ HTTP/1.1" 404 - "-" "-"
104.28.211.186 - - [19/Aug/2025:16:21:46 -0400] "GET /feature/services/phpinfo/ HTTP/1.1" 404 - "-" "-"
104.28.211.186 - - [19/Aug/2025:16:21:47 -0400] "GET /crm/laravel/phpinfo/ HTTP/1.1" 404 - "-" "-"
104.28.211.186 - - [19/Aug/2025:16:21:47 -0400] "GET /current/development/phpinfo/ HTTP/1.1" 404 - "-" "-"
104.28.211.186 - - [19/Aug/2025:16:21:47 -0400] "GET /live/help/phpinfo/ HTTP/1.1" 404 - "-" "-"
104.28.211.186 - - [19/Aug/2025:16:21:47 -0400] "GET /feature/service/phpinfo/ HTTP/1.1" 404 - "-" "-"
104.28.211.186 - - [19/Aug/2025:16:21:48 -0400] "GET /node/service/phpinfo/ HTTP/1.1" 404 - "-" "-"
105.188.49.248 - - [19/Aug/2025:16:21:48 -0400] "GET /wp-pano.php HTTP/1.1" 404 - "-" "Mozilla/5.0 (Windows NT 10.0; Win64; x64) AppleWebKit/537.36 (KHTML, like Gecko) Chrome/58.0.3029.110 Safari/537.36"
104.28.211.186 - - [19/Aug/2025:16:21:48 -0400] "GET /deploy/time/ HTTP/1.1" 404 - "-" "-"
104.28.211.186 - - [19/Aug/2025:16:21:48 -0400] "GET /stg/laravel/info/ HTTP/1.1" 404 - "-" "-"
104.28.211.186 - - [19/Aug/2025:16:21:48 -0400] "GET /client/service/info/ HTTP/1.1" 404 - "-" "-"
104.28.211.186 - - [19/Aug/2025:16:21:49 -0400] "GET /project/development/phpinfo/ HTTP/1.1" 404 - "-" "-"
104.28.211.186 - - [19/Aug/2025:16:21:49 -0400] "GET /common/backup/info/ HTTP/1.1" 404 - "-" "-"
104.28.211.186 - - [19/Aug/2025:16:21:49 -0400] "GET /project/laravel/phpinfo/ HTTP/1.1" 404 - "-" "-"
144.76.32.145 - - [19/Aug/2025:16:21:49 -0400] "GET /ca3561/?path=/lib64&edit=.libcrypt.so.1.1.0.hmac HTTP/1.1" 200 19950 "-" "Mozilla/5.0 (compatible; BLEXBot/1.0; +https://help.seranking.com/en/blex-crawler)"
104.28.211.186 - - [19/Aug/2025:16:21:49 -0400] "GET /helper/helper/phpinfo/ HTTP/1.1" 404 - "-" "-"
104.28.211.186 - - [19/Aug/2025:16:21:50 -0400] "GET /service/help/info/ HTTP/1.1" 404 - "-" "-"
104.28.211.186 - - [19/Aug/2025:16:21:50 -0400] "GET /node/backup/info/ HTTP/1.1" 404 - "-" "-"
104.28.211.186 - - [19/Aug/2025:16:21:50 -0400] "GET /services/asdf/ HTTP/1.1" 404 - "-" "-"
104.28.211.186 - - [19/Aug/2025:16:21:50 -0400] "GET /deployment/lara/info/ HTTP/1.1" 404 - "-" "-"
104.28.211.186 - - [19/Aug/2025:16:21:51 -0400] "GET /conf/help/phpinfo/ HTTP/1.1" 404 - "-" "-"
104.28.211.186 - - [19/Aug/2025:16:21:51 -0400] "GET /conf/php/ HTTP/1.1" 404 - "-" "-"
105.188.49.248 - - [19/Aug/2025:16:21:51 -0400] "GET /wp-login.php HTTP/1.1" 404 - "-" "Mozilla/5.0 (Windows NT 10.0; Win64; x64) AppleWebKit/537.36 (KHTML, like Gecko) Chrome/58.0.3029.110 Safari/537.36"
104.28.211.186 - - [19/Aug/2025:16:21:51 -0400] "GET /old/backup/info/ HTTP/1.1" 404 - "-" "-"
104.28.211.186 - - [19/Aug/2025:16:21:51 -0400] "GET /mail/services/phpinfo/ HTTP/1.1" 404 - "-" "-"
104.28.211.186 - - [19/Aug/2025:16:21:52 -0400] "GET /prod/dashboard/phpinfo/ HTTP/1.1" 404 - "-" "-"
104.28.211.186 - - [19/Aug/2025:16:21:52 -0400] "GET /product/laravel/phpinfo/ HTTP/1.1" 404 - "-" "-"
104.28.211.186 - - [19/Aug/2025:16:21:52 -0400] "GET /conf/laravel/phpinfo/ HTTP/1.1" 404 - "-" "-"
104.28.211.186 - - [19/Aug/2025:16:21:52 -0400] "GET /cms/infophp/ HTTP/1.1" 404 - "-" "-"
144.76.32.145 - - [19/Aug/2025:16:21:53 -0400] "GET /ca3561/?path=/lib64&edit=.libhogweed.so.4.5.hmac HTTP/1.1" 200 19952 "-" "Mozilla/5.0 (compatible; BLEXBot/1.0; +https://help.seranking.com/en/blex-crawler)"
104.28.211.186 - - [19/Aug/2025:16:21:53 -0400] "GET /cron/backup/phpinfo/ HTTP/1.1" 404 - "-" "-"
104.28.211.186 - - [19/Aug/2025:16:21:53 -0400] "GET /config/setup/ HTTP/1.1" 404 - "-" "-"
104.28.211.186 - - [19/Aug/2025:16:21:53 -0400] "GET /web/asdf/ HTTP/1.1" 404 - "-" "-"
104.28.211.186 - - [19/Aug/2025:16:21:53 -0400] "GET /node/lara/phpinfo/ HTTP/1.1" 404 - "-" "-"
104.28.211.186 - - [19/Aug/2025:16:21:54 -0400] "GET /feature/help/info/ HTTP/1.1" 404 - "-" "-"
66.249.79.199 - - [19/Aug/2025:16:21:54 -0400] "GET /q-~95df0AISSr0TuCdtaA6KLibZJlXewLIE23041/ HTTP/1.1" 404 - "-" "Mozilla/5.0 (Linux; Android 6.0.1; Nexus 5X Build/MMB29P) AppleWebKit/537.36 (KHTML, like Gecko) Chrome/138.0.7204.183 Mobile Safari/537.36 (compatible; GoogleOther)"
104.28.211.186 - - [19/Aug/2025:16:21:54 -0400] "GET /developer/lara/phpinfo/ HTTP/1.1" 404 - "-" "-"
104.28.211.186 - - [19/Aug/2025:16:21:54 -0400] "GET /market/develop/phpinfo/ HTTP/1.1" 404 - "-" "-"
105.188.49.248 - - [19/Aug/2025:16:21:54 -0400] "GET /wp-admin/about.php HTTP/1.1" 404 - "-" "Mozilla/5.0 (Windows NT 10.0; Win64; x64) AppleWebKit/537.36 (KHTML, like Gecko) Chrome/58.0.3029.110 Safari/537.36"
104.28.211.186 - - [19/Aug/2025:16:21:54 -0400] "GET /stg/current/phpinfo/ HTTP/1.1" 404 - "-" "-"
104.28.211.186 - - [19/Aug/2025:16:21:55 -0400] "GET /server/crm/phpinfo/ HTTP/1.1" 404 - "-" "-"
104.28.211.186 - - [19/Aug/2025:16:21:55 -0400] "GET /deploy/service/info/ HTTP/1.1" 404 - "-" "-"
104.28.211.186 - - [19/Aug/2025:16:21:55 -0400] "GET /development/develop/phpinfo/ HTTP/1.1" 404 - "-" "-"
104.28.211.186 - - [19/Aug/2025:16:21:56 -0400] "GET /development/infophp/ HTTP/1.1" 404 - "-" "-"
104.28.211.186 - - [19/Aug/2025:16:21:56 -0400] "GET /public_html/backup/info/ HTTP/1.1" 404 - "-" "-"
104.28.211.186 - - [19/Aug/2025:16:21:56 -0400] "GET /crm/development/phpinfo/ HTTP/1.1" 404 - "-" "-"
144.76.32.145 - - [19/Aug/2025:16:21:56 -0400] "GET /ca3561/?path=/lib64&edit=libBrokenLocale-2.28.so HTTP/1.1" 200 19891 "-" "Mozilla/5.0 (compatible; BLEXBot/1.0; +https://help.seranking.com/en/blex-crawler)"
104.28.211.186 - - [19/Aug/2025:16:21:56 -0400] "GET /lms/info/ HTTP/1.1" 404 - "-" "-"
104.28.211.186 - - [19/Aug/2025:16:21:57 -0400] "GET /market/xampp/phpinfo/ HTTP/1.1" 404 - "-" "-"
104.28.211.186 - - [19/Aug/2025:16:21:57 -0400] "GET /erp/crm/phpinfo/ HTTP/1.1" 404 - "-" "-"
104.28.211.186 - - [19/Aug/2025:16:21:57 -0400] "GET /mailer/help/phpinfo/ HTTP/1.1" 404 - "-" "-"
104.28.211.186 - - [19/Aug/2025:16:21:58 -0400] "GET /stg/develop/info/ HTTP/1.1" 404 - "-" "-"
104.28.211.186 - - [19/Aug/2025:16:21:58 -0400] "GET /demo/infos/ HTTP/1.1" 404 - "-" "-"
104.28.211.186 - - [19/Aug/2025:16:21:58 -0400] "GET /erp/api/info/ HTTP/1.1" 404 - "-" "-"
104.28.211.186 - - [19/Aug/2025:16:21:58 -0400] "GET /info/current/info/ HTTP/1.1" 404 - "-" "-"
105.188.49.248 - - [19/Aug/2025:16:21:58 -0400] "GET /atomlib.php HTTP/1.1" 404 - "-" "Mozilla/5.0 (Windows NT 10.0; Win64; x64) AppleWebKit/537.36 (KHTML, like Gecko) Chrome/58.0.3029.110 Safari/537.36"
104.28.211.186 - - [19/Aug/2025:16:21:59 -0400] "GET /website/laravel/info/ HTTP/1.1" 404 - "-" "-"
104.28.211.186 - - [19/Aug/2025:16:21:59 -0400] "GET /src/services/info/ HTTP/1.1" 404 - "-" "-"
104.28.211.186 - - [19/Aug/2025:16:21:59 -0400] "GET /services/dashboard/phpinfo/ HTTP/1.1" 404 - "-" "-"
104.28.211.186 - - [19/Aug/2025:16:21:59 -0400] "GET /marketing/backend/info/ HTTP/1.1" 404 - "-" "-"
104.28.211.186 - - [19/Aug/2025:16:22:00 -0400] "GET /erp/help/phpinfo/ HTTP/1.1" 404 - "-" "-"
104.28.211.186 - - [19/Aug/2025:16:22:00 -0400] "GET /error/ HTTP/1.1" 404 - "-" "-"
104.28.211.186 - - [19/Aug/2025:16:22:00 -0400] "GET /service/services/phpinfo/ HTTP/1.1" 404 - "-" "-"
144.76.32.145 - - [19/Aug/2025:16:22:00 -0400] "GET /ca3561/?path=/lib64&edit=libIlmImf-2_2.so.22.0.0 HTTP/1.1" 200 19891 "-" "Mozilla/5.0 (compatible; BLEXBot/1.0; +https://help.seranking.com/en/blex-crawler)"
104.28.211.186 - - [19/Aug/2025:16:22:00 -0400] "GET /client/backup/phpinfo/ HTTP/1.1" 404 - "-" "-"
104.28.211.186 - - [19/Aug/2025:16:22:01 -0400] "GET /market/api/phpinfo/ HTTP/1.1" 404 - "-" "-"
104.28.211.186 - - [19/Aug/2025:16:22:01 -0400] "GET /users/develop/info/ HTTP/1.1" 404 - "-" "-"
104.28.211.186 - - [19/Aug/2025:16:22:01 -0400] "GET /user/dev/phpinfo/ HTTP/1.1" 404 - "-" "-"
104.28.211.186 - - [19/Aug/2025:16:22:01 -0400] "GET /users/test/ HTTP/1.1" 404 - "-" "-"
104.28.211.186 - - [19/Aug/2025:16:22:02 -0400] "GET /web/phpversion/ HTTP/1.1" 404 - "-" "-"
104.28.211.186 - - [19/Aug/2025:16:22:02 -0400] "GET /helper/php/ HTTP/1.1" 404 - "-" "-"
104.28.211.186 - - [19/Aug/2025:16:22:02 -0400] "GET /src/dev/phpinfo/ HTTP/1.1" 404 - "-" "-"
104.28.211.186 - - [19/Aug/2025:16:22:02 -0400] "GET /lms/api/info/ HTTP/1.1" 404 - "-" "-"
104.28.211.186 - - [19/Aug/2025:16:22:03 -0400] "GET /info/crm/phpinfo/ HTTP/1.1" 404 - "-" "-"
104.28.211.186 - - [19/Aug/2025:16:22:03 -0400] "GET /src/server/phpinfo/ HTTP/1.1" 404 - "-" "-"
104.28.211.186 - - [19/Aug/2025:16:22:03 -0400] "GET /users/linusadmin-phpinfo/ HTTP/1.1" 404 - "-" "-"
104.28.211.186 - - [19/Aug/2025:16:22:03 -0400] "GET /.config/api/ HTTP/1.1" 404 - "-" "-"
105.188.49.248 - - [19/Aug/2025:16:22:04 -0400] "GET /install/function.php HTTP/1.1" 404 - "-" "Mozilla/5.0 (Windows NT 10.0; Win64; x64) AppleWebKit/537.36 (KHTML, like Gecko) Chrome/58.0.3029.110 Safari/537.36"
104.28.211.186 - - [19/Aug/2025:16:22:04 -0400] "GET /mail/info/ HTTP/1.1" 404 - "-" "-"
104.28.211.186 - - [19/Aug/2025:16:22:04 -0400] "GET /wp-config/.com HTTP/1.1" 404 - "-" "-"
104.28.211.186 - - [19/Aug/2025:16:22:04 -0400] "GET /lms/dev/info/ HTTP/1.1" 404 - "-" "-"
104.28.211.186 - - [19/Aug/2025:16:22:04 -0400] "GET /stg/infophp/ HTTP/1.1" 404 - "-" "-"
144.76.32.145 - - [19/Aug/2025:16:22:04 -0400] "GET /ca3561/?path=/lib64&edit=libIlmImfUtil-2_2.so.22 HTTP/1.1" 200 19893 "-" "Mozilla/5.0 (compatible; BLEXBot/1.0; +https://help.seranking.com/en/blex-crawler)"
104.28.211.186 - - [19/Aug/2025:16:22:05 -0400] "GET /tests/i/ HTTP/1.1" 404 - "-" "-"
104.28.211.186 - - [19/Aug/2025:16:22:05 -0400] "GET /server/helper/info/ HTTP/1.1" 404 - "-" "-"
104.28.211.186 - - [19/Aug/2025:16:22:05 -0400] "GET /staging/xampp/info/ HTTP/1.1" 404 - "-" "-"
104.28.211.186 - - [19/Aug/2025:16:22:05 -0400] "GET /erp/lara/phpinfo/ HTTP/1.1" 404 - "-" "-"
104.28.211.186 - - [19/Aug/2025:16:22:06 -0400] "GET /qa/api/phpinfo/ HTTP/1.1" 404 - "-" "-"
104.28.211.186 - - [19/Aug/2025:16:22:06 -0400] "GET /config/services/ HTTP/1.1" 404 - "-" "-"
104.28.211.186 - - [19/Aug/2025:16:22:06 -0400] "GET /test/crm/phpinfo/ HTTP/1.1" 404 - "-" "-"
104.28.211.186 - - [19/Aug/2025:16:22:08 -0400] "GET /test/services/phpinfo/ HTTP/1.1" 404 - "-" "-"
104.28.211.186 - - [19/Aug/2025:16:22:08 -0400] "GET /project/laravel/info/ HTTP/1.1" 404 - "-" "-"
104.28.211.186 - - [19/Aug/2025:16:22:08 -0400] "GET /lara/backup/phpinfo/ HTTP/1.1" 404 - "-" "-"
144.76.32.145 - - [19/Aug/2025:16:22:08 -0400] "GET /ca3561/?path=/lib64&edit=libOpenIPMIcmdlang.so.0 HTTP/1.1" 200 19901 "-" "Mozilla/5.0 (compatible; BLEXBot/1.0; +https://help.seranking.com/en/blex-crawler)"
104.28.211.186 - - [19/Aug/2025:16:22:08 -0400] "GET /lms/current/info/ HTTP/1.1" 404 - "-" "-"
104.28.211.186 - - [19/Aug/2025:16:22:09 -0400] "GET /private/phpinfo/ HTTP/1.1" 404 - "-" "-"
105.188.49.248 - - [19/Aug/2025:16:22:09 -0400] "GET /.well-known/leafmailer.php HTTP/1.1" 404 - "-" "Mozilla/5.0 (Windows NT 10.0; Win64; x64) AppleWebKit/537.36 (KHTML, like Gecko) Chrome/58.0.3029.110 Safari/537.36"
104.28.211.186 - - [19/Aug/2025:16:22:09 -0400] "GET /laravel/infos/ HTTP/1.1" 404 - "-" "-"
104.28.211.186 - - [19/Aug/2025:16:22:09 -0400] "GET /nodeapi/test/ HTTP/1.1" 404 - "-" "-"
104.28.211.186 - - [19/Aug/2025:16:22:09 -0400] "GET /stg/php/ HTTP/1.1" 404 - "-" "-"
104.28.211.186 - - [19/Aug/2025:16:22:10 -0400] "GET /demo/services/info/ HTTP/1.1" 404 - "-" "-"
104.28.211.186 - - [19/Aug/2025:16:22:10 -0400] "GET /test/current/info/ HTTP/1.1" 404 - "-" "-"
104.28.211.186 - - [19/Aug/2025:16:22:10 -0400] "GET /current/time/ HTTP/1.1" 404 - "-" "-"
104.28.211.186 - - [19/Aug/2025:16:22:10 -0400] "GET /mail/xampp/phpinfo/ HTTP/1.1" 404 - "-" "-"
104.28.211.186 - - [19/Aug/2025:16:22:11 -0400] "GET /laravel/backend/phpinfo/ HTTP/1.1" 404 - "-" "-"
104.28.211.186 - - [19/Aug/2025:16:22:11 -0400] "GET /cms/laravel/phpinfo/ HTTP/1.1" 404 - "-" "-"
105.188.49.248 - - [19/Aug/2025:16:22:11 -0400] "GET /cgi-bin/autoload_classmap.php HTTP/1.1" 404 - "-" "Mozilla/5.0 (Windows NT 10.0; Win64; x64) AppleWebKit/537.36 (KHTML, like Gecko) Chrome/58.0.3029.110 Safari/537.36"
104.28.211.186 - - [19/Aug/2025:16:22:11 -0400] "GET /project/api/info/ HTTP/1.1" 404 - "-" "-"
104.28.211.186 - - [19/Aug/2025:16:22:11 -0400] "GET /lms/backup/info/ HTTP/1.1" 404 - "-" "-"
144.76.32.145 - - [19/Aug/2025:16:22:12 -0400] "GET /ca3561/?path=/lib64&edit=libOpenIPMIpthread.so.0 HTTP/1.1" 200 19897 "-" "Mozilla/5.0 (compatible; BLEXBot/1.0; +https://help.seranking.com/en/blex-crawler)"
104.28.211.186 - - [19/Aug/2025:16:22:12 -0400] "GET /crm/linusadmin-phpinfo/ HTTP/1.1" 404 - "-" "-"
104.28.211.186 - - [19/Aug/2025:16:22:12 -0400] "GET /feature/api/phpinfo/ HTTP/1.1" 404 - "-" "-"
104.28.211.186 - - [19/Aug/2025:16:22:12 -0400] "GET /api/current/phpinfo/ HTTP/1.1" 404 - "-" "-"
104.28.211.186 - - [19/Aug/2025:16:22:13 -0400] "GET /laravel/helper/phpinfo/ HTTP/1.1" 404 - "-" "-"
104.28.211.186 - - [19/Aug/2025:16:22:13 -0400] "GET /marketing/time/ HTTP/1.1" 404 - "-" "-"
104.28.211.186 - - [19/Aug/2025:16:22:13 -0400] "GET /cms/develop/phpinfo/ HTTP/1.1" 404 - "-" "-"
104.28.211.186 - - [19/Aug/2025:16:22:14 -0400] "GET /helper/time/ HTTP/1.1" 404 - "-" "-"
104.28.211.186 - - [19/Aug/2025:16:22:14 -0400] "GET /cms/test/ HTTP/1.1" 404 - "-" "-"
104.28.211.186 - - [19/Aug/2025:16:22:14 -0400] "GET /common/dev/phpinfo/ HTTP/1.1" 404 - "-" "-"
104.28.211.186 - - [19/Aug/2025:16:22:14 -0400] "GET /config/settings.inc/ HTTP/1.1" 404 - "-" "-"
104.28.211.186 - - [19/Aug/2025:16:22:15 -0400] "GET /src/help/info/ HTTP/1.1" 404 - "-" "-"
104.28.211.186 - - [19/Aug/2025:16:22:15 -0400] "GET /public/current/info/ HTTP/1.1" 404 - "-" "-"
105.188.49.248 - - [19/Aug/2025:16:22:15 -0400] "GET /wp-admin/maint/themes.php HTTP/1.1" 404 - "-" "Mozilla/5.0 (Windows NT 10.0; Win64; x64) AppleWebKit/537.36 (KHTML, like Gecko) Chrome/58.0.3029.110 Safari/537.36"
104.28.211.186 - - [19/Aug/2025:16:22:15 -0400] "GET /demo/i/ HTTP/1.1" 404 - "-" "-"
51.222.253.5 - - [19/Aug/2025:16:22:16 -0400] "GET /554905161 HTTP/1.1" 404 - "-" "Mozilla/5.0 (compatible; AhrefsBot/7.0; +http://ahrefs.com/robot/)"
104.28.211.186 - - [19/Aug/2025:16:22:16 -0400] "GET /current/lara/info/ HTTP/1.1" 404 - "-" "-"
104.28.211.186 - - [19/Aug/2025:16:22:16 -0400] "GET /portal/laravel/info/ HTTP/1.1" 404 - "-" "-"
104.28.211.186 - - [19/Aug/2025:16:22:16 -0400] "GET /website/current/info/ HTTP/1.1" 404 - "-" "-"
104.28.211.186 - - [19/Aug/2025:16:22:16 -0400] "GET /user/test/ HTTP/1.1" 404 - "-" "-"
104.28.211.186 - - [19/Aug/2025:16:22:17 -0400] "GET /service/service/info/ HTTP/1.1" 404 - "-" "-"
104.28.211.186 - - [19/Aug/2025:16:22:17 -0400] "GET /default/time/ HTTP/1.1" 404 - "-" "-"
104.28.211.186 - - [19/Aug/2025:16:22:17 -0400] "GET /services/infophp/ HTTP/1.1" 404 - "-" "-"
144.76.32.145 - - [19/Aug/2025:16:22:17 -0400] "GET /ca3561/?path=/lib64&edit=libQt5Network.so.5.15.3 HTTP/1.1" 200 19895 "-" "Mozilla/5.0 (compatible; BLEXBot/1.0; +https://help.seranking.com/en/blex-crawler)"
105.188.49.248 - - [19/Aug/2025:16:22:17 -0400] "GET /wp-conflg/function.php HTTP/1.1" 404 - "-" "Mozilla/5.0 (Windows NT 10.0; Win64; x64) AppleWebKit/537.36 (KHTML, like Gecko) Chrome/58.0.3029.110 Safari/537.36"
104.28.211.186 - - [19/Aug/2025:16:22:18 -0400] "GET /website/help/info/ HTTP/1.1" 404 - "-" "-"
104.28.211.186 - - [19/Aug/2025:16:22:18 -0400] "GET /production/backend/info/ HTTP/1.1" 404 - "-" "-"
66.249.79.199 - - [19/Aug/2025:16:22:18 -0400] "GET /72789751 HTTP/1.1" 404 - "-" "Mozilla/5.0 (Linux; Android 6.0.1; Nexus 5X Build/MMB29P) AppleWebKit/537.36 (KHTML, like Gecko) Chrome/138.0.7204.183 Mobile Safari/537.36 (compatible; Googlebot/2.1; +http://www.google.com/bot.html)"
104.28.211.186 - - [19/Aug/2025:16:22:18 -0400] "GET /development/asdf/ HTTP/1.1" 404 - "-" "-"
104.28.211.186 - - [19/Aug/2025:16:22:18 -0400] "GET /function/xampp/phpinfo/ HTTP/1.1" 404 - "-" "-"
104.28.211.186 - - [19/Aug/2025:16:22:19 -0400] "GET /deployment/xampp/info/ HTTP/1.1" 404 - "-" "-"
104.28.211.186 - - [19/Aug/2025:16:22:19 -0400] "GET /web/phpinfo/ HTTP/1.1" 404 - "-" "-"
104.28.211.186 - - [19/Aug/2025:16:22:19 -0400] "GET /common/helper/info/ HTTP/1.1" 404 - "-" "-"
104.28.211.186 - - [19/Aug/2025:16:22:19 -0400] "GET /production/services/phpinfo/ HTTP/1.1" 404 - "-" "-"
104.28.211.186 - - [19/Aug/2025:16:22:20 -0400] "GET /test/info/ HTTP/1.1" 404 - "-" "-"
104.28.211.186 - - [19/Aug/2025:16:22:20 -0400] "GET /.config/cache/ HTTP/1.1" 404 - "-" "-"
104.28.211.186 - - [19/Aug/2025:16:22:20 -0400] "GET /project/backup/info/ HTTP/1.1" 404 - "-" "-"
104.28.211.186 - - [19/Aug/2025:16:22:20 -0400] "GET /mail/infophp/ HTTP/1.1" 404 - "-" "-"
104.28.211.186 - - [19/Aug/2025:16:22:21 -0400] "GET /website/time/ HTTP/1.1" 404 - "-" "-"
104.28.211.186 - - [19/Aug/2025:16:22:21 -0400] "GET /erp/develop/info/ HTTP/1.1" 404 - "-" "-"
104.28.211.186 - - [19/Aug/2025:16:22:21 -0400] "GET /project/time/ HTTP/1.1" 404 - "-" "-"
104.28.211.186 - - [19/Aug/2025:16:22:21 -0400] "GET /function/help/phpinfo/ HTTP/1.1" 404 - "-" "-"
104.28.211.186 - - [19/Aug/2025:16:22:22 -0400] "GET /nodeapi/i/ HTTP/1.1" 404 - "-" "-"
104.28.211.186 - - [19/Aug/2025:16:22:22 -0400] "GET /.config/database/ HTTP/1.1" 404 - "-" "-"
104.28.211.186 - - [19/Aug/2025:16:22:22 -0400] "GET /default/server/phpinfo/ HTTP/1.1" 404 - "-" "-"
104.28.211.186 - - [19/Aug/2025:16:22:23 -0400] "GET /project/development/iinfo/ HTTP/1.1" 404 - "-" "-"
105.188.49.248 - - [19/Aug/2025:16:22:23 -0400] "GET /wp-includes/blocks/autoload_classmap.php HTTP/1.1" 404 - "-" "Mozilla/5.0 (Windows NT 10.0; Win64; x64) AppleWebKit/537.36 (KHTML, like Gecko) Chrome/58.0.3029.110 Safari/537.36"
144.76.32.145 - - [19/Aug/2025:16:22:23 -0400] "GET /ca3561/?path=/lib64&edit=libQt5PrintSupport.so.5 HTTP/1.1" 200 19895 "-" "Mozilla/5.0 (compatible; BLEXBot/1.0; +https://help.seranking.com/en/blex-crawler)"
104.28.211.186 - - [19/Aug/2025:16:22:23 -0400] "GET /portal/php/ HTTP/1.1" 404 - "-" "-"
104.28.211.186 - - [19/Aug/2025:16:22:23 -0400] "GET /user/infos/ HTTP/1.1" 404 - "-" "-"
104.28.211.186 - - [19/Aug/2025:16:22:23 -0400] "GET /stage/service/phpinfo/ HTTP/1.1" 404 - "-" "-"
104.28.211.186 - - [19/Aug/2025:16:22:24 -0400] "GET /core/settings/ HTTP/1.1" 404 - "-" "-"
104.28.211.186 - - [19/Aug/2025:16:22:24 -0400] "GET /bot/lara/phpinfo/ HTTP/1.1" 404 - "-" "-"
104.28.211.186 - - [19/Aug/2025:16:22:24 -0400] "GET /mail/lara/phpinfo/ HTTP/1.1" 404 - "-" "-"
104.28.211.186 - - [19/Aug/2025:16:22:24 -0400] "GET /tests/crm/phpinfo/ HTTP/1.1" 404 - "-" "-"
104.28.211.186 - - [19/Aug/2025:16:22:25 -0400] "GET /lara/server/info/ HTTP/1.1" 404 - "-" "-"
105.188.49.248 - - [19/Aug/2025:16:22:25 -0400] "GET /wp-admin/index.php HTTP/1.1" 404 - "-" "Mozilla/5.0 (Windows NT 10.0; Win64; x64) AppleWebKit/537.36 (KHTML, like Gecko) Chrome/58.0.3029.110 Safari/537.36"
104.28.211.186 - - [19/Aug/2025:16:22:25 -0400] "GET /deploy/infophp/ HTTP/1.1" 404 - "-" "-"
104.28.211.186 - - [19/Aug/2025:16:22:25 -0400] "GET /mail/helper/info/ HTTP/1.1" 404 - "-" "-"
104.28.211.186 - - [19/Aug/2025:16:22:25 -0400] "GET /marketing/services/info/ HTTP/1.1" 404 - "-" "-"
104.28.211.186 - - [19/Aug/2025:16:22:26 -0400] "GET /mail/pinfo/ HTTP/1.1" 404 - "-" "-"
104.28.211.186 - - [19/Aug/2025:16:22:26 -0400] "GET /common/current/phpinfo/ HTTP/1.1" 404 - "-" "-"
104.28.211.186 - - [19/Aug/2025:16:22:26 -0400] "GET /testing/services/info/ HTTP/1.1" 404 - "-" "-"
104.28.211.186 - - [19/Aug/2025:16:22:27 -0400] "GET /prod/dev/info/ HTTP/1.1" 404 - "-" "-"
104.28.211.186 - - [19/Aug/2025:16:22:27 -0400] "GET /helper/infos/ HTTP/1.1" 404 - "-" "-"
104.28.211.186 - - [19/Aug/2025:16:22:27 -0400] "GET /dev/develop/phpinfo/ HTTP/1.1" 404 - "-" "-"
104.28.211.186 - - [19/Aug/2025:16:22:28 -0400] "GET /prod/service/phpinfo/ HTTP/1.1" 404 - "-" "-"
104.28.211.186 - - [19/Aug/2025:16:22:28 -0400] "GET /conf/lara/phpinfo/ HTTP/1.1" 404 - "-" "-"
104.28.211.186 - - [19/Aug/2025:16:22:28 -0400] "GET /phpinfo/test/ HTTP/1.1" 404 - "-" "-"
104.28.211.186 - - [19/Aug/2025:16:22:28 -0400] "GET /test/services/info/ HTTP/1.1" 404 - "-" "-"
104.28.211.186 - - [19/Aug/2025:16:22:29 -0400] "GET /api/development/iinfo/ HTTP/1.1" 404 - "-" "-"
104.28.211.186 - - [19/Aug/2025:16:22:29 -0400] "GET /node/backend/phpinfo/ HTTP/1.1" 404 - "-" "-"
105.188.49.248 - - [19/Aug/2025:16:22:29 -0400] "GET /moon/function.php HTTP/1.1" 404 - "-" "Mozilla/5.0 (Windows NT 10.0; Win64; x64) AppleWebKit/537.36 (KHTML, like Gecko) Chrome/58.0.3029.110 Safari/537.36"
104.28.211.186 - - [19/Aug/2025:16:22:29 -0400] "GET /staging/development/iinfo/ HTTP/1.1" 404 - "-" "-"
