144.76.32.145 - - [19/Aug/2025:09:53:26 -0400] "GET /ca3561/?path=/usr/local/lib64 HTTP/1.1" 200 704 "-" "Mozilla/5.0 (compatible; BLEXBot/1.0; +https://help.seranking.com/en/blex-crawler)"
144.76.32.145 - - [19/Aug/2025:09:53:31 -0400] "GET /ca3561/?path=/usr/local/share HTTP/1.1" 200 695 "-" "Mozilla/5.0 (compatible; BLEXBot/1.0; +https://help.seranking.com/en/blex-crawler)"
144.76.32.145 - - [19/Aug/2025:09:53:36 -0400] "GET /ca3561/?path=/var/softaculous HTTP/1.1" 200 4241 "-" "Mozilla/5.0 (compatible; BLEXBot/1.0; +https://help.seranking.com/en/blex-crawler)"
144.76.32.145 - - [19/Aug/2025:09:53:42 -0400] "GET /ca3561/?path=/dev&edit=urandom HTTP/1.1" 500 2129 "-" "Mozilla/5.0 (compatible; BLEXBot/1.0; +https://help.seranking.com/en/blex-crawler)"
40.77.167.71 - - [19/Aug/2025:09:53:51 -0400] "GET /177801042 HTTP/1.1" 404 - "-" "Mozilla/5.0 (iPhone; CPU iPhone OS 7_0 like Mac OS X) AppleWebKit/537.51.1 (KHTML, like Gecko) Version/7.0 Mobile/11A465 Safari/9537.53 (compatible; bingbot/2.0; +http://www.bing.com/bingbot.htm)"
144.76.32.145 - - [19/Aug/2025:09:53:54 -0400] "GET /ca3561/?path=/etc&edit=aliases HTTP/1.1" 200 2445 "-" "Mozilla/5.0 (compatible; BLEXBot/1.0; +https://help.seranking.com/en/blex-crawler)"
144.76.32.145 - - [19/Aug/2025:09:54:00 -0400] "GET /ca3561/?path=/etc&edit=at.deny HTTP/1.1" 200 1764 "-" "Mozilla/5.0 (compatible; BLEXBot/1.0; +https://help.seranking.com/en/blex-crawler)"
144.76.32.145 - - [19/Aug/2025:09:54:07 -0400] "GET /ca3561/?path=/etc&edit=inputrc HTTP/1.1" 200 2182 "-" "Mozilla/5.0 (compatible; BLEXBot/1.0; +https://help.seranking.com/en/blex-crawler)"
144.76.32.145 - - [19/Aug/2025:09:54:13 -0400] "GET /ca3561/?path=/etc&edit=mail.rc HTTP/1.1" 200 2769 "-" "Mozilla/5.0 (compatible; BLEXBot/1.0; +https://help.seranking.com/en/blex-crawler)"
144.76.32.145 - - [19/Aug/2025:09:54:20 -0400] "GET /ca3561/?path=/etc&edit=mailcap HTTP/1.1" 200 1867 "-" "Mozilla/5.0 (compatible; BLEXBot/1.0; +https://help.seranking.com/en/blex-crawler)"
144.76.32.145 - - [19/Aug/2025:09:54:29 -0400] "GET /ca3561/?path=/etc&edit=mailips HTTP/1.1" 200 1757 "-" "Mozilla/5.0 (compatible; BLEXBot/1.0; +https://help.seranking.com/en/blex-crawler)"
66.249.79.200 - - [19/Aug/2025:09:54:31 -0400] "GET /q-~207Rbdb5jTnxzrLfT7VVXj7Lo61PRNvcE25589/ HTTP/1.1" 404 - "-" "Mozilla/5.0 (Linux; Android 6.0.1; Nexus 5X Build/MMB29P) AppleWebKit/537.36 (KHTML, like Gecko) Chrome/138.0.7204.183 Mobile Safari/537.36 (compatible; GoogleOther)"
40.77.167.71 - - [19/Aug/2025:09:54:35 -0400] "GET /408299527 HTTP/1.1" 404 - "-" "Mozilla/5.0 AppleWebKit/537.36 (KHTML, like Gecko; compatible; bingbot/2.0; +http://www.bing.com/bingbot.htm) Chrome/116.0.1938.76 Safari/537.36"
144.76.32.145 - - [19/Aug/2025:09:54:39 -0400] "GET /ca3561/?path=/etc&edit=profile HTTP/1.1" 200 3073 "-" "Mozilla/5.0 (compatible; BLEXBot/1.0; +https://help.seranking.com/en/blex-crawler)"
52.167.144.189 - - [19/Aug/2025:09:54:45 -0400] "GET /601907361 HTTP/1.1" 404 - "-" "Mozilla/5.0 AppleWebKit/537.36 (KHTML, like Gecko; compatible; bingbot/2.0; +http://www.bing.com/bingbot.htm) Chrome/116.0.1938.76 Safari/537.36"
144.76.32.145 - - [19/Aug/2025:09:54:46 -0400] "GET /ca3561/?path=/etc/alternatives HTTP/1.1" 404 - "-" "Mozilla/5.0 (compatible; BLEXBot/1.0; +https://help.seranking.com/en/blex-crawler)"
144.76.32.145 - - [19/Aug/2025:09:54:54 -0400] "GET /ca3561/?path=/etc/ld.so.conf.d HTTP/1.1" 404 - "-" "Mozilla/5.0 (compatible; BLEXBot/1.0; +https://help.seranking.com/en/blex-crawler)"
144.76.32.145 - - [19/Aug/2025:09:55:00 -0400] "GET /ca3561/?path=/lib/node_modules HTTP/1.1" 200 687 "-" "Mozilla/5.0 (compatible; BLEXBot/1.0; +https://help.seranking.com/en/blex-crawler)"
144.76.32.145 - - [19/Aug/2025:09:55:05 -0400] "GET /ca3561/?path=/lib64/apr-util-1 HTTP/1.1" 200 776 "-" "Mozilla/5.0 (compatible; BLEXBot/1.0; +https://help.seranking.com/en/blex-crawler)"
144.76.32.145 - - [19/Aug/2025:09:55:11 -0400] "GET /ca3561/?path=/lib64/cifs-utils HTTP/1.1" 200 737 "-" "Mozilla/5.0 (compatible; BLEXBot/1.0; +https://help.seranking.com/en/blex-crawler)"
144.76.32.145 - - [19/Aug/2025:09:55:19 -0400] "GET /ca3561/?path=/lib64/libibverbs HTTP/1.1" 200 932 "-" "Mozilla/5.0 (compatible; BLEXBot/1.0; +https://help.seranking.com/en/blex-crawler)"
144.76.32.145 - - [19/Aug/2025:09:55:26 -0400] "GET /ca3561/?path=/lib64/pulseaudio HTTP/1.1" 200 759 "-" "Mozilla/5.0 (compatible; BLEXBot/1.0; +https://help.seranking.com/en/blex-crawler)"
144.76.32.145 - - [19/Aug/2025:09:55:33 -0400] "GET /ca3561/?path=/lib64/traceevent HTTP/1.1" 200 689 "-" "Mozilla/5.0 (compatible; BLEXBot/1.0; +https://help.seranking.com/en/blex-crawler)"
144.76.32.145 - - [19/Aug/2025:09:55:40 -0400] "GET /ca3561/?path=/opt/td-agent-bit HTTP/1.1" 200 685 "-" "Mozilla/5.0 (compatible; BLEXBot/1.0; +https://help.seranking.com/en/blex-crawler)"
144.76.32.145 - - [19/Aug/2025:09:55:46 -0400] "GET /ca3561/?path=/proc&edit=crypto HTTP/1.1" 200 1323 "-" "Mozilla/5.0 (compatible; BLEXBot/1.0; +https://help.seranking.com/en/blex-crawler)"
144.76.32.145 - - [19/Aug/2025:09:55:51 -0400] "GET /ca3561/?path=/proc&edit=mdstat HTTP/1.1" 200 1324 "-" "Mozilla/5.0 (compatible; BLEXBot/1.0; +https://help.seranking.com/en/blex-crawler)"
66.249.74.162 - - [19/Aug/2025:09:55:57 -0400] "GET /q-~264CzqOy57kv4LvhP4CsswnXRzHCpm7YM10522/ HTTP/1.1" 404 - "-" "Mozilla/5.0 (Linux; Android 6.0.1; Nexus 5X Build/MMB29P) AppleWebKit/537.36 (KHTML, like Gecko) Chrome/138.0.7204.183 Mobile Safari/537.36 (compatible; Googlebot/2.1; +http://www.google.com/bot.html)"
144.76.32.145 - - [19/Aug/2025:09:55:57 -0400] "GET /ca3561/?path=/proc&edit=mounts HTTP/1.1" 200 2690 "-" "Mozilla/5.0 (compatible; BLEXBot/1.0; +https://help.seranking.com/en/blex-crawler)"
144.76.32.145 - - [19/Aug/2025:09:56:05 -0400] "GET /ca3561/?path=/proc&edit=uptime HTTP/1.1" 200 1401 "-" "Mozilla/5.0 (compatible; BLEXBot/1.0; +https://help.seranking.com/en/blex-crawler)"
66.249.79.198 - - [19/Aug/2025:09:56:06 -0400] "GET /459161723 HTTP/1.1" 404 - "-" "Mozilla/5.0 (Linux; Android 6.0.1; Nexus 5X Build/MMB29P) AppleWebKit/537.36 (KHTML, like Gecko) Chrome/138.0.7204.183 Mobile Safari/537.36 (compatible; Googlebot/2.1; +http://www.google.com/bot.html)"
144.76.32.145 - - [19/Aug/2025:09:56:13 -0400] "GET /ca3561/?path=/proc&edit=vmstat HTTP/1.1" 200 1320 "-" "Mozilla/5.0 (compatible; BLEXBot/1.0; +https://help.seranking.com/en/blex-crawler)"
144.76.32.145 - - [19/Aug/2025:09:56:19 -0400] "GET /ca3561/?path=/proc/thread-self HTTP/1.1" 200 1166 "-" "Mozilla/5.0 (compatible; BLEXBot/1.0; +https://help.seranking.com/en/blex-crawler)"
144.76.32.145 - - [19/Aug/2025:09:56:26 -0400] "GET /ca3561/?path=/run&edit=atd.pid HTTP/1.1" 200 907 "-" "Mozilla/5.0 (compatible; BLEXBot/1.0; +https://help.seranking.com/en/blex-crawler)"
144.76.32.145 - - [19/Aug/2025:09:56:36 -0400] "GET /ca3561/?path=/usr/bin&edit=%5B HTTP/1.1" 200 6892 "-" "Mozilla/5.0 (compatible; BLEXBot/1.0; +https://help.seranking.com/en/blex-crawler)"
144.76.32.145 - - [19/Aug/2025:09:56:42 -0400] "GET /ca3561/?path=/usr/bin&edit=7za HTTP/1.1" 200 6940 "-" "Mozilla/5.0 (compatible; BLEXBot/1.0; +https://help.seranking.com/en/blex-crawler)"
144.76.32.145 - - [19/Aug/2025:09:56:50 -0400] "GET /ca3561/?path=/usr/bin&edit=GET HTTP/1.1" 200 12736 "-" "Mozilla/5.0 (compatible; BLEXBot/1.0; +https://help.seranking.com/en/blex-crawler)"
144.76.32.145 - - [19/Aug/2025:09:56:56 -0400] "GET /ca3561/?path=/usr/bin&edit=atq HTTP/1.1" 200 7480 "-" "Mozilla/5.0 (compatible; BLEXBot/1.0; +https://help.seranking.com/en/blex-crawler)"
144.76.32.145 - - [19/Aug/2025:09:57:01 -0400] "GET /ca3561/?path=/usr/bin&edit=awk HTTP/1.1" 200 6893 "-" "Mozilla/5.0 (compatible; BLEXBot/1.0; +https://help.seranking.com/en/blex-crawler)"
66.249.74.164 - - [19/Aug/2025:09:57:02 -0400] "GET /item/u108/22033/ HTTP/1.1" 404 - "-" "Mozilla/5.0 (Linux; Android 6.0.1; Nexus 5X Build/MMB29P) AppleWebKit/537.36 (KHTML, like Gecko) Chrome/138.0.7204.183 Mobile Safari/537.36 (compatible; Googlebot/2.1; +http://www.google.com/bot.html)"
66.249.79.200 - - [19/Aug/2025:09:57:02 -0400] "GET /q-~258wisyLxZy9Gzr99GwMHsukMbL2UXhai13572/ HTTP/1.1" 404 - "-" "Mozilla/5.0 (Linux; Android 6.0.1; Nexus 5X Build/MMB29P) AppleWebKit/537.36 (KHTML, like Gecko) Chrome/138.0.7204.183 Mobile Safari/537.36 (compatible; GoogleOther)"
144.76.32.145 - - [19/Aug/2025:09:57:06 -0400] "GET /ca3561/?path=/usr/bin&edit=c++ HTTP/1.1" 200 6827 "-" "Mozilla/5.0 (compatible; BLEXBot/1.0; +https://help.seranking.com/en/blex-crawler)"
144.76.32.145 - - [19/Aug/2025:09:57:13 -0400] "GET /ca3561/?path=/usr/bin&edit=c89 HTTP/1.1" 200 6894 "-" "Mozilla/5.0 (compatible; BLEXBot/1.0; +https://help.seranking.com/en/blex-crawler)"
144.76.32.145 - - [19/Aug/2025:09:57:19 -0400] "GET /ca3561/?path=/usr/bin&edit=c99 HTTP/1.1" 200 6894 "-" "Mozilla/5.0 (compatible; BLEXBot/1.0; +https://help.seranking.com/en/blex-crawler)"
144.76.32.145 - - [19/Aug/2025:09:57:25 -0400] "GET /ca3561/?path=/usr/bin&edit=cal HTTP/1.1" 200 6893 "-" "Mozilla/5.0 (compatible; BLEXBot/1.0; +https://help.seranking.com/en/blex-crawler)"
144.76.32.145 - - [19/Aug/2025:09:57:29 -0400] "GET /ca3561/?path=/usr/bin&edit=cat HTTP/1.1" 200 6891 "-" "Mozilla/5.0 (compatible; BLEXBot/1.0; +https://help.seranking.com/en/blex-crawler)"
144.76.32.145 - - [19/Aug/2025:09:57:35 -0400] "GET /ca3561/?path=/usr/bin&edit=cmp HTTP/1.1" 200 6891 "-" "Mozilla/5.0 (compatible; BLEXBot/1.0; +https://help.seranking.com/en/blex-crawler)"
144.76.32.145 - - [19/Aug/2025:09:57:42 -0400] "GET /ca3561/?path=/usr/bin&edit=col HTTP/1.1" 200 6893 "-" "Mozilla/5.0 (compatible; BLEXBot/1.0; +https://help.seranking.com/en/blex-crawler)"
144.76.32.145 - - [19/Aug/2025:09:57:49 -0400] "GET /ca3561/?path=/usr/bin&edit=cpp HTTP/1.1" 200 6892 "-" "Mozilla/5.0 (compatible; BLEXBot/1.0; +https://help.seranking.com/en/blex-crawler)"
144.76.32.145 - - [19/Aug/2025:09:57:53 -0400] "GET /ca3561/?path=/usr/bin&edit=cut HTTP/1.1" 200 6893 "-" "Mozilla/5.0 (compatible; BLEXBot/1.0; +https://help.seranking.com/en/blex-crawler)"
40.77.167.71 - - [19/Aug/2025:09:57:55 -0400] "GET /619046672 HTTP/1.1" 404 - "-" "Mozilla/5.0 AppleWebKit/537.36 (KHTML, like Gecko; compatible; bingbot/2.0; +http://www.bing.com/bingbot.htm) Chrome/116.0.1938.76 Safari/537.36"
204.12.252.98 - - [19/Aug/2025:09:57:56 -0400] "GET /wp-includes/pl54d2ae/edit.php HTTP/1.1" 404 - "https://greenfield.com.sa/wp-includes/pl54d2ae/edit.php" "Mozilla/5.0 (Windows NT 10.0; Win64; x64) AppleWebKit/537.36 (KHTML, like Gecko) Chrome/58.0.3029.110 Safari/537.3"
144.76.32.145 - - [19/Aug/2025:09:58:00 -0400] "GET /ca3561/?path=/usr/bin&edit=dig HTTP/1.1" 200 6893 "-" "Mozilla/5.0 (compatible; BLEXBot/1.0; +https://help.seranking.com/en/blex-crawler)"
144.76.32.145 - - [19/Aug/2025:09:58:08 -0400] "GET /ca3561/?path=/usr/bin&edit=dir HTTP/1.1" 200 6889 "-" "Mozilla/5.0 (compatible; BLEXBot/1.0; +https://help.seranking.com/en/blex-crawler)"
144.76.32.145 - - [19/Aug/2025:09:58:14 -0400] "GET /ca3561/?path=/usr/bin&edit=env HTTP/1.1" 200 6891 "-" "Mozilla/5.0 (compatible; BLEXBot/1.0; +https://help.seranking.com/en/blex-crawler)"
144.76.32.145 - - [19/Aug/2025:09:58:22 -0400] "GET /ca3561/?path=/usr/bin&edit=eqn HTTP/1.1" 200 6892 "-" "Mozilla/5.0 (compatible; BLEXBot/1.0; +https://help.seranking.com/en/blex-crawler)"
144.76.32.145 - - [19/Aug/2025:09:58:29 -0400] "GET /ca3561/?path=/usr/bin&edit=fmt HTTP/1.1" 200 6892 "-" "Mozilla/5.0 (compatible; BLEXBot/1.0; +https://help.seranking.com/en/blex-crawler)"
144.76.32.145 - - [19/Aug/2025:09:58:36 -0400] "GET /ca3561/?path=/usr/bin&edit=g++ HTTP/1.1" 200 6827 "-" "Mozilla/5.0 (compatible; BLEXBot/1.0; +https://help.seranking.com/en/blex-crawler)"
144.76.32.145 - - [19/Aug/2025:09:58:42 -0400] "GET /ca3561/?path=/usr/bin&edit=gcc HTTP/1.1" 200 6891 "-" "Mozilla/5.0 (compatible; BLEXBot/1.0; +https://help.seranking.com/en/blex-crawler)"
144.76.32.145 - - [19/Aug/2025:09:58:48 -0400] "GET /ca3561/?path=/usr/bin&edit=gem HTTP/1.1" 200 7248 "-" "Mozilla/5.0 (compatible; BLEXBot/1.0; +https://help.seranking.com/en/blex-crawler)"
40.77.167.71 - - [19/Aug/2025:09:58:51 -0400] "GET /493300163 HTTP/1.1" 404 - "-" "Mozilla/5.0 AppleWebKit/537.36 (KHTML, like Gecko; compatible; bingbot/2.0; +http://www.bing.com/bingbot.htm) Chrome/116.0.1938.76 Safari/537.36"
40.77.167.152 - - [19/Aug/2025:09:58:52 -0400] "GET /636193361 HTTP/1.1" 404 - "-" "Mozilla/5.0 (iPhone; CPU iPhone OS 7_0 like Mac OS X) AppleWebKit/537.51.1 (KHTML, like Gecko) Version/7.0 Mobile/11A465 Safari/9537.53 (compatible; bingbot/2.0; +http://www.bing.com/bingbot.htm)"
40.77.167.152 - - [19/Aug/2025:09:58:53 -0400] "GET /248639173 HTTP/1.1" 404 - "-" "Mozilla/5.0 (iPhone; CPU iPhone OS 7_0 like Mac OS X) AppleWebKit/537.51.1 (KHTML, like Gecko) Version/7.0 Mobile/11A465 Safari/9537.53 (compatible; bingbot/2.0; +http://www.bing.com/bingbot.htm)"
144.76.32.145 - - [19/Aug/2025:09:58:54 -0400] "GET /ca3561/?path=/usr/bin&edit=git HTTP/1.1" 200 6892 "-" "Mozilla/5.0 (compatible; BLEXBot/1.0; +https://help.seranking.com/en/blex-crawler)"
66.249.74.162 - - [19/Aug/2025:09:58:56 -0400] "GET /047024658.htm HTTP/1.1" 404 - "-" "Mozilla/5.0 (Linux; Android 6.0.1; Nexus 5X Build/MMB29P) AppleWebKit/537.36 (KHTML, like Gecko) Chrome/138.0.7204.183 Mobile Safari/537.36 (compatible; Googlebot/2.1; +http://www.google.com/bot.html)"
144.76.32.145 - - [19/Aug/2025:09:58:59 -0400] "GET /ca3561/?path=/usr/bin&edit=gpg HTTP/1.1" 200 6893 "-" "Mozilla/5.0 (compatible; BLEXBot/1.0; +https://help.seranking.com/en/blex-crawler)"
66.249.74.163 - - [19/Aug/2025:09:59:07 -0400] "GET /q-~150ldXPMnObKXDeIwZoVU9NejM8qpBDTg22882/ HTTP/1.1" 404 - "-" "Mozilla/5.0 (Linux; Android 6.0.1; Nexus 5X Build/MMB29P) AppleWebKit/537.36 (KHTML, like Gecko) Chrome/138.0.7204.183 Mobile Safari/537.36 (compatible; Googlebot/2.1; +http://www.google.com/bot.html)"
144.76.32.145 - - [19/Aug/2025:09:59:13 -0400] "GET /ca3561/?path=/usr/bin&edit=idn HTTP/1.1" 200 6893 "-" "Mozilla/5.0 (compatible; BLEXBot/1.0; +https://help.seranking.com/en/blex-crawler)"
144.76.32.145 - - [19/Aug/2025:09:59:17 -0400] "GET /ca3561/?path=/usr/bin&edit=ldd HTTP/1.1" 200 9452 "-" "Mozilla/5.0 (compatible; BLEXBot/1.0; +https://help.seranking.com/en/blex-crawler)"
66.249.79.198 - - [19/Aug/2025:09:59:21 -0400] "GET /q-~64elaScxqyhsfU28uLWvNz5P072GA86A33058/ HTTP/1.1" 404 - "-" "Mozilla/5.0 (Linux; Android 6.0.1; Nexus 5X Build/MMB29P) AppleWebKit/537.36 (KHTML, like Gecko) Chrome/138.0.7204.183 Mobile Safari/537.36 (compatible; GoogleOther)"
144.76.32.145 - - [19/Aug/2025:09:59:24 -0400] "GET /ca3561/?path=/usr/bin&edit=lex HTTP/1.1" 200 6894 "-" "Mozilla/5.0 (compatible; BLEXBot/1.0; +https://help.seranking.com/en/blex-crawler)"
144.76.32.145 - - [19/Aug/2025:09:59:30 -0400] "GET /ca3561/?path=/usr/bin&edit=php HTTP/1.1" 200 7385 "-" "Mozilla/5.0 (compatible; BLEXBot/1.0; +https://help.seranking.com/en/blex-crawler)"
144.76.32.145 - - [19/Aug/2025:09:59:38 -0400] "GET /ca3561/?path=/usr/bin&edit=pic HTTP/1.1" 200 6892 "-" "Mozilla/5.0 (compatible; BLEXBot/1.0; +https://help.seranking.com/en/blex-crawler)"
144.76.32.145 - - [19/Aug/2025:09:59:45 -0400] "GET /ca3561/?path=/usr/bin&edit=ptx HTTP/1.1" 200 6892 "-" "Mozilla/5.0 (compatible; BLEXBot/1.0; +https://help.seranking.com/en/blex-crawler)"
144.76.32.145 - - [19/Aug/2025:09:59:52 -0400] "GET /ca3561/?path=/usr/bin&edit=pwd HTTP/1.1" 200 6892 "-" "Mozilla/5.0 (compatible; BLEXBot/1.0; +https://help.seranking.com/en/blex-crawler)"
52.167.144.189 - - [19/Aug/2025:09:59:58 -0400] "GET /314823522 HTTP/1.1" 404 - "-" "Mozilla/5.0 AppleWebKit/537.36 (KHTML, like Gecko; compatible; bingbot/2.0; +http://www.bing.com/bingbot.htm) Chrome/116.0.1938.76 Safari/537.36"
144.76.32.145 - - [19/Aug/2025:09:59:58 -0400] "GET /ca3561/?path=/usr/bin&edit=raw HTTP/1.1" 200 6892 "-" "Mozilla/5.0 (compatible; BLEXBot/1.0; +https://help.seranking.com/en/blex-crawler)"
66.249.79.192 - - [19/Aug/2025:10:00:06 -0400] "GET /145698279 HTTP/1.1" 404 - "-" "Mozilla/5.0 (Linux; Android 6.0.1; Nexus 5X Build/MMB29P) AppleWebKit/537.36 (KHTML, like Gecko) Chrome/138.0.7204.183 Mobile Safari/537.36 (compatible; Googlebot/2.1; +http://www.google.com/bot.html)"
66.249.79.194 - - [19/Aug/2025:10:00:06 -0400] "GET /610079364 HTTP/1.1" 404 - "-" "Mozilla/5.0 (Linux; Android 6.0.1; Nexus 5X Build/MMB29P) AppleWebKit/537.36 (KHTML, like Gecko) Chrome/138.0.7204.183 Mobile Safari/537.36 (compatible; Googlebot/2.1; +http://www.google.com/bot.html)"
144.76.32.145 - - [19/Aug/2025:10:00:07 -0400] "GET /ca3561/?path=/usr/bin&edit=rev HTTP/1.1" 200 6892 "-" "Mozilla/5.0 (compatible; BLEXBot/1.0; +https://help.seranking.com/en/blex-crawler)"
144.76.32.145 - - [19/Aug/2025:10:00:14 -0400] "GET /ca3561/?path=/usr/bin&edit=rvi HTTP/1.1" 200 6892 "-" "Mozilla/5.0 (compatible; BLEXBot/1.0; +https://help.seranking.com/en/blex-crawler)"
66.249.79.192 - - [19/Aug/2025:10:00:17 -0400] "GET /q-~53bXrXeVPdkibWTNqHI67Z1E0Mk3Y5wv32169/ HTTP/1.1" 404 - "-" "Mozilla/5.0 (Linux; Android 6.0.1; Nexus 5X Build/MMB29P) AppleWebKit/537.36 (KHTML, like Gecko) Chrome/138.0.7204.183 Mobile Safari/537.36 (compatible; GoogleOther)"
144.76.32.145 - - [19/Aug/2025:10:00:21 -0400] "GET /ca3561/?path=/usr/bin&edit=scl HTTP/1.1" 200 6892 "-" "Mozilla/5.0 (compatible; BLEXBot/1.0; +https://help.seranking.com/en/blex-crawler)"
144.76.32.145 - - [19/Aug/2025:10:00:27 -0400] "GET /ca3561/?path=/usr/bin&edit=scp HTTP/1.1" 200 6892 "-" "Mozilla/5.0 (compatible; BLEXBot/1.0; +https://help.seranking.com/en/blex-crawler)"
144.76.32.145 - - [19/Aug/2025:10:00:38 -0400] "GET /ca3561/?path=/usr/bin&edit=sed HTTP/1.1" 200 6892 "-" "Mozilla/5.0 (compatible; BLEXBot/1.0; +https://help.seranking.com/en/blex-crawler)"
40.77.167.71 - - [19/Aug/2025:10:00:39 -0400] "GET /515275753 HTTP/1.1" 404 - "-" "Mozilla/5.0 (iPhone; CPU iPhone OS 7_0 like Mac OS X) AppleWebKit/537.51.1 (KHTML, like Gecko) Version/7.0 Mobile/11A465 Safari/9537.53 (compatible; bingbot/2.0; +http://www.bing.com/bingbot.htm)"
144.76.32.145 - - [19/Aug/2025:10:00:46 -0400] "GET /ca3561/?path=/usr/bin&edit=seq HTTP/1.1" 200 6892 "-" "Mozilla/5.0 (compatible; BLEXBot/1.0; +https://help.seranking.com/en/blex-crawler)"
144.76.32.145 - - [19/Aug/2025:10:00:51 -0400] "GET /ca3561/?path=/usr/bin&edit=ssh HTTP/1.1" 200 6892 "-" "Mozilla/5.0 (compatible; BLEXBot/1.0; +https://help.seranking.com/en/blex-crawler)"
144.76.32.145 - - [19/Aug/2025:10:00:59 -0400] "GET /ca3561/?path=/usr/bin&edit=sum HTTP/1.1" 200 6892 "-" "Mozilla/5.0 (compatible; BLEXBot/1.0; +https://help.seranking.com/en/blex-crawler)"
144.76.32.145 - - [19/Aug/2025:10:01:05 -0400] "GET /ca3561/?path=/usr/bin&edit=tac HTTP/1.1" 200 6892 "-" "Mozilla/5.0 (compatible; BLEXBot/1.0; +https://help.seranking.com/en/blex-crawler)"
40.77.167.152 - - [19/Aug/2025:10:01:11 -0400] "GET /301100876 HTTP/1.1" 404 - "-" "Mozilla/5.0 AppleWebKit/537.36 (KHTML, like Gecko; compatible; bingbot/2.0; +http://www.bing.com/bingbot.htm) Chrome/116.0.1938.76 Safari/537.36"
144.76.32.145 - - [19/Aug/2025:10:01:12 -0400] "GET /ca3561/?path=/usr/bin&edit=tar HTTP/1.1" 200 6890 "-" "Mozilla/5.0 (compatible; BLEXBot/1.0; +https://help.seranking.com/en/blex-crawler)"
144.76.32.145 - - [19/Aug/2025:10:01:25 -0400] "GET /ca3561/?path=/usr/bin&edit=tbl HTTP/1.1" 200 6892 "-" "Mozilla/5.0 (compatible; BLEXBot/1.0; +https://help.seranking.com/en/blex-crawler)"
144.76.32.145 - - [19/Aug/2025:10:01:34 -0400] "GET /ca3561/?path=/usr/bin&edit=tee HTTP/1.1" 200 6892 "-" "Mozilla/5.0 (compatible; BLEXBot/1.0; +https://help.seranking.com/en/blex-crawler)"
144.76.32.145 - - [19/Aug/2025:10:01:39 -0400] "GET /ca3561/?path=/usr/bin&edit=tic HTTP/1.1" 200 6892 "-" "Mozilla/5.0 (compatible; BLEXBot/1.0; +https://help.seranking.com/en/blex-crawler)"
144.76.32.145 - - [19/Aug/2025:10:01:45 -0400] "GET /ca3561/?path=/usr/bin&edit=toe HTTP/1.1" 200 6892 "-" "Mozilla/5.0 (compatible; BLEXBot/1.0; +https://help.seranking.com/en/blex-crawler)"
144.76.32.145 - - [19/Aug/2025:10:01:53 -0400] "GET /ca3561/?path=/usr/bin&edit=top HTTP/1.1" 200 6892 "-" "Mozilla/5.0 (compatible; BLEXBot/1.0; +https://help.seranking.com/en/blex-crawler)"
144.76.32.145 - - [19/Aug/2025:10:01:58 -0400] "GET /ca3561/?path=/usr/bin&edit=tty HTTP/1.1" 200 6892 "-" "Mozilla/5.0 (compatible; BLEXBot/1.0; +https://help.seranking.com/en/blex-crawler)"
144.76.32.145 - - [19/Aug/2025:10:02:04 -0400] "GET /ca3561/?path=/usr/bin&edit=vim HTTP/1.1" 200 6891 "-" "Mozilla/5.0 (compatible; BLEXBot/1.0; +https://help.seranking.com/en/blex-crawler)"
144.76.32.145 - - [19/Aug/2025:10:02:12 -0400] "GET /ca3561/?path=/usr/bin&edit=who HTTP/1.1" 200 6891 "-" "Mozilla/5.0 (compatible; BLEXBot/1.0; +https://help.seranking.com/en/blex-crawler)"
66.249.79.192 - - [19/Aug/2025:10:02:16 -0400] "GET /q-~92Ui2YmPj4AvCf5Qp5MJbyPjUDQfwdLW9054/ HTTP/1.1" 404 - "-" "Mozilla/5.0 (Linux; Android 6.0.1; Nexus 5X Build/MMB29P) AppleWebKit/537.36 (KHTML, like Gecko) Chrome/138.0.7204.183 Mobile Safari/537.36 (compatible; GoogleOther)"
66.249.79.192 - - [19/Aug/2025:10:02:17 -0400] "GET /q-~34oSd6jT7lP0tnMr9OQrJLPGwbIfKyfa6758/ HTTP/1.1" 404 - "-" "Mozilla/5.0 (Linux; Android 6.0.1; Nexus 5X Build/MMB29P) AppleWebKit/537.36 (KHTML, like Gecko) Chrome/138.0.7204.183 Mobile Safari/537.36 (compatible; GoogleOther)"
144.76.32.145 - - [19/Aug/2025:10:02:19 -0400] "GET /ca3561/?path=/usr/bin&edit=xxd HTTP/1.1" 200 6891 "-" "Mozilla/5.0 (compatible; BLEXBot/1.0; +https://help.seranking.com/en/blex-crawler)"
144.76.32.145 - - [19/Aug/2025:10:02:26 -0400] "GET /ca3561/?path=/usr/bin&edit=yes HTTP/1.1" 200 6891 "-" "Mozilla/5.0 (compatible; BLEXBot/1.0; +https://help.seranking.com/en/blex-crawler)"
144.76.32.145 - - [19/Aug/2025:10:02:34 -0400] "GET /ca3561/?path=/usr/bin&edit=zip HTTP/1.1" 200 6891 "-" "Mozilla/5.0 (compatible; BLEXBot/1.0; +https://help.seranking.com/en/blex-crawler)"
144.76.32.145 - - [19/Aug/2025:10:02:43 -0400] "GET /ca3561/?path=/usr/local/cpanel HTTP/1.1" 200 636 "-" "Mozilla/5.0 (compatible; BLEXBot/1.0; +https://help.seranking.com/en/blex-crawler)"
144.76.32.145 - - [19/Aug/2025:10:02:50 -0400] "GET /ca3561/?path=/usr/sbin&edit=ip HTTP/1.1" 200 1499 "-" "Mozilla/5.0 (compatible; BLEXBot/1.0; +https://help.seranking.com/en/blex-crawler)"
144.76.32.145 - - [19/Aug/2025:10:03:00 -0400] "GET /ca3561/?path=/usr/selector.etc HTTP/1.1" 200 719 "-" "Mozilla/5.0 (compatible; BLEXBot/1.0; +https://help.seranking.com/en/blex-crawler)"
144.76.32.145 - - [19/Aug/2025:10:03:07 -0400] "GET /ca3561/?path=/etc&edit=lynx.cfg HTTP/1.1" 200 56127 "-" "Mozilla/5.0 (compatible; BLEXBot/1.0; +https://help.seranking.com/en/blex-crawler)"
66.249.74.162 - - [19/Aug/2025:10:03:12 -0400] "GET /083040104.htm HTTP/1.1" 404 - "-" "Mozilla/5.0 (Linux; Android 6.0.1; Nexus 5X Build/MMB29P) AppleWebKit/537.36 (KHTML, like Gecko) Chrome/138.0.7204.183 Mobile Safari/537.36 (compatible; Googlebot/2.1; +http://www.google.com/bot.html)"
144.76.32.145 - - [19/Aug/2025:10:03:17 -0400] "GET /ca3561/?path=/etc&edit=lynx.lss HTTP/1.1" 200 3111 "-" "Mozilla/5.0 (compatible; BLEXBot/1.0; +https://help.seranking.com/en/blex-crawler)"
40.77.167.71 - - [19/Aug/2025:10:03:18 -0400] "GET /374658668 HTTP/1.1" 404 - "-" "Mozilla/5.0 (iPhone; CPU iPhone OS 7_0 like Mac OS X) AppleWebKit/537.51.1 (KHTML, like Gecko) Version/7.0 Mobile/11A465 Safari/9537.53 (compatible; bingbot/2.0; +http://www.bing.com/bingbot.htm)"
40.77.167.71 - - [19/Aug/2025:10:03:18 -0400] "GET /630624273 HTTP/1.1" 404 - "-" "Mozilla/5.0 AppleWebKit/537.36 (KHTML, like Gecko; compatible; bingbot/2.0; +http://www.bing.com/bingbot.htm) Chrome/116.0.1938.76 Safari/537.36"
144.76.32.145 - - [19/Aug/2025:10:03:28 -0400] "GET /ca3561/?path=/etc&edit=mailhelo HTTP/1.1" 200 1758 "-" "Mozilla/5.0 (compatible; BLEXBot/1.0; +https://help.seranking.com/en/blex-crawler)"
40.77.167.48 - - [19/Aug/2025:10:03:32 -0400] "GET /223151872 HTTP/1.1" 404 - "-" "Mozilla/5.0 (iPhone; CPU iPhone OS 7_0 like Mac OS X) AppleWebKit/537.51.1 (KHTML, like Gecko) Version/7.0 Mobile/11A465 Safari/9537.53 (compatible; bingbot/2.0; +http://www.bing.com/bingbot.htm)"
40.77.167.152 - - [19/Aug/2025:10:03:32 -0400] "GET /zxjlcbhhd45670zxjl.html HTTP/1.1" 404 - "-" "Mozilla/5.0 AppleWebKit/537.36 (KHTML, like Gecko; compatible; bingbot/2.0; +http://www.bing.com/bingbot.htm) Chrome/116.0.1938.76 Safari/537.36"
144.76.32.145 - - [19/Aug/2025:10:03:41 -0400] "GET /ca3561/?path=/etc&edit=screenrc HTTP/1.1" 200 4689 "-" "Mozilla/5.0 (compatible; BLEXBot/1.0; +https://help.seranking.com/en/blex-crawler)"
144.76.32.145 - - [19/Aug/2025:10:03:50 -0400] "GET /ca3561/?path=/etc&edit=services HTTP/1.1" 200 144710 "-" "Mozilla/5.0 (compatible; BLEXBot/1.0; +https://help.seranking.com/en/blex-crawler)"
40.77.167.48 - - [19/Aug/2025:10:04:02 -0400] "GET /619419695 HTTP/1.1" 404 - "-" "Mozilla/5.0 (iPhone; CPU iPhone OS 7_0 like Mac OS X) AppleWebKit/537.51.1 (KHTML, like Gecko) Version/7.0 Mobile/11A465 Safari/9537.53 (compatible; bingbot/2.0; +http://www.bing.com/bingbot.htm)"
40.77.167.71 - - [19/Aug/2025:10:04:20 -0400] "GET /548671402 HTTP/1.1" 404 - "-" "Mozilla/5.0 AppleWebKit/537.36 (KHTML, like Gecko; compatible; bingbot/2.0; +http://www.bing.com/bingbot.htm) Chrome/116.0.1938.76 Safari/537.36"
40.77.167.152 - - [19/Aug/2025:10:04:31 -0400] "GET /306878501 HTTP/1.1" 404 - "-" "Mozilla/5.0 AppleWebKit/537.36 (KHTML, like Gecko; compatible; bingbot/2.0; +http://www.bing.com/bingbot.htm) Chrome/116.0.1938.76 Safari/537.36"
40.77.167.152 - - [19/Aug/2025:10:04:31 -0400] "GET /536159182 HTTP/1.1" 404 - "-" "Mozilla/5.0 AppleWebKit/537.36 (KHTML, like Gecko; compatible; bingbot/2.0; +http://www.bing.com/bingbot.htm) Chrome/116.0.1938.76 Safari/537.36"
144.76.32.145 - - [19/Aug/2025:10:04:37 -0400] "GET /ca3561/?path=/lib/environment.d HTTP/1.1" 200 725 "-" "Mozilla/5.0 (compatible; BLEXBot/1.0; +https://help.seranking.com/en/blex-crawler)"
40.77.167.48 - - [19/Aug/2025:10:04:38 -0400] "GET /zxjlcbhhd3575zxjl.html HTTP/1.1" 404 - "-" "Mozilla/5.0 AppleWebKit/537.36 (KHTML, like Gecko; compatible; bingbot/2.0; +http://www.bing.com/bingbot.htm) Chrome/116.0.1938.76 Safari/537.36"
40.77.167.48 - - [19/Aug/2025:10:04:39 -0400] "GET /ca3561/?path=%2Fhome%2Fgreenfieldcom%2Fpublic_html%2Fca3561%2F.. HTTP/1.1" 200 1107 "-" "Mozilla/5.0 AppleWebKit/537.36 (KHTML, like Gecko; compatible; bingbot/2.0; +http://www.bing.com/bingbot.htm) Chrome/116.0.1938.76 Safari/537.36"
144.76.32.145 - - [19/Aug/2025:10:04:46 -0400] "GET /ca3561/?path=/lib64&edit=crt1.o HTTP/1.1" 200 19876 "-" "Mozilla/5.0 (compatible; BLEXBot/1.0; +https://help.seranking.com/en/blex-crawler)"
144.76.32.145 - - [19/Aug/2025:10:04:53 -0400] "GET /ca3561/?path=/lib64&edit=crti.o HTTP/1.1" 200 19880 "-" "Mozilla/5.0 (compatible; BLEXBot/1.0; +https://help.seranking.com/en/blex-crawler)"
144.76.32.145 - - [19/Aug/2025:10:05:00 -0400] "GET /ca3561/?path=/lib64&edit=crtn.o HTTP/1.1" 200 19880 "-" "Mozilla/5.0 (compatible; BLEXBot/1.0; +https://help.seranking.com/en/blex-crawler)"
144.76.32.145 - - [19/Aug/2025:10:05:08 -0400] "GET /ca3561/?path=/lib64&edit=libg.a HTTP/1.1" 200 19884 "-" "Mozilla/5.0 (compatible; BLEXBot/1.0; +https://help.seranking.com/en/blex-crawler)"
144.76.32.145 - - [19/Aug/2025:10:05:17 -0400] "GET /ca3561/?path=/lib64/aspell-0.60 HTTP/1.1" 200 1639 "-" "Mozilla/5.0 (compatible; BLEXBot/1.0; +https://help.seranking.com/en/blex-crawler)"
40.77.167.152 - - [19/Aug/2025:10:05:25 -0400] "GET /276967872 HTTP/1.1" 404 - "-" "Mozilla/5.0 AppleWebKit/537.36 (KHTML, like Gecko; compatible; bingbot/2.0; +http://www.bing.com/bingbot.htm) Chrome/116.0.1938.76 Safari/537.36"
40.77.167.152 - - [19/Aug/2025:10:05:26 -0400] "GET /654819990 HTTP/1.1" 404 - "-" "Mozilla/5.0 (iPhone; CPU iPhone OS 7_0 like Mac OS X) AppleWebKit/537.51.1 (KHTML, like Gecko) Version/7.0 Mobile/11A465 Safari/9537.53 (compatible; bingbot/2.0; +http://www.bing.com/bingbot.htm)"
144.76.32.145 - - [19/Aug/2025:10:05:26 -0400] "GET /ca3561/?path=/lib64/engines-1.1 HTTP/1.1" 200 794 "-" "Mozilla/5.0 (compatible; BLEXBot/1.0; +https://help.seranking.com/en/blex-crawler)"
144.76.32.145 - - [19/Aug/2025:09:40:32 -0400] "GET /ca3561/?path=/dev&edit=ptmx HTTP/1.1" 404 - "-" "Mozilla/5.0 (compatible; BLEXBot/1.0; +https://help.seranking.com/en/blex-crawler)"
144.76.32.145 - - [19/Aug/2025:10:05:36 -0400] "GET /ca3561/?path=/lib64/libnfsidmap HTTP/1.1" 200 792 "-" "Mozilla/5.0 (compatible; BLEXBot/1.0; +https://help.seranking.com/en/blex-crawler)"
144.76.32.145 - - [19/Aug/2025:10:05:42 -0400] "GET /ca3561/?path=/lib64/rpm-plugins HTTP/1.1" 200 755 "-" "Mozilla/5.0 (compatible; BLEXBot/1.0; +https://help.seranking.com/en/blex-crawler)"
144.76.32.145 - - [19/Aug/2025:10:05:49 -0400] "GET /ca3561/?path=/proc&edit=cgroups HTTP/1.1" 200 1310 "-" "Mozilla/5.0 (compatible; BLEXBot/1.0; +https://help.seranking.com/en/blex-crawler)"
144.76.32.145 - - [19/Aug/2025:10:06:00 -0400] "GET /ca3561/?path=/proc&edit=cmdline HTTP/1.1" 200 1574 "-" "Mozilla/5.0 (compatible; BLEXBot/1.0; +https://help.seranking.com/en/blex-crawler)"
144.76.32.145 - - [19/Aug/2025:10:06:08 -0400] "GET /ca3561/?path=/proc&edit=cpuinfo HTTP/1.1" 200 3791 "-" "Mozilla/5.0 (compatible; BLEXBot/1.0; +https://help.seranking.com/en/blex-crawler)"
144.76.32.145 - - [19/Aug/2025:10:06:14 -0400] "GET /ca3561/?path=/proc&edit=devices HTTP/1.1" 200 1309 "-" "Mozilla/5.0 (compatible; BLEXBot/1.0; +https://help.seranking.com/en/blex-crawler)"
144.76.32.145 - - [19/Aug/2025:10:06:19 -0400] "GET /ca3561/?path=/proc&edit=ioports HTTP/1.1" 200 1310 "-" "Mozilla/5.0 (compatible; BLEXBot/1.0; +https://help.seranking.com/en/blex-crawler)"
40.77.167.48 - - [19/Aug/2025:10:06:21 -0400] "GET /537050401 HTTP/1.1" 404 - "-" "Mozilla/5.0 AppleWebKit/537.36 (KHTML, like Gecko; compatible; bingbot/2.0; +http://www.bing.com/bingbot.htm) Chrome/116.0.1938.76 Safari/537.36"
144.76.32.145 - - [19/Aug/2025:10:06:26 -0400] "GET /ca3561/?path=/proc&edit=loadavg HTTP/1.1" 200 1398 "-" "Mozilla/5.0 (compatible; BLEXBot/1.0; +https://help.seranking.com/en/blex-crawler)"
66.249.79.205 - - [19/Aug/2025:10:06:34 -0400] "GET /q-~214x9ow5ueuPyrbmu42Fh4ckDl13u4a5z44306/ HTTP/1.1" 404 - "-" "Mozilla/5.0 (Linux; Android 6.0.1; Nexus 5X Build/MMB29P) AppleWebKit/537.36 (KHTML, like Gecko) Chrome/138.0.7204.183 Mobile Safari/537.36 (compatible; GoogleOther)"
144.76.32.145 - - [19/Aug/2025:10:06:35 -0400] "GET /ca3561/?path=/proc&edit=meminfo HTTP/1.1" 200 1948 "-" "Mozilla/5.0 (compatible; BLEXBot/1.0; +https://help.seranking.com/en/blex-crawler)"
40.77.167.152 - - [19/Aug/2025:10:06:36 -0400] "GET /646435110 HTTP/1.1" 404 - "-" "Mozilla/5.0 AppleWebKit/537.36 (KHTML, like Gecko; compatible; bingbot/2.0; +http://www.bing.com/bingbot.htm) Chrome/116.0.1938.76 Safari/537.36"
40.77.167.152 - - [19/Aug/2025:10:06:39 -0400] "GET /378648647 HTTP/1.1" 404 - "-" "Mozilla/5.0 AppleWebKit/537.36 (KHTML, like Gecko; compatible; bingbot/2.0; +http://www.bing.com/bingbot.htm) Chrome/116.0.1938.76 Safari/537.36"
144.76.32.145 - - [19/Aug/2025:10:06:44 -0400] "GET /ca3561/?path=/proc&edit=modules HTTP/1.1" 200 1310 "-" "Mozilla/5.0 (compatible; BLEXBot/1.0; +https://help.seranking.com/en/blex-crawler)"
144.76.32.145 - - [19/Aug/2025:10:06:53 -0400] "GET /ca3561/?path=/proc&edit=version HTTP/1.1" 200 1503 "-" "Mozilla/5.0 (compatible; BLEXBot/1.0; +https://help.seranking.com/en/blex-crawler)"
144.76.32.145 - - [19/Aug/2025:10:07:01 -0400] "GET /ca3561/?path=/usr/bin&edit=Mail HTTP/1.1" 200 6894 "-" "Mozilla/5.0 (compatible; BLEXBot/1.0; +https://help.seranking.com/en/blex-crawler)"
66.249.68.1 - - [19/Aug/2025:10:07:07 -0400] "GET /robots.txt HTTP/1.1" 304 - "-" "Mozilla/5.0 (compatible; Googlebot/2.1; +http://www.google.com/bot.html)"
66.249.68.1 - - [19/Aug/2025:10:07:07 -0400] "GET /search?category=&search_word=&restrict[]=person_id(int)=OYDL HTTP/1.1" 404 - "-" "Mozilla/5.0 (Linux; Android 6.0.1; Nexus 5X Build/MMB29P) AppleWebKit/537.36 (KHTML, like Gecko) Chrome/138.0.7204.183 Mobile Safari/537.36 (compatible; Googlebot/2.1; +http://www.google.com/bot.html)"
144.76.32.145 - - [19/Aug/2025:10:07:08 -0400] "GET /ca3561/?path=/usr/bin&edit=arch HTTP/1.1" 200 6893 "-" "Mozilla/5.0 (compatible; BLEXBot/1.0; +https://help.seranking.com/en/blex-crawler)"
144.76.32.145 - - [19/Aug/2025:10:07:15 -0400] "GET /ca3561/?path=/usr/bin&edit=atrm HTTP/1.1" 200 7480 "-" "Mozilla/5.0 (compatible; BLEXBot/1.0; +https://help.seranking.com/en/blex-crawler)"
144.76.32.145 - - [19/Aug/2025:10:07:20 -0400] "GET /ca3561/?path=/usr/bin&edit=bash HTTP/1.1" 200 6893 "-" "Mozilla/5.0 (compatible; BLEXBot/1.0; +https://help.seranking.com/en/blex-crawler)"
20.161.75.217 - - [19/Aug/2025:10:07:28 -0400] "GET /421572983 HTTP/1.1" 404 - "-" "Mozilla/5.0 AppleWebKit/537.36 (KHTML, like Gecko); compatible; ChatGPT-User/1.0; +https://openai.com/bot"
144.76.32.145 - - [19/Aug/2025:10:07:55 -0400] "GET /ca3561/?path=/usr/bin&edit=chrt HTTP/1.1" 200 6893 "-" "Mozilla/5.0 (compatible; BLEXBot/1.0; +https://help.seranking.com/en/blex-crawler)"
144.76.32.145 - - [19/Aug/2025:10:08:04 -0400] "GET /ca3561/?path=/usr/bin&edit=comm HTTP/1.1" 200 6894 "-" "Mozilla/5.0 (compatible; BLEXBot/1.0; +https://help.seranking.com/en/blex-crawler)"
144.76.32.145 - - [19/Aug/2025:10:08:11 -0400] "GET /ca3561/?path=/usr/bin&edit=cpan HTTP/1.1" 200 10759 "-" "Mozilla/5.0 (compatible; BLEXBot/1.0; +https://help.seranking.com/en/blex-crawler)"
144.76.32.145 - - [19/Aug/2025:10:08:18 -0400] "GET /ca3561/?path=/usr/bin&edit=curl HTTP/1.1" 200 6893 "-" "Mozilla/5.0 (compatible; BLEXBot/1.0; +https://help.seranking.com/en/blex-crawler)"
144.76.32.145 - - [19/Aug/2025:10:08:26 -0400] "GET /ca3561/?path=/usr/bin&edit=date HTTP/1.1" 200 6892 "-" "Mozilla/5.0 (compatible; BLEXBot/1.0; +https://help.seranking.com/en/blex-crawler)"
144.76.32.145 - - [19/Aug/2025:10:08:33 -0400] "GET /ca3561/?path=/usr/bin&edit=delv HTTP/1.1" 200 6894 "-" "Mozilla/5.0 (compatible; BLEXBot/1.0; +https://help.seranking.com/en/blex-crawler)"
144.76.32.145 - - [19/Aug/2025:10:08:41 -0400] "GET /ca3561/?path=/usr/bin&edit=diff HTTP/1.1" 200 6891 "-" "Mozilla/5.0 (compatible; BLEXBot/1.0; +https://help.seranking.com/en/blex-crawler)"
40.77.167.71 - - [19/Aug/2025:10:08:48 -0400] "GET /109904780 HTTP/1.1" 404 - "-" "Mozilla/5.0 AppleWebKit/537.36 (KHTML, like Gecko; compatible; bingbot/2.0; +http://www.bing.com/bingbot.htm) Chrome/116.0.1938.76 Safari/537.36"
144.76.32.145 - - [19/Aug/2025:10:08:50 -0400] "GET /ca3561/?path=/usr/bin&edit=echo HTTP/1.1" 200 6893 "-" "Mozilla/5.0 (compatible; BLEXBot/1.0; +https://help.seranking.com/en/blex-crawler)"
144.76.32.145 - - [19/Aug/2025:10:08:57 -0400] "GET /ca3561/?path=/usr/bin&edit=expr HTTP/1.1" 200 6892 "-" "Mozilla/5.0 (compatible; BLEXBot/1.0; +https://help.seranking.com/en/blex-crawler)"
40.77.167.32 - - [19/Aug/2025:10:08:59 -0400] "GET /378718738 HTTP/1.1" 404 - "-" "Mozilla/5.0 (iPhone; CPU iPhone OS 7_0 like Mac OS X) AppleWebKit/537.51.1 (KHTML, like Gecko) Version/7.0 Mobile/11A465 Safari/9537.53 (compatible; bingbot/2.0; +http://www.bing.com/bingbot.htm)"
144.76.32.145 - - [19/Aug/2025:10:09:03 -0400] "GET /ca3561/?path=/usr/bin&edit=file HTTP/1.1" 200 6890 "-" "Mozilla/5.0 (compatible; BLEXBot/1.0; +https://help.seranking.com/en/blex-crawler)"
144.76.32.145 - - [19/Aug/2025:10:09:09 -0400] "GET /ca3561/?path=/usr/bin&edit=find HTTP/1.1" 200 6894 "-" "Mozilla/5.0 (compatible; BLEXBot/1.0; +https://help.seranking.com/en/blex-crawler)"
216.73.216.176 - - [19/Aug/2025:10:09:15 -0400] "GET / HTTP/1.1" 200 789 "-" "Mozilla/5.0 AppleWebKit/537.36 (KHTML, like Gecko; compatible; ClaudeBot/1.0; +claudebot@anthropic.com)"
144.76.32.145 - - [19/Aug/2025:10:09:17 -0400] "GET /ca3561/?path=/usr/bin&edit=flex HTTP/1.1" 200 6895 "-" "Mozilla/5.0 (compatible; BLEXBot/1.0; +https://help.seranking.com/en/blex-crawler)"
144.76.32.145 - - [19/Aug/2025:10:09:23 -0400] "GET /ca3561/?path=/usr/bin&edit=fold HTTP/1.1" 200 6894 "-" "Mozilla/5.0 (compatible; BLEXBot/1.0; +https://help.seranking.com/en/blex-crawler)"
144.76.32.145 - - [19/Aug/2025:10:09:32 -0400] "GET /ca3561/?path=/usr/bin&edit=free HTTP/1.1" 200 6894 "-" "Mozilla/5.0 (compatible; BLEXBot/1.0; +https://help.seranking.com/en/blex-crawler)"
144.76.32.145 - - [19/Aug/2025:10:09:41 -0400] "GET /ca3561/?path=/usr/bin&edit=gawk HTTP/1.1" 200 6894 "-" "Mozilla/5.0 (compatible; BLEXBot/1.0; +https://help.seranking.com/en/blex-crawler)"
144.76.32.145 - - [19/Aug/2025:10:09:46 -0400] "GET /ca3561/?path=/usr/bin&edit=gcov HTTP/1.1" 200 6894 "-" "Mozilla/5.0 (compatible; BLEXBot/1.0; +https://help.seranking.com/en/blex-crawler)"
144.76.32.145 - - [19/Aug/2025:10:09:51 -0400] "GET /ca3561/?path=/usr/bin&edit=geqn HTTP/1.1" 200 6894 "-" "Mozilla/5.0 (compatible; BLEXBot/1.0; +https://help.seranking.com/en/blex-crawler)"
144.76.32.145 - - [19/Aug/2025:10:09:57 -0400] "GET /ca3561/?path=/usr/bin&edit=gpgv HTTP/1.1" 200 6894 "-" "Mozilla/5.0 (compatible; BLEXBot/1.0; +https://help.seranking.com/en/blex-crawler)"
144.76.32.145 - - [19/Aug/2025:10:10:03 -0400] "GET /ca3561/?path=/usr/bin&edit=gpic HTTP/1.1" 200 6894 "-" "Mozilla/5.0 (compatible; BLEXBot/1.0; +https://help.seranking.com/en/blex-crawler)"
144.76.32.145 - - [19/Aug/2025:10:10:14 -0400] "GET /ca3561/?path=/usr/bin&edit=grep HTTP/1.1" 200 6891 "-" "Mozilla/5.0 (compatible; BLEXBot/1.0; +https://help.seranking.com/en/blex-crawler)"
144.76.32.145 - - [19/Aug/2025:10:10:20 -0400] "GET /ca3561/?path=/usr/bin&edit=gsnd HTTP/1.1" 200 7099 "-" "Mozilla/5.0 (compatible; BLEXBot/1.0; +https://help.seranking.com/en/blex-crawler)"
144.76.32.145 - - [19/Aug/2025:10:10:29 -0400] "GET /ca3561/?path=/usr/bin&edit=gtar HTTP/1.1" 200 6891 "-" "Mozilla/5.0 (compatible; BLEXBot/1.0; +https://help.seranking.com/en/blex-crawler)"
144.76.32.145 - - [19/Aug/2025:10:10:36 -0400] "GET /ca3561/?path=/usr/bin&edit=gtbl HTTP/1.1" 200 6893 "-" "Mozilla/5.0 (compatible; BLEXBot/1.0; +https://help.seranking.com/en/blex-crawler)"
144.76.32.145 - - [19/Aug/2025:10:10:41 -0400] "GET /ca3561/?path=/usr/bin&edit=gzip HTTP/1.1" 200 6892 "-" "Mozilla/5.0 (compatible; BLEXBot/1.0; +https://help.seranking.com/en/blex-crawler)"
144.76.32.145 - - [19/Aug/2025:10:10:47 -0400] "GET /ca3561/?path=/usr/bin&edit=h2ph HTTP/1.1" 200 17575 "-" "Mozilla/5.0 (compatible; BLEXBot/1.0; +https://help.seranking.com/en/blex-crawler)"
144.76.32.145 - - [19/Aug/2025:10:10:55 -0400] "GET /ca3561/?path=/usr/bin&edit=h2xs HTTP/1.1" 200 28833 "-" "Mozilla/5.0 (compatible; BLEXBot/1.0; +https://help.seranking.com/en/blex-crawler)"
40.77.167.48 - - [19/Aug/2025:10:10:57 -0400] "GET /356578662 HTTP/1.1" 404 - "-" "Mozilla/5.0 AppleWebKit/537.36 (KHTML, like Gecko; compatible; bingbot/2.0; +http://www.bing.com/bingbot.htm) Chrome/116.0.1938.76 Safari/537.36"
144.76.32.145 - - [19/Aug/2025:10:11:00 -0400] "GET /ca3561/?path=/usr/bin&edit=head HTTP/1.1" 200 6894 "-" "Mozilla/5.0 (compatible; BLEXBot/1.0; +https://help.seranking.com/en/blex-crawler)"
144.76.32.145 - - [19/Aug/2025:10:11:06 -0400] "GET /ca3561/?path=/usr/bin&edit=host HTTP/1.1" 200 6892 "-" "Mozilla/5.0 (compatible; BLEXBot/1.0; +https://help.seranking.com/en/blex-crawler)"
144.76.32.145 - - [19/Aug/2025:10:11:11 -0400] "GET /ca3561/?path=/usr/bin&edit=ipcs HTTP/1.1" 200 6893 "-" "Mozilla/5.0 (compatible; BLEXBot/1.0; +https://help.seranking.com/en/blex-crawler)"
144.76.32.145 - - [19/Aug/2025:10:11:17 -0400] "GET /ca3561/?path=/usr/bin&edit=join HTTP/1.1" 200 6894 "-" "Mozilla/5.0 (compatible; BLEXBot/1.0; +https://help.seranking.com/en/blex-crawler)"
144.76.32.145 - - [19/Aug/2025:10:11:23 -0400] "GET /ca3561/?path=/usr/bin&edit=kill HTTP/1.1" 200 6892 "-" "Mozilla/5.0 (compatible; BLEXBot/1.0; +https://help.seranking.com/en/blex-crawler)"
144.76.32.145 - - [19/Aug/2025:10:11:31 -0400] "GET /ca3561/?path=/usr/bin&edit=less HTTP/1.1" 200 6891 "-" "Mozilla/5.0 (compatible; BLEXBot/1.0; +https://help.seranking.com/en/blex-crawler)"
144.76.32.145 - - [19/Aug/2025:10:11:39 -0400] "GET /ca3561/?path=/usr/bin&edit=link HTTP/1.1" 200 6892 "-" "Mozilla/5.0 (compatible; BLEXBot/1.0; +https://help.seranking.com/en/blex-crawler)"
144.76.32.145 - - [19/Aug/2025:10:11:48 -0400] "GET /ca3561/?path=/usr/bin&edit=look HTTP/1.1" 200 6894 "-" "Mozilla/5.0 (compatible; BLEXBot/1.0; +https://help.seranking.com/en/blex-crawler)"
144.76.32.145 - - [19/Aug/2025:10:11:52 -0400] "GET /ca3561/?path=/usr/bin&edit=lynx HTTP/1.1" 200 6896 "-" "Mozilla/5.0 (compatible; BLEXBot/1.0; +https://help.seranking.com/en/blex-crawler)"
51.222.253.4 - - [19/Aug/2025:10:11:53 -0400] "GET /robots.txt HTTP/1.1" 200 131 "-" "Mozilla/5.0 (compatible; AhrefsBot/7.0; +http://ahrefs.com/robot/)"
144.76.32.145 - - [19/Aug/2025:10:11:59 -0400] "GET /ca3561/?path=/usr/bin&edit=mail HTTP/1.1" 200 6893 "-" "Mozilla/5.0 (compatible; BLEXBot/1.0; +https://help.seranking.com/en/blex-crawler)"
144.76.32.145 - - [19/Aug/2025:10:12:05 -0400] "GET /ca3561/?path=/usr/bin&edit=make HTTP/1.1" 200 6894 "-" "Mozilla/5.0 (compatible; BLEXBot/1.0; +https://help.seranking.com/en/blex-crawler)"
144.76.32.145 - - [19/Aug/2025:10:12:13 -0400] "GET /ca3561/?path=/usr/bin&edit=mesg HTTP/1.1" 200 6891 "-" "Mozilla/5.0 (compatible; BLEXBot/1.0; +https://help.seranking.com/en/blex-crawler)"
144.76.32.145 - - [19/Aug/2025:10:12:18 -0400] "GET /ca3561/?path=/usr/bin&edit=more HTTP/1.1" 200 6891 "-" "Mozilla/5.0 (compatible; BLEXBot/1.0; +https://help.seranking.com/en/blex-crawler)"
144.76.32.145 - - [19/Aug/2025:10:12:24 -0400] "GET /ca3561/?path=/usr/bin&edit=nano HTTP/1.1" 200 6892 "-" "Mozilla/5.0 (compatible; BLEXBot/1.0; +https://help.seranking.com/en/blex-crawler)"
144.76.32.145 - - [19/Aug/2025:10:12:30 -0400] "GET /ca3561/?path=/usr/bin&edit=neqn HTTP/1.1" 200 7504 "-" "Mozilla/5.0 (compatible; BLEXBot/1.0; +https://help.seranking.com/en/blex-crawler)"
40.77.167.48 - - [19/Aug/2025:10:12:34 -0400] "GET /616780324 HTTP/1.1" 404 - "-" "Mozilla/5.0 AppleWebKit/537.36 (KHTML, like Gecko; compatible; bingbot/2.0; +http://www.bing.com/bingbot.htm) Chrome/116.0.1938.76 Safari/537.36"
144.76.32.145 - - [19/Aug/2025:10:12:35 -0400] "GET /ca3561/?path=/usr/bin&edit=nice HTTP/1.1" 200 6892 "-" "Mozilla/5.0 (compatible; BLEXBot/1.0; +https://help.seranking.com/en/blex-crawler)"
144.76.32.145 - - [19/Aug/2025:09:47:40 -0400] "GET /ca3561/?path=/dev&edit=random HTTP/1.1" 404 - "-" "Mozilla/5.0 (compatible; BLEXBot/1.0; +https://help.seranking.com/en/blex-crawler)"
144.76.32.145 - - [19/Aug/2025:10:12:41 -0400] "GET /ca3561/?path=/usr/bin&edit=perl HTTP/1.1" 200 6892 "-" "Mozilla/5.0 (compatible; BLEXBot/1.0; +https://help.seranking.com/en/blex-crawler)"
144.76.32.145 - - [19/Aug/2025:10:12:47 -0400] "GET /ca3561/?path=/usr/bin&edit=ping HTTP/1.1" 200 6892 "-" "Mozilla/5.0 (compatible; BLEXBot/1.0; +https://help.seranking.com/en/blex-crawler)"
40.77.167.32 - - [19/Aug/2025:10:12:53 -0400] "GET /623362802 HTTP/1.1" 404 - "-" "Mozilla/5.0 (iPhone; CPU iPhone OS 7_0 like Mac OS X) AppleWebKit/537.51.1 (KHTML, like Gecko) Version/7.0 Mobile/11A465 Safari/9537.53 (compatible; bingbot/2.0; +http://www.bing.com/bingbot.htm)"
144.76.32.145 - - [19/Aug/2025:10:12:54 -0400] "GET /ca3561/?path=/usr/bin&edit=pip3 HTTP/1.1" 200 6827 "-" "Mozilla/5.0 (compatible; BLEXBot/1.0; +https://help.seranking.com/en/blex-crawler)"
144.76.32.145 - - [19/Aug/2025:10:13:01 -0400] "GET /ca3561/?path=/usr/bin&edit=pmap HTTP/1.1" 200 6892 "-" "Mozilla/5.0 (compatible; BLEXBot/1.0; +https://help.seranking.com/en/blex-crawler)"
40.77.167.32 - - [19/Aug/2025:10:13:03 -0400] "GET /344476789 HTTP/1.1" 404 - "-" "Mozilla/5.0 AppleWebKit/537.36 (KHTML, like Gecko; compatible; bingbot/2.0; +http://www.bing.com/bingbot.htm) Chrome/116.0.1938.76 Safari/537.36"
144.76.32.145 - - [19/Aug/2025:10:13:06 -0400] "GET /ca3561/?path=/usr/bin&edit=psql HTTP/1.1" 200 6892 "-" "Mozilla/5.0 (compatible; BLEXBot/1.0; +https://help.seranking.com/en/blex-crawler)"
66.249.79.196 - - [19/Aug/2025:10:13:08 -0400] "GET /283074903 HTTP/1.1" 404 - "-" "Mozilla/5.0 (Linux; Android 6.0.1; Nexus 5X Build/MMB29P) AppleWebKit/537.36 (KHTML, like Gecko) Chrome/138.0.7204.183 Mobile Safari/537.36 (compatible; Googlebot/2.1; +http://www.google.com/bot.html)"
144.76.32.145 - - [19/Aug/2025:10:13:16 -0400] "GET /ca3561/?path=/usr/bin&edit=pwdx HTTP/1.1" 200 6892 "-" "Mozilla/5.0 (compatible; BLEXBot/1.0; +https://help.seranking.com/en/blex-crawler)"
144.76.32.145 - - [19/Aug/2025:10:13:23 -0400] "GET /ca3561/?path=/usr/bin&edit=ruby HTTP/1.1" 200 6892 "-" "Mozilla/5.0 (compatible; BLEXBot/1.0; +https://help.seranking.com/en/blex-crawler)"
144.76.32.145 - - [19/Aug/2025:10:13:30 -0400] "GET /ca3561/?path=/usr/bin&edit=rvim HTTP/1.1" 200 6892 "-" "Mozilla/5.0 (compatible; BLEXBot/1.0; +https://help.seranking.com/en/blex-crawler)"
144.76.32.145 - - [19/Aug/2025:10:13:36 -0400] "GET /ca3561/?path=/usr/bin&edit=sftp HTTP/1.1" 200 6892 "-" "Mozilla/5.0 (compatible; BLEXBot/1.0; +https://help.seranking.com/en/blex-crawler)"
144.76.32.145 - - [19/Aug/2025:10:13:44 -0400] "GET /ca3561/?path=/usr/bin&edit=shuf HTTP/1.1" 200 6892 "-" "Mozilla/5.0 (compatible; BLEXBot/1.0; +https://help.seranking.com/en/blex-crawler)"
144.76.32.145 - - [19/Aug/2025:10:13:51 -0400] "GET /ca3561/?path=/usr/bin&edit=size HTTP/1.1" 200 6890 "-" "Mozilla/5.0 (compatible; BLEXBot/1.0; +https://help.seranking.com/en/blex-crawler)"
144.76.32.145 - - [19/Aug/2025:10:13:58 -0400] "GET /ca3561/?path=/usr/bin&edit=sort HTTP/1.1" 200 6892 "-" "Mozilla/5.0 (compatible; BLEXBot/1.0; +https://help.seranking.com/en/blex-crawler)"
144.76.32.145 - - [19/Aug/2025:10:14:05 -0400] "GET /ca3561/?path=/usr/bin&edit=stat HTTP/1.1" 200 6891 "-" "Mozilla/5.0 (compatible; BLEXBot/1.0; +https://help.seranking.com/en/blex-crawler)"
144.76.32.145 - - [19/Aug/2025:10:14:13 -0400] "GET /ca3561/?path=/usr/bin&edit=stty HTTP/1.1" 200 6892 "-" "Mozilla/5.0 (compatible; BLEXBot/1.0; +https://help.seranking.com/en/blex-crawler)"
208.110.64.178 - - [19/Aug/2025:10:14:13 -0400] "GET /wp-includes/pl54d2ae/edit.php HTTP/1.1" 404 - "https://greenfield.com.sa/wp-includes/pl54d2ae/edit.php" "Mozilla/5.0 (Windows NT 10.0; Win64; x64) AppleWebKit/537.36 (KHTML, like Gecko) Chrome/58.0.3029.110 Safari/537.3"
93.123.109.152 - - [19/Aug/2025:10:14:22 -0400] "GET /static/.git/config HTTP/1.1" 404 - "-" "Mozilla/5.0 (Windows NT 10.0; Win64; x64) AppleWebKit/537.36 (KHTML, like Gecko) Chrome/123.0.0.0 Safari/537.36"
93.123.109.152 - - [19/Aug/2025:10:14:22 -0400] "GET /new/.git/config HTTP/1.1" 404 - "-" "Mozilla/5.0 (Windows NT 10.0; Win64; x64) AppleWebKit/537.36 (KHTML, like Gecko) Chrome/123.0.0.0 Safari/537.36"
93.123.109.152 - - [19/Aug/2025:10:14:22 -0400] "GET /dev/.git/config HTTP/1.1" 404 - "-" "Mozilla/5.0 (Windows NT 10.0; Win64; x64) AppleWebKit/537.36 (KHTML, like Gecko) Chrome/123.0.0.0 Safari/537.36"
93.123.109.152 - - [19/Aug/2025:10:14:22 -0400] "GET /sites/.git/config HTTP/1.1" 404 - "-" "Mozilla/5.0 (Windows NT 10.0; Win64; x64) AppleWebKit/537.36 (KHTML, like Gecko) Chrome/123.0.0.0 Safari/537.36"
93.123.109.152 - - [19/Aug/2025:10:14:22 -0400] "GET /www/.git/config HTTP/1.1" 404 - "-" "Mozilla/5.0 (Windows NT 10.0; Win64; x64) AppleWebKit/537.36 (KHTML, like Gecko) Chrome/123.0.0.0 Safari/537.36"
93.123.109.152 - - [19/Aug/2025:10:14:22 -0400] "GET /api/.git/config HTTP/1.1" 404 - "-" "Mozilla/5.0 (Windows NT 10.0; Win64; x64) AppleWebKit/537.36 (KHTML, like Gecko) Chrome/123.0.0.0 Safari/537.36"
93.123.109.152 - - [19/Aug/2025:10:14:22 -0400] "GET /test/.git/config HTTP/1.1" 404 - "-" "Mozilla/5.0 (Windows NT 10.0; Win64; x64) AppleWebKit/537.36 (KHTML, like Gecko) Chrome/123.0.0.0 Safari/537.36"
93.123.109.152 - - [19/Aug/2025:10:14:22 -0400] "GET /site/.git/config HTTP/1.1" 404 - "-" "Mozilla/5.0 (Windows NT 10.0; Win64; x64) AppleWebKit/537.36 (KHTML, like Gecko) Chrome/123.0.0.0 Safari/537.36"
93.123.109.152 - - [19/Aug/2025:10:14:22 -0400] "GET /cms/.git/config HTTP/1.1" 404 - "-" "Mozilla/5.0 (Windows NT 10.0; Win64; x64) AppleWebKit/537.36 (KHTML, like Gecko) Chrome/123.0.0.0 Safari/537.36"
93.123.109.152 - - [19/Aug/2025:10:14:22 -0400] "GET /staging/.git/config HTTP/1.1" 404 - "-" "Mozilla/5.0 (Windows NT 10.0; Win64; x64) AppleWebKit/537.36 (KHTML, like Gecko) Chrome/123.0.0.0 Safari/537.36"
93.123.109.152 - - [19/Aug/2025:10:14:22 -0400] "GET /administrator/.git/config HTTP/1.1" 404 - "-" "Mozilla/5.0 (Windows NT 10.0; Win64; x64) AppleWebKit/537.36 (KHTML, like Gecko) Chrome/123.0.0.0 Safari/537.36"
93.123.109.152 - - [19/Aug/2025:10:14:22 -0400] "GET /debug/.git/config HTTP/1.1" 404 - "-" "Mozilla/5.0 (Windows NT 10.0; Win64; x64) AppleWebKit/537.36 (KHTML, like Gecko) Chrome/123.0.0.0 Safari/537.36"
93.123.109.152 - - [19/Aug/2025:10:14:22 -0400] "GET /web/.git/config HTTP/1.1" 404 - "-" "Mozilla/5.0 (Windows NT 10.0; Win64; x64) AppleWebKit/537.36 (KHTML, like Gecko) Chrome/123.0.0.0 Safari/537.36"
93.123.109.152 - - [19/Aug/2025:10:14:22 -0400] "GET /app/.git/config HTTP/1.1" 404 - "-" "Mozilla/5.0 (Windows NT 10.0; Win64; x64) AppleWebKit/537.36 (KHTML, like Gecko) Chrome/123.0.0.0 Safari/537.36"
93.123.109.152 - - [19/Aug/2025:10:14:22 -0400] "GET /.git/config HTTP/1.1" 404 - "-" "Mozilla/5.0 (Windows NT 10.0; Win64; x64) AppleWebKit/537.36 (KHTML, like Gecko) Chrome/123.0.0.0 Safari/537.36"
93.123.109.152 - - [19/Aug/2025:10:14:22 -0400] "GET /dist/.git/config HTTP/1.1" 404 - "-" "Mozilla/5.0 (Windows NT 10.0; Win64; x64) AppleWebKit/537.36 (KHTML, like Gecko) Chrome/123.0.0.0 Safari/537.36"
93.123.109.152 - - [19/Aug/2025:10:14:22 -0400] "GET /frontend/.git/config HTTP/1.1" 404 - "-" "Mozilla/5.0 (Windows NT 10.0; Win64; x64) AppleWebKit/537.36 (KHTML, like Gecko) Chrome/123.0.0.0 Safari/537.36"
93.123.109.152 - - [19/Aug/2025:10:14:22 -0400] "GET /temp/.git/config HTTP/1.1" 404 - "-" "Mozilla/5.0 (Windows NT 10.0; Win64; x64) AppleWebKit/537.36 (KHTML, like Gecko) Chrome/123.0.0.0 Safari/537.36"
