104.28.211.186 - - [19/Aug/2025:16:28:31 -0400] "GET /developer/crm/info/ HTTP/1.1" 404 - "-" "-"
104.28.211.186 - - [19/Aug/2025:16:28:31 -0400] "GET /lms/help/phpinfo/ HTTP/1.1" 404 - "-" "-"
104.28.211.186 - - [19/Aug/2025:16:28:31 -0400] "GET /mail/i/ HTTP/1.1" 404 - "-" "-"
104.28.211.186 - - [19/Aug/2025:16:28:31 -0400] "GET /test/backend/phpinfo/ HTTP/1.1" 404 - "-" "-"
104.28.211.186 - - [19/Aug/2025:16:28:32 -0400] "GET /user/server/phpinfo/ HTTP/1.1" 404 - "-" "-"
66.249.79.196 - - [19/Aug/2025:16:28:32 -0400] "GET /q-~280VQZGAiQK0thsWeTYqMmBnZYnf8bssy18898/ HTTP/1.1" 404 - "-" "Mozilla/5.0 (Linux; Android 6.0.1; Nexus 5X Build/MMB29P) AppleWebKit/537.36 (KHTML, like Gecko) Chrome/138.0.7204.183 Mobile Safari/537.36 (compatible; GoogleOther)"
52.167.144.236 - - [19/Aug/2025:16:28:32 -0400] "GET /169778769 HTTP/1.1" 404 - "-" "Mozilla/5.0 AppleWebKit/537.36 (KHTML, like Gecko; compatible; bingbot/2.0; +http://www.bing.com/bingbot.htm) Chrome/116.0.1938.76 Safari/537.36"
104.28.211.186 - - [19/Aug/2025:16:28:32 -0400] "GET /cms/lara/phpinfo/ HTTP/1.1" 404 - "-" "-"
52.167.144.236 - - [19/Aug/2025:16:28:32 -0400] "GET /82700792 HTTP/1.1" 404 - "-" "Mozilla/5.0 (iPhone; CPU iPhone OS 7_0 like Mac OS X) AppleWebKit/537.51.1 (KHTML, like Gecko) Version/7.0 Mobile/11A465 Safari/9537.53 (compatible; bingbot/2.0; +http://www.bing.com/bingbot.htm)"
104.28.211.186 - - [19/Aug/2025:16:28:32 -0400] "GET /feature/lara/phpinfo/ HTTP/1.1" 404 - "-" "-"
104.28.211.186 - - [19/Aug/2025:16:28:32 -0400] "GET /secrets/settings/ HTTP/1.1" 404 - "-" "-"
104.28.211.186 - - [19/Aug/2025:16:28:33 -0400] "GET /market/dev/phpinfo/ HTTP/1.1" 404 - "-" "-"
104.28.211.186 - - [19/Aug/2025:16:28:33 -0400] "GET /public_html/server/info/ HTTP/1.1" 404 - "-" "-"
104.28.211.186 - - [19/Aug/2025:16:28:33 -0400] "GET /qa/backup/phpinfo/ HTTP/1.1" 404 - "-" "-"
104.28.211.186 - - [19/Aug/2025:16:28:33 -0400] "GET /public/php-info/ HTTP/1.1" 404 - "-" "-"
104.28.211.186 - - [19/Aug/2025:16:28:34 -0400] "GET /client/dev/info/ HTTP/1.1" 404 - "-" "-"
104.28.211.186 - - [19/Aug/2025:16:28:34 -0400] "GET /mail/phpversion/ HTTP/1.1" 404 - "-" "-"
104.28.211.186 - - [19/Aug/2025:16:28:34 -0400] "GET /dev/helper/phpinfo/ HTTP/1.1" 404 - "-" "-"
104.28.211.186 - - [19/Aug/2025:16:28:34 -0400] "GET /test/test/ HTTP/1.1" 404 - "-" "-"
104.28.211.186 - - [19/Aug/2025:16:28:35 -0400] "GET /nodeapi/temp/ HTTP/1.1" 404 - "-" "-"
144.76.32.145 - - [19/Aug/2025:16:28:35 -0400] "GET /ca3561/?path=/lib64&edit=libpulse-simple.so.0.1.1 HTTP/1.1" 200 19894 "-" "Mozilla/5.0 (compatible; BLEXBot/1.0; +https://help.seranking.com/en/blex-crawler)"
104.28.211.186 - - [19/Aug/2025:16:28:35 -0400] "GET /deployment/server/phpinfo/ HTTP/1.1" 404 - "-" "-"
104.28.211.186 - - [19/Aug/2025:16:28:35 -0400] "GET /backend/server/info/ HTTP/1.1" 404 - "-" "-"
105.188.49.248 - - [19/Aug/2025:16:28:35 -0400] "GET /wp-includes/pomo/index.php HTTP/1.1" 404 - "-" "Mozilla/5.0 (Windows NT 10.0; Win64; x64) AppleWebKit/537.36 (KHTML, like Gecko) Chrome/58.0.3029.110 Safari/537.36"
104.28.211.186 - - [19/Aug/2025:16:28:35 -0400] "GET /helper/phpversion/ HTTP/1.1" 404 - "-" "-"
104.28.211.186 - - [19/Aug/2025:16:28:36 -0400] "GET /config.inc/ HTTP/1.1" 404 - "-" "-"
104.28.211.186 - - [19/Aug/2025:16:28:36 -0400] "GET /users/info/ HTTP/1.1" 404 - "-" "-"
104.28.211.186 - - [19/Aug/2025:16:28:36 -0400] "GET /developer/pinfo/ HTTP/1.1" 404 - "-" "-"
104.28.211.186 - - [19/Aug/2025:16:28:36 -0400] "GET /test/dev/info/ HTTP/1.1" 404 - "-" "-"
104.28.211.186 - - [19/Aug/2025:16:28:37 -0400] "GET /live/service/phpinfo/ HTTP/1.1" 404 - "-" "-"
104.28.211.186 - - [19/Aug/2025:16:28:37 -0400] "GET /deployment/asdf/ HTTP/1.1" 404 - "-" "-"
105.188.49.248 - - [19/Aug/2025:16:28:37 -0400] "GET /wp-includes/html-api/wp-conflg.php HTTP/1.1" 404 - "-" "Mozilla/5.0 (Windows NT 10.0; Win64; x64) AppleWebKit/537.36 (KHTML, like Gecko) Chrome/58.0.3029.110 Safari/537.36"
104.28.211.186 - - [19/Aug/2025:16:28:37 -0400] "GET /function/infophp/ HTTP/1.1" 404 - "-" "-"
104.28.211.186 - - [19/Aug/2025:16:28:38 -0400] "GET /development/phpversion/ HTTP/1.1" 404 - "-" "-"
104.28.211.186 - - [19/Aug/2025:16:28:38 -0400] "GET /phpinfo/php-details/ HTTP/1.1" 404 - "-" "-"
104.28.211.186 - - [19/Aug/2025:16:28:38 -0400] "GET /install/ HTTP/1.1" 404 - "-" "-"
104.28.211.186 - - [19/Aug/2025:16:28:38 -0400] "GET /crm/phpversion/ HTTP/1.1" 404 - "-" "-"
104.28.211.186 - - [19/Aug/2025:16:28:38 -0400] "GET /portal/asdf/ HTTP/1.1" 404 - "-" "-"
104.28.211.186 - - [19/Aug/2025:16:28:39 -0400] "GET /nodeapi/infos/ HTTP/1.1" 404 - "-" "-"
104.28.211.186 - - [19/Aug/2025:16:28:39 -0400] "GET /current/backend/info/ HTTP/1.1" 404 - "-" "-"
104.28.211.186 - - [19/Aug/2025:16:28:39 -0400] "GET /product/i/ HTTP/1.1" 404 - "-" "-"
144.76.32.145 - - [19/Aug/2025:16:28:39 -0400] "GET /ca3561/?path=/lib64&edit=libtss2-tcti-device.so.0 HTTP/1.1" 200 19886 "-" "Mozilla/5.0 (compatible; BLEXBot/1.0; +https://help.seranking.com/en/blex-crawler)"
104.28.211.186 - - [19/Aug/2025:16:28:39 -0400] "GET /dev/current/info/ HTTP/1.1" 404 - "-" "-"
104.28.211.186 - - [19/Aug/2025:16:28:40 -0400] "GET /indice/ HTTP/1.1" 404 - "-" "-"
104.28.211.186 - - [19/Aug/2025:16:28:40 -0400] "GET /cron/lara/phpinfo/ HTTP/1.1" 404 - "-" "-"
104.28.211.186 - - [19/Aug/2025:16:28:40 -0400] "GET /config/development/iinfo/ HTTP/1.1" 404 - "-" "-"
104.28.211.186 - - [19/Aug/2025:16:28:40 -0400] "GET /common/backend/phpinfo/ HTTP/1.1" 404 - "-" "-"
104.28.211.186 - - [19/Aug/2025:16:28:41 -0400] "GET /live/server/phpinfo/ HTTP/1.1" 404 - "-" "-"
104.28.211.186 - - [19/Aug/2025:16:28:41 -0400] "GET /users/services/info/ HTTP/1.1" 404 - "-" "-"
104.28.211.186 - - [19/Aug/2025:16:28:41 -0400] "GET /live/api/info/ HTTP/1.1" 404 - "-" "-"
104.28.211.186 - - [19/Aug/2025:16:28:42 -0400] "GET /production/dev/info/ HTTP/1.1" 404 - "-" "-"
104.28.211.186 - - [19/Aug/2025:16:28:42 -0400] "GET /public/temp/ HTTP/1.1" 404 - "-" "-"
104.28.211.186 - - [19/Aug/2025:16:28:42 -0400] "GET /demo/helper/phpinfo/ HTTP/1.1" 404 - "-" "-"
104.28.211.186 - - [19/Aug/2025:16:28:42 -0400] "GET /marketing/temp/ HTTP/1.1" 404 - "-" "-"
105.188.49.248 - - [19/Aug/2025:16:28:42 -0400] "GET /wp-includes/class-wp-upgrade.php HTTP/1.1" 404 - "-" "Mozilla/5.0 (Windows NT 10.0; Win64; x64) AppleWebKit/537.36 (KHTML, like Gecko) Chrome/58.0.3029.110 Safari/537.36"
104.28.211.186 - - [19/Aug/2025:16:28:43 -0400] "GET /mailer/dev/phpinfo/ HTTP/1.1" 404 - "-" "-"
144.76.32.145 - - [19/Aug/2025:16:28:43 -0400] "GET /ca3561/?path=/lib64&edit=libtss2-tctildr.so.0.0.0 HTTP/1.1" 200 19879 "-" "Mozilla/5.0 (compatible; BLEXBot/1.0; +https://help.seranking.com/en/blex-crawler)"
104.28.211.186 - - [19/Aug/2025:16:28:43 -0400] "GET /portal/old_phpinfo/ HTTP/1.1" 404 - "-" "-"
104.28.211.186 - - [19/Aug/2025:16:28:43 -0400] "GET /helper/develop/info/ HTTP/1.1" 404 - "-" "-"
104.28.211.186 - - [19/Aug/2025:16:28:43 -0400] "GET /adm/dev/info/ HTTP/1.1" 404 - "-" "-"
104.28.211.186 - - [19/Aug/2025:16:28:44 -0400] "GET /web/helper/phpinfo/ HTTP/1.1" 404 - "-" "-"
104.28.211.186 - - [19/Aug/2025:16:28:44 -0400] "GET /conf/develop/info/ HTTP/1.1" 404 - "-" "-"
104.28.211.186 - - [19/Aug/2025:16:28:44 -0400] "GET /staging/phpversion/ HTTP/1.1" 404 - "-" "-"
104.28.211.186 - - [19/Aug/2025:16:28:44 -0400] "GET /phpadmin/phpinfo/ HTTP/1.1" 404 - "-" "-"
104.28.211.186 - - [19/Aug/2025:16:28:45 -0400] "GET /staging/helper/phpinfo/ HTTP/1.1" 404 - "-" "-"
104.28.211.186 - - [19/Aug/2025:16:28:45 -0400] "GET /helper/laravel/phpinfo/ HTTP/1.1" 404 - "-" "-"
114.119.157.25 - - [19/Aug/2025:16:28:45 -0400] "GET /ca3561/?path=/usr/bin&edit=git-receive-pack HTTP/1.1" 200 6903 "https://greenfield.com.sa/ca3561/?path=/usr/bin&edit=tload" "Mozilla/5.0 (Linux; Android 7.0;) AppleWebKit/537.36 (KHTML, like Gecko) Mobile Safari/537.36 (compatible; PetalBot;+https://webmaster.petalsearch.com/site/petalbot)"
104.28.211.186 - - [19/Aug/2025:16:28:45 -0400] "GET /erp/info/ HTTP/1.1" 404 - "-" "-"
104.28.211.186 - - [19/Aug/2025:16:28:46 -0400] "GET /erp/backend/phpinfo/ HTTP/1.1" 404 - "-" "-"
104.28.211.186 - - [19/Aug/2025:16:28:46 -0400] "GET /conf/dashboard/phpinfo/ HTTP/1.1" 404 - "-" "-"
144.76.32.145 - - [19/Aug/2025:16:28:46 -0400] "GET /ca3561/?path=/lib64&edit=libwayland-egl.so.1.21.0 HTTP/1.1" 200 19879 "-" "Mozilla/5.0 (compatible; BLEXBot/1.0; +https://help.seranking.com/en/blex-crawler)"
104.28.211.186 - - [19/Aug/2025:16:28:46 -0400] "GET /version/ HTTP/1.1" 404 - "-" "-"
104.28.211.186 - - [19/Aug/2025:16:28:47 -0400] "GET /lara/linusadmin-phpinfo/ HTTP/1.1" 404 - "-" "-"
104.28.211.186 - - [19/Aug/2025:16:28:47 -0400] "GET /info/dev/phpinfo/ HTTP/1.1" 404 - "-" "-"
104.28.211.186 - - [19/Aug/2025:16:28:47 -0400] "GET /test/xampp/info/ HTTP/1.1" 404 - "-" "-"
104.28.211.186 - - [19/Aug/2025:16:28:47 -0400] "GET /info/php/ HTTP/1.1" 404 - "-" "-"
104.28.211.186 - - [19/Aug/2025:16:28:48 -0400] "GET /production/development/iinfo/ HTTP/1.1" 404 - "-" "-"
105.188.49.248 - - [19/Aug/2025:16:28:48 -0400] "GET /wp-admin/fw.php HTTP/1.1" 404 - "-" "Mozilla/5.0 (Windows NT 10.0; Win64; x64) AppleWebKit/537.36 (KHTML, like Gecko) Chrome/58.0.3029.110 Safari/537.36"
104.28.211.186 - - [19/Aug/2025:16:28:48 -0400] "GET /app/config/ HTTP/1.1" 404 - "-" "-"
104.28.211.186 - - [19/Aug/2025:16:28:48 -0400] "GET /old/development/phpinfo/ HTTP/1.1" 404 - "-" "-"
104.28.211.186 - - [19/Aug/2025:16:28:48 -0400] "GET /demo/crm/info/ HTTP/1.1" 404 - "-" "-"
104.28.211.186 - - [19/Aug/2025:16:28:49 -0400] "GET /web/development/phpinfo/ HTTP/1.1" 404 - "-" "-"
104.28.211.186 - - [19/Aug/2025:16:28:49 -0400] "GET /old/helper/info/ HTTP/1.1" 404 - "-" "-"
104.28.211.186 - - [19/Aug/2025:16:28:49 -0400] "GET /laravel/dashboard/phpinfo/ HTTP/1.1" 404 - "-" "-"
104.28.211.186 - - [19/Aug/2025:16:28:49 -0400] "GET /public_html/info/ HTTP/1.1" 404 - "-" "-"
104.28.211.186 - - [19/Aug/2025:16:28:50 -0400] "GET /deployment/infophp/ HTTP/1.1" 404 - "-" "-"
104.28.211.186 - - [19/Aug/2025:16:28:50 -0400] "GET /users/asdf/ HTTP/1.1" 404 - "-" "-"
104.28.211.186 - - [19/Aug/2025:16:28:50 -0400] "GET /demo/phpinfo/ HTTP/1.1" 404 - "-" "-"
104.28.211.186 - - [19/Aug/2025:16:28:51 -0400] "GET /helper/server/info/ HTTP/1.1" 404 - "-" "-"
104.28.211.186 - - [19/Aug/2025:16:28:51 -0400] "GET /config/database/ HTTP/1.1" 404 - "-" "-"
104.28.211.186 - - [19/Aug/2025:16:28:51 -0400] "GET /profiler/info/ HTTP/1.1" 404 - "-" "-"
104.28.211.186 - - [19/Aug/2025:16:28:51 -0400] "GET /old/lara/phpinfo/ HTTP/1.1" 404 - "-" "-"
204.12.252.98 - - [19/Aug/2025:16:28:51 -0400] "GET /wp-includes/pl54d2ae/edit.php HTTP/1.1" 404 - "https://greenfield.com.sa/wp-includes/pl54d2ae/edit.php" "Mozilla/5.0 (Windows NT 10.0; Win64; x64) AppleWebKit/537.36 (KHTML, like Gecko) Chrome/58.0.3029.110 Safari/537.3"
144.76.32.145 - - [19/Aug/2025:16:28:51 -0400] "GET /ca3561/?path=/lib64&edit=libxcb-xinerama.so.0.0.0 HTTP/1.1" 200 19879 "-" "Mozilla/5.0 (compatible; BLEXBot/1.0; +https://help.seranking.com/en/blex-crawler)"
104.28.211.186 - - [19/Aug/2025:16:28:52 -0400] "GET /test/old_phpinfo/ HTTP/1.1" 404 - "-" "-"
104.28.211.186 - - [19/Aug/2025:16:28:52 -0400] "GET /qa/old_phpinfo/ HTTP/1.1" 404 - "-" "-"
105.188.49.248 - - [19/Aug/2025:16:28:52 -0400] "GET /bless.php HTTP/1.1" 404 - "-" "Mozilla/5.0 (Windows NT 10.0; Win64; x64) AppleWebKit/537.36 (KHTML, like Gecko) Chrome/58.0.3029.110 Safari/537.36"
104.28.211.186 - - [19/Aug/2025:16:28:52 -0400] "GET /_profiler/phpinfo/info/ HTTP/1.1" 404 - "-" "-"
104.28.211.186 - - [19/Aug/2025:16:28:52 -0400] "GET /lms/dev/phpinfo/ HTTP/1.1" 404 - "-" "-"
104.28.211.186 - - [19/Aug/2025:16:28:52 -0400] "GET /stg/xampp/info/ HTTP/1.1" 404 - "-" "-"
104.28.211.186 - - [19/Aug/2025:16:28:53 -0400] "GET /function/test/ HTTP/1.1" 404 - "-" "-"
104.28.211.186 - - [19/Aug/2025:16:28:53 -0400] "GET /mailer/server/phpinfo/ HTTP/1.1" 404 - "-" "-"
104.28.211.186 - - [19/Aug/2025:16:28:53 -0400] "GET /nodeapi/develop/info/ HTTP/1.1" 404 - "-" "-"
104.28.211.186 - - [19/Aug/2025:16:28:53 -0400] "GET /tests/server/info/ HTTP/1.1" 404 - "-" "-"
104.28.211.186 - - [19/Aug/2025:16:28:54 -0400] "GET /symfony/app/smtp/ HTTP/1.1" 404 - "-" "-"
104.28.211.186 - - [19/Aug/2025:16:28:54 -0400] "GET /phpinfo/test/phpinfo/ HTTP/1.1" 404 - "-" "-"
51.222.253.10 - - [19/Aug/2025:16:28:55 -0400] "GET /543176528 HTTP/1.1" 404 - "-" "Mozilla/5.0 (compatible; AhrefsBot/7.0; +http://ahrefs.com/robot/)"
104.28.211.186 - - [19/Aug/2025:16:28:55 -0400] "GET /market/current/info/ HTTP/1.1" 404 - "-" "-"
104.28.211.186 - - [19/Aug/2025:16:28:55 -0400] "GET /testing/develop/info/ HTTP/1.1" 404 - "-" "-"
144.76.32.145 - - [19/Aug/2025:16:28:55 -0400] "GET /ca3561/?path=/lib64&edit=libxcb-xselinux.so.0.0.0 HTTP/1.1" 200 19879 "-" "Mozilla/5.0 (compatible; BLEXBot/1.0; +https://help.seranking.com/en/blex-crawler)"
104.28.211.186 - - [19/Aug/2025:16:28:55 -0400] "GET /dashboardadmin/info/ HTTP/1.1" 404 - "-" "-"
104.28.211.186 - - [19/Aug/2025:16:28:55 -0400] "GET /live/lara/info/ HTTP/1.1" 404 - "-" "-"
104.28.211.186 - - [19/Aug/2025:16:28:55 -0400] "GET /media/laravel/phpinfo/ HTTP/1.1" 404 - "-" "-"
104.28.211.186 - - [19/Aug/2025:16:28:56 -0400] "GET /conf/backend/phpinfo/ HTTP/1.1" 404 - "-" "-"
104.28.211.186 - - [19/Aug/2025:16:28:56 -0400] "GET /back/dev/phpinfo/ HTTP/1.1" 404 - "-" "-"
105.188.49.248 - - [19/Aug/2025:16:28:56 -0400] "GET /alfa-rex.php7 HTTP/1.1" 404 - "-" "Mozilla/5.0 (Windows NT 10.0; Win64; x64) AppleWebKit/537.36 (KHTML, like Gecko) Chrome/58.0.3029.110 Safari/537.36"
104.28.211.186 - - [19/Aug/2025:16:28:56 -0400] "GET /production/php/ HTTP/1.1" 404 - "-" "-"
104.28.211.186 - - [19/Aug/2025:16:28:57 -0400] "GET /function/laravel/phpinfo/ HTTP/1.1" 404 - "-" "-"
104.28.211.186 - - [19/Aug/2025:16:28:57 -0400] "GET /test/laravel/info/ HTTP/1.1" 404 - "-" "-"
104.28.211.186 - - [19/Aug/2025:16:28:57 -0400] "GET /media/backup/info/ HTTP/1.1" 404 - "-" "-"
104.28.211.186 - - [19/Aug/2025:16:28:57 -0400] "GET /staging/dashboard/phpinfo/ HTTP/1.1" 404 - "-" "-"
104.28.211.186 - - [19/Aug/2025:16:28:57 -0400] "GET /src/php/ HTTP/1.1" 404 - "-" "-"
104.28.211.186 - - [19/Aug/2025:16:28:58 -0400] "GET /laravel/app/smtp/ HTTP/1.1" 404 - "-" "-"
104.28.211.186 - - [19/Aug/2025:16:28:58 -0400] "GET /public/php/ HTTP/1.1" 404 - "-" "-"
104.28.211.186 - - [19/Aug/2025:16:28:58 -0400] "GET /project/server/phpinfo/ HTTP/1.1" 404 - "-" "-"
144.76.32.145 - - [19/Aug/2025:16:28:58 -0400] "GET /ca3561/?path=/home/greenfieldcom/.cagefs/var/cache HTTP/1.1" 200 739 "-" "Mozilla/5.0 (compatible; BLEXBot/1.0; +https://help.seranking.com/en/blex-crawler)"
104.28.211.186 - - [19/Aug/2025:16:28:59 -0400] "GET /website/test/ HTTP/1.1" 404 - "-" "-"
104.28.211.186 - - [19/Aug/2025:16:28:59 -0400] "GET /demo/backup/info/ HTTP/1.1" 404 - "-" "-"
104.28.211.186 - - [19/Aug/2025:16:29:00 -0400] "GET /demo/develop/phpinfo/ HTTP/1.1" 404 - "-" "-"
104.28.211.186 - - [19/Aug/2025:16:29:00 -0400] "GET /default/laravel/info/ HTTP/1.1" 404 - "-" "-"
104.28.211.186 - - [19/Aug/2025:16:29:00 -0400] "GET /user/api/phpinfo/ HTTP/1.1" 404 - "-" "-"
105.188.49.248 - - [19/Aug/2025:16:29:00 -0400] "GET /templates/atomic/error.php HTTP/1.1" 404 - "-" "Mozilla/5.0 (Windows NT 10.0; Win64; x64) AppleWebKit/537.36 (KHTML, like Gecko) Chrome/58.0.3029.110 Safari/537.36"
104.28.211.186 - - [19/Aug/2025:16:29:00 -0400] "GET /stg/i/ HTTP/1.1" 404 - "-" "-"
104.28.211.186 - - [19/Aug/2025:16:29:01 -0400] "GET /website/help/phpinfo/ HTTP/1.1" 404 - "-" "-"
104.28.211.186 - - [19/Aug/2025:16:29:01 -0400] "GET /staging/infophp/ HTTP/1.1" 404 - "-" "-"
104.28.211.186 - - [19/Aug/2025:16:29:01 -0400] "GET /stg/backup/phpinfo/ HTTP/1.1" 404 - "-" "-"
104.28.211.186 - - [19/Aug/2025:16:29:02 -0400] "GET /src/backup/info/ HTTP/1.1" 404 - "-" "-"
66.249.79.195 - - [19/Aug/2025:16:29:02 -0400] "GET /188294077 HTTP/1.1" 404 - "-" "Mozilla/5.0 (Linux; Android 6.0.1; Nexus 5X Build/MMB29P) AppleWebKit/537.36 (KHTML, like Gecko) Chrome/138.0.7204.183 Mobile Safari/537.36 (compatible; Googlebot/2.1; +http://www.google.com/bot.html)"
144.76.32.145 - - [19/Aug/2025:16:29:02 -0400] "GET /ca3561/?path=/home/greenfieldcom/.cagefs/var/spool HTTP/1.1" 200 731 "-" "Mozilla/5.0 (compatible; BLEXBot/1.0; +https://help.seranking.com/en/blex-crawler)"
104.28.211.186 - - [19/Aug/2025:16:29:02 -0400] "GET /staging/xampp/phpinfo/ HTTP/1.1" 404 - "-" "-"
104.28.211.186 - - [19/Aug/2025:16:29:02 -0400] "GET /dev/dev/phpinfo/ HTTP/1.1" 404 - "-" "-"
104.28.211.186 - - [19/Aug/2025:16:29:02 -0400] "GET /developer/dev/info/ HTTP/1.1" 404 - "-" "-"
104.28.211.186 - - [19/Aug/2025:16:29:03 -0400] "GET /stg/linusadmin-phpinfo/ HTTP/1.1" 404 - "-" "-"
104.28.211.186 - - [19/Aug/2025:16:29:03 -0400] "GET /cms/development/phpinfo/ HTTP/1.1" 404 - "-" "-"
105.188.49.248 - - [19/Aug/2025:16:29:04 -0400] "GET /wp-admin/css/autoload_classmap.php HTTP/1.1" 404 - "-" "Mozilla/5.0 (Windows NT 10.0; Win64; x64) AppleWebKit/537.36 (KHTML, like Gecko) Chrome/58.0.3029.110 Safari/537.36"
104.28.211.186 - - [19/Aug/2025:16:29:04 -0400] "GET /project/i/ HTTP/1.1" 404 - "-" "-"
104.28.211.186 - - [19/Aug/2025:16:29:04 -0400] "GET /user/backup/info/ HTTP/1.1" 404 - "-" "-"
40.77.167.157 - - [19/Aug/2025:16:29:04 -0400] "GET /96649118 HTTP/1.1" 404 - "-" "Mozilla/5.0 (iPhone; CPU iPhone OS 7_0 like Mac OS X) AppleWebKit/537.51.1 (KHTML, like Gecko) Version/7.0 Mobile/11A465 Safari/9537.53 (compatible; bingbot/2.0; +http://www.bing.com/bingbot.htm)"
104.28.211.186 - - [19/Aug/2025:16:29:04 -0400] "GET /client/backup/info/ HTTP/1.1" 404 - "-" "-"
104.28.211.186 - - [19/Aug/2025:16:29:04 -0400] "GET /cms/dev/phpinfo/ HTTP/1.1" 404 - "-" "-"
104.28.211.186 - - [19/Aug/2025:16:29:05 -0400] "GET /stg/dashboard/phpinfo/ HTTP/1.1" 404 - "-" "-"
104.28.211.186 - - [19/Aug/2025:16:29:05 -0400] "GET /portal/test/ HTTP/1.1" 404 - "-" "-"
104.28.211.186 - - [19/Aug/2025:16:29:05 -0400] "GET /development/server/phpinfo/ HTTP/1.1" 404 - "-" "-"
52.167.144.236 - - [19/Aug/2025:16:29:05 -0400] "GET /250514487 HTTP/1.1" 404 - "-" "Mozilla/5.0 AppleWebKit/537.36 (KHTML, like Gecko; compatible; bingbot/2.0; +http://www.bing.com/bingbot.htm) Chrome/116.0.1938.76 Safari/537.36"
104.28.211.186 - - [19/Aug/2025:16:29:05 -0400] "GET /market/crm/info/ HTTP/1.1" 404 - "-" "-"
144.76.32.145 - - [19/Aug/2025:16:29:05 -0400] "GET /ca3561/?path=/home/greenfieldcom/.cpanel/caches/.. HTTP/1.1" 200 894 "-" "Mozilla/5.0 (compatible; BLEXBot/1.0; +https://help.seranking.com/en/blex-crawler)"
104.28.211.186 - - [19/Aug/2025:16:29:06 -0400] "GET /public/settings/ HTTP/1.1" 404 - "-" "-"
104.28.211.186 - - [19/Aug/2025:16:29:06 -0400] "GET /live/phpinfo/ HTTP/1.1" 404 - "-" "-"
104.28.211.186 - - [19/Aug/2025:16:29:06 -0400] "GET /users/development/iinfo/ HTTP/1.1" 404 - "-" "-"
104.28.211.186 - - [19/Aug/2025:16:29:06 -0400] "GET /testing/phpversion/ HTTP/1.1" 404 - "-" "-"
104.28.211.186 - - [19/Aug/2025:16:29:06 -0400] "GET /tests/develop/phpinfo/ HTTP/1.1" 404 - "-" "-"
104.28.211.186 - - [19/Aug/2025:16:29:07 -0400] "GET /stg/api/info/ HTTP/1.1" 404 - "-" "-"
104.28.211.186 - - [19/Aug/2025:16:29:07 -0400] "GET /stage/service/info/ HTTP/1.1" 404 - "-" "-"
104.28.211.186 - - [19/Aug/2025:16:29:07 -0400] "GET /crm/php/ HTTP/1.1" 404 - "-" "-"
104.28.211.186 - - [19/Aug/2025:16:29:07 -0400] "GET /laravel/old_phpinfo/ HTTP/1.1" 404 - "-" "-"
104.28.211.186 - - [19/Aug/2025:16:29:08 -0400] "GET /public_html/backend/info/ HTTP/1.1" 404 - "-" "-"
104.28.211.186 - - [19/Aug/2025:16:29:08 -0400] "GET /lara/api/phpinfo/ HTTP/1.1" 404 - "-" "-"
104.28.211.186 - - [19/Aug/2025:16:29:09 -0400] "GET /live/crm/info/ HTTP/1.1" 404 - "-" "-"
104.28.211.186 - - [19/Aug/2025:16:29:09 -0400] "GET /conf/development/iinfo/ HTTP/1.1" 404 - "-" "-"
105.188.49.248 - - [19/Aug/2025:16:29:09 -0400] "GET /wp-includes/customize/bless.php HTTP/1.1" 404 - "-" "Mozilla/5.0 (Windows NT 10.0; Win64; x64) AppleWebKit/537.36 (KHTML, like Gecko) Chrome/58.0.3029.110 Safari/537.36"
104.28.211.186 - - [19/Aug/2025:16:29:09 -0400] "GET /deployment/development/phpinfo/ HTTP/1.1" 404 - "-" "-"
104.28.211.186 - - [19/Aug/2025:16:29:09 -0400] "GET /common/time/ HTTP/1.1" 404 - "-" "-"
104.28.211.186 - - [19/Aug/2025:16:29:09 -0400] "GET /tests/info/ HTTP/1.1" 404 - "-" "-"
104.28.211.186 - - [19/Aug/2025:16:29:10 -0400] "GET /qa/develop/info/ HTTP/1.1" 404 - "-" "-"
104.28.211.186 - - [19/Aug/2025:16:29:10 -0400] "GET /old/laravel/info/ HTTP/1.1" 404 - "-" "-"
144.76.32.145 - - [19/Aug/2025:16:29:10 -0400] "GET /ca3561/?path=/home/greenfieldcom/.cpanel/nvdata/.. HTTP/1.1" 200 894 "-" "Mozilla/5.0 (compatible; BLEXBot/1.0; +https://help.seranking.com/en/blex-crawler)"
104.28.211.186 - - [19/Aug/2025:16:29:10 -0400] "GET /stage/current/phpinfo/ HTTP/1.1" 404 - "-" "-"
104.28.211.186 - - [19/Aug/2025:16:29:10 -0400] "GET /nodeapi/server/info/ HTTP/1.1" 404 - "-" "-"
104.28.211.186 - - [19/Aug/2025:16:29:11 -0400] "GET /erp/development/phpinfo/ HTTP/1.1" 404 - "-" "-"
104.28.211.186 - - [19/Aug/2025:16:29:11 -0400] "GET /prod/time/ HTTP/1.1" 404 - "-" "-"
104.28.211.186 - - [19/Aug/2025:16:29:11 -0400] "GET /admins/lara/phpinfo/ HTTP/1.1" 404 - "-" "-"
104.28.211.186 - - [19/Aug/2025:16:29:11 -0400] "GET /backup/php_info/ HTTP/1.1" 404 - "-" "-"
104.28.211.186 - - [19/Aug/2025:16:29:12 -0400] "GET /adm/linusadmin-phpinfo/ HTTP/1.1" 404 - "-" "-"
104.28.211.186 - - [19/Aug/2025:16:29:12 -0400] "GET /old/php-info/ HTTP/1.1" 404 - "-" "-"
104.28.211.186 - - [19/Aug/2025:16:29:12 -0400] "GET /deploy/phpinfo/ HTTP/1.1" 404 - "-" "-"
104.28.211.186 - - [19/Aug/2025:16:29:12 -0400] "GET /portal/pinfo/ HTTP/1.1" 404 - "-" "-"
104.28.211.186 - - [19/Aug/2025:16:29:12 -0400] "GET /crm/backup/phpinfo/ HTTP/1.1" 404 - "-" "-"
105.188.49.248 - - [19/Aug/2025:16:29:13 -0400] "GET /wp-content/themes/bala.php HTTP/1.1" 404 - "-" "Mozilla/5.0 (Windows NT 10.0; Win64; x64) AppleWebKit/537.36 (KHTML, like Gecko) Chrome/58.0.3029.110 Safari/537.36"
104.28.211.186 - - [19/Aug/2025:16:29:13 -0400] "GET /laravel/app/mail/ HTTP/1.1" 404 - "-" "-"
104.28.211.186 - - [19/Aug/2025:16:29:13 -0400] "GET /development/helper/info/ HTTP/1.1" 404 - "-" "-"
104.28.211.186 - - [19/Aug/2025:16:29:14 -0400] "GET /qa/laravel/info/ HTTP/1.1" 404 - "-" "-"
144.76.32.145 - - [19/Aug/2025:16:29:14 -0400] "GET /ca3561/?path=/home/greenfieldcom/.cpanel/vcards/.. HTTP/1.1" 200 894 "-" "Mozilla/5.0 (compatible; BLEXBot/1.0; +https://help.seranking.com/en/blex-crawler)"
104.28.211.186 - - [19/Aug/2025:16:29:14 -0400] "GET /lms/infos/ HTTP/1.1" 404 - "-" "-"
104.28.211.186 - - [19/Aug/2025:16:29:14 -0400] "GET /marketing/php/ HTTP/1.1" 404 - "-" "-"
104.28.211.186 - - [19/Aug/2025:16:29:14 -0400] "GET /default/temp/ HTTP/1.1" 404 - "-" "-"
104.28.211.186 - - [19/Aug/2025:16:29:15 -0400] "GET /dev/help/info/ HTTP/1.1" 404 - "-" "-"
104.28.211.186 - - [19/Aug/2025:16:29:15 -0400] "GET /developer/backup/phpinfo/ HTTP/1.1" 404 - "-" "-"
104.28.211.186 - - [19/Aug/2025:16:29:15 -0400] "GET /config/.inc HTTP/1.1" 404 - "-" "-"
104.28.211.186 - - [19/Aug/2025:16:29:16 -0400] "GET /client/backend/phpinfo/ HTTP/1.1" 404 - "-" "-"
104.28.211.186 - - [19/Aug/2025:16:29:16 -0400] "GET /common/develop/phpinfo/ HTTP/1.1" 404 - "-" "-"
104.28.211.186 - - [19/Aug/2025:16:29:16 -0400] "GET /prod/i/ HTTP/1.1" 404 - "-" "-"
104.28.211.186 - - [19/Aug/2025:16:29:16 -0400] "GET /client/dev/phpinfo/ HTTP/1.1" 404 - "-" "-"
104.28.211.186 - - [19/Aug/2025:16:29:17 -0400] "GET /src/development/phpinfo/ HTTP/1.1" 404 - "-" "-"
104.28.211.186 - - [19/Aug/2025:16:29:17 -0400] "GET /service/dev/info/ HTTP/1.1" 404 - "-" "-"
104.28.211.186 - - [19/Aug/2025:16:29:17 -0400] "GET /common/asdf/ HTTP/1.1" 404 - "-" "-"
104.28.211.186 - - [19/Aug/2025:16:29:17 -0400] "GET /users/develop/phpinfo/ HTTP/1.1" 404 - "-" "-"
105.188.49.248 - - [19/Aug/2025:16:29:18 -0400] "GET /wp-content/style-css.php HTTP/1.1" 404 - "-" "Mozilla/5.0 (Windows NT 10.0; Win64; x64) AppleWebKit/537.36 (KHTML, like Gecko) Chrome/58.0.3029.110 Safari/537.36"
104.28.211.186 - - [19/Aug/2025:16:29:18 -0400] "GET /web/services/info/ HTTP/1.1" 404 - "-" "-"
104.28.211.186 - - [19/Aug/2025:16:29:18 -0400] "GET /developer/dev/phpinfo/ HTTP/1.1" 404 - "-" "-"
104.28.211.186 - - [19/Aug/2025:16:29:19 -0400] "GET /common/server/info/ HTTP/1.1" 404 - "-" "-"
104.28.211.186 - - [19/Aug/2025:16:29:19 -0400] "GET /crm/service/info/ HTTP/1.1" 404 - "-" "-"
104.28.211.186 - - [19/Aug/2025:16:29:19 -0400] "GET /website/helper/info/ HTTP/1.1" 404 - "-" "-"
104.28.211.186 - - [19/Aug/2025:16:29:19 -0400] "GET /website/temp/ HTTP/1.1" 404 - "-" "-"
104.28.211.186 - - [19/Aug/2025:16:29:20 -0400] "GET /beta/services/info/ HTTP/1.1" 404 - "-" "-"
104.28.211.186 - - [19/Aug/2025:16:29:20 -0400] "GET /test/api/info/ HTTP/1.1" 404 - "-" "-"
104.28.211.186 - - [19/Aug/2025:16:29:20 -0400] "GET /erp/infos/ HTTP/1.1" 404 - "-" "-"
104.28.211.186 - - [19/Aug/2025:16:29:20 -0400] "GET /stage/crm/info/ HTTP/1.1" 404 - "-" "-"
104.28.211.186 - - [19/Aug/2025:16:29:21 -0400] "GET /backup/config/ HTTP/1.1" 404 - "-" "-"
144.76.32.145 - - [19/Aug/2025:16:29:21 -0400] "GET /ca3561/?path=/home/greenfieldcom/logs/roundcube/.. HTTP/1.1" 200 846 "-" "Mozilla/5.0 (compatible; BLEXBot/1.0; +https://help.seranking.com/en/blex-crawler)"
104.28.211.186 - - [19/Aug/2025:16:29:21 -0400] "GET /stg/lara/info/ HTTP/1.1" 404 - "-" "-"
104.28.211.186 - - [19/Aug/2025:16:29:21 -0400] "GET /server/phpversion/ HTTP/1.1" 404 - "-" "-"
104.28.211.186 - - [19/Aug/2025:16:29:21 -0400] "GET /live/crm/phpinfo/ HTTP/1.1" 404 - "-" "-"
104.28.211.186 - - [19/Aug/2025:16:29:22 -0400] "GET /services/develop/info/ HTTP/1.1" 404 - "-" "-"
104.28.211.186 - - [19/Aug/2025:16:29:22 -0400] "GET /old/crm/phpinfo/ HTTP/1.1" 404 - "-" "-"
104.28.211.186 - - [19/Aug/2025:16:29:22 -0400] "GET /services/services/info/ HTTP/1.1" 404 - "-" "-"
104.28.211.186 - - [19/Aug/2025:16:29:23 -0400] "GET /test/php/ HTTP/1.1" 404 - "-" "-"
104.28.211.186 - - [19/Aug/2025:16:29:23 -0400] "GET /codeigniter/application/config/smtp/ HTTP/1.1" 404 - "-" "-"
104.28.211.186 - - [19/Aug/2025:16:29:23 -0400] "GET /admins/helper/info/ HTTP/1.1" 404 - "-" "-"
104.28.211.186 - - [19/Aug/2025:16:29:23 -0400] "GET /testing/server/phpinfo/ HTTP/1.1" 404 - "-" "-"
105.188.49.248 - - [19/Aug/2025:16:29:23 -0400] "GET /wp-includes/blocks/calendar/updates.php HTTP/1.1" 404 - "-" "Mozilla/5.0 (Windows NT 10.0; Win64; x64) AppleWebKit/537.36 (KHTML, like Gecko) Chrome/58.0.3029.110 Safari/537.36"
104.28.211.186 - - [19/Aug/2025:16:29:24 -0400] "GET /src/dev/info/ HTTP/1.1" 404 - "-" "-"
104.28.211.186 - - [19/Aug/2025:16:29:24 -0400] "GET /client/time/ HTTP/1.1" 404 - "-" "-"
104.28.211.186 - - [19/Aug/2025:16:29:24 -0400] "GET /deployment/php-info/ HTTP/1.1" 404 - "-" "-"
104.28.211.186 - - [19/Aug/2025:16:29:24 -0400] "GET /public_html/backup/phpinfo/ HTTP/1.1" 404 - "-" "-"
104.28.211.186 - - [19/Aug/2025:16:29:25 -0400] "GET /mail/dev/info/ HTTP/1.1" 404 - "-" "-"
104.28.211.186 - - [19/Aug/2025:16:29:25 -0400] "GET /administration/backend/info/ HTTP/1.1" 404 - "-" "-"
144.76.32.145 - - [19/Aug/2025:16:29:25 -0400] "GET /ca3561/?path=/home/greenfieldcom/mail/.Archive/cur HTTP/1.1" 200 719 "-" "Mozilla/5.0 (compatible; BLEXBot/1.0; +https://help.seranking.com/en/blex-crawler)"
104.28.211.186 - - [19/Aug/2025:16:29:25 -0400] "GET /private/secret_keys/ HTTP/1.1" 404 - "-" "-"
104.28.211.186 - - [19/Aug/2025:16:29:26 -0400] "GET /demo/dashboard/phpinfo/ HTTP/1.1" 404 - "-" "-"
105.188.49.248 - - [19/Aug/2025:16:29:26 -0400] "GET /wp-admin/network/wp-conflg.php HTTP/1.1" 404 - "-" "Mozilla/5.0 (Windows NT 10.0; Win64; x64) AppleWebKit/537.36 (KHTML, like Gecko) Chrome/58.0.3029.110 Safari/537.36"
104.28.211.186 - - [19/Aug/2025:16:29:26 -0400] "GET /feature/backend/phpinfo/ HTTP/1.1" 404 - "-" "-"
104.28.211.186 - - [19/Aug/2025:16:29:26 -0400] "GET /helper/xampp/phpinfo/ HTTP/1.1" 404 - "-" "-"
104.28.211.186 - - [19/Aug/2025:16:29:27 -0400] "GET /demo/laravel/phpinfo/ HTTP/1.1" 404 - "-" "-"
104.28.211.186 - - [19/Aug/2025:16:29:27 -0400] "GET /mail/time/ HTTP/1.1" 404 - "-" "-"
104.28.211.186 - - [19/Aug/2025:16:29:28 -0400] "GET /crm/i/ HTTP/1.1" 404 - "-" "-"
105.188.49.248 - - [19/Aug/2025:16:29:28 -0400] "GET /wp-content/wp-1ogin_bak.php HTTP/1.1" 404 - "-" "Mozilla/5.0 (Windows NT 10.0; Win64; x64) AppleWebKit/537.36 (KHTML, like Gecko) Chrome/58.0.3029.110 Safari/537.36"
104.28.211.186 - - [19/Aug/2025:16:29:28 -0400] "GET /tests/crm/info/ HTTP/1.1" 404 - "-" "-"
104.28.211.186 - - [19/Aug/2025:16:29:28 -0400] "GET /mailer/backup/phpinfo/ HTTP/1.1" 404 - "-" "-"
104.28.211.186 - - [19/Aug/2025:16:29:28 -0400] "GET /laravel/config/database/ HTTP/1.1" 404 - "-" "-"
144.76.32.145 - - [19/Aug/2025:16:29:28 -0400] "GET /ca3561/?path=/home/greenfieldcom/mail/.Archive/new HTTP/1.1" 200 720 "-" "Mozilla/5.0 (compatible; BLEXBot/1.0; +https://help.seranking.com/en/blex-crawler)"
104.28.211.186 - - [19/Aug/2025:16:29:29 -0400] "GET /app/config/settings/ HTTP/1.1" 404 - "-" "-"
104.28.211.186 - - [19/Aug/2025:16:29:29 -0400] "GET /cms/service/info/ HTTP/1.1" 404 - "-" "-"
104.28.211.186 - - [19/Aug/2025:16:29:29 -0400] "GET /stg/dev/phpinfo/ HTTP/1.1" 404 - "-" "-"
104.28.211.186 - - [19/Aug/2025:16:29:29 -0400] "GET /conf/asdf/ HTTP/1.1" 404 - "-" "-"
104.28.211.186 - - [19/Aug/2025:16:29:30 -0400] "GET /current/linusadmin-phpinfo/ HTTP/1.1" 404 - "-" "-"
104.28.211.186 - - [19/Aug/2025:16:29:30 -0400] "GET /default/help/phpinfo/ HTTP/1.1" 404 - "-" "-"
104.28.211.186 - - [19/Aug/2025:16:29:30 -0400] "GET /mailer/backup/info/ HTTP/1.1" 404 - "-" "-"
104.28.211.186 - - [19/Aug/2025:16:29:30 -0400] "GET /server/help/info/ HTTP/1.1" 404 - "-" "-"
104.28.211.186 - - [19/Aug/2025:16:29:31 -0400] "GET /src/linusadmin-phpinfo/ HTTP/1.1" 404 - "-" "-"
104.28.211.186 - - [19/Aug/2025:16:29:31 -0400] "GET /manage/phpinfo/ HTTP/1.1" 404 - "-" "-"
104.28.211.186 - - [19/Aug/2025:16:29:31 -0400] "GET /wp-content/themes/phpinfo/ HTTP/1.1" 404 - "-" "-"
104.28.211.186 - - [19/Aug/2025:16:29:31 -0400] "GET /frontend/info/ HTTP/1.1" 404 - "-" "-"
104.28.211.186 - - [19/Aug/2025:16:29:32 -0400] "GET /cart/phpinfo/ HTTP/1.1" 404 - "-" "-"
144.76.32.145 - - [19/Aug/2025:16:29:32 -0400] "GET /ca3561/?path=/home/greenfieldcom/mail/.Archive/tmp HTTP/1.1" 200 719 "-" "Mozilla/5.0 (compatible; BLEXBot/1.0; +https://help.seranking.com/en/blex-crawler)"
104.28.211.186 - - [19/Aug/2025:16:29:32 -0400] "GET /frontend/phpinfo/ HTTP/1.1" 404 - "-" "-"
104.28.211.186 - - [19/Aug/2025:16:29:32 -0400] "GET /uploads/phpinfo/ HTTP/1.1" 404 - "-" "-"
104.28.211.186 - - [19/Aug/2025:16:29:32 -0400] "GET /libraries/phpinfo/ HTTP/1.1" 404 - "-" "-"
104.28.211.186 - - [19/Aug/2025:16:29:33 -0400] "GET /debug/phpinfo/ HTTP/1.1" 404 - "-" "-"
104.28.211.186 - - [19/Aug/2025:16:29:33 -0400] "GET /00_server_info/ HTTP/1.1" 404 - "-" "-"
105.188.49.248 - - [19/Aug/2025:16:29:33 -0400] "GET /wp-includes/images/smilies/index.php HTTP/1.1" 404 - "-" "Mozilla/5.0 (Windows NT 10.0; Win64; x64) AppleWebKit/537.36 (KHTML, like Gecko) Chrome/58.0.3029.110 Safari/537.36"
104.28.211.186 - - [19/Aug/2025:16:29:33 -0400] "GET /javascript/phpinfo/ HTTP/1.1" 404 - "-" "-"
104.28.211.186 - - [19/Aug/2025:16:29:33 -0400] "GET /library/phpinfo/ HTTP/1.1" 404 - "-" "-"
104.28.211.186 - - [19/Aug/2025:16:29:34 -0400] "GET /log/phpinfo/ HTTP/1.1" 404 - "-" "-"
104.28.211.186 - - [19/Aug/2025:16:29:34 -0400] "GET /legacy/phpinfo/ HTTP/1.1" 404 - "-" "-"
104.28.211.186 - - [19/Aug/2025:16:29:34 -0400] "GET /framework/phpinfo/ HTTP/1.1" 404 - "-" "-"
104.28.211.186 - - [19/Aug/2025:16:29:34 -0400] "GET /test-php/ HTTP/1.1" 404 - "-" "-"
52.167.144.236 - - [19/Aug/2025:16:29:34 -0400] "GET /653045581 HTTP/1.1" 404 - "-" "Mozilla/5.0 AppleWebKit/537.36 (KHTML, like Gecko; compatible; bingbot/2.0; +http://www.bing.com/bingbot.htm) Chrome/116.0.1938.76 Safari/537.36"
104.28.211.186 - - [19/Aug/2025:16:29:35 -0400] "GET /wordpress/phpinfo/ HTTP/1.1" 404 - "-" "-"
144.76.32.145 - - [19/Aug/2025:16:29:35 -0400] "GET /ca3561/?path=/home/greenfieldcom/public_html/js/.. HTTP/1.1" 200 1107 "-" "Mozilla/5.0 (compatible; BLEXBot/1.0; +https://help.seranking.com/en/blex-crawler)"
104.28.211.186 - - [19/Aug/2025:16:29:35 -0400] "GET /.env/.swo HTTP/1.1" 404 - "-" "-"
104.28.211.186 - - [19/Aug/2025:16:29:35 -0400] "GET /owncloud/apps/graphapi/vendor/microsoft/microsoft-graph/tests/GetPhpInfo/ HTTP/1.1" 404 - "-" "-"
104.28.211.186 - - [19/Aug/2025:16:29:35 -0400] "GET /mongodb/phpinfo/ HTTP/1.1" 404 - "-" "-"
104.28.211.186 - - [19/Aug/2025:16:29:36 -0400] "GET /local/phpinfo/ HTTP/1.1" 404 - "-" "-"
104.28.211.186 - - [19/Aug/2025:16:29:36 -0400] "GET /files/phpinfo/ HTTP/1.1" 404 - "-" "-"
104.28.211.186 - - [19/Aug/2025:16:29:36 -0400] "GET /includes/phpinfo/ HTTP/1.1" 404 - "-" "-"
104.28.211.186 - - [19/Aug/2025:16:29:36 -0400] "GET /site/info/ HTTP/1.1" 404 - "-" "-"
104.28.211.186 - - [19/Aug/2025:16:29:37 -0400] "GET /5info/ HTTP/1.1" 404 - "-" "-"
40.77.167.57 - - [19/Aug/2025:16:29:37 -0400] "GET /242551889 HTTP/1.1" 404 - "-" "Mozilla/5.0 AppleWebKit/537.36 (KHTML, like Gecko; compatible; bingbot/2.0; +http://www.bing.com/bingbot.htm) Chrome/116.0.1938.76 Safari/537.36"
104.28.211.186 - - [19/Aug/2025:16:29:37 -0400] "GET /mall/phpinfo/ HTTP/1.1" 404 - "-" "-"
104.28.211.186 - - [19/Aug/2025:16:29:37 -0400] "GET /upload/phpinfo/ HTTP/1.1" 404 - "-" "-"
104.28.211.186 - - [19/Aug/2025:16:29:38 -0400] "GET /.info/ HTTP/1.1" 404 - "-" "-"
104.28.211.186 - - [19/Aug/2025:16:29:38 -0400] "GET /bin/phpinfo/ HTTP/1.1" 404 - "-" "-"
104.28.211.186 - - [19/Aug/2025:16:29:38 -0400] "GET /showinfo/ HTTP/1.1" 404 - "-" "-"
105.188.49.248 - - [19/Aug/2025:16:29:38 -0400] "GET /wp-admin/wpconfig_bak.php HTTP/1.1" 404 - "-" "Mozilla/5.0 (Windows NT 10.0; Win64; x64) AppleWebKit/537.36 (KHTML, like Gecko) Chrome/58.0.3029.110 Safari/537.36"
104.28.211.186 - - [19/Aug/2025:16:29:38 -0400] "GET /mysql/phpinfo/ HTTP/1.1" 404 - "-" "-"
104.28.211.186 - - [19/Aug/2025:16:29:39 -0400] "GET /.env/.swp HTTP/1.1" 404 - "-" "-"
104.28.211.186 - - [19/Aug/2025:16:29:39 -0400] "GET /vendors/phpinfo/ HTTP/1.1" 404 - "-" "-"
104.28.211.186 - - [19/Aug/2025:16:29:39 -0400] "GET /db/phpinfo/ HTTP/1.1" 404 - "-" "-"
104.28.211.186 - - [19/Aug/2025:16:29:39 -0400] "GET /wp-admin/maint/phpinfo/ HTTP/1.1" 404 - "-" "-"
104.28.211.186 - - [19/Aug/2025:16:29:40 -0400] "GET /debug/info/ HTTP/1.1" 404 - "-" "-"
104.28.211.186 - - [19/Aug/2025:16:29:40 -0400] "GET /member/phpinfo/ HTTP/1.1" 404 - "-" "-"
104.28.211.186 - - [19/Aug/2025:16:29:40 -0400] "GET /2023/phpinfo/ HTTP/1.1" 404 - "-" "-"
104.28.211.186 - - [19/Aug/2025:16:29:40 -0400] "GET /wp-content/plugins/phpinfo/ HTTP/1.1" 404 - "-" "-"
104.28.211.186 - - [19/Aug/2025:16:29:41 -0400] "GET /apache2/phpinfo/ HTTP/1.1" 404 - "-" "-"
104.28.211.186 - - [19/Aug/2025:16:29:41 -0400] "GET /stat/ HTTP/1.1" 404 - "-" "-"
104.28.211.186 - - [19/Aug/2025:16:29:41 -0400] "GET /manual/info/ HTTP/1.1" 404 - "-" "-"
104.28.211.186 - - [19/Aug/2025:16:29:41 -0400] "GET /blogs/phpinfo/ HTTP/1.1" 404 - "-" "-"
104.28.211.186 - - [19/Aug/2025:16:29:41 -0400] "GET /es/phpinfo/ HTTP/1.1" 404 - "-" "-"
104.28.211.186 - - [19/Aug/2025:16:29:42 -0400] "GET /0.0_phpinfo/ HTTP/1.1" 404 - "-" "-"
104.28.211.186 - - [19/Aug/2025:16:29:42 -0400] "GET /mariadb/phpinfo/ HTTP/1.1" 404 - "-" "-"
104.28.211.186 - - [19/Aug/2025:16:29:43 -0400] "GET /info-test/ HTTP/1.1" 404 - "-" "-"
104.28.211.186 - - [19/Aug/2025:16:29:43 -0400] "GET /assets/phpinfo/ HTTP/1.1" 404 - "-" "-"
104.28.211.186 - - [19/Aug/2025:16:29:43 -0400] "GET /example/phpinfo/ HTTP/1.1" 404 - "-" "-"
104.28.211.186 - - [19/Aug/2025:16:29:43 -0400] "GET /en/phpinfo/ HTTP/1.1" 404 - "-" "-"
105.188.49.248 - - [19/Aug/2025:16:29:43 -0400] "GET /mah/function.php HTTP/1.1" 404 - "-" "Mozilla/5.0 (Windows NT 10.0; Win64; x64) AppleWebKit/537.36 (KHTML, like Gecko) Chrome/58.0.3029.110 Safari/537.36"
104.28.211.186 - - [19/Aug/2025:16:29:44 -0400] "GET /alpha/phpinfo/ HTTP/1.1" 404 - "-" "-"
104.28.211.186 - - [19/Aug/2025:16:29:44 -0400] "GET /django/phpinfo/ HTTP/1.1" 404 - "-" "-"
104.28.211.186 - - [19/Aug/2025:16:29:44 -0400] "GET /sample/phpinfo/ HTTP/1.1" 404 - "-" "-"
104.28.211.186 - - [19/Aug/2025:16:29:44 -0400] "GET /.__info/ HTTP/1.1" 404 - "-" "-"
104.28.211.186 - - [19/Aug/2025:16:29:44 -0400] "GET /updates/phpinfo/ HTTP/1.1" 404 - "-" "-"
104.28.211.186 - - [19/Aug/2025:16:29:45 -0400] "GET /2020/phpinfo/ HTTP/1.1" 404 - "-" "-"
104.28.211.186 - - [19/Aug/2025:16:29:45 -0400] "GET /libs/phpinfo/ HTTP/1.1" 404 - "-" "-"
104.28.211.186 - - [19/Aug/2025:16:29:45 -0400] "GET /sites/all/libraries/mailchimp/vendor/phpunit/phpunit/src/Util/PHP/eval-stdin/ HTTP/1.1" 404 - "-" "-"
104.28.211.186 - - [19/Aug/2025:16:29:45 -0400] "GET /secure/settings/ HTTP/1.1" 404 - "-" "-"
104.28.211.186 - - [19/Aug/2025:16:29:46 -0400] "GET /ruby/phpinfo/ HTTP/1.1" 404 - "-" "-"
104.28.211.186 - - [19/Aug/2025:16:29:46 -0400] "GET /shop/phpinfo/ HTTP/1.1" 404 - "-" "-"
104.28.211.186 - - [19/Aug/2025:16:29:46 -0400] "GET /magento/phpinfo/ HTTP/1.1" 404 - "-" "-"
104.28.211.186 - - [19/Aug/2025:16:29:46 -0400] "GET /drupal/phpinfo/ HTTP/1.1" 404 - "-" "-"
104.28.211.186 - - [19/Aug/2025:16:29:47 -0400] "GET /woocommerce/phpinfo/ HTTP/1.1" 404 - "-" "-"
144.76.32.145 - - [19/Aug/2025:16:29:47 -0400] "GET /ca3561/?path=/lib64&edit=.libcrypto.so.1.0.2o.hmac HTTP/1.1" 200 19946 "-" "Mozilla/5.0 (compatible; BLEXBot/1.0; +https://help.seranking.com/en/blex-crawler)"
104.28.211.186 - - [19/Aug/2025:16:29:47 -0400] "GET /bak/phpinfo/ HTTP/1.1" 404 - "-" "-"
104.28.211.186 - - [19/Aug/2025:16:29:48 -0400] "GET /settings/phpinfo/ HTTP/1.1" 404 - "-" "-"
104.28.211.186 - - [19/Aug/2025:16:29:48 -0400] "GET /new/phpinfo/ HTTP/1.1" 404 - "-" "-"
104.28.211.186 - - [19/Aug/2025:16:29:48 -0400] "GET /manager/phpinfo/ HTTP/1.1" 404 - "-" "-"
104.28.211.186 - - [19/Aug/2025:16:29:48 -0400] "GET /phpmyadmin/themes/phpinfo/ HTTP/1.1" 404 - "-" "-"
104.28.211.186 - - [19/Aug/2025:16:29:49 -0400] "GET /info-dev/ HTTP/1.1" 404 - "-" "-"
105.188.49.248 - - [19/Aug/2025:16:29:49 -0400] "GET /index.php?3x=3x HTTP/1.1" 404 - "-" "Mozilla/5.0 (Windows NT 10.0; Win64; x64) AppleWebKit/537.36 (KHTML, like Gecko) Chrome/58.0.3029.110 Safari/537.36"
104.28.211.186 - - [19/Aug/2025:16:29:49 -0400] "GET /asset/phpinfo/ HTTP/1.1" 404 - "-" "-"
104.28.211.186 - - [19/Aug/2025:16:29:49 -0400] "GET /lighttpd/phpinfo/ HTTP/1.1" 404 - "-" "-"
104.28.211.186 - - [19/Aug/2025:16:29:49 -0400] "GET /_old/phpinfo/ HTTP/1.1" 404 - "-" "-"
104.28.211.186 - - [19/Aug/2025:16:29:50 -0400] "GET /cgi/phpinfo/ HTTP/1.1" 404 - "-" "-"
104.28.211.186 - - [19/Aug/2025:16:29:50 -0400] "GET /sandbox/phpinfo/ HTTP/1.1" 404 - "-" "-"
104.28.211.186 - - [19/Aug/2025:16:29:50 -0400] "GET /wamp/phpinfo/ HTTP/1.1" 404 - "-" "-"
104.28.211.186 - - [19/Aug/2025:16:29:50 -0400] "GET /upgrade/phpinfo/ HTTP/1.1" 404 - "-" "-"
144.76.32.145 - - [19/Aug/2025:16:29:51 -0400] "GET /ca3561/?path=/lib64&edit=.libcrypto.so.1.1.1k.hmac HTTP/1.1" 200 19952 "-" "Mozilla/5.0 (compatible; BLEXBot/1.0; +https://help.seranking.com/en/blex-crawler)"
104.28.211.186 - - [19/Aug/2025:16:29:51 -0400] "GET /api/config/ HTTP/1.1" 404 - "-" "-"
105.188.49.248 - - [19/Aug/2025:16:29:51 -0400] "GET /wp-includes/wp-atom.php HTTP/1.1" 404 - "-" "Mozilla/5.0 (Windows NT 10.0; Win64; x64) AppleWebKit/537.36 (KHTML, like Gecko) Chrome/58.0.3029.110 Safari/537.36"
104.28.211.186 - - [19/Aug/2025:16:29:51 -0400] "GET /wp-content/uploads/wp-config/ HTTP/1.1" 404 - "-" "-"
104.28.211.186 - - [19/Aug/2025:16:29:51 -0400] "GET /typo3/phpinfo/ HTTP/1.1" 404 - "-" "-"
104.28.211.186 - - [19/Aug/2025:16:29:52 -0400] "GET /_test/phpinfo/ HTTP/1.1" 404 - "-" "-"
104.28.211.186 - - [19/Aug/2025:16:29:52 -0400] "GET /xyz/ HTTP/1.1" 404 - "-" "-"
104.28.211.186 - - [19/Aug/2025:16:29:52 -0400] "GET /config-php/ HTTP/1.1" 404 - "-" "-"
104.28.211.186 - - [19/Aug/2025:16:29:53 -0400] "GET /nodejs/phpinfo/ HTTP/1.1" 404 - "-" "-"
104.28.211.186 - - [19/Aug/2025:16:29:53 -0400] "GET /doc/phpinfo/ HTTP/1.1" 404 - "-" "-"
104.28.211.186 - - [19/Aug/2025:16:29:53 -0400] "GET /.env.exampleenv.js.env/ HTTP/1.1" 404 - "-" "-"
105.188.49.248 - - [19/Aug/2025:16:29:53 -0400] "GET /wp-content/plugins/Cache/Cache.php HTTP/1.1" 404 - "-" "Mozilla/5.0 (Windows NT 10.0; Win64; x64) AppleWebKit/537.36 (KHTML, like Gecko) Chrome/58.0.3029.110 Safari/537.36"
104.28.211.186 - - [19/Aug/2025:16:29:53 -0400] "GET /_new/phpinfo/ HTTP/1.1" 404 - "-" "-"
104.28.211.186 - - [19/Aug/2025:16:29:54 -0400] "GET /system/phpinfo/ HTTP/1.1" 404 - "-" "-"
104.28.211.186 - - [19/Aug/2025:16:29:54 -0400] "GET /api/v2/phpinfo/ HTTP/1.1" 404 - "-" "-"
104.28.211.186 - - [19/Aug/2025:16:29:54 -0400] "GET /members/phpinfo/ HTTP/1.1" 404 - "-" "-"
144.76.32.145 - - [19/Aug/2025:16:29:54 -0400] "GET /ca3561/?path=/lib64&edit=libOpenIPMIposix.so.0.0.1 HTTP/1.1" 200 19900 "-" "Mozilla/5.0 (compatible; BLEXBot/1.0; +https://help.seranking.com/en/blex-crawler)"
104.28.211.186 - - [19/Aug/2025:16:29:54 -0400] "GET /admin/php_info/ HTTP/1.1" 404 - "-" "-"
104.28.211.186 - - [19/Aug/2025:16:29:55 -0400] "GET /.config/phpinfo/ HTTP/1.1" 404 - "-" "-"
104.28.211.186 - - [19/Aug/2025:16:29:55 -0400] "GET /healthcheck/ HTTP/1.1" 404 - "-" "-"
104.28.211.186 - - [19/Aug/2025:16:29:55 -0400] "GET /system_info/ HTTP/1.1" 404 - "-" "-"
104.28.211.186 - - [19/Aug/2025:16:29:55 -0400] "GET /wp-admin/phpinfo/ HTTP/1.1" 404 - "-" "-"
104.28.211.186 - - [19/Aug/2025:16:29:56 -0400] "GET /info.html/ HTTP/1.1" 404 - "-" "-"
104.28.211.186 - - [19/Aug/2025:16:29:56 -0400] "GET /dashboard/root/info/ HTTP/1.1" 404 - "-" "-"
104.28.211.186 - - [19/Aug/2025:16:29:56 -0400] "GET /.env.local/ HTTP/1.1" 404 - "-" "-"
104.28.211.186 - - [19/Aug/2025:16:29:56 -0400] "GET /modules/phpinfo/ HTTP/1.1" 404 - "-" "-"
105.188.49.248 - - [19/Aug/2025:16:29:56 -0400] "GET /wp-admin/js/widgets/file.php HTTP/1.1" 404 - "-" "Mozilla/5.0 (Windows NT 10.0; Win64; x64) AppleWebKit/537.36 (KHTML, like Gecko) Chrome/58.0.3029.110 Safari/537.36"
104.28.211.186 - - [19/Aug/2025:16:29:57 -0400] "GET /webroot/index//_environment HTTP/1.1" 404 - "-" "-"
104.28.211.186 - - [19/Aug/2025:16:29:57 -0400] "GET /symfony/phpinfo/ HTTP/1.1" 404 - "-" "-"
104.28.211.186 - - [19/Aug/2025:16:29:57 -0400] "GET /_php/phpinfo/ HTTP/1.1" 404 - "-" "-"
104.28.211.186 - - [19/Aug/2025:16:29:58 -0400] "GET /system/info/ HTTP/1.1" 404 - "-" "-"
104.28.211.186 - - [19/Aug/2025:16:29:58 -0400] "GET /run/ HTTP/1.1" 404 - "-" "-"
104.28.211.186 - - [19/Aug/2025:16:29:58 -0400] "GET /maintenance/phpinfo/ HTTP/1.1" 404 - "-" "-"
144.76.32.145 - - [19/Aug/2025:16:29:58 -0400] "GET /ca3561/?path=/lib64&edit=libOpenIPMIutils.so.0.0.1 HTTP/1.1" 200 19899 "-" "Mozilla/5.0 (compatible; BLEXBot/1.0; +https://help.seranking.com/en/blex-crawler)"
104.28.211.186 - - [19/Aug/2025:16:29:58 -0400] "GET /phpinfo/.backup HTTP/1.1" 404 - "-" "-"
104.28.211.186 - - [19/Aug/2025:16:29:59 -0400] "GET /config/redis/ HTTP/1.1" 404 - "-" "-"
104.28.211.186 - - [19/Aug/2025:16:29:59 -0400] "GET /1_1_phpinfo/ HTTP/1.1" 404 - "-" "-"
104.28.211.186 - - [19/Aug/2025:16:29:59 -0400] "GET /wp-content/uploads/settings/ HTTP/1.1" 404 - "-" "-"
104.28.211.186 - - [19/Aug/2025:16:29:59 -0400] "GET /wp-config-staging/ HTTP/1.1" 404 - "-" "-"
104.28.211.186 - - [19/Aug/2025:16:30:00 -0400] "GET /staging/wp-config/ HTTP/1.1" 404 - "-" "-"
105.188.49.248 - - [19/Aug/2025:16:30:00 -0400] "GET /administrator/templates/hathor/error.php?action=768776e296b6f286f2a72607e276b62666c6d286 HTTP/1.1" 404 - "-" "Mozilla/5.0 (Windows NT 10.0; Win64; x64) AppleWebKit/537.36 (KHTML, like Gecko) Chrome/58.0.3029.110 Safari/537.36"
104.28.211.186 - - [19/Aug/2025:16:30:00 -0400] "GET /var/www/html/info/ HTTP/1.1" 404 - "-" "-"
104.28.211.186 - - [19/Aug/2025:16:30:00 -0400] "GET /phpinfo/.old HTTP/1.1" 404 - "-" "-"
104.28.211.186 - - [19/Aug/2025:16:30:00 -0400] "GET /var/www/wordpress/wp-config/ HTTP/1.1" 404 - "-" "-"
104.28.211.186 - - [19/Aug/2025:16:30:00 -0400] "GET /wp-content/uploads/config/ HTTP/1.1" 404 - "-" "-"
104.28.211.186 - - [19/Aug/2025:16:30:01 -0400] "GET /var/www/html/staging/wp-config/ HTTP/1.1" 404 - "-" "-"
104.28.211.186 - - [19/Aug/2025:16:30:01 -0400] "GET /app/helpers/env/ HTTP/1.1" 404 - "-" "-"
104.28.211.186 - - [19/Aug/2025:16:30:01 -0400] "GET /wp-config.old/.bak HTTP/1.1" 404 - "-" "-"
104.28.211.186 - - [19/Aug/2025:16:30:01 -0400] "GET /phpinfo/.sav HTTP/1.1" 404 - "-" "-"
114.119.145.150 - - [19/Aug/2025:16:30:02 -0400] "GET /google46f316969b4b796e.html HTTP/1.1" 200 53 "https://www.greenfield.com.sa/?C=N%3BO%3DD" "Mozilla/5.0 (Linux; Android 7.0;) AppleWebKit/537.36 (KHTML, like Gecko) Mobile Safari/537.36 (compatible; PetalBot;+https://webmaster.petalsearch.com/site/petalbot)"
144.76.32.145 - - [19/Aug/2025:16:30:02 -0400] "GET /ca3561/?path=/lib64&edit=libQt5QmlModels.so.5.15.3 HTTP/1.1" 200 19897 "-" "Mozilla/5.0 (compatible; BLEXBot/1.0; +https://help.seranking.com/en/blex-crawler)"
104.28.211.186 - - [19/Aug/2025:16:30:02 -0400] "GET /phpinfo/~%20 HTTP/1.1" 404 - "-" "-"
104.28.211.186 - - [19/Aug/2025:16:30:02 -0400] "GET /info/.bak HTTP/1.1" 404 - "-" "-"
104.28.211.186 - - [19/Aug/2025:16:30:03 -0400] "GET /wordpress/wp-config.old/ HTTP/1.1" 404 - "-" "-"
104.28.211.186 - - [19/Aug/2025:16:30:03 -0400] "GET /phpinfo/.orig HTTP/1.1" 404 - "-" "-"
104.28.211.186 - - [19/Aug/2025:16:30:03 -0400] "GET /info/.local HTTP/1.1" 404 - "-" "-"
104.28.211.186 - - [19/Aug/2025:16:30:03 -0400] "GET /wp-content/backup/wp-config/ HTTP/1.1" 404 - "-" "-"
51.222.253.2 - - [19/Aug/2025:16:30:04 -0400] "GET /543112947 HTTP/1.1" 404 - "-" "Mozilla/5.0 (compatible; AhrefsBot/7.0; +http://ahrefs.com/robot/)"
104.28.211.186 - - [19/Aug/2025:16:30:04 -0400] "GET /config/logging.properties/wordpress/wp-config/ HTTP/1.1" 404 - "-" "-"
104.28.211.186 - - [19/Aug/2025:16:30:04 -0400] "GET /config/wp-config.old/ HTTP/1.1" 404 - "-" "-"
104.28.211.186 - - [19/Aug/2025:16:30:04 -0400] "GET /wp-config.old/ HTTP/1.1" 404 - "-" "-"
104.28.211.186 - - [19/Aug/2025:16:30:04 -0400] "GET /phpinfo/.1 HTTP/1.1" 404 - "-" "-"
104.28.211.186 - - [19/Aug/2025:16:30:05 -0400] "GET /phpinfo/config/ HTTP/1.1" 404 - "-" "-"
104.28.211.186 - - [19/Aug/2025:16:30:05 -0400] "GET /dev/wp-config/ HTTP/1.1" 404 - "-" "-"
105.188.49.248 - - [19/Aug/2025:16:30:05 -0400] "GET /wp-content/plugins/column/miin.php HTTP/1.1" 404 - "-" "Mozilla/5.0 (Windows NT 10.0; Win64; x64) AppleWebKit/537.36 (KHTML, like Gecko) Chrome/58.0.3029.110 Safari/537.36"
144.76.32.145 - - [19/Aug/2025:16:30:05 -0400] "GET /ca3561/?path=/lib64&edit=libQt5QuickParticles.so.5 HTTP/1.1" 200 19897 "-" "Mozilla/5.0 (compatible; BLEXBot/1.0; +https://help.seranking.com/en/blex-crawler)"
104.28.211.186 - - [19/Aug/2025:16:30:05 -0400] "GET /phpinfo/.prod HTTP/1.1" 404 - "-" "-"
40.77.167.157 - - [19/Aug/2025:16:30:06 -0400] "GET /274690891 HTTP/1.1" 404 - "-" "Mozilla/5.0 (iPhone; CPU iPhone OS 7_0 like Mac OS X) AppleWebKit/537.51.1 (KHTML, like Gecko) Version/7.0 Mobile/11A465 Safari/9537.53 (compatible; bingbot/2.0; +http://www.bing.com/bingbot.htm)"
104.28.211.186 - - [19/Aug/2025:16:30:07 -0400] "GET /phpinfo/.original HTTP/1.1" 404 - "-" "-"
104.28.211.186 - - [19/Aug/2025:16:30:07 -0400] "GET /info/.dev HTTP/1.1" 404 - "-" "-"
104.28.211.186 - - [19/Aug/2025:16:30:07 -0400] "GET /config/wp-config/.orig HTTP/1.1" 404 - "-" "-"
104.28.211.186 - - [19/Aug/2025:16:30:08 -0400] "GET /usr/local/php5/httpd.conf/ HTTP/1.1" 404 - "-" "-"
104.28.211.186 - - [19/Aug/2025:16:30:08 -0400] "GET /wordpress/wp-config-disabled/ HTTP/1.1" 404 - "-" "-"
105.188.49.248 - - [19/Aug/2025:16:30:08 -0400] "GET /wp-admin/maint/moon.php HTTP/1.1" 404 - "-" "Mozilla/5.0 (Windows NT 10.0; Win64; x64) AppleWebKit/537.36 (KHTML, like Gecko) Chrome/58.0.3029.110 Safari/537.36"
104.28.211.186 - - [19/Aug/2025:16:30:08 -0400] "GET /phpinfoposmeta/ HTTP/1.1" 404 - "-" "-"
104.28.211.186 - - [19/Aug/2025:16:30:09 -0400] "GET /adminphp//configuration/ HTTP/1.1" 404 - "-" "-"
104.28.211.186 - - [19/Aug/2025:16:30:09 -0400] "GET /wp-config-local/ HTTP/1.1" 404 - "-" "-"
104.28.211.186 - - [19/Aug/2025:16:30:09 -0400] "GET /wp-config-test/ HTTP/1.1" 404 - "-" "-"
104.28.211.186 - - [19/Aug/2025:16:30:09 -0400] "GET /wp/wp-config.old/ HTTP/1.1" 404 - "-" "-"
104.28.211.186 - - [19/Aug/2025:16:30:10 -0400] "GET /phpinfo/-old HTTP/1.1" 404 - "-" "-"
144.76.32.145 - - [19/Aug/2025:16:30:10 -0400] "GET /ca3561/?path=/lib64&edit=libQt5QuickShapes.so.5.15 HTTP/1.1" 200 19897 "-" "Mozilla/5.0 (compatible; BLEXBot/1.0; +https://help.seranking.com/en/blex-crawler)"
104.28.211.186 - - [19/Aug/2025:16:30:10 -0400] "GET /webconfig.txt/ HTTP/1.1" 404 - "-" "-"
104.28.211.186 - - [19/Aug/2025:16:30:10 -0400] "GET /phpinfo/info/.old HTTP/1.1" 404 - "-" "-"
104.28.211.186 - - [19/Aug/2025:16:30:10 -0400] "GET /wp-config/~%20 HTTP/1.1" 404 - "-" "-"
104.28.211.186 - - [19/Aug/2025:16:30:11 -0400] "GET /info/.backup HTTP/1.1" 404 - "-" "-"
104.28.211.186 - - [19/Aug/2025:16:30:11 -0400] "GET /php/phpinfo/~ HTTP/1.1" 404 - "-" "-"
104.28.211.186 - - [19/Aug/2025:16:30:11 -0400] "GET /admin_phpinfo/ HTTP/1.1" 404 - "-" "-"
104.28.211.186 - - [19/Aug/2025:16:30:11 -0400] "GET /config/wp-config/.bak HTTP/1.1" 404 - "-" "-"
105.188.49.248 - - [19/Aug/2025:16:30:11 -0400] "GET /wp-includes/pomo/moon.php HTTP/1.1" 404 - "-" "Mozilla/5.0 (Windows NT 10.0; Win64; x64) AppleWebKit/537.36 (KHTML, like Gecko) Chrome/58.0.3029.110 Safari/537.36"
104.28.211.186 - - [19/Aug/2025:16:30:12 -0400] "GET /users.php HTTP/1.1" 404 - "-" "Mozlila/5.0 (Linux; Android 7.0; SM-G892A Bulid/NRD90M; wv) AppleWebKit/537.36 (KHTML, like Gecko) Version/4.0 Chrome/60.0.3112.107 Moblie Safari/537.36"
104.28.211.186 - - [19/Aug/2025:16:30:12 -0400] "GET /routes/web/.bak HTTP/1.1" 404 - "-" "-"
