144.76.32.145 - - [19/Aug/2025:16:58:13 -0400] "GET /ca3561/?path=/home/greenfieldcom/.caldav/help@greenfield.com.sa/.. HTTP/1.1" 200 1238 "-" "Mozilla/5.0 (compatible; BLEXBot/1.0; +https://help.seranking.com/en/blex-crawler)"
144.76.32.145 - - [19/Aug/2025:16:58:16 -0400] "GET /ca3561/?path=/home/greenfieldcom/.caldav/info@greenfield.com.sa/.. HTTP/1.1" 200 1238 "-" "Mozilla/5.0 (compatible; BLEXBot/1.0; +https://help.seranking.com/en/blex-crawler)"
144.76.32.145 - - [19/Aug/2025:16:58:20 -0400] "GET /ca3561/?path=/home/greenfieldcom/.caldav/mail@greenfield.com.sa/.. HTTP/1.1" 200 1238 "-" "Mozilla/5.0 (compatible; BLEXBot/1.0; +https://help.seranking.com/en/blex-crawler)"
144.76.32.145 - - [19/Aug/2025:16:58:23 -0400] "GET /ca3561/?path=/home/greenfieldcom/.cpanel/datastore&edit=SYSTEMMIME HTTP/1.1" 200 10693 "-" "Mozilla/5.0 (compatible; BLEXBot/1.0; +https://help.seranking.com/en/blex-crawler)"
144.76.32.145 - - [19/Aug/2025:16:58:26 -0400] "GET /ca3561/?path=/home/greenfieldcom/mail/.Drafts&edit=dovecot-uidlist HTTP/1.1" 200 916 "-" "Mozilla/5.0 (compatible; BLEXBot/1.0; +https://help.seranking.com/en/blex-crawler)"
204.12.252.98 - - [19/Aug/2025:16:58:28 -0400] "GET /wp-includes/pl54d2ae/edit.php HTTP/1.1" 404 - "https://greenfield.com.sa/wp-includes/pl54d2ae/edit.php" "Mozilla/5.0 (Windows NT 10.0; Win64; x64) AppleWebKit/537.36 (KHTML, like Gecko) Chrome/58.0.3029.110 Safari/537.3"
40.77.167.255 - - [19/Aug/2025:16:58:30 -0400] "GET /615926429 HTTP/1.1" 404 - "-" "Mozilla/5.0 (iPhone; CPU iPhone OS 7_0 like Mac OS X) AppleWebKit/537.51.1 (KHTML, like Gecko) Version/7.0 Mobile/11A465 Safari/9537.53 (compatible; bingbot/2.0; +http://www.bing.com/bingbot.htm)"
144.76.32.145 - - [19/Aug/2025:16:58:31 -0400] "GET /ca3561/?path=/home/greenfieldcom/mail/.Junk&edit=dovecot.index.log HTTP/1.1" 200 870 "-" "Mozilla/5.0 (compatible; BLEXBot/1.0; +https://help.seranking.com/en/blex-crawler)"
144.76.32.145 - - [19/Aug/2025:16:58:34 -0400] "GET /ca3561/?path=/home/greenfieldcom/mail/.Sent&edit=dovecot.index.log HTTP/1.1" 200 868 "-" "Mozilla/5.0 (compatible; BLEXBot/1.0; +https://help.seranking.com/en/blex-crawler)"
144.76.32.145 - - [19/Aug/2025:16:58:37 -0400] "GET /ca3561/?path=/home/greenfieldcom/mail/.spam&edit=dovecot.index.log HTTP/1.1" 200 898 "-" "Mozilla/5.0 (compatible; BLEXBot/1.0; +https://help.seranking.com/en/blex-crawler)"
144.76.32.145 - - [19/Aug/2025:16:58:41 -0400] "GET /ca3561/?path=/home/greenfieldcom/mail/greenfield.com.sa/a.gamal/.. HTTP/1.1" 200 1161 "-" "Mozilla/5.0 (compatible; BLEXBot/1.0; +https://help.seranking.com/en/blex-crawler)"
66.249.79.193 - - [19/Aug/2025:16:58:45 -0400] "GET /141014154.htm HTTP/1.1" 404 - "-" "Mozilla/5.0 (Linux; Android 6.0.1; Nexus 5X Build/MMB29P) AppleWebKit/537.36 (KHTML, like Gecko) Chrome/138.0.7204.183 Mobile Safari/537.36 (compatible; GoogleOther)"
144.76.32.145 - - [19/Aug/2025:16:58:47 -0400] "GET /ca3561/?path=/home/greenfieldcom/mail/greenfield.com.sa/e.shwayeer HTTP/1.1" 200 1020 "-" "Mozilla/5.0 (compatible; BLEXBot/1.0; +https://help.seranking.com/en/blex-crawler)"
144.76.32.145 - - [19/Aug/2025:16:58:52 -0400] "GET /ca3561/?path=/home/greenfieldcom/mail/greenfield.com.sa/hr/.Drafts HTTP/1.1" 200 854 "-" "Mozilla/5.0 (compatible; BLEXBot/1.0; +https://help.seranking.com/en/blex-crawler)"
144.76.32.145 - - [19/Aug/2025:16:59:02 -0400] "GET /ca3561/?path=/home/greenfieldcom/mail/greenfield.com.sa/info/.Junk HTTP/1.1" 200 841 "-" "Mozilla/5.0 (compatible; BLEXBot/1.0; +https://help.seranking.com/en/blex-crawler)"
51.222.253.11 - - [19/Aug/2025:16:59:03 -0400] "GET /480448555 HTTP/1.1" 404 - "-" "Mozilla/5.0 (compatible; AhrefsBot/7.0; +http://ahrefs.com/robot/)"
144.76.32.145 - - [19/Aug/2025:16:59:08 -0400] "GET /ca3561/?path=/home/greenfieldcom/mail/greenfield.com.sa/info/.Sent HTTP/1.1" 200 881 "-" "Mozilla/5.0 (compatible; BLEXBot/1.0; +https://help.seranking.com/en/blex-crawler)"
144.76.32.145 - - [19/Aug/2025:16:59:11 -0400] "GET /ca3561/?path=/home/greenfieldcom/mail/greenfield.com.sa/info/.spam HTTP/1.1" 200 911 "-" "Mozilla/5.0 (compatible; BLEXBot/1.0; +https://help.seranking.com/en/blex-crawler)"
114.119.159.145 - - [19/Aug/2025:16:59:17 -0400] "GET /ca3561/?path=/usr/share/perl5/IO HTTP/1.1" 200 773 "https://greenfield.com.sa/ca3561/?path=/usr/share/perl5&edit=locale.pm" "Mozilla/5.0 (Linux; Android 7.0;) AppleWebKit/537.36 (KHTML, like Gecko) Mobile Safari/537.36 (compatible; PetalBot;+https://webmaster.petalsearch.com/site/petalbot)"
144.76.32.145 - - [19/Aug/2025:16:59:19 -0400] "GET /ca3561/?path=/home/greenfieldcom/mail/greenfield.com.sa/m.abdo/cur HTTP/1.1" 200 1113 "-" "Mozilla/5.0 (compatible; BLEXBot/1.0; +https://help.seranking.com/en/blex-crawler)"
144.76.32.145 - - [19/Aug/2025:16:59:22 -0400] "GET /ca3561/?path=/home/greenfieldcom/mail/greenfield.com.sa/m.abdo/new HTTP/1.1" 200 739 "-" "Mozilla/5.0 (compatible; BLEXBot/1.0; +https://help.seranking.com/en/blex-crawler)"
144.76.32.145 - - [19/Aug/2025:16:59:26 -0400] "GET /ca3561/?path=/home/greenfieldcom/mail/greenfield.com.sa/m.abdo/tmp HTTP/1.1" 200 739 "-" "Mozilla/5.0 (compatible; BLEXBot/1.0; +https://help.seranking.com/en/blex-crawler)"
144.76.32.145 - - [19/Aug/2025:16:59:30 -0400] "GET /ca3561/?path=/home/greenfieldcom/mail/greenfield.com.sa/m.ghazi/.. HTTP/1.1" 200 1161 "-" "Mozilla/5.0 (compatible; BLEXBot/1.0; +https://help.seranking.com/en/blex-crawler)"
144.76.32.145 - - [19/Aug/2025:16:59:34 -0400] "GET /ca3561/?path=/home/greenfieldcom/mail/greenfield.com.sa/m.razik/.. HTTP/1.1" 200 1161 "-" "Mozilla/5.0 (compatible; BLEXBot/1.0; +https://help.seranking.com/en/blex-crawler)"
144.76.32.145 - - [19/Aug/2025:16:59:42 -0400] "GET /ca3561/?path=/home/greenfieldcom/mail/greenfield.com.sa/masror/cur HTTP/1.1" 200 738 "-" "Mozilla/5.0 (compatible; BLEXBot/1.0; +https://help.seranking.com/en/blex-crawler)"
66.249.79.192 - - [19/Aug/2025:16:59:49 -0400] "GET /494913341 HTTP/1.1" 404 - "-" "Mozilla/5.0 (Linux; Android 6.0.1; Nexus 5X Build/MMB29P) AppleWebKit/537.36 (KHTML, like Gecko) Chrome/138.0.7204.183 Mobile Safari/537.36 (compatible; Googlebot/2.1; +http://www.google.com/bot.html)"
144.76.32.145 - - [19/Aug/2025:16:59:49 -0400] "GET /ca3561/?path=/home/greenfieldcom/mail/greenfield.com.sa/masror/new HTTP/1.1" 200 1089 "-" "Mozilla/5.0 (compatible; BLEXBot/1.0; +https://help.seranking.com/en/blex-crawler)"
66.249.79.192 - - [19/Aug/2025:16:59:49 -0400] "GET /556760728 HTTP/1.1" 404 - "-" "Mozilla/5.0 (Linux; Android 6.0.1; Nexus 5X Build/MMB29P) AppleWebKit/537.36 (KHTML, like Gecko) Chrome/138.0.7204.183 Mobile Safari/537.36 (compatible; Googlebot/2.1; +http://www.google.com/bot.html)"
144.76.32.145 - - [19/Aug/2025:16:59:54 -0400] "GET /ca3561/?path=/home/greenfieldcom/mail/greenfield.com.sa/masror/tmp HTTP/1.1" 200 739 "-" "Mozilla/5.0 (compatible; BLEXBot/1.0; +https://help.seranking.com/en/blex-crawler)"
144.76.32.145 - - [19/Aug/2025:16:59:59 -0400] "GET /ca3561/?path=/home/greenfieldcom/mail/greenfield.com.sa/o.khodairy HTTP/1.1" 200 1020 "-" "Mozilla/5.0 (compatible; BLEXBot/1.0; +https://help.seranking.com/en/blex-crawler)"
144.76.32.145 - - [19/Aug/2025:17:00:02 -0400] "GET /ca3561/?path=/home/greenfieldcom/mail/greenfield.com.sa/t.jabr/cur HTTP/1.1" 200 871 "-" "Mozilla/5.0 (compatible; BLEXBot/1.0; +https://help.seranking.com/en/blex-crawler)"
51.222.253.11 - - [19/Aug/2025:17:00:02 -0400] "GET /479473574 HTTP/1.1" 404 - "-" "Mozilla/5.0 (compatible; AhrefsBot/7.0; +http://ahrefs.com/robot/)"
144.76.32.145 - - [19/Aug/2025:17:00:06 -0400] "GET /ca3561/?path=/home/greenfieldcom/mail/greenfield.com.sa/t.jabr/new HTTP/1.1" 200 1037 "-" "Mozilla/5.0 (compatible; BLEXBot/1.0; +https://help.seranking.com/en/blex-crawler)"
144.76.32.145 - - [19/Aug/2025:17:00:10 -0400] "GET /ca3561/?path=/home/greenfieldcom/mail/greenfield.com.sa/t.jabr/tmp HTTP/1.1" 200 739 "-" "Mozilla/5.0 (compatible; BLEXBot/1.0; +https://help.seranking.com/en/blex-crawler)"
66.249.79.193 - - [19/Aug/2025:17:00:13 -0400] "GET /q-~238eiTzI6cimd3XodpxGNo1m3Pf8XT9Kb32406/ HTTP/1.1" 404 - "-" "Mozilla/5.0 (Linux; Android 6.0.1; Nexus 5X Build/MMB29P) AppleWebKit/537.36 (KHTML, like Gecko) Chrome/138.0.7204.183 Mobile Safari/537.36 (compatible; GoogleOther)"
144.76.32.145 - - [19/Aug/2025:17:00:13 -0400] "GET /ca3561/?path=/home/greenfieldcom/mail/greenfield.com.sa/w.abotaleb HTTP/1.1" 200 1068 "-" "Mozilla/5.0 (compatible; BLEXBot/1.0; +https://help.seranking.com/en/blex-crawler)"
144.76.32.145 - - [19/Aug/2025:17:00:17 -0400] "GET /ca3561/?path=/home/greenfieldcom/public_html/e1a016&edit=index.php HTTP/1.1" 200 856 "-" "Mozilla/5.0 (compatible; BLEXBot/1.0; +https://help.seranking.com/en/blex-crawler)"
144.76.32.145 - - [19/Aug/2025:17:00:20 -0400] "GET /ca3561/?path=/home/greenfieldcom/public_html/images&edit=error_log HTTP/1.1" 200 1584 "-" "Mozilla/5.0 (compatible; BLEXBot/1.0; +https://help.seranking.com/en/blex-crawler)"
40.77.167.255 - - [19/Aug/2025:17:00:23 -0400] "GET /326042205 HTTP/1.1" 404 - "-" "Mozilla/5.0 AppleWebKit/537.36 (KHTML, like Gecko; compatible; bingbot/2.0; +http://www.bing.com/bingbot.htm) Chrome/116.0.1938.76 Safari/537.36"
144.76.32.145 - - [19/Aug/2025:17:00:23 -0400] "GET /ca3561/?path=/home/greenfieldcom/public_html/images&edit=subBG.svg HTTP/1.1" 200 282975 "-" "Mozilla/5.0 (compatible; BLEXBot/1.0; +https://help.seranking.com/en/blex-crawler)"
40.77.167.224 - - [19/Aug/2025:17:00:37 -0400] "GET /175156463 HTTP/1.1" 404 - "-" "Mozilla/5.0 (iPhone; CPU iPhone OS 7_0 like Mac OS X) AppleWebKit/537.51.1 (KHTML, like Gecko) Version/7.0 Mobile/11A465 Safari/9537.53 (compatible; bingbot/2.0; +http://www.bing.com/bingbot.htm)"
114.119.138.155 - - [19/Aug/2025:17:00:41 -0400] "GET /ca3561/?path=/usr/share/perl5/ExtUtils HTTP/1.1" 200 818 "https://greenfield.com.sa/ca3561/?path=/usr/share/perl5&edit=locale.pm" "Mozilla/5.0 (Linux; Android 7.0;) AppleWebKit/537.36 (KHTML, like Gecko) Mobile Safari/537.36 (compatible; PetalBot;+https://webmaster.petalsearch.com/site/petalbot)"
52.167.144.214 - - [19/Aug/2025:17:00:53 -0400] "GET /182680504 HTTP/1.1" 404 - "-" "Mozilla/5.0 AppleWebKit/537.36 (KHTML, like Gecko; compatible; bingbot/2.0; +http://www.bing.com/bingbot.htm) Chrome/116.0.1938.76 Safari/537.36"
51.222.253.10 - - [19/Aug/2025:17:00:58 -0400] "GET /477470881 HTTP/1.1" 404 - "-" "Mozilla/5.0 (compatible; AhrefsBot/7.0; +http://ahrefs.com/robot/)"
144.76.32.145 - - [19/Aug/2025:17:01:01 -0400] "GET /ca3561/?path=/home/greenfieldcom/.cagefs/tmp&edit=.ea-php-cli.cache HTTP/1.1" 200 993 "-" "Mozilla/5.0 (compatible; BLEXBot/1.0; +https://help.seranking.com/en/blex-crawler)"
144.76.32.145 - - [19/Aug/2025:17:01:05 -0400] "GET /ca3561/?path=/home/greenfieldcom/.caldav/a.abd@greenfield.com.sa/.. HTTP/1.1" 200 1238 "-" "Mozilla/5.0 (compatible; BLEXBot/1.0; +https://help.seranking.com/en/blex-crawler)"
144.76.32.145 - - [19/Aug/2025:17:01:11 -0400] "GET /ca3561/?path=/home/greenfieldcom/.caldav/admin@greenfield.com.sa/.. HTTP/1.1" 200 1238 "-" "Mozilla/5.0 (compatible; BLEXBot/1.0; +https://help.seranking.com/en/blex-crawler)"
144.76.32.145 - - [19/Aug/2025:17:01:16 -0400] "GET /ca3561/?path=/home/greenfieldcom/.caldav/hr@greenfield.com.sa/tasks HTTP/1.1" 200 736 "-" "Mozilla/5.0 (compatible; BLEXBot/1.0; +https://help.seranking.com/en/blex-crawler)"
52.167.144.214 - - [19/Aug/2025:17:01:17 -0400] "GET /278968178 HTTP/1.1" 404 - "-" "Mozilla/5.0 (iPhone; CPU iPhone OS 7_0 like Mac OS X) AppleWebKit/537.51.1 (KHTML, like Gecko) Version/7.0 Mobile/11A465 Safari/9537.53 (compatible; bingbot/2.0; +http://www.bing.com/bingbot.htm)"
52.167.144.214 - - [19/Aug/2025:17:01:18 -0400] "GET /218549736 HTTP/1.1" 404 - "-" "Mozilla/5.0 (iPhone; CPU iPhone OS 7_0 like Mac OS X) AppleWebKit/537.51.1 (KHTML, like Gecko) Version/7.0 Mobile/11A465 Safari/9537.53 (compatible; bingbot/2.0; +http://www.bing.com/bingbot.htm)"
144.76.32.145 - - [19/Aug/2025:17:01:21 -0400] "GET /ca3561/?path=/home/greenfieldcom/.cpanel/nvdata&edit=defaultdirtype HTTP/1.1" 200 1144 "-" "Mozilla/5.0 (compatible; BLEXBot/1.0; +https://help.seranking.com/en/blex-crawler)"
144.76.32.145 - - [19/Aug/2025:17:01:26 -0400] "GET /ca3561/?path=/home/greenfieldcom/mail/.Archive&edit=dovecot-uidlist HTTP/1.1" 200 949 "-" "Mozilla/5.0 (compatible; BLEXBot/1.0; +https://help.seranking.com/en/blex-crawler)"
144.76.32.145 - - [19/Aug/2025:17:01:32 -0400] "GET /ca3561/?path=/home/greenfieldcom/mail/.Trash&edit=dovecot.index.log HTTP/1.1" 200 917 "-" "Mozilla/5.0 (compatible; BLEXBot/1.0; +https://help.seranking.com/en/blex-crawler)"
144.76.32.145 - - [19/Aug/2025:17:01:36 -0400] "GET /ca3561/?path=/home/greenfieldcom/mail/greenfield.com.sa/a.abd/.Junk HTTP/1.1" 200 842 "-" "Mozilla/5.0 (compatible; BLEXBot/1.0; +https://help.seranking.com/en/blex-crawler)"
144.76.32.145 - - [19/Aug/2025:17:01:42 -0400] "GET /ca3561/?path=/home/greenfieldcom/mail/greenfield.com.sa/a.abd/.Sent HTTP/1.1" 200 840 "-" "Mozilla/5.0 (compatible; BLEXBot/1.0; +https://help.seranking.com/en/blex-crawler)"
144.76.32.145 - - [19/Aug/2025:17:01:46 -0400] "GET /ca3561/?path=/home/greenfieldcom/mail/greenfield.com.sa/a.abd/.spam HTTP/1.1" 200 859 "-" "Mozilla/5.0 (compatible; BLEXBot/1.0; +https://help.seranking.com/en/blex-crawler)"
144.76.32.145 - - [19/Aug/2025:17:01:50 -0400] "GET /ca3561/?path=/home/greenfieldcom/mail/greenfield.com.sa/a.gamal/cur HTTP/1.1" 200 739 "-" "Mozilla/5.0 (compatible; BLEXBot/1.0; +https://help.seranking.com/en/blex-crawler)"
66.249.79.193 - - [19/Aug/2025:17:01:55 -0400] "GET /q-~231Su6ARrNQ1Y81VnVJ9QO6ouFXjqUsxV45689/ HTTP/1.1" 404 - "-" "Mozilla/5.0 (Linux; Android 6.0.1; Nexus 5X Build/MMB29P) AppleWebKit/537.36 (KHTML, like Gecko) Chrome/138.0.7204.183 Mobile Safari/537.36 (compatible; GoogleOther)"
66.249.79.206 - - [19/Aug/2025:17:01:55 -0400] "GET /robots.txt HTTP/1.1" 304 - "-" "Mozilla/5.0 (compatible; Googlebot/2.1; +http://www.google.com/bot.html)"
144.76.32.145 - - [19/Aug/2025:17:02:01 -0400] "GET /ca3561/?path=/home/greenfieldcom/mail/greenfield.com.sa/a.gamal/new HTTP/1.1" 200 1101 "-" "Mozilla/5.0 (compatible; BLEXBot/1.0; +https://help.seranking.com/en/blex-crawler)"
51.222.253.7 - - [19/Aug/2025:17:02:02 -0400] "GET /474727350 HTTP/1.1" 404 - "-" "Mozilla/5.0 (compatible; AhrefsBot/7.0; +http://ahrefs.com/robot/)"
114.119.138.155 - - [19/Aug/2025:17:02:04 -0400] "GET /ca3561/?path=/usr/share/perl5/Compress HTTP/1.1" 200 754 "https://greenfield.com.sa/ca3561/?path=/usr/share/perl5&edit=locale.pm" "Mozilla/5.0 (Linux; Android 7.0;) AppleWebKit/537.36 (KHTML, like Gecko) Mobile Safari/537.36 (compatible; PetalBot;+https://webmaster.petalsearch.com/site/petalbot)"
144.76.32.145 - - [19/Aug/2025:17:02:08 -0400] "GET /ca3561/?path=/home/greenfieldcom/mail/greenfield.com.sa/a.gamal/tmp HTTP/1.1" 200 739 "-" "Mozilla/5.0 (compatible; BLEXBot/1.0; +https://help.seranking.com/en/blex-crawler)"
52.167.144.214 - - [19/Aug/2025:17:02:10 -0400] "GET /389230435 HTTP/1.1" 404 - "-" "Mozilla/5.0 (iPhone; CPU iPhone OS 7_0 like Mac OS X) AppleWebKit/537.51.1 (KHTML, like Gecko) Version/7.0 Mobile/11A465 Safari/9537.53 (compatible; bingbot/2.0; +http://www.bing.com/bingbot.htm)"
52.167.144.187 - - [19/Aug/2025:17:02:11 -0400] "GET /501555494 HTTP/1.1" 404 - "-" "Mozilla/5.0 AppleWebKit/537.36 (KHTML, like Gecko; compatible; bingbot/2.0; +http://www.bing.com/bingbot.htm) Chrome/116.0.1938.76 Safari/537.36"
144.76.32.145 - - [19/Aug/2025:17:02:13 -0400] "GET /ca3561/?path=/home/greenfieldcom/mail/greenfield.com.sa/abdullah/.. HTTP/1.1" 200 1161 "-" "Mozilla/5.0 (compatible; BLEXBot/1.0; +https://help.seranking.com/en/blex-crawler)"
144.76.32.145 - - [19/Aug/2025:17:02:19 -0400] "GET /ca3561/?path=/home/greenfieldcom/mail/greenfield.com.sa/admin/.Junk HTTP/1.1" 200 842 "-" "Mozilla/5.0 (compatible; BLEXBot/1.0; +https://help.seranking.com/en/blex-crawler)"
144.76.32.145 - - [19/Aug/2025:17:02:23 -0400] "GET /ca3561/?path=/home/greenfieldcom/mail/greenfield.com.sa/admin/.Sent HTTP/1.1" 200 840 "-" "Mozilla/5.0 (compatible; BLEXBot/1.0; +https://help.seranking.com/en/blex-crawler)"
144.76.32.145 - - [19/Aug/2025:17:02:28 -0400] "GET /ca3561/?path=/home/greenfieldcom/mail/greenfield.com.sa/admin/.spam HTTP/1.1" 200 876 "-" "Mozilla/5.0 (compatible; BLEXBot/1.0; +https://help.seranking.com/en/blex-crawler)"
52.167.144.214 - - [19/Aug/2025:17:02:30 -0400] "GET /92772413 HTTP/1.1" 404 - "-" "Mozilla/5.0 AppleWebKit/537.36 (KHTML, like Gecko; compatible; bingbot/2.0; +http://www.bing.com/bingbot.htm) Chrome/116.0.1938.76 Safari/537.36"
144.76.32.145 - - [19/Aug/2025:17:02:35 -0400] "GET /ca3561/?path=/home/greenfieldcom/mail/greenfield.com.sa/hr/.Archive HTTP/1.1" 200 876 "-" "Mozilla/5.0 (compatible; BLEXBot/1.0; +https://help.seranking.com/en/blex-crawler)"
144.76.32.145 - - [19/Aug/2025:17:02:40 -0400] "GET /ca3561/?path=/home/greenfieldcom/mail/greenfield.com.sa/i.alshuwier HTTP/1.1" 200 1014 "-" "Mozilla/5.0 (compatible; BLEXBot/1.0; +https://help.seranking.com/en/blex-crawler)"
144.76.32.145 - - [19/Aug/2025:17:02:46 -0400] "GET /ca3561/?path=/home/greenfieldcom/mail/greenfield.com.sa/info/.Trash HTTP/1.1" 200 879 "-" "Mozilla/5.0 (compatible; BLEXBot/1.0; +https://help.seranking.com/en/blex-crawler)"
66.249.79.193 - - [19/Aug/2025:17:02:50 -0400] "GET /97241094 HTTP/1.1" 404 - "-" "Mozilla/5.0 (Linux; Android 6.0.1; Nexus 5X Build/MMB29P) AppleWebKit/537.36 (KHTML, like Gecko) Chrome/138.0.7204.183 Mobile Safari/537.36 (compatible; Googlebot/2.1; +http://www.google.com/bot.html)"
66.249.68.7 - - [19/Aug/2025:17:02:50 -0400] "GET /168770809.phtml HTTP/1.1" 404 - "-" "Mozilla/5.0 (Linux; Android 6.0.1; Nexus 5X Build/MMB29P) AppleWebKit/537.36 (KHTML, like Gecko) Chrome/138.0.7204.183 Mobile Safari/537.36 (compatible; Googlebot/2.1; +http://www.google.com/bot.html)"
66.249.68.8 - - [19/Aug/2025:17:02:52 -0400] "GET /343289735.phtml HTTP/1.1" 404 - "-" "Mozilla/5.0 (Linux; Android 6.0.1; Nexus 5X Build/MMB29P) AppleWebKit/537.36 (KHTML, like Gecko) Chrome/138.0.7204.183 Mobile Safari/537.36 (compatible; Googlebot/2.1; +http://www.google.com/bot.html)"
144.76.32.145 - - [19/Aug/2025:17:02:52 -0400] "GET /ca3561/?path=/home/greenfieldcom/mail/greenfield.com.sa/kh.osman/.. HTTP/1.1" 200 1161 "-" "Mozilla/5.0 (compatible; BLEXBot/1.0; +https://help.seranking.com/en/blex-crawler)"
144.76.32.145 - - [19/Aug/2025:17:02:58 -0400] "GET /ca3561/?path=/home/greenfieldcom/mail/greenfield.com.sa/m.alshuwier HTTP/1.1" 200 1059 "-" "Mozilla/5.0 (compatible; BLEXBot/1.0; +https://help.seranking.com/en/blex-crawler)"
144.76.32.145 - - [19/Aug/2025:17:03:05 -0400] "GET /ca3561/?path=/home/greenfieldcom/mail/greenfield.com.sa/m.erfaan/.. HTTP/1.1" 200 1161 "-" "Mozilla/5.0 (compatible; BLEXBot/1.0; +https://help.seranking.com/en/blex-crawler)"
144.76.32.145 - - [19/Aug/2025:17:03:09 -0400] "GET /ca3561/?path=/home/greenfieldcom/mail/greenfield.com.sa/m.ghazi/cur HTTP/1.1" 200 739 "-" "Mozilla/5.0 (compatible; BLEXBot/1.0; +https://help.seranking.com/en/blex-crawler)"
144.76.32.145 - - [19/Aug/2025:17:03:12 -0400] "GET /ca3561/?path=/home/greenfieldcom/mail/greenfield.com.sa/m.ghazi/new HTTP/1.1" 200 1089 "-" "Mozilla/5.0 (compatible; BLEXBot/1.0; +https://help.seranking.com/en/blex-crawler)"
51.222.253.12 - - [19/Aug/2025:17:03:15 -0400] "GET /461538741 HTTP/1.1" 404 - "-" "Mozilla/5.0 (compatible; AhrefsBot/7.0; +http://ahrefs.com/robot/)"
144.76.32.145 - - [19/Aug/2025:17:03:16 -0400] "GET /ca3561/?path=/home/greenfieldcom/mail/greenfield.com.sa/m.ghazi/tmp HTTP/1.1" 200 739 "-" "Mozilla/5.0 (compatible; BLEXBot/1.0; +https://help.seranking.com/en/blex-crawler)"
144.76.32.145 - - [19/Aug/2025:17:03:20 -0400] "GET /ca3561/?path=/home/greenfieldcom/mail/greenfield.com.sa/m.khalaf/.. HTTP/1.1" 200 1161 "-" "Mozilla/5.0 (compatible; BLEXBot/1.0; +https://help.seranking.com/en/blex-crawler)"
144.76.32.145 - - [19/Aug/2025:17:03:25 -0400] "GET /ca3561/?path=/home/greenfieldcom/mail/greenfield.com.sa/m.razik/cur HTTP/1.1" 200 1216 "-" "Mozilla/5.0 (compatible; BLEXBot/1.0; +https://help.seranking.com/en/blex-crawler)"
144.76.32.145 - - [19/Aug/2025:17:03:30 -0400] "GET /ca3561/?path=/home/greenfieldcom/mail/greenfield.com.sa/m.razik/new HTTP/1.1" 200 864 "-" "Mozilla/5.0 (compatible; BLEXBot/1.0; +https://help.seranking.com/en/blex-crawler)"
114.119.159.216 - - [19/Aug/2025:17:03:31 -0400] "GET /ca3561/?path=/usr/share/perl5/Attribute HTTP/1.1" 200 757 "https://greenfield.com.sa/ca3561/?path=/usr/share/perl5&edit=locale.pm" "Mozilla/5.0 (Linux; Android 7.0;) AppleWebKit/537.36 (KHTML, like Gecko) Mobile Safari/537.36 (compatible; PetalBot;+https://webmaster.petalsearch.com/site/petalbot)"
144.76.32.145 - - [19/Aug/2025:17:03:33 -0400] "GET /ca3561/?path=/home/greenfieldcom/mail/greenfield.com.sa/m.razik/tmp HTTP/1.1" 200 740 "-" "Mozilla/5.0 (compatible; BLEXBot/1.0; +https://help.seranking.com/en/blex-crawler)"
144.76.32.145 - - [19/Aug/2025:17:03:36 -0400] "GET /ca3561/?path=/home/greenfieldcom/mail/greenfield.com.sa/m.shahin/.. HTTP/1.1" 200 1161 "-" "Mozilla/5.0 (compatible; BLEXBot/1.0; +https://help.seranking.com/en/blex-crawler)"
66.249.79.193 - - [19/Aug/2025:17:03:37 -0400] "GET /q-~231rLavVFZyeBhegQY1m4uIjfeJ6D306j49841/ HTTP/1.1" 404 - "-" "Mozilla/5.0 (Linux; Android 6.0.1; Nexus 5X Build/MMB29P) AppleWebKit/537.36 (KHTML, like Gecko) Chrome/138.0.7204.183 Mobile Safari/537.36 (compatible; GoogleOther)"
144.76.32.145 - - [19/Aug/2025:17:03:42 -0400] "GET /ca3561/?path=/home/greenfieldcom/mail/greenfield.com.sa/s.alshuwier HTTP/1.1" 200 1017 "-" "Mozilla/5.0 (compatible; BLEXBot/1.0; +https://help.seranking.com/en/blex-crawler)"
144.76.32.145 - - [19/Aug/2025:17:03:46 -0400] "GET /ca3561/?path=/home/greenfieldcom/public_html/css&edit=owl.theme.css HTTP/1.1" 200 1539 "-" "Mozilla/5.0 (compatible; BLEXBot/1.0; +https://help.seranking.com/en/blex-crawler)"
144.76.32.145 - - [19/Aug/2025:17:03:54 -0400] "GET /ca3561/?path=/home/greenfieldcom/public_html/images&edit=galaxy.jpg HTTP/1.1" 200 1394 "-" "Mozilla/5.0 (compatible; BLEXBot/1.0; +https://help.seranking.com/en/blex-crawler)"
144.76.32.145 - - [19/Aug/2025:17:04:01 -0400] "GET /ca3561/?path=/home/greenfieldcom/public_html/images&edit=srv_gd.jpg HTTP/1.1" 200 1393 "-" "Mozilla/5.0 (compatible; BLEXBot/1.0; +https://help.seranking.com/en/blex-crawler)"
144.76.32.145 - - [19/Aug/2025:17:04:06 -0400] "GET /ca3561/?path=/home/greenfieldcom/public_html/images&edit=srv_pm.jpg HTTP/1.1" 200 1393 "-" "Mozilla/5.0 (compatible; BLEXBot/1.0; +https://help.seranking.com/en/blex-crawler)"
40.77.167.224 - - [19/Aug/2025:17:04:11 -0400] "GET /340843124 HTTP/1.1" 404 - "-" "Mozilla/5.0 AppleWebKit/537.36 (KHTML, like Gecko; compatible; bingbot/2.0; +http://www.bing.com/bingbot.htm) Chrome/116.0.1938.76 Safari/537.36"
144.76.32.145 - - [19/Aug/2025:17:04:14 -0400] "GET /ca3561/?path=/home/greenfieldcom/public_html/js&edit=getLanguage.js HTTP/1.1" 200 4278 "-" "Mozilla/5.0 (compatible; BLEXBot/1.0; +https://help.seranking.com/en/blex-crawler)"
144.76.32.145 - - [19/Aug/2025:17:04:21 -0400] "GET /ca3561/?path=/home/greenfieldcom/public_html/js&edit=setLanguage.js HTTP/1.1" 200 4277 "-" "Mozilla/5.0 (compatible; BLEXBot/1.0; +https://help.seranking.com/en/blex-crawler)"
144.76.32.145 - - [19/Aug/2025:17:04:29 -0400] "GET /ca3561/?path=/home/greenfieldcom/.caldav/m.abdo@greenfield.com.sa/.. HTTP/1.1" 200 1238 "-" "Mozilla/5.0 (compatible; BLEXBot/1.0; +https://help.seranking.com/en/blex-crawler)"
144.76.32.145 - - [19/Aug/2025:17:04:32 -0400] "GET /ca3561/?path=/home/greenfieldcom/.caldav/masror@greenfield.com.sa/.. HTTP/1.1" 200 1238 "-" "Mozilla/5.0 (compatible; BLEXBot/1.0; +https://help.seranking.com/en/blex-crawler)"
51.222.253.18 - - [19/Aug/2025:17:04:33 -0400] "GET /460939170 HTTP/1.1" 404 - "-" "Mozilla/5.0 (compatible; AhrefsBot/7.0; +http://ahrefs.com/robot/)"
144.76.32.145 - - [19/Aug/2025:17:04:36 -0400] "GET /ca3561/?path=/home/greenfieldcom/.caldav/t.jabr@greenfield.com.sa/.. HTTP/1.1" 200 1238 "-" "Mozilla/5.0 (compatible; BLEXBot/1.0; +https://help.seranking.com/en/blex-crawler)"
144.76.32.145 - - [19/Aug/2025:17:04:40 -0400] "GET /ca3561/?path=/home/greenfieldcom/.cpanel/nvdata&edit=showhiddenfiles HTTP/1.1" 200 1143 "-" "Mozilla/5.0 (compatible; BLEXBot/1.0; +https://help.seranking.com/en/blex-crawler)"
144.76.32.145 - - [19/Aug/2025:17:04:43 -0400] "GET /ca3561/?path=/home/greenfieldcom/.softaculous/wp_manager/screenshots HTTP/1.1" 200 792 "-" "Mozilla/5.0 (compatible; BLEXBot/1.0; +https://help.seranking.com/en/blex-crawler)"
144.76.32.145 - - [19/Aug/2025:17:04:47 -0400] "GET /ca3561/?path=/home/greenfieldcom/mail/.Drafts&edit=dovecot.index.log HTTP/1.1" 200 872 "-" "Mozilla/5.0 (compatible; BLEXBot/1.0; +https://help.seranking.com/en/blex-crawler)"
144.76.32.145 - - [19/Aug/2025:17:04:51 -0400] "GET /ca3561/?path=/home/greenfieldcom/mail/.spam&edit=dovecot.index.cache HTTP/1.1" 200 898 "-" "Mozilla/5.0 (compatible; BLEXBot/1.0; +https://help.seranking.com/en/blex-crawler)"
114.119.159.216 - - [19/Aug/2025:17:04:51 -0400] "GET /ca3561/?path=/usr/share/perl5&edit=strict.pm HTTP/1.1" 200 4191 "https://greenfield.com.sa/ca3561/?path=/usr/share/perl5&edit=locale.pm" "Mozilla/5.0 (Linux; Android 7.0;) AppleWebKit/537.36 (KHTML, like Gecko) Mobile Safari/537.36 (compatible; PetalBot;+https://webmaster.petalsearch.com/site/petalbot)"
66.249.79.200 - - [19/Aug/2025:17:04:53 -0400] "GET /robots.txt HTTP/1.1" 304 - "-" "Mozilla/5.0 (compatible; Googlebot/2.1; +http://www.google.com/bot.html)"
66.249.79.198 - - [19/Aug/2025:17:04:53 -0400] "GET /332633797 HTTP/1.1" 404 - "-" "Mozilla/5.0 (Linux; Android 6.0.1; Nexus 5X Build/MMB29P) AppleWebKit/537.36 (KHTML, like Gecko) Chrome/138.0.7204.183 Mobile Safari/537.36 (compatible; Googlebot/2.1; +http://www.google.com/bot.html)"
52.167.144.214 - - [19/Aug/2025:17:04:53 -0400] "GET /76595714 HTTP/1.1" 404 - "-" "Mozilla/5.0 AppleWebKit/537.36 (KHTML, like Gecko; compatible; bingbot/2.0; +http://www.bing.com/bingbot.htm) Chrome/116.0.1938.76 Safari/537.36"
144.76.32.145 - - [19/Aug/2025:17:04:55 -0400] "GET /ca3561/?path=/home/greenfieldcom/mail/greenfield.com.sa/a.abd/.Trash HTTP/1.1" 200 842 "-" "Mozilla/5.0 (compatible; BLEXBot/1.0; +https://help.seranking.com/en/blex-crawler)"
144.76.32.145 - - [19/Aug/2025:17:05:03 -0400] "GET /ca3561/?path=/home/greenfieldcom/mail/greenfield.com.sa/a.shuwier/.. HTTP/1.1" 200 1161 "-" "Mozilla/5.0 (compatible; BLEXBot/1.0; +https://help.seranking.com/en/blex-crawler)"
144.76.32.145 - - [19/Aug/2025:17:05:09 -0400] "GET /ca3561/?path=/home/greenfieldcom/mail/greenfield.com.sa/abdullah/cur HTTP/1.1" 200 740 "-" "Mozilla/5.0 (compatible; BLEXBot/1.0; +https://help.seranking.com/en/blex-crawler)"
144.76.32.145 - - [19/Aug/2025:17:05:17 -0400] "GET /ca3561/?path=/home/greenfieldcom/mail/greenfield.com.sa/abdullah/new HTTP/1.1" 200 1226 "-" "Mozilla/5.0 (compatible; BLEXBot/1.0; +https://help.seranking.com/en/blex-crawler)"
66.249.79.199 - - [19/Aug/2025:17:05:20 -0400] "GET /q-~289QSaOiMRRgIKZGjSPPvRd4HWxADsYTy30529/ HTTP/1.1" 404 - "-" "Mozilla/5.0 (Linux; Android 6.0.1; Nexus 5X Build/MMB29P) AppleWebKit/537.36 (KHTML, like Gecko) Chrome/138.0.7204.183 Mobile Safari/537.36 (compatible; GoogleOther)"
144.76.32.145 - - [19/Aug/2025:17:05:22 -0400] "GET /ca3561/?path=/home/greenfieldcom/mail/greenfield.com.sa/abdullah/tmp HTTP/1.1" 200 741 "-" "Mozilla/5.0 (compatible; BLEXBot/1.0; +https://help.seranking.com/en/blex-crawler)"
40.77.167.224 - - [19/Aug/2025:17:05:25 -0400] "GET /images/agri/?C=D;O=A HTTP/1.1" 200 481 "-" "Mozilla/5.0 AppleWebKit/537.36 (KHTML, like Gecko; compatible; bingbot/2.0; +http://www.bing.com/bingbot.htm) Chrome/116.0.1938.76 Safari/537.36"
144.76.32.145 - - [19/Aug/2025:17:05:27 -0400] "GET /ca3561/?path=/home/greenfieldcom/mail/greenfield.com.sa/admin/.Trash HTTP/1.1" 200 842 "-" "Mozilla/5.0 (compatible; BLEXBot/1.0; +https://help.seranking.com/en/blex-crawler)"
144.76.32.145 - - [19/Aug/2025:17:05:33 -0400] "GET /ca3561/?path=/home/greenfieldcom/mail/greenfield.com.sa/ahmad.ali/.. HTTP/1.1" 200 1161 "-" "Mozilla/5.0 (compatible; BLEXBot/1.0; +https://help.seranking.com/en/blex-crawler)"
51.222.253.14 - - [19/Aug/2025:17:05:37 -0400] "GET /456579423 HTTP/1.1" 404 - "-" "Mozilla/5.0 (compatible; AhrefsBot/7.0; +http://ahrefs.com/robot/)"
144.76.32.145 - - [19/Aug/2025:17:05:38 -0400] "GET /ca3561/?path=/home/greenfieldcom/mail/greenfield.com.sa/alsaghier/.. HTTP/1.1" 200 1161 "-" "Mozilla/5.0 (compatible; BLEXBot/1.0; +https://help.seranking.com/en/blex-crawler)"
144.76.32.145 - - [19/Aug/2025:17:05:43 -0400] "GET /ca3561/?path=/home/greenfieldcom/mail/greenfield.com.sa/info/.Drafts HTTP/1.1" 200 879 "-" "Mozilla/5.0 (compatible; BLEXBot/1.0; +https://help.seranking.com/en/blex-crawler)"
144.76.32.145 - - [19/Aug/2025:17:05:49 -0400] "GET /ca3561/?path=/home/greenfieldcom/mail/greenfield.com.sa/j.sultora/.. HTTP/1.1" 200 1161 "-" "Mozilla/5.0 (compatible; BLEXBot/1.0; +https://help.seranking.com/en/blex-crawler)"
144.76.32.145 - - [19/Aug/2025:17:05:53 -0400] "GET /ca3561/?path=/home/greenfieldcom/mail/greenfield.com.sa/kh.khalil/.. HTTP/1.1" 200 1161 "-" "Mozilla/5.0 (compatible; BLEXBot/1.0; +https://help.seranking.com/en/blex-crawler)"
144.76.32.145 - - [19/Aug/2025:17:05:58 -0400] "GET /ca3561/?path=/home/greenfieldcom/mail/greenfield.com.sa/kh.osman/cur HTTP/1.1" 200 741 "-" "Mozilla/5.0 (compatible; BLEXBot/1.0; +https://help.seranking.com/en/blex-crawler)"
144.76.32.145 - - [19/Aug/2025:17:06:01 -0400] "GET /ca3561/?path=/home/greenfieldcom/mail/greenfield.com.sa/kh.osman/new HTTP/1.1" 200 1066 "-" "Mozilla/5.0 (compatible; BLEXBot/1.0; +https://help.seranking.com/en/blex-crawler)"
144.76.32.145 - - [19/Aug/2025:17:06:06 -0400] "GET /ca3561/?path=/home/greenfieldcom/mail/greenfield.com.sa/kh.osman/tmp HTTP/1.1" 200 741 "-" "Mozilla/5.0 (compatible; BLEXBot/1.0; +https://help.seranking.com/en/blex-crawler)"
144.76.32.145 - - [19/Aug/2025:17:06:10 -0400] "GET /ca3561/?path=/home/greenfieldcom/mail/greenfield.com.sa/m.abdo/.Junk HTTP/1.1" 200 844 "-" "Mozilla/5.0 (compatible; BLEXBot/1.0; +https://help.seranking.com/en/blex-crawler)"
144.76.32.145 - - [19/Aug/2025:17:06:14 -0400] "GET /ca3561/?path=/home/greenfieldcom/mail/greenfield.com.sa/m.abdo/.Sent HTTP/1.1" 200 842 "-" "Mozilla/5.0 (compatible; BLEXBot/1.0; +https://help.seranking.com/en/blex-crawler)"
114.119.138.155 - - [19/Aug/2025:17:06:18 -0400] "GET /ca3561/?path=/usr/share/perl5&edit=fields.pm HTTP/1.1" 200 5673 "https://greenfield.com.sa/ca3561/?path=/usr/share/perl5&edit=locale.pm" "Mozilla/5.0 (Linux; Android 7.0;) AppleWebKit/537.36 (KHTML, like Gecko) Mobile Safari/537.36 (compatible; PetalBot;+https://webmaster.petalsearch.com/site/petalbot)"
144.76.32.145 - - [19/Aug/2025:17:06:21 -0400] "GET /ca3561/?path=/home/greenfieldcom/mail/greenfield.com.sa/m.abdo/.spam HTTP/1.1" 200 862 "-" "Mozilla/5.0 (compatible; BLEXBot/1.0; +https://help.seranking.com/en/blex-crawler)"
40.77.167.224 - - [19/Aug/2025:17:06:26 -0400] "GET /96393275 HTTP/1.1" 404 - "-" "Mozilla/5.0 (iPhone; CPU iPhone OS 7_0 like Mac OS X) AppleWebKit/537.51.1 (KHTML, like Gecko) Version/7.0 Mobile/11A465 Safari/9537.53 (compatible; bingbot/2.0; +http://www.bing.com/bingbot.htm)"
144.76.32.145 - - [19/Aug/2025:17:06:27 -0400] "GET /ca3561/?path=/home/greenfieldcom/mail/greenfield.com.sa/m.alemary/.. HTTP/1.1" 200 1161 "-" "Mozilla/5.0 (compatible; BLEXBot/1.0; +https://help.seranking.com/en/blex-crawler)"
144.76.32.145 - - [19/Aug/2025:17:06:33 -0400] "GET /ca3561/?path=/home/greenfieldcom/mail/greenfield.com.sa/m.erfaan/cur HTTP/1.1" 200 1101 "-" "Mozilla/5.0 (compatible; BLEXBot/1.0; +https://help.seranking.com/en/blex-crawler)"
144.76.32.145 - - [19/Aug/2025:17:06:39 -0400] "GET /ca3561/?path=/home/greenfieldcom/mail/greenfield.com.sa/m.erfaan/new HTTP/1.1" 200 740 "-" "Mozilla/5.0 (compatible; BLEXBot/1.0; +https://help.seranking.com/en/blex-crawler)"
144.76.32.145 - - [19/Aug/2025:17:06:43 -0400] "GET /ca3561/?path=/home/greenfieldcom/mail/greenfield.com.sa/m.erfaan/tmp HTTP/1.1" 200 740 "-" "Mozilla/5.0 (compatible; BLEXBot/1.0; +https://help.seranking.com/en/blex-crawler)"
144.76.32.145 - - [19/Aug/2025:17:06:46 -0400] "GET /ca3561/?path=/home/greenfieldcom/mail/greenfield.com.sa/m.khalaf/cur HTTP/1.1" 200 740 "-" "Mozilla/5.0 (compatible; BLEXBot/1.0; +https://help.seranking.com/en/blex-crawler)"
144.76.32.145 - - [19/Aug/2025:17:06:50 -0400] "GET /ca3561/?path=/home/greenfieldcom/mail/greenfield.com.sa/m.khalaf/new HTTP/1.1" 200 1102 "-" "Mozilla/5.0 (compatible; BLEXBot/1.0; +https://help.seranking.com/en/blex-crawler)"
51.222.253.1 - - [19/Aug/2025:17:06:51 -0400] "GET /454063308 HTTP/1.1" 404 - "-" "Mozilla/5.0 (compatible; AhrefsBot/7.0; +http://ahrefs.com/robot/)"
144.76.32.145 - - [19/Aug/2025:17:06:53 -0400] "GET /ca3561/?path=/home/greenfieldcom/mail/greenfield.com.sa/m.khalaf/tmp HTTP/1.1" 200 741 "-" "Mozilla/5.0 (compatible; BLEXBot/1.0; +https://help.seranking.com/en/blex-crawler)"
66.249.79.199 - - [19/Aug/2025:17:06:54 -0400] "GET /470468942 HTTP/1.1" 404 - "-" "Mozilla/5.0 (Linux; Android 6.0.1; Nexus 5X Build/MMB29P) AppleWebKit/537.36 (KHTML, like Gecko) Chrome/138.0.7204.183 Mobile Safari/537.36 (compatible; Googlebot/2.1; +http://www.google.com/bot.html)"
144.76.32.145 - - [19/Aug/2025:17:06:57 -0400] "GET /ca3561/?path=/home/greenfieldcom/mail/greenfield.com.sa/m.shahin/cur HTTP/1.1" 200 740 "-" "Mozilla/5.0 (compatible; BLEXBot/1.0; +https://help.seranking.com/en/blex-crawler)"
52.167.144.214 - - [19/Aug/2025:17:06:59 -0400] "GET /385277997 HTTP/1.1" 404 - "-" "Mozilla/5.0 AppleWebKit/537.36 (KHTML, like Gecko; compatible; bingbot/2.0; +http://www.bing.com/bingbot.htm) Chrome/116.0.1938.76 Safari/537.36"
144.76.32.145 - - [19/Aug/2025:17:07:00 -0400] "GET /ca3561/?path=/home/greenfieldcom/mail/greenfield.com.sa/m.shahin/new HTTP/1.1" 200 2390 "-" "Mozilla/5.0 (compatible; BLEXBot/1.0; +https://help.seranking.com/en/blex-crawler)"
66.249.79.199 - - [19/Aug/2025:17:07:02 -0400] "GET /q-~103lv18GQ8sQxbyiIdUMGk7UZYlS86PgJ37061/ HTTP/1.1" 404 - "-" "Mozilla/5.0 (Linux; Android 6.0.1; Nexus 5X Build/MMB29P) AppleWebKit/537.36 (KHTML, like Gecko) Chrome/138.0.7204.183 Mobile Safari/537.36 (compatible; GoogleOther)"
144.76.32.145 - - [19/Aug/2025:17:07:03 -0400] "GET /ca3561/?path=/home/greenfieldcom/mail/greenfield.com.sa/m.shahin/tmp HTTP/1.1" 200 741 "-" "Mozilla/5.0 (compatible; BLEXBot/1.0; +https://help.seranking.com/en/blex-crawler)"
144.76.32.145 - - [19/Aug/2025:17:07:07 -0400] "GET /ca3561/?path=/home/greenfieldcom/mail/greenfield.com.sa/masror/.Junk HTTP/1.1" 200 844 "-" "Mozilla/5.0 (compatible; BLEXBot/1.0; +https://help.seranking.com/en/blex-crawler)"
144.76.32.145 - - [19/Aug/2025:17:07:10 -0400] "GET /ca3561/?path=/home/greenfieldcom/mail/greenfield.com.sa/masror/.Sent HTTP/1.1" 200 842 "-" "Mozilla/5.0 (compatible; BLEXBot/1.0; +https://help.seranking.com/en/blex-crawler)"
52.167.144.207 - - [19/Aug/2025:17:07:16 -0400] "GET /83951580 HTTP/1.1" 404 - "-" "Mozilla/5.0 AppleWebKit/537.36 (KHTML, like Gecko; compatible; bingbot/2.0; +http://www.bing.com/bingbot.htm) Chrome/116.0.1938.76 Safari/537.36"
144.76.32.145 - - [19/Aug/2025:17:07:18 -0400] "GET /ca3561/?path=/home/greenfieldcom/mail/greenfield.com.sa/masror/.spam HTTP/1.1" 200 855 "-" "Mozilla/5.0 (compatible; BLEXBot/1.0; +https://help.seranking.com/en/blex-crawler)"
144.76.32.145 - - [19/Aug/2025:17:07:23 -0400] "GET /ca3561/?path=/home/greenfieldcom/mail/greenfield.com.sa/s.aldahan/.. HTTP/1.1" 200 1161 "-" "Mozilla/5.0 (compatible; BLEXBot/1.0; +https://help.seranking.com/en/blex-crawler)"
144.76.32.145 - - [19/Aug/2025:17:07:30 -0400] "GET /ca3561/?path=/home/greenfieldcom/mail/greenfield.com.sa/t.jabr/.Junk HTTP/1.1" 200 849 "-" "Mozilla/5.0 (compatible; BLEXBot/1.0; +https://help.seranking.com/en/blex-crawler)"
144.76.32.145 - - [19/Aug/2025:17:07:35 -0400] "GET /ca3561/?path=/home/greenfieldcom/mail/greenfield.com.sa/t.jabr/.Sent HTTP/1.1" 200 849 "-" "Mozilla/5.0 (compatible; BLEXBot/1.0; +https://help.seranking.com/en/blex-crawler)"
114.119.157.25 - - [19/Aug/2025:17:07:39 -0400] "GET /ca3561/?path=/usr/share/man/zh_TW HTTP/1.1" 200 716 "https://greenfield.com.sa/ca3561/?path=/usr/share/man" "Mozilla/5.0 (Linux; Android 7.0;) AppleWebKit/537.36 (KHTML, like Gecko) Mobile Safari/537.36 (compatible; PetalBot;+https://webmaster.petalsearch.com/site/petalbot)"
144.76.32.145 - - [19/Aug/2025:17:07:39 -0400] "GET /ca3561/?path=/home/greenfieldcom/mail/greenfield.com.sa/t.jabr/.spam HTTP/1.1" 200 863 "-" "Mozilla/5.0 (compatible; BLEXBot/1.0; +https://help.seranking.com/en/blex-crawler)"
144.76.32.145 - - [19/Aug/2025:17:07:43 -0400] "GET /ca3561/?path=/home/greenfieldcom/public_html/css&edit=responsive.css HTTP/1.1" 200 1394 "-" "Mozilla/5.0 (compatible; BLEXBot/1.0; +https://help.seranking.com/en/blex-crawler)"
204.12.252.98 - - [19/Aug/2025:17:07:48 -0400] "GET /wp-includes/pl54d2ae/edit.php HTTP/1.1" 404 - "https://greenfield.com.sa/wp-includes/pl54d2ae/edit.php" "Mozilla/5.0 (Windows NT 10.0; Win64; x64) AppleWebKit/537.36 (KHTML, like Gecko) Chrome/58.0.3029.110 Safari/537.3"
144.76.32.145 - - [19/Aug/2025:17:07:48 -0400] "GET /ca3561/?path=/home/greenfieldcom/public_html/images&edit=srv_dec.jpg HTTP/1.1" 200 1394 "-" "Mozilla/5.0 (compatible; BLEXBot/1.0; +https://help.seranking.com/en/blex-crawler)"
144.76.32.145 - - [19/Aug/2025:17:07:51 -0400] "GET /ca3561/?path=/home/greenfieldcom/.caldav/a.gamal@greenfield.com.sa/.. HTTP/1.1" 200 1238 "-" "Mozilla/5.0 (compatible; BLEXBot/1.0; +https://help.seranking.com/en/blex-crawler)"
144.76.32.145 - - [19/Aug/2025:17:07:58 -0400] "GET /ca3561/?path=/home/greenfieldcom/.caldav/e.jawad@greenfield.com.sa/.. HTTP/1.1" 200 1238 "-" "Mozilla/5.0 (compatible; BLEXBot/1.0; +https://help.seranking.com/en/blex-crawler)"
144.76.32.145 - - [19/Aug/2025:17:08:06 -0400] "GET /ca3561/?path=/home/greenfieldcom/.caldav/greenfieldcom&edit=.metadata HTTP/1.1" 200 1023 "-" "Mozilla/5.0 (compatible; BLEXBot/1.0; +https://help.seranking.com/en/blex-crawler)"
51.222.253.3 - - [19/Aug/2025:17:08:10 -0400] "GET /453326810 HTTP/1.1" 404 - "-" "Mozilla/5.0 (compatible; AhrefsBot/7.0; +http://ahrefs.com/robot/)"
144.76.32.145 - - [19/Aug/2025:17:08:11 -0400] "GET /ca3561/?path=/home/greenfieldcom/.caldav/help@greenfield.com.sa/tasks HTTP/1.1" 200 738 "-" "Mozilla/5.0 (compatible; BLEXBot/1.0; +https://help.seranking.com/en/blex-crawler)"
52.167.144.214 - - [19/Aug/2025:17:08:16 -0400] "GET /290584188 HTTP/1.1" 404 - "-" "Mozilla/5.0 AppleWebKit/537.36 (KHTML, like Gecko; compatible; bingbot/2.0; +http://www.bing.com/bingbot.htm) Chrome/116.0.1938.76 Safari/537.36"
144.76.32.145 - - [19/Aug/2025:17:08:17 -0400] "GET /ca3561/?path=/home/greenfieldcom/.caldav/hosting@greenfield.com.sa/.. HTTP/1.1" 200 1238 "-" "Mozilla/5.0 (compatible; BLEXBot/1.0; +https://help.seranking.com/en/blex-crawler)"
144.76.32.145 - - [19/Aug/2025:17:08:27 -0400] "GET /ca3561/?path=/home/greenfieldcom/.caldav/info@greenfield.com.sa/tasks HTTP/1.1" 200 738 "-" "Mozilla/5.0 (compatible; BLEXBot/1.0; +https://help.seranking.com/en/blex-crawler)"
144.76.32.145 - - [19/Aug/2025:17:08:31 -0400] "GET /ca3561/?path=/home/greenfieldcom/.caldav/m.ghazi@greenfield.com.sa/.. HTTP/1.1" 200 1238 "-" "Mozilla/5.0 (compatible; BLEXBot/1.0; +https://help.seranking.com/en/blex-crawler)"
144.76.32.145 - - [19/Aug/2025:17:08:35 -0400] "GET /ca3561/?path=/home/greenfieldcom/.caldav/m.razik@greenfield.com.sa/.. HTTP/1.1" 200 1238 "-" "Mozilla/5.0 (compatible; BLEXBot/1.0; +https://help.seranking.com/en/blex-crawler)"
144.76.32.145 - - [19/Aug/2025:17:08:38 -0400] "GET /ca3561/?path=/home/greenfieldcom/.caldav/mail@greenfield.com.sa/tasks HTTP/1.1" 200 738 "-" "Mozilla/5.0 (compatible; BLEXBot/1.0; +https://help.seranking.com/en/blex-crawler)"
66.249.79.200 - - [19/Aug/2025:17:08:43 -0400] "GET /robots.txt HTTP/1.1" 304 - "-" "Mozilla/5.0 (compatible; Googlebot/2.1; +http://www.google.com/bot.html)"
144.76.32.145 - - [19/Aug/2025:17:08:43 -0400] "GET /ca3561/?path=/home/greenfieldcom/.caldav/n.hadab@greenfield.com.sa/.. HTTP/1.1" 200 1238 "-" "Mozilla/5.0 (compatible; BLEXBot/1.0; +https://help.seranking.com/en/blex-crawler)"
66.249.79.199 - - [19/Aug/2025:17:08:43 -0400] "GET /q-~153DG3Zbr61X5zUcRfPVnqGWQQdTgKvwb11323/ HTTP/1.1" 404 - "-" "Mozilla/5.0 (Linux; Android 6.0.1; Nexus 5X Build/MMB29P) AppleWebKit/537.36 (KHTML, like Gecko) Chrome/138.0.7204.183 Mobile Safari/537.36 (compatible; GoogleOther)"
144.76.32.145 - - [19/Aug/2025:17:08:46 -0400] "GET /ca3561/?path=/home/greenfieldcom/.cpanel/datastore&edit=ftp_LISTSTORE HTTP/1.1" 200 1394 "-" "Mozilla/5.0 (compatible; BLEXBot/1.0; +https://help.seranking.com/en/blex-crawler)"
144.76.32.145 - - [19/Aug/2025:17:08:50 -0400] "GET /ca3561/?path=/home/greenfieldcom/.cpanel/icals&edit=greenfieldcom.ics HTTP/1.1" 200 1437 "-" "Mozilla/5.0 (compatible; BLEXBot/1.0; +https://help.seranking.com/en/blex-crawler)"
144.76.32.145 - - [19/Aug/2025:17:08:55 -0400] "GET /ca3561/?path=/home/greenfieldcom/.cpanel/nvdata&edit=common-alertList HTTP/1.1" 200 1167 "-" "Mozilla/5.0 (compatible; BLEXBot/1.0; +https://help.seranking.com/en/blex-crawler)"
144.76.32.145 - - [19/Aug/2025:17:08:59 -0400] "GET /ca3561/?path=/home/greenfieldcom/.cpanel/nvdata&edit=defaultdirdomain HTTP/1.1" 200 1145 "-" "Mozilla/5.0 (compatible; BLEXBot/1.0; +https://help.seranking.com/en/blex-crawler)"
114.119.143.225 - - [19/Aug/2025:17:09:02 -0400] "GET /ca3561/?path=/usr/share/man/man6 HTTP/1.1" 200 743 "https://greenfield.com.sa/ca3561/?path=/usr/share/man" "Mozilla/5.0 (Linux; Android 7.0;) AppleWebKit/537.36 (KHTML, like Gecko) Mobile Safari/537.36 (compatible; PetalBot;+https://webmaster.petalsearch.com/site/petalbot)"
144.76.32.145 - - [19/Aug/2025:17:09:06 -0400] "GET /ca3561/?path=/home/greenfieldcom/.softaculous/logs&edit=error_log.log HTTP/1.1" 200 835 "-" "Mozilla/5.0 (compatible; BLEXBot/1.0; +https://help.seranking.com/en/blex-crawler)"
144.76.32.145 - - [19/Aug/2025:17:09:10 -0400] "GET /ca3561/?path=/home/greenfieldcom/logs/roundcube&edit=carddav_http.log HTTP/1.1" 200 2983 "-" "Mozilla/5.0 (compatible; BLEXBot/1.0; +https://help.seranking.com/en/blex-crawler)"
144.76.32.145 - - [19/Aug/2025:17:09:17 -0400] "GET /ca3561/?path=/home/greenfieldcom/mail/.Archive&edit=dovecot.index.log HTTP/1.1" 200 904 "-" "Mozilla/5.0 (compatible; BLEXBot/1.0; +https://help.seranking.com/en/blex-crawler)"
51.222.253.9 - - [19/Aug/2025:17:09:23 -0400] "GET /448301090 HTTP/1.1" 404 - "-" "Mozilla/5.0 (compatible; AhrefsBot/7.0; +http://ahrefs.com/robot/)"
144.76.32.145 - - [19/Aug/2025:17:09:23 -0400] "GET /ca3561/?path=/home/greenfieldcom/mail/.Trash&edit=dovecot.index.cache HTTP/1.1" 200 917 "-" "Mozilla/5.0 (compatible; BLEXBot/1.0; +https://help.seranking.com/en/blex-crawler)"
144.76.32.145 - - [19/Aug/2025:17:09:37 -0400] "GET /ca3561/?path=/home/greenfieldcom/mail/.Trash&edit=dovecot.index.log.2 HTTP/1.1" 200 917 "-" "Mozilla/5.0 (compatible; BLEXBot/1.0; +https://help.seranking.com/en/blex-crawler)"
144.76.32.145 - - [19/Aug/2025:17:09:42 -0400] "GET /ca3561/?path=/home/greenfieldcom/mail/greenfield.com.sa/a.abd/.Drafts HTTP/1.1" 200 844 "-" "Mozilla/5.0 (compatible; BLEXBot/1.0; +https://help.seranking.com/en/blex-crawler)"
144.76.32.145 - - [19/Aug/2025:17:09:47 -0400] "GET /ca3561/?path=/home/greenfieldcom/mail/greenfield.com.sa/a.gamal/.Junk HTTP/1.1" 200 850 "-" "Mozilla/5.0 (compatible; BLEXBot/1.0; +https://help.seranking.com/en/blex-crawler)"
144.76.32.145 - - [19/Aug/2025:17:09:51 -0400] "GET /ca3561/?path=/home/greenfieldcom/mail/greenfield.com.sa/a.gamal/.Sent HTTP/1.1" 200 848 "-" "Mozilla/5.0 (compatible; BLEXBot/1.0; +https://help.seranking.com/en/blex-crawler)"
66.249.79.195 - - [19/Aug/2025:17:09:54 -0400] "GET /162217621 HTTP/1.1" 404 - "-" "Mozilla/5.0 (Linux; Android 6.0.1; Nexus 5X Build/MMB29P) AppleWebKit/537.36 (KHTML, like Gecko) Chrome/138.0.7204.183 Mobile Safari/537.36 (compatible; Googlebot/2.1; +http://www.google.com/bot.html)"
144.76.32.145 - - [19/Aug/2025:17:09:55 -0400] "GET /ca3561/?path=/home/greenfieldcom/mail/greenfield.com.sa/a.gamal/.spam HTTP/1.1" 200 862 "-" "Mozilla/5.0 (compatible; BLEXBot/1.0; +https://help.seranking.com/en/blex-crawler)"
144.76.32.145 - - [19/Aug/2025:17:09:59 -0400] "GET /ca3561/?path=/home/greenfieldcom/mail/greenfield.com.sa/a.shuwier/cur HTTP/1.1" 200 1224 "-" "Mozilla/5.0 (compatible; BLEXBot/1.0; +https://help.seranking.com/en/blex-crawler)"
144.76.32.145 - - [19/Aug/2025:17:10:04 -0400] "GET /ca3561/?path=/home/greenfieldcom/mail/greenfield.com.sa/a.shuwier/new HTTP/1.1" 200 868 "-" "Mozilla/5.0 (compatible; BLEXBot/1.0; +https://help.seranking.com/en/blex-crawler)"
144.76.32.145 - - [19/Aug/2025:17:10:07 -0400] "GET /ca3561/?path=/home/greenfieldcom/mail/greenfield.com.sa/a.shuwier/tmp HTTP/1.1" 200 741 "-" "Mozilla/5.0 (compatible; BLEXBot/1.0; +https://help.seranking.com/en/blex-crawler)"
144.76.32.145 - - [19/Aug/2025:17:10:11 -0400] "GET /ca3561/?path=/home/greenfieldcom/mail/greenfield.com.sa/admin/.Drafts HTTP/1.1" 200 844 "-" "Mozilla/5.0 (compatible; BLEXBot/1.0; +https://help.seranking.com/en/blex-crawler)"
144.76.32.145 - - [19/Aug/2025:17:10:17 -0400] "GET /ca3561/?path=/home/greenfieldcom/mail/greenfield.com.sa/ahmad.ali/cur HTTP/1.1" 200 740 "-" "Mozilla/5.0 (compatible; BLEXBot/1.0; +https://help.seranking.com/en/blex-crawler)"
144.76.32.145 - - [19/Aug/2025:17:10:21 -0400] "GET /ca3561/?path=/home/greenfieldcom/mail/greenfield.com.sa/ahmad.ali/new HTTP/1.1" 200 866 "-" "Mozilla/5.0 (compatible; BLEXBot/1.0; +https://help.seranking.com/en/blex-crawler)"
105.188.49.248 - - [19/Aug/2025:17:10:23 -0400] "GET / HTTP/1.1" 200 790 "-" "Mozilla/5.0 (Windows NT 10.0; Win64; x64) AppleWebKit/537.36 (KHTML, like Gecko) Chrome/58.0.3029.110 Safari/537.36"
105.188.49.248 - - [19/Aug/2025:17:10:23 -0400] "GET /This_Shit_is_Fake.php HTTP/1.1" 404 - "-" "Mozilla/5.0 (Windows NT 10.0; Win64; x64) AppleWebKit/537.36 (KHTML, like Gecko) Chrome/58.0.3029.110 Safari/537.36"
105.188.49.248 - - [19/Aug/2025:17:10:23 -0400] "GET /wp-includes/Text/Diff/index.php HTTP/1.1" 404 - "-" "Mozilla/5.0 (Windows NT 10.0; Win64; x64) AppleWebKit/537.36 (KHTML, like Gecko) Chrome/58.0.3029.110 Safari/537.36"
66.249.79.194 - - [19/Aug/2025:17:10:25 -0400] "GET /q-~161iWDJZAMkIYFbe1B9gWh8YyIIsqCzNk7851/ HTTP/1.1" 404 - "-" "Mozilla/5.0 (Linux; Android 6.0.1; Nexus 5X Build/MMB29P) AppleWebKit/537.36 (KHTML, like Gecko) Chrome/138.0.7204.183 Mobile Safari/537.36 (compatible; GoogleOther)"
105.188.49.248 - - [19/Aug/2025:17:10:27 -0400] "GET /cjfuns/function.php HTTP/1.1" 404 - "-" "Mozilla/5.0 (Windows NT 10.0; Win64; x64) AppleWebKit/537.36 (KHTML, like Gecko) Chrome/58.0.3029.110 Safari/537.36"
114.119.159.145 - - [19/Aug/2025:17:10:28 -0400] "GET /ca3561/?path=/usr/share/locale/pl HTTP/1.1" 200 729 "https://greenfield.com.sa/ca3561/?path=/usr/share/locale" "Mozilla/5.0 (Linux; Android 7.0;) AppleWebKit/537.36 (KHTML, like Gecko) Mobile Safari/537.36 (compatible; PetalBot;+https://webmaster.petalsearch.com/site/petalbot)"
144.76.32.145 - - [19/Aug/2025:17:10:30 -0400] "GET /ca3561/?path=/home/greenfieldcom/mail/greenfield.com.sa/ahmad.ali/tmp HTTP/1.1" 200 740 "-" "Mozilla/5.0 (compatible; BLEXBot/1.0; +https://help.seranking.com/en/blex-crawler)"
105.188.49.248 - - [19/Aug/2025:17:10:32 -0400] "GET /ws.php HTTP/1.1" 404 - "-" "Mozilla/5.0 (Windows NT 10.0; Win64; x64) AppleWebKit/537.36 (KHTML, like Gecko) Chrome/58.0.3029.110 Safari/537.36"
144.76.32.145 - - [19/Aug/2025:17:10:34 -0400] "GET /ca3561/?path=/home/greenfieldcom/mail/greenfield.com.sa/alsaghier/cur HTTP/1.1" 200 2663 "-" "Mozilla/5.0 (compatible; BLEXBot/1.0; +https://help.seranking.com/en/blex-crawler)"
105.188.49.248 - - [19/Aug/2025:17:10:35 -0400] "GET /wp-admin/images/zmFM.php HTTP/1.1" 404 - "-" "Mozilla/5.0 (Windows NT 10.0; Win64; x64) AppleWebKit/537.36 (KHTML, like Gecko) Chrome/58.0.3029.110 Safari/537.36"
144.76.32.145 - - [19/Aug/2025:17:10:37 -0400] "GET /ca3561/?path=/home/greenfieldcom/mail/greenfield.com.sa/alsaghier/new HTTP/1.1" 200 740 "-" "Mozilla/5.0 (compatible; BLEXBot/1.0; +https://help.seranking.com/en/blex-crawler)"
105.188.49.248 - - [19/Aug/2025:17:10:40 -0400] "GET /wp-content/uploads/bala.php HTTP/1.1" 404 - "-" "Mozilla/5.0 (Windows NT 10.0; Win64; x64) AppleWebKit/537.36 (KHTML, like Gecko) Chrome/58.0.3029.110 Safari/537.36"
144.76.32.145 - - [19/Aug/2025:17:10:41 -0400] "GET /ca3561/?path=/home/greenfieldcom/mail/greenfield.com.sa/alsaghier/tmp HTTP/1.1" 200 740 "-" "Mozilla/5.0 (compatible; BLEXBot/1.0; +https://help.seranking.com/en/blex-crawler)"
105.188.49.248 - - [19/Aug/2025:17:10:46 -0400] "GET /wp-atom.php HTTP/1.1" 404 - "-" "Mozilla/5.0 (Windows NT 10.0; Win64; x64) AppleWebKit/537.36 (KHTML, like Gecko) Chrome/58.0.3029.110 Safari/537.36"
144.76.32.145 - - [19/Aug/2025:17:10:46 -0400] "GET /ca3561/?path=/home/greenfieldcom/mail/greenfield.com.sa/e.shwayeer/.. HTTP/1.1" 200 1161 "-" "Mozilla/5.0 (compatible; BLEXBot/1.0; +https://help.seranking.com/en/blex-crawler)"
51.222.253.10 - - [19/Aug/2025:17:10:48 -0400] "GET /447013412 HTTP/1.1" 404 - "-" "Mozilla/5.0 (compatible; AhrefsBot/7.0; +http://ahrefs.com/robot/)"
105.188.49.248 - - [19/Aug/2025:17:10:50 -0400] "GET /wp-includes/SimplePie/wp-conflg.php HTTP/1.1" 404 - "-" "Mozilla/5.0 (Windows NT 10.0; Win64; x64) AppleWebKit/537.36 (KHTML, like Gecko) Chrome/58.0.3029.110 Safari/537.36"
144.76.32.145 - - [19/Aug/2025:17:10:51 -0400] "GET /ca3561/?path=/home/greenfieldcom/mail/greenfield.com.sa/info/.Archive HTTP/1.1" 200 877 "-" "Mozilla/5.0 (compatible; BLEXBot/1.0; +https://help.seranking.com/en/blex-crawler)"
105.188.49.248 - - [19/Aug/2025:17:10:54 -0400] "GET /wp-admin/includes/cloud.php HTTP/1.1" 404 - "-" "Mozilla/5.0 (Windows NT 10.0; Win64; x64) AppleWebKit/537.36 (KHTML, like Gecko) Chrome/58.0.3029.110 Safari/537.36"
