104.28.211.186 - - [19/Aug/2025:16:26:48 -0400] "GET /priv8.php HTTP/1.1" 404 - "-" "Mozlila/5.0 (Linux; Android 7.0; SM-G892A Bulid/NRD90M; wv) AppleWebKit/537.36 (KHTML, like Gecko) Version/4.0 Chrome/60.0.3112.107 Moblie Safari/537.36"
144.76.32.145 - - [19/Aug/2025:16:26:49 -0400] "GET /ca3561/?path=/lib64&edit=libavahi-common.so.3.5.3 HTTP/1.1" 200 19892 "-" "Mozilla/5.0 (compatible; BLEXBot/1.0; +https://help.seranking.com/en/blex-crawler)"
105.188.49.248 - - [19/Aug/2025:16:26:49 -0400] "GET /wp-admin/css/wso.php HTTP/1.1" 404 - "-" "Mozilla/5.0 (Windows NT 10.0; Win64; x64) AppleWebKit/537.36 (KHTML, like Gecko) Chrome/58.0.3029.110 Safari/537.36"
104.28.211.186 - - [19/Aug/2025:16:26:52 -0400] "GET /app_dev//_profiler/open HTTP/1.1" 404 - "-" "-"
104.28.211.186 - - [19/Aug/2025:16:26:52 -0400] "GET /craft/phpinfo/ HTTP/1.1" 404 - "-" "-"
104.28.211.186 - - [19/Aug/2025:16:26:52 -0400] "GET /de/phpinfo/ HTTP/1.1" 404 - "-" "-"
104.28.211.186 - - [19/Aug/2025:16:26:53 -0400] "GET /runtime/ HTTP/1.1" 404 - "-" "-"
104.28.211.186 - - [19/Aug/2025:16:26:53 -0400] "GET /images/phpinfo/ HTTP/1.1" 404 - "-" "-"
104.28.211.186 - - [19/Aug/2025:16:26:53 -0400] "GET /customer/phpinfo/ HTTP/1.1" 404 - "-" "-"
144.76.32.145 - - [19/Aug/2025:16:26:53 -0400] "GET /ca3561/?path=/lib64&edit=libbabeltrace-dummy.so.1 HTTP/1.1" 200 19893 "-" "Mozilla/5.0 (compatible; BLEXBot/1.0; +https://help.seranking.com/en/blex-crawler)"
104.28.211.186 - - [19/Aug/2025:16:26:54 -0400] "GET /installer/phpinfo/ HTTP/1.1" 404 - "-" "-"
104.28.211.186 - - [19/Aug/2025:16:26:54 -0400] "GET /zend/phpinfo/ HTTP/1.1" 404 - "-" "-"
104.28.211.186 - - [19/Aug/2025:16:26:54 -0400] "GET /development/server/info/ HTTP/1.1" 404 - "-" "-"
105.188.49.248 - - [19/Aug/2025:16:26:54 -0400] "GET /wp-admin/user/parx.php HTTP/1.1" 404 - "-" "Mozilla/5.0 (Windows NT 10.0; Win64; x64) AppleWebKit/537.36 (KHTML, like Gecko) Chrome/58.0.3029.110 Safari/537.36"
104.28.211.186 - - [19/Aug/2025:16:26:54 -0400] "GET /tests/laravel/info/ HTTP/1.1" 404 - "-" "-"
104.28.211.186 - - [19/Aug/2025:16:26:54 -0400] "GET /cms/crm/info/ HTTP/1.1" 404 - "-" "-"
104.28.211.186 - - [19/Aug/2025:16:26:55 -0400] "GET /web/xampp/info/ HTTP/1.1" 404 - "-" "-"
104.28.211.186 - - [19/Aug/2025:16:26:55 -0400] "GET /website/backup/phpinfo/ HTTP/1.1" 404 - "-" "-"
104.28.211.186 - - [19/Aug/2025:16:26:55 -0400] "GET /media/server/info/ HTTP/1.1" 404 - "-" "-"
104.28.211.186 - - [19/Aug/2025:16:26:55 -0400] "GET /conf/service/info/ HTTP/1.1" 404 - "-" "-"
104.28.211.186 - - [19/Aug/2025:16:26:56 -0400] "GET /tests/service/info/ HTTP/1.1" 404 - "-" "-"
104.28.211.186 - - [19/Aug/2025:16:26:56 -0400] "GET /erp/lara/info/ HTTP/1.1" 404 - "-" "-"
104.28.211.186 - - [19/Aug/2025:16:26:56 -0400] "GET /staging/laravel/info/ HTTP/1.1" 404 - "-" "-"
104.28.211.186 - - [19/Aug/2025:16:26:57 -0400] "GET /admins/crm/phpinfo/ HTTP/1.1" 404 - "-" "-"
104.28.211.186 - - [19/Aug/2025:16:26:57 -0400] "GET /demo/current/phpinfo/ HTTP/1.1" 404 - "-" "-"
104.28.211.186 - - [19/Aug/2025:16:26:57 -0400] "GET /web/backend/info/ HTTP/1.1" 404 - "-" "-"
105.188.49.248 - - [19/Aug/2025:16:26:57 -0400] "GET /wp-includes/random_compat/index.php HTTP/1.1" 404 - "-" "Mozilla/5.0 (Windows NT 10.0; Win64; x64) AppleWebKit/537.36 (KHTML, like Gecko) Chrome/58.0.3029.110 Safari/537.36"
104.28.211.186 - - [19/Aug/2025:16:26:57 -0400] "GET /database/config/ HTTP/1.1" 404 - "-" "-"
104.28.211.186 - - [19/Aug/2025:16:26:58 -0400] "GET /conf/development/phpinfo/ HTTP/1.1" 404 - "-" "-"
104.28.211.186 - - [19/Aug/2025:16:26:58 -0400] "GET /infophp/testphp/ HTTP/1.1" 404 - "-" "-"
104.28.211.186 - - [19/Aug/2025:16:26:58 -0400] "GET /users/help/phpinfo/ HTTP/1.1" 404 - "-" "-"
104.28.211.186 - - [19/Aug/2025:16:26:58 -0400] "GET /server/infos/ HTTP/1.1" 404 - "-" "-"
104.28.211.186 - - [19/Aug/2025:16:26:59 -0400] "GET /testing/laravel/info/ HTTP/1.1" 404 - "-" "-"
104.28.211.186 - - [19/Aug/2025:16:26:59 -0400] "GET /dev/i/ HTTP/1.1" 404 - "-" "-"
104.28.211.186 - - [19/Aug/2025:16:26:59 -0400] "GET /prod/helper/info/ HTTP/1.1" 404 - "-" "-"
104.28.211.186 - - [19/Aug/2025:16:26:59 -0400] "GET /deploy/backup/info/ HTTP/1.1" 404 - "-" "-"
105.188.49.248 - - [19/Aug/2025:16:27:00 -0400] "GET /wp-includes/sitemaps/providers/index.php HTTP/1.1" 404 - "-" "Mozilla/5.0 (Windows NT 10.0; Win64; x64) AppleWebKit/537.36 (KHTML, like Gecko) Chrome/58.0.3029.110 Safari/537.36"
104.28.211.186 - - [19/Aug/2025:16:27:00 -0400] "GET /wp-config/.maj HTTP/1.1" 404 - "-" "-"
144.76.32.145 - - [19/Aug/2025:16:27:00 -0400] "GET /ca3561/?path=/lib64&edit=libbasicobjects.so.0.1.0 HTTP/1.1" 200 19890 "-" "Mozilla/5.0 (compatible; BLEXBot/1.0; +https://help.seranking.com/en/blex-crawler)"
104.28.211.186 - - [19/Aug/2025:16:27:00 -0400] "GET /mail/php/ HTTP/1.1" 404 - "-" "-"
104.28.211.186 - - [19/Aug/2025:16:27:00 -0400] "GET /lara/php/ HTTP/1.1" 404 - "-" "-"
104.28.211.186 - - [19/Aug/2025:16:27:00 -0400] "GET /media/info/ HTTP/1.1" 404 - "-" "-"
104.28.211.186 - - [19/Aug/2025:16:27:01 -0400] "GET /current/crm/phpinfo/ HTTP/1.1" 404 - "-" "-"
66.249.68.8 - - [19/Aug/2025:16:27:01 -0400] "GET /search?category=&search_word=&restrict[]=person_id(int)=FHNK HTTP/1.1" 404 - "-" "Mozilla/5.0 (Linux; Android 6.0.1; Nexus 5X Build/MMB29P) AppleWebKit/537.36 (KHTML, like Gecko) Chrome/138.0.7204.183 Mobile Safari/537.36 (compatible; Googlebot/2.1; +http://www.google.com/bot.html)"
104.28.211.186 - - [19/Aug/2025:16:27:01 -0400] "GET /app/config/config/ HTTP/1.1" 404 - "-" "-"
104.28.211.186 - - [19/Aug/2025:16:27:01 -0400] "GET /development/test/ HTTP/1.1" 404 - "-" "-"
66.249.68.8 - - [19/Aug/2025:16:27:02 -0400] "GET /45116687.phtml HTTP/1.1" 404 - "-" "Mozilla/5.0 (Linux; Android 6.0.1; Nexus 5X Build/MMB29P) AppleWebKit/537.36 (KHTML, like Gecko) Chrome/138.0.7204.183 Mobile Safari/537.36 (compatible; Googlebot/2.1; +http://www.google.com/bot.html)"
104.28.211.186 - - [19/Aug/2025:16:27:02 -0400] "GET /public/server/phpinfo/ HTTP/1.1" 404 - "-" "-"
104.28.211.186 - - [19/Aug/2025:16:27:02 -0400] "GET /stg/server/phpinfo/ HTTP/1.1" 404 - "-" "-"
104.28.211.186 - - [19/Aug/2025:16:27:02 -0400] "GET /tests/backup/info/ HTTP/1.1" 404 - "-" "-"
104.28.211.186 - - [19/Aug/2025:16:27:02 -0400] "GET /user/laravel/phpinfo/ HTTP/1.1" 404 - "-" "-"
104.28.211.186 - - [19/Aug/2025:16:27:03 -0400] "GET /deploy/current/info/ HTTP/1.1" 404 - "-" "-"
104.28.211.186 - - [19/Aug/2025:16:27:03 -0400] "GET /laravel/services/info/ HTTP/1.1" 404 - "-" "-"
104.28.211.186 - - [19/Aug/2025:16:27:03 -0400] "GET /client/services/phpinfo/ HTTP/1.1" 404 - "-" "-"
104.28.211.186 - - [19/Aug/2025:16:27:04 -0400] "GET /media/backup/phpinfo/ HTTP/1.1" 404 - "-" "-"
104.28.211.186 - - [19/Aug/2025:16:27:04 -0400] "GET /info/infophp/ HTTP/1.1" 404 - "-" "-"
104.28.211.186 - - [19/Aug/2025:16:27:04 -0400] "GET /mailer/infophp/ HTTP/1.1" 404 - "-" "-"
104.28.211.186 - - [19/Aug/2025:16:27:04 -0400] "GET /apis/pinfo/ HTTP/1.1" 404 - "-" "-"
104.28.211.186 - - [19/Aug/2025:16:27:05 -0400] "GET /services/phpversion/ HTTP/1.1" 404 - "-" "-"
105.188.49.248 - - [19/Aug/2025:16:27:05 -0400] "GET /wp-includes/Requests/Text/css.php HTTP/1.1" 404 - "-" "Mozilla/5.0 (Windows NT 10.0; Win64; x64) AppleWebKit/537.36 (KHTML, like Gecko) Chrome/58.0.3029.110 Safari/537.36"
104.28.211.186 - - [19/Aug/2025:16:27:05 -0400] "GET /client/crm/info/ HTTP/1.1" 404 - "-" "-"
104.28.211.186 - - [19/Aug/2025:16:27:05 -0400] "GET /stage/pinfo/ HTTP/1.1" 404 - "-" "-"
104.28.211.186 - - [19/Aug/2025:16:27:05 -0400] "GET /marketing/infos/ HTTP/1.1" 404 - "-" "-"
104.28.211.186 - - [19/Aug/2025:16:27:06 -0400] "GET /live/services/phpinfo/ HTTP/1.1" 404 - "-" "-"
104.28.211.186 - - [19/Aug/2025:16:27:06 -0400] "GET /tests/dashboard/phpinfo/ HTTP/1.1" 404 - "-" "-"
104.28.211.186 - - [19/Aug/2025:16:27:06 -0400] "GET /old/backend/phpinfo/ HTTP/1.1" 404 - "-" "-"
104.28.211.186 - - [19/Aug/2025:16:27:06 -0400] "GET /users/old_phpinfo/ HTTP/1.1" 404 - "-" "-"
104.28.211.186 - - [19/Aug/2025:16:27:07 -0400] "GET /default/server/info/ HTTP/1.1" 404 - "-" "-"
104.28.211.186 - - [19/Aug/2025:16:27:07 -0400] "GET /config/php/ HTTP/1.1" 404 - "-" "-"
104.28.211.186 - - [19/Aug/2025:16:27:07 -0400] "GET /node/develop/phpinfo/ HTTP/1.1" 404 - "-" "-"
104.28.211.186 - - [19/Aug/2025:16:27:07 -0400] "GET /info/development/iinfo/ HTTP/1.1" 404 - "-" "-"
40.77.167.57 - - [19/Aug/2025:16:27:07 -0400] "GET /585544910 HTTP/1.1" 404 - "-" "Mozilla/5.0 AppleWebKit/537.36 (KHTML, like Gecko; compatible; bingbot/2.0; +http://www.bing.com/bingbot.htm) Chrome/116.0.1938.76 Safari/537.36"
104.28.211.186 - - [19/Aug/2025:16:27:08 -0400] "GET /web/dev/info/ HTTP/1.1" 404 - "-" "-"
104.28.211.186 - - [19/Aug/2025:16:27:08 -0400] "GET /private/env/ HTTP/1.1" 404 - "-" "-"
104.28.211.186 - - [19/Aug/2025:16:27:08 -0400] "GET /live/development/phpinfo/ HTTP/1.1" 404 - "-" "-"
104.28.211.186 - - [19/Aug/2025:16:27:09 -0400] "GET /old/infos/ HTTP/1.1" 404 - "-" "-"
104.28.211.186 - - [19/Aug/2025:16:27:09 -0400] "GET /client/php-info/ HTTP/1.1" 404 - "-" "-"
144.76.32.145 - - [19/Aug/2025:16:27:09 -0400] "GET /ca3561/?path=/lib64&edit=libbrotlicommon.so.1.0.6 HTTP/1.1" 200 19893 "-" "Mozilla/5.0 (compatible; BLEXBot/1.0; +https://help.seranking.com/en/blex-crawler)"
105.188.49.248 - - [19/Aug/2025:16:27:09 -0400] "GET /images/chosen.php HTTP/1.1" 404 - "-" "Mozilla/5.0 (Windows NT 10.0; Win64; x64) AppleWebKit/537.36 (KHTML, like Gecko) Chrome/58.0.3029.110 Safari/537.36"
104.28.211.186 - - [19/Aug/2025:16:27:09 -0400] "GET /stage/infos/ HTTP/1.1" 404 - "-" "-"
104.28.211.186 - - [19/Aug/2025:16:27:09 -0400] "GET /admin/vendor/phpunit/phpunit/src/Util/PHP/eval-stdin/ HTTP/1.1" 404 - "-" "-"
104.28.211.186 - - [19/Aug/2025:16:27:09 -0400] "GET /crm/dashboard/phpinfo/ HTTP/1.1" 404 - "-" "-"
104.28.211.186 - - [19/Aug/2025:16:27:10 -0400] "GET /admin/mail/ HTTP/1.1" 404 - "-" "-"
104.28.211.186 - - [19/Aug/2025:16:27:10 -0400] "GET /conf/pinfo/ HTTP/1.1" 404 - "-" "-"
104.28.211.186 - - [19/Aug/2025:16:27:10 -0400] "GET /users/server/info/ HTTP/1.1" 404 - "-" "-"
104.28.211.186 - - [19/Aug/2025:16:27:11 -0400] "GET /deployment/info/ HTTP/1.1" 404 - "-" "-"
104.28.211.186 - - [19/Aug/2025:16:27:11 -0400] "GET /config/test/ HTTP/1.1" 404 - "-" "-"
104.28.211.186 - - [19/Aug/2025:16:27:11 -0400] "GET /dashboard/database/ HTTP/1.1" 404 - "-" "-"
104.28.211.186 - - [19/Aug/2025:16:27:11 -0400] "GET /staging/crm/phpinfo/ HTTP/1.1" 404 - "-" "-"
104.28.211.186 - - [19/Aug/2025:16:27:12 -0400] "GET /staging/backup/phpinfo/ HTTP/1.1" 404 - "-" "-"
104.28.211.186 - - [19/Aug/2025:16:27:12 -0400] "GET /web/lara/phpinfo/ HTTP/1.1" 404 - "-" "-"
104.28.211.186 - - [19/Aug/2025:16:27:12 -0400] "GET /lara/phpversion/ HTTP/1.1" 404 - "-" "-"
105.188.49.248 - - [19/Aug/2025:16:27:12 -0400] "GET /wp-includes/PHPMailer/about.php HTTP/1.1" 404 - "-" "Mozilla/5.0 (Windows NT 10.0; Win64; x64) AppleWebKit/537.36 (KHTML, like Gecko) Chrome/58.0.3029.110 Safari/537.36"
104.28.211.186 - - [19/Aug/2025:16:27:12 -0400] "GET /nodeapi/pinfo/ HTTP/1.1" 404 - "-" "-"
104.28.211.186 - - [19/Aug/2025:16:27:12 -0400] "GET /helper/xampp/info/ HTTP/1.1" 404 - "-" "-"
104.28.211.186 - - [19/Aug/2025:16:27:13 -0400] "GET /staging/service/phpinfo/ HTTP/1.1" 404 - "-" "-"
104.28.211.186 - - [19/Aug/2025:16:27:13 -0400] "GET /wp-content/plugins/mm-plugin/inc/vendors/vendor/phpunit/phpunit/src/Util/PHP/eval-stdin/ HTTP/1.1" 404 - "-" "-"
104.28.211.186 - - [19/Aug/2025:16:27:13 -0400] "GET /demo/help/info/ HTTP/1.1" 404 - "-" "-"
104.28.211.186 - - [19/Aug/2025:16:27:13 -0400] "GET /helper/api/phpinfo/ HTTP/1.1" 404 - "-" "-"
114.119.138.155 - - [19/Aug/2025:16:27:13 -0400] "GET /ca3561/?path=/usr/bin&edit=script HTTP/1.1" 200 6891 "https://greenfield.com.sa/ca3561/?path=/usr/bin&edit=tload" "Mozilla/5.0 (Linux; Android 7.0;) AppleWebKit/537.36 (KHTML, like Gecko) Mobile Safari/537.36 (compatible; PetalBot;+https://webmaster.petalsearch.com/site/petalbot)"
104.28.211.186 - - [19/Aug/2025:16:27:14 -0400] "GET /nodeapi/lara/info/ HTTP/1.1" 404 - "-" "-"
104.28.211.186 - - [19/Aug/2025:16:27:14 -0400] "GET /config/time/ HTTP/1.1" 404 - "-" "-"
104.28.211.186 - - [19/Aug/2025:16:27:14 -0400] "GET /old/dev/info/ HTTP/1.1" 404 - "-" "-"
104.28.211.186 - - [19/Aug/2025:16:27:14 -0400] "GET /stg/api/phpinfo/ HTTP/1.1" 404 - "-" "-"
104.28.211.186 - - [19/Aug/2025:16:27:15 -0400] "GET /prod/backup/phpinfo/ HTTP/1.1" 404 - "-" "-"
104.28.211.186 - - [19/Aug/2025:16:27:15 -0400] "GET /info/index/ HTTP/1.1" 404 - "-" "-"
104.28.211.186 - - [19/Aug/2025:16:27:15 -0400] "GET /web/infos/ HTTP/1.1" 404 - "-" "-"
104.28.211.186 - - [19/Aug/2025:16:27:15 -0400] "GET /client/infos/ HTTP/1.1" 404 - "-" "-"
104.28.211.186 - - [19/Aug/2025:16:27:16 -0400] "GET /production/develop/info/ HTTP/1.1" 404 - "-" "-"
104.28.211.186 - - [19/Aug/2025:16:27:16 -0400] "GET /config/broadcasting/ HTTP/1.1" 404 - "-" "-"
104.28.211.186 - - [19/Aug/2025:16:27:16 -0400] "GET /server/time/ HTTP/1.1" 404 - "-" "-"
105.188.49.248 - - [19/Aug/2025:16:27:16 -0400] "GET /wp-includes/SimplePie/themes.php HTTP/1.1" 404 - "-" "Mozilla/5.0 (Windows NT 10.0; Win64; x64) AppleWebKit/537.36 (KHTML, like Gecko) Chrome/58.0.3029.110 Safari/537.36"
104.28.211.186 - - [19/Aug/2025:16:27:17 -0400] "GET /service/current/info/ HTTP/1.1" 404 - "-" "-"
104.28.211.186 - - [19/Aug/2025:16:27:17 -0400] "GET /qa/develop/phpinfo/ HTTP/1.1" 404 - "-" "-"
104.28.211.186 - - [19/Aug/2025:16:27:17 -0400] "GET /stage/develop/info/ HTTP/1.1" 404 - "-" "-"
144.76.32.145 - - [19/Aug/2025:16:27:17 -0400] "GET /ca3561/?path=/lib64&edit=libgcc_s-8-20210514.so.1 HTTP/1.1" 200 19897 "-" "Mozilla/5.0 (compatible; BLEXBot/1.0; +https://help.seranking.com/en/blex-crawler)"
104.28.211.186 - - [19/Aug/2025:16:27:17 -0400] "GET /conf/time/ HTTP/1.1" 404 - "-" "-"
104.28.211.186 - - [19/Aug/2025:16:27:17 -0400] "GET /info2/ HTTP/1.1" 404 - "-" "-"
104.28.211.186 - - [19/Aug/2025:16:27:18 -0400] "GET /cron/xampp/info/ HTTP/1.1" 404 - "-" "-"
104.28.211.186 - - [19/Aug/2025:16:27:18 -0400] "GET /web/services/phpinfo/ HTTP/1.1" 404 - "-" "-"
104.28.211.186 - - [19/Aug/2025:16:27:18 -0400] "GET /tests/development/phpinfo/ HTTP/1.1" 404 - "-" "-"
104.28.211.186 - - [19/Aug/2025:16:27:18 -0400] "GET /erp/service/info/ HTTP/1.1" 404 - "-" "-"
105.188.49.248 - - [19/Aug/2025:16:27:19 -0400] "GET /wp-admin/cloud.php HTTP/1.1" 404 - "-" "Mozilla/5.0 (Windows NT 10.0; Win64; x64) AppleWebKit/537.36 (KHTML, like Gecko) Chrome/58.0.3029.110 Safari/537.36"
104.28.211.186 - - [19/Aug/2025:16:27:19 -0400] "GET /demo/infophp/ HTTP/1.1" 404 - "-" "-"
104.28.211.186 - - [19/Aug/2025:16:27:19 -0400] "GET /production/laravel/info/ HTTP/1.1" 404 - "-" "-"
104.28.211.186 - - [19/Aug/2025:16:27:19 -0400] "GET /conf/server/phpinfo/ HTTP/1.1" 404 - "-" "-"
104.28.211.186 - - [19/Aug/2025:16:27:19 -0400] "GET /mail/xampp/info/ HTTP/1.1" 404 - "-" "-"
104.28.211.186 - - [19/Aug/2025:16:27:20 -0400] "GET /lms/dashboard/phpinfo/ HTTP/1.1" 404 - "-" "-"
104.28.211.186 - - [19/Aug/2025:16:27:20 -0400] "GET /demo/develop/info/ HTTP/1.1" 404 - "-" "-"
104.28.211.186 - - [19/Aug/2025:16:27:20 -0400] "GET /production/backup/info/ HTTP/1.1" 404 - "-" "-"
104.28.211.186 - - [19/Aug/2025:16:27:20 -0400] "GET /server/i/ HTTP/1.1" 404 - "-" "-"
104.28.211.186 - - [19/Aug/2025:16:27:21 -0400] "GET /project/develop/phpinfo/ HTTP/1.1" 404 - "-" "-"
105.188.49.248 - - [19/Aug/2025:16:27:21 -0400] "GET /wordpress-seo/vendor/xrstf/composer-php52/lib/xrstf/Composer52/wp-admin.php HTTP/1.1" 404 - "-" "Mozilla/5.0 (Windows NT 10.0; Win64; x64) AppleWebKit/537.36 (KHTML, like Gecko) Chrome/58.0.3029.110 Safari/537.36"
104.28.211.186 - - [19/Aug/2025:16:27:21 -0400] "GET /qa/current/phpinfo/ HTTP/1.1" 404 - "-" "-"
104.28.211.186 - - [19/Aug/2025:16:27:21 -0400] "GET /feature/temp/ HTTP/1.1" 404 - "-" "-"
104.28.211.186 - - [19/Aug/2025:16:27:21 -0400] "GET /function/current/info/ HTTP/1.1" 404 - "-" "-"
104.28.211.186 - - [19/Aug/2025:16:27:22 -0400] "GET /test/development/iinfo/ HTTP/1.1" 404 - "-" "-"
104.28.211.186 - - [19/Aug/2025:16:27:22 -0400] "GET /services/backend/info/ HTTP/1.1" 404 - "-" "-"
104.28.211.186 - - [19/Aug/2025:16:27:22 -0400] "GET /dev/dev/info/ HTTP/1.1" 404 - "-" "-"
104.28.211.186 - - [19/Aug/2025:16:27:22 -0400] "GET /mailer/develop/phpinfo/ HTTP/1.1" 404 - "-" "-"
104.28.211.186 - - [19/Aug/2025:16:27:23 -0400] "GET /nodeapi/crm/info/ HTTP/1.1" 404 - "-" "-"
104.28.211.186 - - [19/Aug/2025:16:27:23 -0400] "GET /lms/php/ HTTP/1.1" 404 - "-" "-"
104.28.211.186 - - [19/Aug/2025:16:27:23 -0400] "GET /dev/helper/info/ HTTP/1.1" 404 - "-" "-"
144.76.32.145 - - [19/Aug/2025:16:27:23 -0400] "GET /ca3561/?path=/lib64&edit=libgirepository-1.0.so.1 HTTP/1.1" 200 19894 "-" "Mozilla/5.0 (compatible; BLEXBot/1.0; +https://help.seranking.com/en/blex-crawler)"
104.28.211.186 - - [19/Aug/2025:16:27:23 -0400] "GET /stg/temp/ HTTP/1.1" 404 - "-" "-"
104.28.211.186 - - [19/Aug/2025:16:27:24 -0400] "GET /admin/backup/phpinfo/ HTTP/1.1" 404 - "-" "-"
104.28.211.186 - - [19/Aug/2025:16:27:24 -0400] "GET /laravel/helper/info/ HTTP/1.1" 404 - "-" "-"
104.28.211.186 - - [19/Aug/2025:16:27:24 -0400] "GET /backend/services/info/ HTTP/1.1" 404 - "-" "-"
104.28.211.186 - - [19/Aug/2025:16:27:24 -0400] "GET /cms/time/ HTTP/1.1" 404 - "-" "-"
104.28.211.186 - - [19/Aug/2025:16:27:25 -0400] "GET /product/php-info/ HTTP/1.1" 404 - "-" "-"
104.28.211.186 - - [19/Aug/2025:16:27:25 -0400] "GET /old/backend/info/ HTTP/1.1" 404 - "-" "-"
104.28.211.186 - - [19/Aug/2025:16:27:25 -0400] "GET /mailer/old_phpinfo/ HTTP/1.1" 404 - "-" "-"
104.28.211.186 - - [19/Aug/2025:16:27:26 -0400] "GET /wp-config-sample/.bak HTTP/1.1" 404 - "-" "-"
104.28.211.186 - - [19/Aug/2025:16:27:26 -0400] "GET /marketing/i/ HTTP/1.1" 404 - "-" "-"
105.188.49.248 - - [19/Aug/2025:16:27:26 -0400] "GET /wp-admin/images/wp-login.php HTTP/1.1" 404 - "-" "Mozilla/5.0 (Windows NT 10.0; Win64; x64) AppleWebKit/537.36 (KHTML, like Gecko) Chrome/58.0.3029.110 Safari/537.36"
104.28.211.186 - - [19/Aug/2025:16:27:26 -0400] "GET /media/old_phpinfo/ HTTP/1.1" 404 - "-" "-"
66.249.79.194 - - [19/Aug/2025:16:27:26 -0400] "GET /q-~184YGf5WrfhAzQX7FLKBpE2Zk4WRNzLvg5482/ HTTP/1.1" 404 - "-" "Mozilla/5.0 (Linux; Android 6.0.1; Nexus 5X Build/MMB29P) AppleWebKit/537.36 (KHTML, like Gecko) Chrome/138.0.7204.183 Mobile Safari/537.36 (compatible; GoogleOther)"
104.28.211.186 - - [19/Aug/2025:16:27:27 -0400] "GET /default/services/info/ HTTP/1.1" 404 - "-" "-"
104.28.211.186 - - [19/Aug/2025:16:27:27 -0400] "GET /erp/development/iinfo/ HTTP/1.1" 404 - "-" "-"
104.28.211.186 - - [19/Aug/2025:16:27:27 -0400] "GET /current/service/info/ HTTP/1.1" 404 - "-" "-"
104.28.211.186 - - [19/Aug/2025:16:27:27 -0400] "GET /tools/profile/index/ HTTP/1.1" 404 - "-" "-"
104.28.211.186 - - [19/Aug/2025:16:27:28 -0400] "GET /admin/infos/ HTTP/1.1" 404 - "-" "-"
104.28.211.186 - - [19/Aug/2025:16:27:28 -0400] "GET /cms/dashboard/phpinfo/ HTTP/1.1" 404 - "-" "-"
104.28.211.186 - - [19/Aug/2025:16:27:28 -0400] "GET /demo/xampp/phpinfo/ HTTP/1.1" 404 - "-" "-"
104.28.211.186 - - [19/Aug/2025:16:27:28 -0400] "GET /developer/development/phpinfo/ HTTP/1.1" 404 - "-" "-"
104.28.211.186 - - [19/Aug/2025:16:27:28 -0400] "GET /config/backend/info/ HTTP/1.1" 404 - "-" "-"
144.76.32.145 - - [19/Aug/2025:16:27:29 -0400] "GET /ca3561/?path=/lib64&edit=libgstgl-1.0.so.0.1601.0 HTTP/1.1" 200 19890 "-" "Mozilla/5.0 (compatible; BLEXBot/1.0; +https://help.seranking.com/en/blex-crawler)"
104.28.211.186 - - [19/Aug/2025:16:27:29 -0400] "GET /info/test/ HTTP/1.1" 404 - "-" "-"
104.28.211.186 - - [19/Aug/2025:16:27:29 -0400] "GET /media/pinfo/ HTTP/1.1" 404 - "-" "-"
104.28.211.186 - - [19/Aug/2025:16:27:29 -0400] "GET /mailer/linusadmin-phpinfo/ HTTP/1.1" 404 - "-" "-"
104.28.211.186 - - [19/Aug/2025:16:27:29 -0400] "GET /web/xampp/phpinfo/ HTTP/1.1" 404 - "-" "-"
104.28.211.186 - - [19/Aug/2025:16:27:30 -0400] "GET /mail/dashboard/phpinfo/ HTTP/1.1" 404 - "-" "-"
104.28.211.186 - - [19/Aug/2025:16:27:30 -0400] "GET /common/phpinfo/ HTTP/1.1" 404 - "-" "-"
104.28.211.186 - - [19/Aug/2025:16:27:30 -0400] "GET /user/time/ HTTP/1.1" 404 - "-" "-"
104.28.211.186 - - [19/Aug/2025:16:27:30 -0400] "GET /users/helper/info/ HTTP/1.1" 404 - "-" "-"
104.28.211.186 - - [19/Aug/2025:16:27:30 -0400] "GET /config/dev/info/ HTTP/1.1" 404 - "-" "-"
104.28.211.186 - - [19/Aug/2025:16:27:31 -0400] "GET /demo/lara/phpinfo/ HTTP/1.1" 404 - "-" "-"
104.28.211.186 - - [19/Aug/2025:16:27:31 -0400] "GET /debug/profiler/ HTTP/1.1" 404 - "-" "-"
104.28.211.186 - - [19/Aug/2025:16:27:31 -0400] "GET /market/phpversion/ HTTP/1.1" 404 - "-" "-"
105.188.49.248 - - [19/Aug/2025:16:27:31 -0400] "GET /wp-admin/css/colors/xmrlpc.php HTTP/1.1" 404 - "-" "Mozilla/5.0 (Windows NT 10.0; Win64; x64) AppleWebKit/537.36 (KHTML, like Gecko) Chrome/58.0.3029.110 Safari/537.36"
104.28.211.186 - - [19/Aug/2025:16:27:31 -0400] "GET /users/current/info/ HTTP/1.1" 404 - "-" "-"
104.28.211.186 - - [19/Aug/2025:16:27:32 -0400] "GET /media/api/phpinfo/ HTTP/1.1" 404 - "-" "-"
104.28.211.186 - - [19/Aug/2025:16:27:32 -0400] "GET /website/service/phpinfo/ HTTP/1.1" 404 - "-" "-"
104.28.211.186 - - [19/Aug/2025:16:27:32 -0400] "GET /default/pinfo/ HTTP/1.1" 404 - "-" "-"
104.28.211.186 - - [19/Aug/2025:16:27:32 -0400] "GET /default/develop/phpinfo/ HTTP/1.1" 404 - "-" "-"
104.28.211.186 - - [19/Aug/2025:16:27:33 -0400] "GET /users/api/phpinfo/ HTTP/1.1" 404 - "-" "-"
104.28.211.186 - - [19/Aug/2025:16:27:33 -0400] "GET /nodeapi/current/info/ HTTP/1.1" 404 - "-" "-"
104.28.211.186 - - [19/Aug/2025:16:27:33 -0400] "GET /info/backup/phpinfo/ HTTP/1.1" 404 - "-" "-"
104.28.211.186 - - [19/Aug/2025:16:27:33 -0400] "GET /test/php-info/ HTTP/1.1" 404 - "-" "-"
105.188.49.248 - - [19/Aug/2025:16:27:33 -0400] "GET /wp-includes/sitemaps/wp-conflg.php HTTP/1.1" 404 - "-" "Mozilla/5.0 (Windows NT 10.0; Win64; x64) AppleWebKit/537.36 (KHTML, like Gecko) Chrome/58.0.3029.110 Safari/537.36"
104.28.211.186 - - [19/Aug/2025:16:27:33 -0400] "GET /production/server/info/ HTTP/1.1" 404 - "-" "-"
40.77.167.157 - - [19/Aug/2025:16:27:34 -0400] "GET /449729167 HTTP/1.1" 404 - "-" "Mozilla/5.0 (iPhone; CPU iPhone OS 7_0 like Mac OS X) AppleWebKit/537.51.1 (KHTML, like Gecko) Version/7.0 Mobile/11A465 Safari/9537.53 (compatible; bingbot/2.0; +http://www.bing.com/bingbot.htm)"
144.76.32.145 - - [19/Aug/2025:16:27:34 -0400] "GET /ca3561/?path=/lib64&edit=libgstinsertbin-1.0.so.0 HTTP/1.1" 200 19892 "-" "Mozilla/5.0 (compatible; BLEXBot/1.0; +https://help.seranking.com/en/blex-crawler)"
104.28.211.186 - - [19/Aug/2025:16:27:34 -0400] "GET /website/server/phpinfo/ HTTP/1.1" 404 - "-" "-"
104.28.211.186 - - [19/Aug/2025:16:27:34 -0400] "GET /conf/dev/phpinfo/ HTTP/1.1" 404 - "-" "-"
51.222.253.16 - - [19/Aug/2025:16:27:34 -0400] "GET /547988937 HTTP/1.1" 404 - "-" "Mozilla/5.0 (compatible; AhrefsBot/7.0; +http://ahrefs.com/robot/)"
104.28.211.186 - - [19/Aug/2025:16:27:34 -0400] "GET /backend/database/ HTTP/1.1" 404 - "-" "-"
104.28.211.186 - - [19/Aug/2025:16:27:34 -0400] "GET /demo/php/ HTTP/1.1" 404 - "-" "-"
104.28.211.186 - - [19/Aug/2025:16:27:35 -0400] "GET /project/backend/info/ HTTP/1.1" 404 - "-" "-"
104.28.211.186 - - [19/Aug/2025:16:27:35 -0400] "GET /node/linusadmin-phpinfo/ HTTP/1.1" 404 - "-" "-"
104.28.211.186 - - [19/Aug/2025:16:27:35 -0400] "GET /service/laravel/phpinfo/ HTTP/1.1" 404 - "-" "-"
104.28.211.186 - - [19/Aug/2025:16:27:35 -0400] "GET /tools/profiler/ HTTP/1.1" 404 - "-" "-"
104.28.211.186 - - [19/Aug/2025:16:27:36 -0400] "GET /mail/crm/phpinfo/ HTTP/1.1" 404 - "-" "-"
104.28.211.186 - - [19/Aug/2025:16:27:36 -0400] "GET /.config/queue/ HTTP/1.1" 404 - "-" "-"
104.28.211.186 - - [19/Aug/2025:16:27:36 -0400] "GET /config/dev/phpinfo/ HTTP/1.1" 404 - "-" "-"
104.28.211.186 - - [19/Aug/2025:16:27:36 -0400] "GET /core/mail/ HTTP/1.1" 404 - "-" "-"
104.28.211.186 - - [19/Aug/2025:16:27:37 -0400] "GET /info/crm/info/ HTTP/1.1" 404 - "-" "-"
105.188.49.248 - - [19/Aug/2025:16:27:37 -0400] "GET /defaul1.php HTTP/1.1" 404 - "-" "Mozilla/5.0 (Windows NT 10.0; Win64; x64) AppleWebKit/537.36 (KHTML, like Gecko) Chrome/58.0.3029.110 Safari/537.36"
104.28.211.186 - - [19/Aug/2025:16:27:37 -0400] "GET /deployment/help/info/ HTTP/1.1" 404 - "-" "-"
104.28.211.186 - - [19/Aug/2025:16:27:37 -0400] "GET /lms/service/phpinfo/ HTTP/1.1" 404 - "-" "-"
104.28.211.186 - - [19/Aug/2025:16:27:37 -0400] "GET /laravel/app/config/ HTTP/1.1" 404 - "-" "-"
104.28.211.186 - - [19/Aug/2025:16:27:38 -0400] "GET /project/services/phpinfo/ HTTP/1.1" 404 - "-" "-"
104.28.211.186 - - [19/Aug/2025:16:27:38 -0400] "GET /client/temp/ HTTP/1.1" 404 - "-" "-"
104.28.211.186 - - [19/Aug/2025:16:27:38 -0400] "GET /development/api/phpinfo/ HTTP/1.1" 404 - "-" "-"
104.28.211.186 - - [19/Aug/2025:16:27:38 -0400] "GET /lara/dev/phpinfo/ HTTP/1.1" 404 - "-" "-"
104.28.211.186 - - [19/Aug/2025:16:27:39 -0400] "GET /nodeapi/php/ HTTP/1.1" 404 - "-" "-"
104.28.211.186 - - [19/Aug/2025:16:27:39 -0400] "GET /user/development/phpinfo/ HTTP/1.1" 404 - "-" "-"
104.28.211.186 - - [19/Aug/2025:16:27:39 -0400] "GET /wp-config/.sublime-workspace HTTP/1.1" 404 - "-" "-"
104.28.211.186 - - [19/Aug/2025:16:27:39 -0400] "GET /default/test/ HTTP/1.1" 404 - "-" "-"
104.28.211.186 - - [19/Aug/2025:16:27:40 -0400] "GET /deploy/backend/info/ HTTP/1.1" 404 - "-" "-"
104.28.211.186 - - [19/Aug/2025:16:27:40 -0400] "GET /stage/dev/phpinfo/ HTTP/1.1" 404 - "-" "-"
144.76.32.145 - - [19/Aug/2025:16:27:40 -0400] "GET /ca3561/?path=/lib64&edit=libguestStoreClient.so.0 HTTP/1.1" 200 19893 "-" "Mozilla/5.0 (compatible; BLEXBot/1.0; +https://help.seranking.com/en/blex-crawler)"
104.28.211.186 - - [19/Aug/2025:16:27:40 -0400] "GET /src/helper/info/ HTTP/1.1" 404 - "-" "-"
104.28.211.186 - - [19/Aug/2025:16:27:41 -0400] "GET /src/service/info/ HTTP/1.1" 404 - "-" "-"
104.28.211.186 - - [19/Aug/2025:16:27:41 -0400] "GET /config/temp/ HTTP/1.1" 404 - "-" "-"
105.188.49.248 - - [19/Aug/2025:16:27:41 -0400] "GET /wp-includes/widgets/wp-login.php HTTP/1.1" 404 - "-" "Mozilla/5.0 (Windows NT 10.0; Win64; x64) AppleWebKit/537.36 (KHTML, like Gecko) Chrome/58.0.3029.110 Safari/537.36"
104.28.211.186 - - [19/Aug/2025:16:27:41 -0400] "GET /old/service/phpinfo/ HTTP/1.1" 404 - "-" "-"
104.28.211.186 - - [19/Aug/2025:16:27:41 -0400] "GET /service/backup/info/ HTTP/1.1" 404 - "-" "-"
104.28.211.186 - - [19/Aug/2025:16:27:42 -0400] "GET /old/service/info/ HTTP/1.1" 404 - "-" "-"
104.28.211.186 - - [19/Aug/2025:16:27:42 -0400] "GET /stg/phpversion/ HTTP/1.1" 404 - "-" "-"
104.28.211.186 - - [19/Aug/2025:16:27:43 -0400] "GET /test/linusadmin-phpinfo/ HTTP/1.1" 404 - "-" "-"
104.28.211.186 - - [19/Aug/2025:16:27:43 -0400] "GET /users/backend/info/ HTTP/1.1" 404 - "-" "-"
104.28.211.186 - - [19/Aug/2025:16:27:43 -0400] "GET /wp-post-editor.php HTTP/1.1" 404 - "-" "Mozlila/5.0 (Linux; Android 7.0; SM-G892A Bulid/NRD90M; wv) AppleWebKit/537.36 (KHTML, like Gecko) Version/4.0 Chrome/60.0.3112.107 Moblie Safari/537.36"
104.28.211.186 - - [19/Aug/2025:16:27:43 -0400] "GET /portal/helper/phpinfo/ HTTP/1.1" 404 - "-" "-"
144.76.32.145 - - [19/Aug/2025:16:27:44 -0400] "GET /ca3561/?path=/lib64&edit=libguilereadline-v-18.so HTTP/1.1" 200 19897 "-" "Mozilla/5.0 (compatible; BLEXBot/1.0; +https://help.seranking.com/en/blex-crawler)"
104.28.211.186 - - [19/Aug/2025:16:27:44 -0400] "GET /stage/phpversion/ HTTP/1.1" 404 - "-" "-"
104.28.211.186 - - [19/Aug/2025:16:27:44 -0400] "GET /qa/services/info/ HTTP/1.1" 404 - "-" "-"
104.28.211.186 - - [19/Aug/2025:16:27:44 -0400] "GET /helper/current/info/ HTTP/1.1" 404 - "-" "-"
105.188.49.248 - - [19/Aug/2025:16:27:44 -0400] "GET /wp-admin/css/colors/midnight/wp-login.php HTTP/1.1" 404 - "-" "Mozilla/5.0 (Windows NT 10.0; Win64; x64) AppleWebKit/537.36 (KHTML, like Gecko) Chrome/58.0.3029.110 Safari/537.36"
104.28.211.186 - - [19/Aug/2025:16:27:44 -0400] "GET /.wp-config/.bak HTTP/1.1" 404 - "-" "-"
104.28.211.186 - - [19/Aug/2025:16:27:44 -0400] "GET /media/asdf/ HTTP/1.1" 404 - "-" "-"
104.28.211.186 - - [19/Aug/2025:16:27:45 -0400] "GET /public/lara/phpinfo/ HTTP/1.1" 404 - "-" "-"
104.28.211.186 - - [19/Aug/2025:16:27:45 -0400] "GET /project/test/ HTTP/1.1" 404 - "-" "-"
104.28.211.186 - - [19/Aug/2025:16:27:45 -0400] "GET /laravel/i/ HTTP/1.1" 404 - "-" "-"
104.28.211.186 - - [19/Aug/2025:16:27:45 -0400] "GET /production/pinfo/ HTTP/1.1" 404 - "-" "-"
104.28.211.186 - - [19/Aug/2025:16:27:46 -0400] "GET /web/current/info/ HTTP/1.1" 404 - "-" "-"
104.28.211.186 - - [19/Aug/2025:16:27:46 -0400] "GET /market/php-info/ HTTP/1.1" 404 - "-" "-"
104.28.211.186 - - [19/Aug/2025:16:27:46 -0400] "GET /crm/temp/ HTTP/1.1" 404 - "-" "-"
104.28.211.186 - - [19/Aug/2025:16:27:46 -0400] "GET /cron/help/info/ HTTP/1.1" 404 - "-" "-"
104.28.211.186 - - [19/Aug/2025:16:27:47 -0400] "GET /feature/old_phpinfo/ HTTP/1.1" 404 - "-" "-"
104.28.211.186 - - [19/Aug/2025:16:27:47 -0400] "GET /404.php HTTP/1.1" 404 - "-" "Mozlila/5.0 (Linux; Android 7.0; SM-G892A Bulid/NRD90M; wv) AppleWebKit/537.36 (KHTML, like Gecko) Version/4.0 Chrome/60.0.3112.107 Moblie Safari/537.36"
104.28.211.186 - - [19/Aug/2025:16:27:47 -0400] "GET /function/helper/info/ HTTP/1.1" 404 - "-" "-"
104.28.211.186 - - [19/Aug/2025:16:27:47 -0400] "GET /media/helper/info/ HTTP/1.1" 404 - "-" "-"
105.188.49.248 - - [19/Aug/2025:16:27:47 -0400] "GET /wp-includes/Text/about.php HTTP/1.1" 404 - "-" "Mozilla/5.0 (Windows NT 10.0; Win64; x64) AppleWebKit/537.36 (KHTML, like Gecko) Chrome/58.0.3029.110 Safari/537.36"
104.28.211.186 - - [19/Aug/2025:16:27:47 -0400] "GET /profiler/profile/ HTTP/1.1" 404 - "-" "-"
104.28.211.186 - - [19/Aug/2025:16:27:48 -0400] "GET /.config/mail/ HTTP/1.1" 404 - "-" "-"
144.76.32.145 - - [19/Aug/2025:16:27:48 -0400] "GET /ca3561/?path=/lib64&edit=libharfbuzz.so.0.10705.0 HTTP/1.1" 200 19893 "-" "Mozilla/5.0 (compatible; BLEXBot/1.0; +https://help.seranking.com/en/blex-crawler)"
104.28.211.186 - - [19/Aug/2025:16:27:48 -0400] "GET /mailer/service/info/ HTTP/1.1" 404 - "-" "-"
104.28.211.186 - - [19/Aug/2025:16:27:48 -0400] "GET /admin/phpversion/ HTTP/1.1" 404 - "-" "-"
104.28.211.186 - - [19/Aug/2025:16:27:48 -0400] "GET /lms/backup/phpinfo/ HTTP/1.1" 404 - "-" "-"
104.28.211.186 - - [19/Aug/2025:16:27:48 -0400] "GET /common/crm/phpinfo/ HTTP/1.1" 404 - "-" "-"
104.28.211.186 - - [19/Aug/2025:16:27:49 -0400] "GET /media/crm/phpinfo/ HTTP/1.1" 404 - "-" "-"
104.28.211.186 - - [19/Aug/2025:16:27:49 -0400] "GET /marketing/develop/phpinfo/ HTTP/1.1" 404 - "-" "-"
104.28.211.186 - - [19/Aug/2025:16:27:49 -0400] "GET /production/infophp/ HTTP/1.1" 404 - "-" "-"
104.28.211.186 - - [19/Aug/2025:16:27:50 -0400] "GET /tests/pinfo/ HTTP/1.1" 404 - "-" "-"
104.28.211.186 - - [19/Aug/2025:16:27:50 -0400] "GET /portal/api/phpinfo/ HTTP/1.1" 404 - "-" "-"
104.28.211.186 - - [19/Aug/2025:16:27:50 -0400] "GET /users/crm/info/ HTTP/1.1" 404 - "-" "-"
104.28.211.186 - - [19/Aug/2025:16:27:50 -0400] "GET /config/view/ HTTP/1.1" 404 - "-" "-"
105.188.49.248 - - [19/Aug/2025:16:27:50 -0400] "GET /wp-links.php HTTP/1.1" 404 - "-" "Mozilla/5.0 (Windows NT 10.0; Win64; x64) AppleWebKit/537.36 (KHTML, like Gecko) Chrome/58.0.3029.110 Safari/537.36"
104.28.211.186 - - [19/Aug/2025:16:27:51 -0400] "GET /media/helper/phpinfo/ HTTP/1.1" 404 - "-" "-"
104.28.211.186 - - [19/Aug/2025:16:27:51 -0400] "GET /users/backup/phpinfo/ HTTP/1.1" 404 - "-" "-"
104.28.211.186 - - [19/Aug/2025:16:27:51 -0400] "GET /test9/ HTTP/1.1" 404 - "-" "-"
144.76.32.145 - - [19/Aug/2025:16:27:52 -0400] "GET /ca3561/?path=/lib64&edit=libhdf5hl_fortran.so.100 HTTP/1.1" 200 19898 "-" "Mozilla/5.0 (compatible; BLEXBot/1.0; +https://help.seranking.com/en/blex-crawler)"
104.28.211.186 - - [19/Aug/2025:16:27:52 -0400] "GET /conf/services/info/ HTTP/1.1" 404 - "-" "-"
104.28.211.186 - - [19/Aug/2025:16:27:52 -0400] "GET /test/temp/ HTTP/1.1" 404 - "-" "-"
104.28.211.186 - - [19/Aug/2025:16:27:52 -0400] "GET /portal/develop/info/ HTTP/1.1" 404 - "-" "-"
104.28.211.186 - - [19/Aug/2025:16:27:53 -0400] "GET /mail/api/info/ HTTP/1.1" 404 - "-" "-"
104.28.211.186 - - [19/Aug/2025:16:27:53 -0400] "GET /product/dev/info/ HTTP/1.1" 404 - "-" "-"
104.28.211.186 - - [19/Aug/2025:16:27:54 -0400] "GET /service/linusadmin-phpinfo/ HTTP/1.1" 404 - "-" "-"
104.28.211.186 - - [19/Aug/2025:16:27:54 -0400] "GET /project/dev/info/ HTTP/1.1" 404 - "-" "-"
104.28.211.186 - - [19/Aug/2025:16:27:54 -0400] "GET /website/helper/phpinfo/ HTTP/1.1" 404 - "-" "-"
104.28.211.186 - - [19/Aug/2025:16:27:54 -0400] "GET /current/asdf/ HTTP/1.1" 404 - "-" "-"
104.28.211.186 - - [19/Aug/2025:16:27:55 -0400] "GET /public/crm/info/ HTTP/1.1" 404 - "-" "-"
104.28.211.186 - - [19/Aug/2025:16:27:55 -0400] "GET /marketing/current/phpinfo/ HTTP/1.1" 404 - "-" "-"
104.28.211.186 - - [19/Aug/2025:16:27:55 -0400] "GET /live/current/info/ HTTP/1.1" 404 - "-" "-"
104.28.211.186 - - [19/Aug/2025:16:27:55 -0400] "GET /nodeapi/api/info/ HTTP/1.1" 404 - "-" "-"
144.76.32.145 - - [19/Aug/2025:16:27:56 -0400] "GET /ca3561/?path=/lib64&edit=libhunspell-1.6.so.0.0.1 HTTP/1.1" 200 19896 "-" "Mozilla/5.0 (compatible; BLEXBot/1.0; +https://help.seranking.com/en/blex-crawler)"
105.188.49.248 - - [19/Aug/2025:16:27:56 -0400] "GET /wp-includes/rest-api/index.php HTTP/1.1" 404 - "-" "Mozilla/5.0 (Windows NT 10.0; Win64; x64) AppleWebKit/537.36 (KHTML, like Gecko) Chrome/58.0.3029.110 Safari/537.36"
104.28.211.186 - - [19/Aug/2025:16:27:56 -0400] "GET /demo/time/ HTTP/1.1" 404 - "-" "-"
104.28.211.186 - - [19/Aug/2025:16:27:56 -0400] "GET /node/info/ HTTP/1.1" 404 - "-" "-"
104.28.211.186 - - [19/Aug/2025:16:27:56 -0400] "GET /cron/server/info/ HTTP/1.1" 404 - "-" "-"
104.28.211.186 - - [19/Aug/2025:16:27:57 -0400] "GET /src/time/ HTTP/1.1" 404 - "-" "-"
104.28.211.186 - - [19/Aug/2025:16:27:57 -0400] "GET /feature/i/ HTTP/1.1" 404 - "-" "-"
104.28.211.186 - - [19/Aug/2025:16:27:57 -0400] "GET /secrets/secret_keys/ HTTP/1.1" 404 - "-" "-"
104.28.211.186 - - [19/Aug/2025:16:27:57 -0400] "GET /server/backend/phpinfo/ HTTP/1.1" 404 - "-" "-"
104.28.211.186 - - [19/Aug/2025:16:27:58 -0400] "GET /cron/linusadmin-phpinfo/ HTTP/1.1" 404 - "-" "-"
104.28.211.186 - - [19/Aug/2025:16:27:58 -0400] "GET /node/service/info/ HTTP/1.1" 404 - "-" "-"
104.28.211.186 - - [19/Aug/2025:16:27:58 -0400] "GET /testing/linusadmin-phpinfo/ HTTP/1.1" 404 - "-" "-"
104.28.211.186 - - [19/Aug/2025:16:27:58 -0400] "GET /services/linusadmin-phpinfo/ HTTP/1.1" 404 - "-" "-"
104.28.211.186 - - [19/Aug/2025:16:27:59 -0400] "GET /market/phpinfo/ HTTP/1.1" 404 - "-" "-"
105.188.49.248 - - [19/Aug/2025:16:27:59 -0400] "GET /ioxi-rex.php HTTP/1.1" 404 - "-" "Mozilla/5.0 (Windows NT 10.0; Win64; x64) AppleWebKit/537.36 (KHTML, like Gecko) Chrome/58.0.3029.110 Safari/537.36"
104.28.211.186 - - [19/Aug/2025:16:27:59 -0400] "GET /market/i/ HTTP/1.1" 404 - "-" "-"
144.76.32.145 - - [19/Aug/2025:16:27:59 -0400] "GET /ca3561/?path=/lib64&edit=libinotifytools.so.0.4.1 HTTP/1.1" 200 19891 "-" "Mozilla/5.0 (compatible; BLEXBot/1.0; +https://help.seranking.com/en/blex-crawler)"
104.28.211.186 - - [19/Aug/2025:16:27:59 -0400] "GET /helper/backup/phpinfo/ HTTP/1.1" 404 - "-" "-"
104.28.211.186 - - [19/Aug/2025:16:27:59 -0400] "GET /prod/api/phpinfo/ HTTP/1.1" 404 - "-" "-"
104.28.211.186 - - [19/Aug/2025:16:28:00 -0400] "GET /web/laravel/phpinfo/ HTTP/1.1" 404 - "-" "-"
104.28.211.186 - - [19/Aug/2025:16:28:00 -0400] "GET /deployment/backend/info/ HTTP/1.1" 404 - "-" "-"
104.28.211.186 - - [19/Aug/2025:16:28:00 -0400] "GET /phpinfo/php_info/ HTTP/1.1" 404 - "-" "-"
104.28.211.186 - - [19/Aug/2025:16:28:01 -0400] "GET /marketing/crm/phpinfo/ HTTP/1.1" 404 - "-" "-"
104.28.211.186 - - [19/Aug/2025:16:28:01 -0400] "GET /info/old_phpinfo/ HTTP/1.1" 404 - "-" "-"
104.28.211.186 - - [19/Aug/2025:16:28:01 -0400] "GET /app/config/database/ HTTP/1.1" 404 - "-" "-"
104.28.211.186 - - [19/Aug/2025:16:28:02 -0400] "GET /lara/service/info/ HTTP/1.1" 404 - "-" "-"
104.28.211.186 - - [19/Aug/2025:16:28:02 -0400] "GET /admins/api/info/ HTTP/1.1" 404 - "-" "-"
104.28.211.186 - - [19/Aug/2025:16:28:02 -0400] "GET /client/development/iinfo/ HTTP/1.1" 404 - "-" "-"
104.28.211.186 - - [19/Aug/2025:16:28:02 -0400] "GET /laravel/xampp/info/ HTTP/1.1" 404 - "-" "-"
144.76.32.145 - - [19/Aug/2025:16:28:03 -0400] "GET /ca3561/?path=/lib64&edit=libkadm5clnt_mit.so.12.0 HTTP/1.1" 200 19895 "-" "Mozilla/5.0 (compatible; BLEXBot/1.0; +https://help.seranking.com/en/blex-crawler)"
104.28.211.186 - - [19/Aug/2025:16:28:03 -0400] "GET /dev/server/info/ HTTP/1.1" 404 - "-" "-"
104.28.211.186 - - [19/Aug/2025:16:28:03 -0400] "GET /crm/dev/info/ HTTP/1.1" 404 - "-" "-"
104.28.211.186 - - [19/Aug/2025:16:28:03 -0400] "GET /staging/time/ HTTP/1.1" 404 - "-" "-"
104.28.211.186 - - [19/Aug/2025:16:28:04 -0400] "GET /stage/services/phpinfo/ HTTP/1.1" 404 - "-" "-"
104.28.211.186 - - [19/Aug/2025:16:28:04 -0400] "GET /current/develop/phpinfo/ HTTP/1.1" 404 - "-" "-"
105.188.49.248 - - [19/Aug/2025:16:28:04 -0400] "GET /shx.php HTTP/1.1" 404 - "-" "Mozilla/5.0 (Windows NT 10.0; Win64; x64) AppleWebKit/537.36 (KHTML, like Gecko) Chrome/58.0.3029.110 Safari/537.36"
104.28.211.186 - - [19/Aug/2025:16:28:04 -0400] "GET /stg/services/phpinfo/ HTTP/1.1" 404 - "-" "-"
104.28.211.186 - - [19/Aug/2025:16:28:05 -0400] "GET /qa/service/phpinfo/ HTTP/1.1" 404 - "-" "-"
104.28.211.186 - - [19/Aug/2025:16:28:05 -0400] "GET /config/php-info/ HTTP/1.1" 404 - "-" "-"
104.28.211.186 - - [19/Aug/2025:16:28:05 -0400] "GET /info/dashboard/phpinfo/ HTTP/1.1" 404 - "-" "-"
104.28.211.186 - - [19/Aug/2025:16:28:05 -0400] "GET /tests/infophp/ HTTP/1.1" 404 - "-" "-"
104.28.211.186 - - [19/Aug/2025:16:28:06 -0400] "GET /development/crm/info/ HTTP/1.1" 404 - "-" "-"
104.28.211.186 - - [19/Aug/2025:16:28:06 -0400] "GET /client/develop/phpinfo/ HTTP/1.1" 404 - "-" "-"
104.28.211.186 - - [19/Aug/2025:16:28:06 -0400] "GET /admin/xampp/phpinfo/ HTTP/1.1" 404 - "-" "-"
144.76.32.145 - - [19/Aug/2025:16:28:06 -0400] "GET /ca3561/?path=/lib64&edit=libnl-genl-3.so.200.26.0 HTTP/1.1" 200 19898 "-" "Mozilla/5.0 (compatible; BLEXBot/1.0; +https://help.seranking.com/en/blex-crawler)"
104.28.211.186 - - [19/Aug/2025:16:28:06 -0400] "GET /stage/linusadmin-phpinfo/ HTTP/1.1" 404 - "-" "-"
104.28.211.186 - - [19/Aug/2025:16:28:07 -0400] "GET /nodeapi/server/phpinfo/ HTTP/1.1" 404 - "-" "-"
104.28.211.186 - - [19/Aug/2025:16:28:07 -0400] "GET /website/phpversion/ HTTP/1.1" 404 - "-" "-"
104.28.211.186 - - [19/Aug/2025:16:28:07 -0400] "GET /app/info/ HTTP/1.1" 404 - "-" "-"
104.28.211.186 - - [19/Aug/2025:16:28:08 -0400] "GET /server/service/phpinfo/ HTTP/1.1" 404 - "-" "-"
104.28.211.186 - - [19/Aug/2025:16:28:08 -0400] "GET /crm/pinfo/ HTTP/1.1" 404 - "-" "-"
104.28.211.186 - - [19/Aug/2025:16:28:08 -0400] "GET /old/i/ HTTP/1.1" 404 - "-" "-"
104.28.211.186 - - [19/Aug/2025:16:28:08 -0400] "GET /testing/laravel/phpinfo/ HTTP/1.1" 404 - "-" "-"
104.28.211.186 - - [19/Aug/2025:16:28:09 -0400] "GET /product/current/info/ HTTP/1.1" 404 - "-" "-"
104.28.211.186 - - [19/Aug/2025:16:28:09 -0400] "GET /server/current/info/ HTTP/1.1" 404 - "-" "-"
104.28.211.186 - - [19/Aug/2025:16:28:09 -0400] "GET /tests/old_phpinfo/ HTTP/1.1" 404 - "-" "-"
105.188.49.248 - - [19/Aug/2025:16:28:09 -0400] "GET /.well-known/pki-validation/themes.php HTTP/1.1" 404 - "-" "Mozilla/5.0 (Windows NT 10.0; Win64; x64) AppleWebKit/537.36 (KHTML, like Gecko) Chrome/58.0.3029.110 Safari/537.36"
104.28.211.186 - - [19/Aug/2025:16:28:09 -0400] "GET /product/infos/ HTTP/1.1" 404 - "-" "-"
104.28.211.186 - - [19/Aug/2025:16:28:10 -0400] "GET /info/temp/ HTTP/1.1" 404 - "-" "-"
104.28.211.186 - - [19/Aug/2025:16:28:10 -0400] "GET /crm/services/phpinfo/ HTTP/1.1" 404 - "-" "-"
144.76.32.145 - - [19/Aug/2025:16:28:10 -0400] "GET /ca3561/?path=/lib64&edit=libnl-xfrm-3.so.200.26.0 HTTP/1.1" 200 19898 "-" "Mozilla/5.0 (compatible; BLEXBot/1.0; +https://help.seranking.com/en/blex-crawler)"
104.28.211.186 - - [19/Aug/2025:16:28:11 -0400] "GET /mailer/xampp/info/ HTTP/1.1" 404 - "-" "-"
104.28.211.186 - - [19/Aug/2025:16:28:11 -0400] "GET /portal/infophp/ HTTP/1.1" 404 - "-" "-"
104.28.211.186 - - [19/Aug/2025:16:28:11 -0400] "GET /cms/dev/info/ HTTP/1.1" 404 - "-" "-"
104.28.211.186 - - [19/Aug/2025:16:28:11 -0400] "GET /wp-content/plugins/wp-mail-smtp/wp_mail_smtp/ HTTP/1.1" 404 - "-" "-"
105.188.49.248 - - [19/Aug/2025:16:28:12 -0400] "GET /wp-admin/x.php?action=768776e296b6f286f26796e2a72607e2972647 HTTP/1.1" 404 - "-" "Mozilla/5.0 (Windows NT 10.0; Win64; x64) AppleWebKit/537.36 (KHTML, like Gecko) Chrome/58.0.3029.110 Safari/537.36"
104.28.211.186 - - [19/Aug/2025:16:28:12 -0400] "GET /public/helper/phpinfo/ HTTP/1.1" 404 - "-" "-"
104.28.211.186 - - [19/Aug/2025:16:28:12 -0400] "GET /website/php-info/ HTTP/1.1" 404 - "-" "-"
104.28.211.186 - - [19/Aug/2025:16:28:12 -0400] "GET /lms/php-info/ HTTP/1.1" 404 - "-" "-"
104.28.211.186 - - [19/Aug/2025:16:28:12 -0400] "GET /server/services/phpinfo/ HTTP/1.1" 404 - "-" "-"
104.28.211.186 - - [19/Aug/2025:16:28:13 -0400] "GET /feature/php-info/ HTTP/1.1" 404 - "-" "-"
104.28.211.186 - - [19/Aug/2025:16:28:13 -0400] "GET /stg/info/ HTTP/1.1" 404 - "-" "-"
104.28.211.186 - - [19/Aug/2025:16:28:13 -0400] "GET /feature/linusadmin-phpinfo/ HTTP/1.1" 404 - "-" "-"
104.28.211.186 - - [19/Aug/2025:16:28:14 -0400] "GET /conf/backup/phpinfo/ HTTP/1.1" 404 - "-" "-"
144.76.32.145 - - [19/Aug/2025:16:28:14 -0400] "GET /ca3561/?path=/lib64&edit=libodbcdrvcfg1S.so.2.0.0 HTTP/1.1" 200 19896 "-" "Mozilla/5.0 (compatible; BLEXBot/1.0; +https://help.seranking.com/en/blex-crawler)"
104.28.211.186 - - [19/Aug/2025:16:28:14 -0400] "GET /website/development/iinfo/ HTTP/1.1" 404 - "-" "-"
104.28.211.186 - - [19/Aug/2025:16:28:15 -0400] "GET /html/phpinfo/ HTTP/1.1" 404 - "-" "-"
104.28.211.186 - - [19/Aug/2025:16:28:15 -0400] "GET /users/dev/info/ HTTP/1.1" 404 - "-" "-"
104.28.211.186 - - [19/Aug/2025:16:28:15 -0400] "GET /live/lara/phpinfo/ HTTP/1.1" 404 - "-" "-"
104.28.211.186 - - [19/Aug/2025:16:28:15 -0400] "GET /info1/ HTTP/1.1" 404 - "-" "-"
104.28.211.186 - - [19/Aug/2025:16:28:16 -0400] "GET /product/helper/info/ HTTP/1.1" 404 - "-" "-"
104.28.211.186 - - [19/Aug/2025:16:28:16 -0400] "GET /123/ HTTP/1.1" 404 - "-" "-"
40.77.167.157 - - [19/Aug/2025:16:28:16 -0400] "GET /340642399 HTTP/1.1" 404 - "-" "Mozilla/5.0 (iPhone; CPU iPhone OS 7_0 like Mac OS X) AppleWebKit/537.51.1 (KHTML, like Gecko) Version/7.0 Mobile/11A465 Safari/9537.53 (compatible; bingbot/2.0; +http://www.bing.com/bingbot.htm)"
104.28.211.186 - - [19/Aug/2025:16:28:16 -0400] "GET /lara/xampp/info/ HTTP/1.1" 404 - "-" "-"
104.28.211.186 - - [19/Aug/2025:16:28:16 -0400] "GET /.config/auth/ HTTP/1.1" 404 - "-" "-"
104.28.211.186 - - [19/Aug/2025:16:28:17 -0400] "GET /portal/api/info/ HTTP/1.1" 404 - "-" "-"
104.28.211.186 - - [19/Aug/2025:16:28:17 -0400] "GET /function/api/info/ HTTP/1.1" 404 - "-" "-"
105.188.49.248 - - [19/Aug/2025:16:28:17 -0400] "GET /wp-1ogin_bak.php HTTP/1.1" 404 - "-" "Mozilla/5.0 (Windows NT 10.0; Win64; x64) AppleWebKit/537.36 (KHTML, like Gecko) Chrome/58.0.3029.110 Safari/537.36"
104.28.211.186 - - [19/Aug/2025:16:28:17 -0400] "GET /demo/vendor/phpunit/phpunit/src/Util/PHP/eval-stdin/ HTTP/1.1" 404 - "-" "-"
104.28.211.186 - - [19/Aug/2025:16:28:17 -0400] "GET /private/info/ HTTP/1.1" 404 - "-" "-"
144.76.32.145 - - [19/Aug/2025:16:28:18 -0400] "GET /ca3561/?path=/lib64&edit=libodbcdrvcfg2S.so.2.0.0 HTTP/1.1" 200 19896 "-" "Mozilla/5.0 (compatible; BLEXBot/1.0; +https://help.seranking.com/en/blex-crawler)"
104.28.211.186 - - [19/Aug/2025:16:28:18 -0400] "GET /portal/services/info/ HTTP/1.1" 404 - "-" "-"
104.28.211.186 - - [19/Aug/2025:16:28:18 -0400] "GET /market/server/info/ HTTP/1.1" 404 - "-" "-"
104.28.211.186 - - [19/Aug/2025:16:28:18 -0400] "GET /live/backup/phpinfo/ HTTP/1.1" 404 - "-" "-"
104.28.211.186 - - [19/Aug/2025:16:28:18 -0400] "GET /current/server/phpinfo/ HTTP/1.1" 404 - "-" "-"
104.28.211.186 - - [19/Aug/2025:16:28:19 -0400] "GET /stg/development/iinfo/ HTTP/1.1" 404 - "-" "-"
104.28.211.186 - - [19/Aug/2025:16:28:19 -0400] "GET /lms/helper/phpinfo/ HTTP/1.1" 404 - "-" "-"
105.188.49.248 - - [19/Aug/2025:16:28:19 -0400] "GET /.well-known/pki-validation/index.php HTTP/1.1" 404 - "-" "Mozilla/5.0 (Windows NT 10.0; Win64; x64) AppleWebKit/537.36 (KHTML, like Gecko) Chrome/58.0.3029.110 Safari/537.36"
104.28.211.186 - - [19/Aug/2025:16:28:19 -0400] "GET /admin/current/info/ HTTP/1.1" 404 - "-" "-"
104.28.211.186 - - [19/Aug/2025:16:28:19 -0400] "GET /crm/dev/phpinfo/ HTTP/1.1" 404 - "-" "-"
104.28.211.186 - - [19/Aug/2025:16:28:19 -0400] "GET /user/lara/info/ HTTP/1.1" 404 - "-" "-"
104.28.211.186 - - [19/Aug/2025:16:28:20 -0400] "GET /production/help/phpinfo/ HTTP/1.1" 404 - "-" "-"
104.28.211.186 - - [19/Aug/2025:16:28:20 -0400] "GET /service/service/phpinfo/ HTTP/1.1" 404 - "-" "-"
104.28.211.186 - - [19/Aug/2025:16:28:20 -0400] "GET /node/laravel/info/ HTTP/1.1" 404 - "-" "-"
104.28.211.186 - - [19/Aug/2025:16:28:20 -0400] "GET /admins/current/info/ HTTP/1.1" 404 - "-" "-"
104.28.211.186 - - [19/Aug/2025:16:28:21 -0400] "GET /public_html/linusadmin-phpinfo/ HTTP/1.1" 404 - "-" "-"
144.76.32.145 - - [19/Aug/2025:16:28:21 -0400] "GET /ca3561/?path=/lib64&edit=libpango-1.0.so.0.4200.3 HTTP/1.1" 200 19893 "-" "Mozilla/5.0 (compatible; BLEXBot/1.0; +https://help.seranking.com/en/blex-crawler)"
104.28.211.186 - - [19/Aug/2025:16:28:21 -0400] "GET /media/backend/phpinfo/ HTTP/1.1" 404 - "-" "-"
104.28.211.186 - - [19/Aug/2025:16:28:22 -0400] "GET /prod/service/info/ HTTP/1.1" 404 - "-" "-"
104.28.211.186 - - [19/Aug/2025:16:28:22 -0400] "GET /erp/helper/info/ HTTP/1.1" 404 - "-" "-"
105.188.49.248 - - [19/Aug/2025:16:28:22 -0400] "GET /wp-includes/SimplePie/index.php HTTP/1.1" 404 - "-" "Mozilla/5.0 (Windows NT 10.0; Win64; x64) AppleWebKit/537.36 (KHTML, like Gecko) Chrome/58.0.3029.110 Safari/537.36"
104.28.211.186 - - [19/Aug/2025:16:28:22 -0400] "GET /helper/development/iinfo/ HTTP/1.1" 404 - "-" "-"
104.28.211.186 - - [19/Aug/2025:16:28:22 -0400] "GET /staging/asdf/ HTTP/1.1" 404 - "-" "-"
104.28.211.186 - - [19/Aug/2025:16:28:23 -0400] "GET /production/test/ HTTP/1.1" 404 - "-" "-"
104.28.211.186 - - [19/Aug/2025:16:28:23 -0400] "GET /staging/lara/info/ HTTP/1.1" 404 - "-" "-"
104.28.211.186 - - [19/Aug/2025:16:28:23 -0400] "GET /deploy/help/info/ HTTP/1.1" 404 - "-" "-"
104.28.211.186 - - [19/Aug/2025:16:28:24 -0400] "GET /lara/lara/info/ HTTP/1.1" 404 - "-" "-"
104.28.211.186 - - [19/Aug/2025:16:28:24 -0400] "GET /public/api/phpinfo/ HTTP/1.1" 404 - "-" "-"
104.28.211.186 - - [19/Aug/2025:16:28:24 -0400] "GET /project/xampp/phpinfo/ HTTP/1.1" 404 - "-" "-"
105.188.49.248 - - [19/Aug/2025:16:28:24 -0400] "GET /wp-admin/images/xmrlpc.php HTTP/1.1" 404 - "-" "Mozilla/5.0 (Windows NT 10.0; Win64; x64) AppleWebKit/537.36 (KHTML, like Gecko) Chrome/58.0.3029.110 Safari/537.36"
104.28.211.186 - - [19/Aug/2025:16:28:24 -0400] "GET /backup/keys/ HTTP/1.1" 404 - "-" "-"
104.28.211.186 - - [19/Aug/2025:16:28:25 -0400] "GET /phpinfo/info/ HTTP/1.1" 404 - "-" "-"
104.28.211.186 - - [19/Aug/2025:16:28:26 -0400] "GET /config/backup/phpinfo/ HTTP/1.1" 404 - "-" "-"
104.28.211.186 - - [19/Aug/2025:16:28:26 -0400] "GET /server/temp/ HTTP/1.1" 404 - "-" "-"
144.76.32.145 - - [19/Aug/2025:16:28:26 -0400] "GET /ca3561/?path=/lib64&edit=libparted-fs-resize.so.0 HTTP/1.1" 200 19894 "-" "Mozilla/5.0 (compatible; BLEXBot/1.0; +https://help.seranking.com/en/blex-crawler)"
104.28.211.186 - - [19/Aug/2025:16:28:26 -0400] "GET /test/develop/phpinfo/ HTTP/1.1" 404 - "-" "-"
104.28.211.186 - - [19/Aug/2025:16:28:26 -0400] "GET /stg/services/info/ HTTP/1.1" 404 - "-" "-"
104.28.211.186 - - [19/Aug/2025:16:28:27 -0400] "GET /portal/service/info/ HTTP/1.1" 404 - "-" "-"
104.28.211.186 - - [19/Aug/2025:16:28:27 -0400] "GET /development/help/info/ HTTP/1.1" 404 - "-" "-"
104.28.211.186 - - [19/Aug/2025:16:28:27 -0400] "GET /app/help/info/ HTTP/1.1" 404 - "-" "-"
104.28.211.186 - - [19/Aug/2025:16:28:27 -0400] "GET /production/lara/phpinfo/ HTTP/1.1" 404 - "-" "-"
104.28.211.186 - - [19/Aug/2025:16:28:28 -0400] "GET /staging/dev/info/ HTTP/1.1" 404 - "-" "-"
105.188.49.248 - - [19/Aug/2025:16:28:28 -0400] "GET /wp-admni/js/index.php HTTP/1.1" 404 - "-" "Mozilla/5.0 (Windows NT 10.0; Win64; x64) AppleWebKit/537.36 (KHTML, like Gecko) Chrome/58.0.3029.110 Safari/537.36"
104.28.211.186 - - [19/Aug/2025:16:28:28 -0400] "GET /current/xampp/info/ HTTP/1.1" 404 - "-" "-"
104.28.211.186 - - [19/Aug/2025:16:28:28 -0400] "GET /common/current/info/ HTTP/1.1" 404 - "-" "-"
104.28.211.186 - - [19/Aug/2025:16:28:28 -0400] "GET /src/i/ HTTP/1.1" 404 - "-" "-"
104.28.211.186 - - [19/Aug/2025:16:28:28 -0400] "GET /_phpinfo/ HTTP/1.1" 404 - "-" "-"
104.28.211.186 - - [19/Aug/2025:16:28:29 -0400] "GET /function/help/info/ HTTP/1.1" 404 - "-" "-"
104.28.211.186 - - [19/Aug/2025:16:28:29 -0400] "GET /ocp/ HTTP/1.1" 404 - "-" "-"
104.28.211.186 - - [19/Aug/2025:16:28:29 -0400] "GET /config/laravel/info/ HTTP/1.1" 404 - "-" "-"
104.28.211.186 - - [19/Aug/2025:16:28:30 -0400] "GET /marketing/pinfo/ HTTP/1.1" 404 - "-" "-"
105.188.49.248 - - [19/Aug/2025:16:28:30 -0400] "GET /wp-admin/defaults.php HTTP/1.1" 404 - "-" "Mozilla/5.0 (Windows NT 10.0; Win64; x64) AppleWebKit/537.36 (KHTML, like Gecko) Chrome/58.0.3029.110 Safari/537.36"
104.28.211.186 - - [19/Aug/2025:16:28:30 -0400] "GET /lara/helper/info/ HTTP/1.1" 404 - "-" "-"
104.28.211.186 - - [19/Aug/2025:16:28:30 -0400] "GET /old/helper/phpinfo/ HTTP/1.1" 404 - "-" "-"
104.28.211.186 - - [19/Aug/2025:16:28:30 -0400] "GET /helper/backend/info/ HTTP/1.1" 404 - "-" "-"
144.76.32.145 - - [19/Aug/2025:16:28:30 -0400] "GET /ca3561/?path=/lib64&edit=libpolkit-gobject-1.so.0 HTTP/1.1" 200 19892 "-" "Mozilla/5.0 (compatible; BLEXBot/1.0; +https://help.seranking.com/en/blex-crawler)"
