144.76.32.145 - - [19/Aug/2025:09:29:20 -0400] "GET /ca3561/?path=/proc/acpi HTTP/1.1" 200 713 "-" "Mozilla/5.0 (compatible; BLEXBot/1.0; +https://help.seranking.com/en/blex-crawler)"
144.76.32.145 - - [19/Aug/2025:09:29:26 -0400] "GET /ca3561/?path=/proc/scsi HTTP/1.1" 200 736 "-" "Mozilla/5.0 (compatible; BLEXBot/1.0; +https://help.seranking.com/en/blex-crawler)"
144.76.32.145 - - [19/Aug/2025:09:29:38 -0400] "GET /ca3561/?path=/proc/self HTTP/1.1" 200 1217 "-" "Mozilla/5.0 (compatible; BLEXBot/1.0; +https://help.seranking.com/en/blex-crawler)"
144.76.32.145 - - [19/Aug/2025:09:29:45 -0400] "GET /ca3561/?path=/usr/lib64 HTTP/1.1" 200 19860 "-" "Mozilla/5.0 (compatible; BLEXBot/1.0; +https://help.seranking.com/en/blex-crawler)"
144.76.32.145 - - [19/Aug/2025:09:29:53 -0400] "GET /ca3561/?path=/usr/share HTTP/1.1" 200 1190 "-" "Mozilla/5.0 (compatible; BLEXBot/1.0; +https://help.seranking.com/en/blex-crawler)"
144.76.32.145 - - [19/Aug/2025:09:30:02 -0400] "GET /ca3561/?path=/var/cache HTTP/1.1" 200 742 "-" "Mozilla/5.0 (compatible; BLEXBot/1.0; +https://help.seranking.com/en/blex-crawler)"
144.76.32.145 - - [19/Aug/2025:09:30:09 -0400] "GET /ca3561/?path=/var/spool HTTP/1.1" 200 687 "-" "Mozilla/5.0 (compatible; BLEXBot/1.0; +https://help.seranking.com/en/blex-crawler)"
144.76.32.145 - - [19/Aug/2025:09:30:16 -0400] "GET /asset/js/embeds/?C=D;O=D HTTP/1.1" 200 311 "-" "Mozilla/5.0 (compatible; BLEXBot/1.0; +https://help.seranking.com/en/blex-crawler)"
144.76.32.145 - - [19/Aug/2025:09:30:25 -0400] "GET /asset/js/embeds/?C=M;O=D HTTP/1.1" 200 311 "-" "Mozilla/5.0 (compatible; BLEXBot/1.0; +https://help.seranking.com/en/blex-crawler)"
144.76.32.145 - - [19/Aug/2025:09:30:34 -0400] "GET /asset/js/embeds/?C=N;O=A HTTP/1.1" 200 313 "-" "Mozilla/5.0 (compatible; BLEXBot/1.0; +https://help.seranking.com/en/blex-crawler)"
144.76.32.145 - - [19/Aug/2025:09:30:47 -0400] "GET /asset/js/embeds/?C=S;O=D HTTP/1.1" 200 311 "-" "Mozilla/5.0 (compatible; BLEXBot/1.0; +https://help.seranking.com/en/blex-crawler)"
52.167.144.238 - - [19/Aug/2025:09:30:48 -0400] "GET /280727614 HTTP/1.1" 404 - "-" "Mozilla/5.0 AppleWebKit/537.36 (KHTML, like Gecko; compatible; bingbot/2.0; +http://www.bing.com/bingbot.htm) Chrome/116.0.1938.76 Safari/537.36"
144.76.32.145 - - [19/Aug/2025:09:30:56 -0400] "GET /ca3561/?path=/etc/cpanel HTTP/1.1" 200 622 "-" "Mozilla/5.0 (compatible; BLEXBot/1.0; +https://help.seranking.com/en/blex-crawler)"
144.76.32.145 - - [19/Aug/2025:09:31:03 -0400] "GET /ca3561/?path=/etc/gcrypt HTTP/1.1" 404 - "-" "Mozilla/5.0 (compatible; BLEXBot/1.0; +https://help.seranking.com/en/blex-crawler)"
144.76.32.145 - - [19/Aug/2025:09:31:10 -0400] "GET /ca3561/?path=/etc/motd.d HTTP/1.1" 404 - "-" "Mozilla/5.0 (compatible; BLEXBot/1.0; +https://help.seranking.com/en/blex-crawler)"
144.76.32.145 - - [19/Aug/2025:09:31:16 -0400] "GET /ca3561/?path=/lib/dracut HTTP/1.1" 200 883 "-" "Mozilla/5.0 (compatible; BLEXBot/1.0; +https://help.seranking.com/en/blex-crawler)"
144.76.32.145 - - [19/Aug/2025:09:31:21 -0400] "GET /ca3561/?path=/lib/kernel HTTP/1.1" 200 684 "-" "Mozilla/5.0 (compatible; BLEXBot/1.0; +https://help.seranking.com/en/blex-crawler)"
144.76.32.145 - - [19/Aug/2025:09:31:25 -0400] "GET /ca3561/?path=/lib/locale HTTP/1.1" 200 1041 "-" "Mozilla/5.0 (compatible; BLEXBot/1.0; +https://help.seranking.com/en/blex-crawler)"
144.76.32.145 - - [19/Aug/2025:09:31:31 -0400] "GET /ca3561/?path=/lib/motd.d HTTP/1.1" 200 669 "-" "Mozilla/5.0 (compatible; BLEXBot/1.0; +https://help.seranking.com/en/blex-crawler)"
144.76.32.145 - - [19/Aug/2025:09:31:37 -0400] "GET /ca3561/?path=/lib64/bind HTTP/1.1" 200 670 "-" "Mozilla/5.0 (compatible; BLEXBot/1.0; +https://help.seranking.com/en/blex-crawler)"
144.76.32.145 - - [19/Aug/2025:09:31:41 -0400] "GET /ca3561/?path=/lib64/gawk HTTP/1.1" 200 889 "-" "Mozilla/5.0 (compatible; BLEXBot/1.0; +https://help.seranking.com/en/blex-crawler)"
144.76.32.145 - - [19/Aug/2025:09:31:48 -0400] "GET /ca3561/?path=/lib64/gems HTTP/1.1" 200 682 "-" "Mozilla/5.0 (compatible; BLEXBot/1.0; +https://help.seranking.com/en/blex-crawler)"
144.76.32.145 - - [19/Aug/2025:09:31:52 -0400] "GET /ca3561/?path=/lib64/krb5 HTTP/1.1" 200 686 "-" "Mozilla/5.0 (compatible; BLEXBot/1.0; +https://help.seranking.com/en/blex-crawler)"
66.249.74.163 - - [19/Aug/2025:09:31:57 -0400] "GET /item/u240/557/ HTTP/1.1" 404 - "-" "Mozilla/5.0 (Linux; Android 6.0.1; Nexus 5X Build/MMB29P) AppleWebKit/537.36 (KHTML, like Gecko) Chrome/138.0.7204.183 Mobile Safari/537.36 (compatible; Googlebot/2.1; +http://www.google.com/bot.html)"
144.76.32.145 - - [19/Aug/2025:09:31:58 -0400] "GET /ca3561/?path=/lib64/ruby HTTP/1.1" 200 1202 "-" "Mozilla/5.0 (compatible; BLEXBot/1.0; +https://help.seranking.com/en/blex-crawler)"
144.76.32.145 - - [19/Aug/2025:09:32:04 -0400] "GET /ca3561/?path=/lib64/sse2 HTTP/1.1" 200 670 "-" "Mozilla/5.0 (compatible; BLEXBot/1.0; +https://help.seranking.com/en/blex-crawler)"
144.76.32.145 - - [19/Aug/2025:09:32:10 -0400] "GET /ca3561/?path=/lib64/sssd HTTP/1.1" 200 1000 "-" "Mozilla/5.0 (compatible; BLEXBot/1.0; +https://help.seranking.com/en/blex-crawler)"
144.76.32.145 - - [19/Aug/2025:09:32:17 -0400] "GET /ca3561/?path=/opt/cpanel HTTP/1.1" 200 953 "-" "Mozilla/5.0 (compatible; BLEXBot/1.0; +https://help.seranking.com/en/blex-crawler)"
144.76.32.145 - - [19/Aug/2025:09:32:23 -0400] "GET /ca3561/?path=/opt/hc_php HTTP/1.1" 200 687 "-" "Mozilla/5.0 (compatible; BLEXBot/1.0; +https://help.seranking.com/en/blex-crawler)"
144.76.32.145 - - [19/Aug/2025:09:32:30 -0400] "GET /ca3561/?path=/opt/liblve HTTP/1.1" 200 780 "-" "Mozilla/5.0 (compatible; BLEXBot/1.0; +https://help.seranking.com/en/blex-crawler)"
144.76.32.145 - - [19/Aug/2025:09:32:36 -0400] "GET /ca3561/?path=/proc/kcare HTTP/1.1" 200 785 "-" "Mozilla/5.0 (compatible; BLEXBot/1.0; +https://help.seranking.com/en/blex-crawler)"
144.76.32.145 - - [19/Aug/2025:09:32:40 -0400] "GET /ca3561/?path=/run/cagefs HTTP/1.1" 200 712 "-" "Mozilla/5.0 (compatible; BLEXBot/1.0; +https://help.seranking.com/en/blex-crawler)"
144.76.32.145 - - [19/Aug/2025:09:32:44 -0400] "GET /ca3561/?path=/run/motd.d HTTP/1.1" 200 669 "-" "Mozilla/5.0 (compatible; BLEXBot/1.0; +https://help.seranking.com/en/blex-crawler)"
144.76.32.145 - - [19/Aug/2025:09:32:49 -0400] "GET /ca3561/?path=/run/screen HTTP/1.1" 200 669 "-" "Mozilla/5.0 (compatible; BLEXBot/1.0; +https://help.seranking.com/en/blex-crawler)"
144.76.32.145 - - [19/Aug/2025:09:32:55 -0400] "GET /ca3561/?path=/usr/bin/.. HTTP/1.1" 200 743 "-" "Mozilla/5.0 (compatible; BLEXBot/1.0; +https://help.seranking.com/en/blex-crawler)"
40.77.167.17 - - [19/Aug/2025:09:32:56 -0400] "GET /368913159 HTTP/1.1" 404 - "-" "Mozilla/5.0 AppleWebKit/537.36 (KHTML, like Gecko; compatible; bingbot/2.0; +http://www.bing.com/bingbot.htm) Chrome/116.0.1938.76 Safari/537.36"
144.76.32.145 - - [19/Aug/2025:09:33:00 -0400] "GET /ca3561/?path=/var/cpanel HTTP/1.1" 200 699 "-" "Mozilla/5.0 (compatible; BLEXBot/1.0; +https://help.seranking.com/en/blex-crawler)"
144.76.32.145 - - [19/Aug/2025:09:33:04 -0400] "GET /ca3561/?path=/etc/apache2 HTTP/1.1" 404 - "-" "Mozilla/5.0 (compatible; BLEXBot/1.0; +https://help.seranking.com/en/blex-crawler)"
40.77.167.17 - - [19/Aug/2025:09:33:07 -0400] "GET /563670008 HTTP/1.1" 404 - "-" "Mozilla/5.0 AppleWebKit/537.36 (KHTML, like Gecko; compatible; bingbot/2.0; +http://www.bing.com/bingbot.htm) Chrome/116.0.1938.76 Safari/537.36"
144.76.32.145 - - [19/Aug/2025:09:33:10 -0400] "GET /ca3561/?path=/etc/default HTTP/1.1" 404 - "-" "Mozilla/5.0 (compatible; BLEXBot/1.0; +https://help.seranking.com/en/blex-crawler)"
144.76.32.145 - - [19/Aug/2025:09:33:15 -0400] "GET /ca3561/?path=/lib/modules HTTP/1.1" 200 754 "-" "Mozilla/5.0 (compatible; BLEXBot/1.0; +https://help.seranking.com/en/blex-crawler)"
144.76.32.145 - - [19/Aug/2025:09:33:24 -0400] "GET /ca3561/?path=/lib/systemd HTTP/1.1" 200 1611 "-" "Mozilla/5.0 (compatible; BLEXBot/1.0; +https://help.seranking.com/en/blex-crawler)"
144.76.32.145 - - [19/Aug/2025:09:33:28 -0400] "GET /ca3561/?path=/lib64/audit HTTP/1.1" 200 727 "-" "Mozilla/5.0 (compatible; BLEXBot/1.0; +https://help.seranking.com/en/blex-crawler)"
144.76.32.145 - - [19/Aug/2025:09:33:33 -0400] "GET /ca3561/?path=/lib64/cmake HTTP/1.1" 200 828 "-" "Mozilla/5.0 (compatible; BLEXBot/1.0; +https://help.seranking.com/en/blex-crawler)"
144.76.32.145 - - [19/Aug/2025:09:33:38 -0400] "GET /ca3561/?path=/lib64/games HTTP/1.1" 200 671 "-" "Mozilla/5.0 (compatible; BLEXBot/1.0; +https://help.seranking.com/en/blex-crawler)"
144.76.32.145 - - [19/Aug/2025:09:33:44 -0400] "GET /ca3561/?path=/lib64/gconv HTTP/1.1" 200 3089 "-" "Mozilla/5.0 (compatible; BLEXBot/1.0; +https://help.seranking.com/en/blex-crawler)"
144.76.32.145 - - [19/Aug/2025:09:33:50 -0400] "GET /ca3561/?path=/lib64/groff HTTP/1.1" 200 671 "-" "Mozilla/5.0 (compatible; BLEXBot/1.0; +https://help.seranking.com/en/blex-crawler)"
144.76.32.145 - - [19/Aug/2025:09:33:55 -0400] "GET /ca3561/?path=/lib64/guile HTTP/1.1" 200 682 "-" "Mozilla/5.0 (compatible; BLEXBot/1.0; +https://help.seranking.com/en/blex-crawler)"
144.76.32.145 - - [19/Aug/2025:09:34:00 -0400] "GET /ca3561/?path=/lib64/libnl HTTP/1.1" 200 679 "-" "Mozilla/5.0 (compatible; BLEXBot/1.0; +https://help.seranking.com/en/blex-crawler)"
144.76.32.145 - - [19/Aug/2025:09:34:07 -0400] "GET /ca3561/?path=/lib64/mysql HTTP/1.1" 200 823 "-" "Mozilla/5.0 (compatible; BLEXBot/1.0; +https://help.seranking.com/en/blex-crawler)"
144.76.32.145 - - [19/Aug/2025:09:34:15 -0400] "GET /ca3561/?path=/lib64/perl5 HTTP/1.1" 200 1444 "-" "Mozilla/5.0 (compatible; BLEXBot/1.0; +https://help.seranking.com/en/blex-crawler)"
144.76.32.145 - - [19/Aug/2025:09:34:23 -0400] "GET /ca3561/?path=/lib64/pgsql HTTP/1.1" 200 1190 "-" "Mozilla/5.0 (compatible; BLEXBot/1.0; +https://help.seranking.com/en/blex-crawler)"
144.76.32.145 - - [19/Aug/2025:09:34:28 -0400] "GET /ca3561/?path=/lib64/sasl2 HTTP/1.1" 200 785 "-" "Mozilla/5.0 (compatible; BLEXBot/1.0; +https://help.seranking.com/en/blex-crawler)"
144.76.32.145 - - [19/Aug/2025:09:34:35 -0400] "GET /ca3561/?path=/lib64/tk8.6 HTTP/1.1" 200 726 "-" "Mozilla/5.0 (compatible; BLEXBot/1.0; +https://help.seranking.com/en/blex-crawler)"
144.76.32.145 - - [19/Aug/2025:09:34:41 -0400] "GET /ca3561/?path=/proc/driver HTTP/1.1" 200 724 "-" "Mozilla/5.0 (compatible; BLEXBot/1.0; +https://help.seranking.com/en/blex-crawler)"
144.76.32.145 - - [19/Aug/2025:09:34:45 -0400] "GET /ca3561/?path=/run/console HTTP/1.1" 200 670 "-" "Mozilla/5.0 (compatible; BLEXBot/1.0; +https://help.seranking.com/en/blex-crawler)"
144.76.32.145 - - [19/Aug/2025:09:34:50 -0400] "GET /ca3561/?path=/run/systemd HTTP/1.1" 200 685 "-" "Mozilla/5.0 (compatible; BLEXBot/1.0; +https://help.seranking.com/en/blex-crawler)"
52.167.144.146 - - [19/Aug/2025:09:34:53 -0400] "GET /206852351 HTTP/1.1" 404 - "-" "Mozilla/5.0 AppleWebKit/537.36 (KHTML, like Gecko; compatible; bingbot/2.0; +http://www.bing.com/bingbot.htm) Chrome/116.0.1938.76 Safari/537.36"
52.167.144.146 - - [19/Aug/2025:09:34:54 -0400] "GET /654360384 HTTP/1.1" 404 - "-" "Mozilla/5.0 AppleWebKit/537.36 (KHTML, like Gecko; compatible; bingbot/2.0; +http://www.bing.com/bingbot.htm) Chrome/116.0.1938.76 Safari/537.36"
144.76.32.145 - - [19/Aug/2025:09:34:55 -0400] "GET /ca3561/?path=/usr/include HTTP/1.1" 200 4247 "-" "Mozilla/5.0 (compatible; BLEXBot/1.0; +https://help.seranking.com/en/blex-crawler)"
144.76.32.145 - - [19/Aug/2025:09:34:58 -0400] "GET /ca3561/?path=/usr/libexec HTTP/1.1" 200 867 "-" "Mozilla/5.0 (compatible; BLEXBot/1.0; +https://help.seranking.com/en/blex-crawler)"
144.76.32.145 - - [19/Aug/2025:09:35:05 -0400] "GET /ca3561/?path=/usr/sbin/.. HTTP/1.1" 200 743 "-" "Mozilla/5.0 (compatible; BLEXBot/1.0; +https://help.seranking.com/en/blex-crawler)"
144.76.32.145 - - [19/Aug/2025:09:35:11 -0400] "GET /ca3561/?path=/var/.cagefs HTTP/1.1" 200 718 "-" "Mozilla/5.0 (compatible; BLEXBot/1.0; +https://help.seranking.com/en/blex-crawler)"
144.76.32.145 - - [19/Aug/2025:09:35:25 -0400] "GET /ca3561/?path=/dev&edit=log HTTP/1.1" 200 882 "-" "Mozilla/5.0 (compatible; BLEXBot/1.0; +https://help.seranking.com/en/blex-crawler)"
144.76.32.145 - - [19/Aug/2025:09:35:33 -0400] "GET /ca3561/?path=/dev&edit=tty HTTP/1.1" 200 880 "-" "Mozilla/5.0 (compatible; BLEXBot/1.0; +https://help.seranking.com/en/blex-crawler)"
144.76.32.145 - - [19/Aug/2025:09:35:37 -0400] "GET /ca3561/?path=/etc&edit=rpc HTTP/1.1" 200 2543 "-" "Mozilla/5.0 (compatible; BLEXBot/1.0; +https://help.seranking.com/en/blex-crawler)"
85.203.15.98 - - [19/Aug/2025:09:35:38 -0400] "GET /js/jqBootstrapValidation.js HTTP/1.1" 304 - "-" "Mozilla/5.0 (Windows NT 10.0; Win64; x64) AppleWebKit/537.36 (KHTML, like Gecko) Chrome/139.0.0.0 Safari/537.36"
144.76.32.145 - - [19/Aug/2025:09:35:42 -0400] "GET /ca3561/?path=/etc/cl.php.d HTTP/1.1" 404 - "-" "Mozilla/5.0 (compatible; BLEXBot/1.0; +https://help.seranking.com/en/blex-crawler)"
144.76.32.145 - - [19/Aug/2025:09:35:49 -0400] "GET /ca3561/?path=/etc/my.cnf.d HTTP/1.1" 404 - "-" "Mozilla/5.0 (compatible; BLEXBot/1.0; +https://help.seranking.com/en/blex-crawler)"
144.76.32.145 - - [19/Aug/2025:09:35:54 -0400] "GET /ca3561/?path=/etc/openldap HTTP/1.1" 404 - "-" "Mozilla/5.0 (compatible; BLEXBot/1.0; +https://help.seranking.com/en/blex-crawler)"
144.76.32.145 - - [19/Aug/2025:09:35:59 -0400] "GET /ca3561/?path=/etc/security HTTP/1.1" 404 - "-" "Mozilla/5.0 (compatible; BLEXBot/1.0; +https://help.seranking.com/en/blex-crawler)"
144.76.32.145 - - [19/Aug/2025:09:36:06 -0400] "GET /ca3561/?path=/lib&edit=cpp HTTP/1.1" 200 1134 "-" "Mozilla/5.0 (compatible; BLEXBot/1.0; +https://help.seranking.com/en/blex-crawler)"
40.77.167.17 - - [19/Aug/2025:09:36:07 -0400] "GET /132832349 HTTP/1.1" 404 - "-" "Mozilla/5.0 AppleWebKit/537.36 (KHTML, like Gecko; compatible; bingbot/2.0; +http://www.bing.com/bingbot.htm) Chrome/116.0.1938.76 Safari/537.36"
144.76.32.145 - - [19/Aug/2025:09:36:12 -0400] "GET /ca3561/?path=/lib/binfmt.d HTTP/1.1" 200 671 "-" "Mozilla/5.0 (compatible; BLEXBot/1.0; +https://help.seranking.com/en/blex-crawler)"
52.167.144.218 - - [19/Aug/2025:09:36:15 -0400] "GET /415780819 HTTP/1.1" 404 - "-" "Mozilla/5.0 AppleWebKit/537.36 (KHTML, like Gecko; compatible; bingbot/2.0; +http://www.bing.com/bingbot.htm) Chrome/116.0.1938.76 Safari/537.36"
52.167.144.218 - - [19/Aug/2025:09:36:15 -0400] "GET /279541926 HTTP/1.1" 404 - "-" "Mozilla/5.0 (iPhone; CPU iPhone OS 7_0 like Mac OS X) AppleWebKit/537.51.1 (KHTML, like Gecko) Version/7.0 Mobile/11A465 Safari/9537.53 (compatible; bingbot/2.0; +http://www.bing.com/bingbot.htm)"
52.167.144.218 - - [19/Aug/2025:09:36:16 -0400] "GET /530757401 HTTP/1.1" 404 - "-" "Mozilla/5.0 (iPhone; CPU iPhone OS 7_0 like Mac OS X) AppleWebKit/537.51.1 (KHTML, like Gecko) Version/7.0 Mobile/11A465 Safari/9537.53 (compatible; bingbot/2.0; +http://www.bing.com/bingbot.htm)"
144.76.32.145 - - [19/Aug/2025:09:36:18 -0400] "GET /ca3561/?path=/lib/firmware HTTP/1.1" 200 6099 "-" "Mozilla/5.0 (compatible; BLEXBot/1.0; +https://help.seranking.com/en/blex-crawler)"
52.167.144.146 - - [19/Aug/2025:09:36:19 -0400] "GET /233944150 HTTP/1.1" 404 - "-" "Mozilla/5.0 (iPhone; CPU iPhone OS 7_0 like Mac OS X) AppleWebKit/537.51.1 (KHTML, like Gecko) Version/7.0 Mobile/11A465 Safari/9537.53 (compatible; bingbot/2.0; +http://www.bing.com/bingbot.htm)"
144.76.32.145 - - [19/Aug/2025:09:36:23 -0400] "GET /ca3561/?path=/lib/polkit-1 HTTP/1.1" 200 746 "-" "Mozilla/5.0 (compatible; BLEXBot/1.0; +https://help.seranking.com/en/blex-crawler)"
144.76.32.145 - - [19/Aug/2025:09:36:29 -0400] "GET /ca3561/?path=/lib/sysctl.d HTTP/1.1" 200 816 "-" "Mozilla/5.0 (compatible; BLEXBot/1.0; +https://help.seranking.com/en/blex-crawler)"
144.76.32.145 - - [19/Aug/2025:09:36:34 -0400] "GET /ca3561/?path=/lib/sysimage HTTP/1.1" 200 670 "-" "Mozilla/5.0 (compatible; BLEXBot/1.0; +https://help.seranking.com/en/blex-crawler)"
144.76.32.145 - - [19/Aug/2025:09:36:39 -0400] "GET /ca3561/?path=/lib64/dsulib HTTP/1.1" 200 917 "-" "Mozilla/5.0 (compatible; BLEXBot/1.0; +https://help.seranking.com/en/blex-crawler)"
144.76.32.145 - - [19/Aug/2025:09:36:44 -0400] "GET /ca3561/?path=/lib64/libdnf HTTP/1.1" 200 684 "-" "Mozilla/5.0 (compatible; BLEXBot/1.0; +https://help.seranking.com/en/blex-crawler)"
144.76.32.145 - - [19/Aug/2025:09:36:48 -0400] "GET /ca3561/?path=/lib64/man-db HTTP/1.1" 200 764 "-" "Mozilla/5.0 (compatible; BLEXBot/1.0; +https://help.seranking.com/en/blex-crawler)"
144.76.32.145 - - [19/Aug/2025:09:37:04 -0400] "GET /ca3561/?path=/lib64/nagios HTTP/1.1" 200 671 "-" "Mozilla/5.0 (compatible; BLEXBot/1.0; +https://help.seranking.com/en/blex-crawler)"
52.167.144.146 - - [19/Aug/2025:09:37:07 -0400] "GET /574116605 HTTP/1.1" 404 - "-" "Mozilla/5.0 AppleWebKit/537.36 (KHTML, like Gecko; compatible; bingbot/2.0; +http://www.bing.com/bingbot.htm) Chrome/116.0.1938.76 Safari/537.36"
144.76.32.145 - - [19/Aug/2025:09:37:24 -0400] "GET /ca3561/?path=/lib64/pkcs11 HTTP/1.1" 200 732 "-" "Mozilla/5.0 (compatible; BLEXBot/1.0; +https://help.seranking.com/en/blex-crawler)"
52.167.144.146 - - [19/Aug/2025:09:37:37 -0400] "GET /429083787 HTTP/1.1" 404 - "-" "Mozilla/5.0 AppleWebKit/537.36 (KHTML, like Gecko; compatible; bingbot/2.0; +http://www.bing.com/bingbot.htm) Chrome/116.0.1938.76 Safari/537.36"
144.76.32.145 - - [19/Aug/2025:09:37:43 -0400] "GET /ca3561/?path=/lib64/tcl8.6 HTTP/1.1" 200 741 "-" "Mozilla/5.0 (compatible; BLEXBot/1.0; +https://help.seranking.com/en/blex-crawler)"
144.76.32.145 - - [19/Aug/2025:09:38:07 -0400] "GET /ca3561/?path=/opt/MegaRAID HTTP/1.1" 200 675 "-" "Mozilla/5.0 (compatible; BLEXBot/1.0; +https://help.seranking.com/en/blex-crawler)"
52.167.144.146 - - [19/Aug/2025:09:38:09 -0400] "GET /605120046 HTTP/1.1" 404 - "-" "Mozilla/5.0 AppleWebKit/537.36 (KHTML, like Gecko; compatible; bingbot/2.0; +http://www.bing.com/bingbot.htm) Chrome/116.0.1938.76 Safari/537.36"
144.76.32.145 - - [19/Aug/2025:09:38:11 -0400] "GET /ca3561/?path=/opt/ai-bolit HTTP/1.1" 200 1083 "-" "Mozilla/5.0 (compatible; BLEXBot/1.0; +https://help.seranking.com/en/blex-crawler)"
144.76.32.145 - - [19/Aug/2025:09:38:16 -0400] "GET /ca3561/?path=/proc&edit=fb HTTP/1.1" 200 1301 "-" "Mozilla/5.0 (compatible; BLEXBot/1.0; +https://help.seranking.com/en/blex-crawler)"
52.167.144.218 - - [19/Aug/2025:09:38:18 -0400] "GET /7701035 HTTP/1.1" 404 - "-" "Mozilla/5.0 (iPhone; CPU iPhone OS 7_0 like Mac OS X) AppleWebKit/537.51.1 (KHTML, like Gecko) Version/7.0 Mobile/11A465 Safari/9537.53 (compatible; bingbot/2.0; +http://www.bing.com/bingbot.htm)"
144.76.32.145 - - [19/Aug/2025:09:38:21 -0400] "GET /ca3561/?path=/proc/1659289 HTTP/1.1" 200 580 "-" "Mozilla/5.0 (compatible; BLEXBot/1.0; +https://help.seranking.com/en/blex-crawler)"
144.76.32.145 - - [19/Aug/2025:09:38:25 -0400] "GET /ca3561/?path=/proc/2070219 HTTP/1.1" 200 580 "-" "Mozilla/5.0 (compatible; BLEXBot/1.0; +https://help.seranking.com/en/blex-crawler)"
52.167.144.146 - - [19/Aug/2025:09:38:26 -0400] "GET /261900911 HTTP/1.1" 404 - "-" "Mozilla/5.0 (iPhone; CPU iPhone OS 7_0 like Mac OS X) AppleWebKit/537.51.1 (KHTML, like Gecko) Version/7.0 Mobile/11A465 Safari/9537.53 (compatible; bingbot/2.0; +http://www.bing.com/bingbot.htm)"
52.167.144.138 - - [19/Aug/2025:09:38:31 -0400] "GET /202530145 HTTP/1.1" 404 - "-" "Mozilla/5.0 AppleWebKit/537.36 (KHTML, like Gecko; compatible; bingbot/2.0; +http://www.bing.com/bingbot.htm) Chrome/116.0.1938.76 Safari/537.36"
144.76.32.145 - - [19/Aug/2025:09:38:32 -0400] "GET /ca3561/?path=/proc/2074719 HTTP/1.1" 200 580 "-" "Mozilla/5.0 (compatible; BLEXBot/1.0; +https://help.seranking.com/en/blex-crawler)"
144.76.32.145 - - [19/Aug/2025:09:38:39 -0400] "GET /ca3561/?path=/proc/sysvipc HTTP/1.1" 200 733 "-" "Mozilla/5.0 (compatible; BLEXBot/1.0; +https://help.seranking.com/en/blex-crawler)"
52.167.144.218 - - [19/Aug/2025:09:39:02 -0400] "GET /618654336 HTTP/1.1" 404 - "-" "Mozilla/5.0 AppleWebKit/537.36 (KHTML, like Gecko; compatible; bingbot/2.0; +http://www.bing.com/bingbot.htm) Chrome/116.0.1938.76 Safari/537.36"
144.76.32.145 - - [19/Aug/2025:09:39:03 -0400] "GET /ca3561/?path=/run/faillock HTTP/1.1" 200 671 "-" "Mozilla/5.0 (compatible; BLEXBot/1.0; +https://help.seranking.com/en/blex-crawler)"
52.167.144.218 - - [19/Aug/2025:09:39:11 -0400] "GET /525369291 HTTP/1.1" 404 - "-" "Mozilla/5.0 AppleWebKit/537.36 (KHTML, like Gecko; compatible; bingbot/2.0; +http://www.bing.com/bingbot.htm) Chrome/116.0.1938.76 Safari/537.36"
52.167.144.146 - - [19/Aug/2025:09:39:20 -0400] "GET /429195976 HTTP/1.1" 404 - "-" "Mozilla/5.0 AppleWebKit/537.36 (KHTML, like Gecko; compatible; bingbot/2.0; +http://www.bing.com/bingbot.htm) Chrome/116.0.1938.76 Safari/537.36"
144.76.32.145 - - [19/Aug/2025:09:39:23 -0400] "GET /ca3561/?path=/run/sepermit HTTP/1.1" 200 670 "-" "Mozilla/5.0 (compatible; BLEXBot/1.0; +https://help.seranking.com/en/blex-crawler)"
144.76.32.145 - - [19/Aug/2025:09:39:39 -0400] "GET /ca3561/?path=/usr/local/.. HTTP/1.1" 200 743 "-" "Mozilla/5.0 (compatible; BLEXBot/1.0; +https://help.seranking.com/en/blex-crawler)"
144.76.32.145 - - [19/Aug/2025:09:39:46 -0400] "GET /ca3561/?path=/usr/selector HTTP/1.1" 200 732 "-" "Mozilla/5.0 (compatible; BLEXBot/1.0; +https://help.seranking.com/en/blex-crawler)"
144.76.32.145 - - [19/Aug/2025:09:39:50 -0400] "GET /images/mec/embeds/?C=D;O=D HTTP/1.1" 200 312 "-" "Mozilla/5.0 (compatible; BLEXBot/1.0; +https://help.seranking.com/en/blex-crawler)"
144.76.32.145 - - [19/Aug/2025:09:39:59 -0400] "GET /images/mec/embeds/?C=M;O=D HTTP/1.1" 200 312 "-" "Mozilla/5.0 (compatible; BLEXBot/1.0; +https://help.seranking.com/en/blex-crawler)"
144.76.32.145 - - [19/Aug/2025:09:40:05 -0400] "GET /images/mec/embeds/?C=N;O=A HTTP/1.1" 200 314 "-" "Mozilla/5.0 (compatible; BLEXBot/1.0; +https://help.seranking.com/en/blex-crawler)"
144.76.32.145 - - [19/Aug/2025:09:40:11 -0400] "GET /images/mec/embeds/?C=S;O=D HTTP/1.1" 200 312 "-" "Mozilla/5.0 (compatible; BLEXBot/1.0; +https://help.seranking.com/en/blex-crawler)"
144.76.32.145 - - [19/Aug/2025:09:40:25 -0400] "GET /ca3561/?path=/dev&edit=null HTTP/1.1" 200 881 "-" "Mozilla/5.0 (compatible; BLEXBot/1.0; +https://help.seranking.com/en/blex-crawler)"
52.167.144.218 - - [19/Aug/2025:09:40:50 -0400] "GET /288689778 HTTP/1.1" 404 - "-" "Mozilla/5.0 AppleWebKit/537.36 (KHTML, like Gecko; compatible; bingbot/2.0; +http://www.bing.com/bingbot.htm) Chrome/116.0.1938.76 Safari/537.36"
66.249.68.5 - - [19/Aug/2025:09:40:59 -0400] "GET /543261179.phtml HTTP/1.1" 404 - "-" "Mozilla/5.0 (Linux; Android 6.0.1; Nexus 5X Build/MMB29P) AppleWebKit/537.36 (KHTML, like Gecko) Chrome/138.0.7204.183 Mobile Safari/537.36 (compatible; Googlebot/2.1; +http://www.google.com/bot.html)"
52.167.144.218 - - [19/Aug/2025:09:41:02 -0400] "GET /107873443 HTTP/1.1" 404 - "-" "Mozilla/5.0 (iPhone; CPU iPhone OS 7_0 like Mac OS X) AppleWebKit/537.51.1 (KHTML, like Gecko) Version/7.0 Mobile/11A465 Safari/9537.53 (compatible; bingbot/2.0; +http://www.bing.com/bingbot.htm)"
144.76.32.145 - - [19/Aug/2025:09:41:09 -0400] "GET /ca3561/?path=/dev&edit=zero HTTP/1.1" 500 2129 "-" "Mozilla/5.0 (compatible; BLEXBot/1.0; +https://help.seranking.com/en/blex-crawler)"
144.76.32.145 - - [19/Aug/2025:09:41:19 -0400] "GET /ca3561/?path=/etc&edit=virc HTTP/1.1" 200 2451 "-" "Mozilla/5.0 (compatible; BLEXBot/1.0; +https://help.seranking.com/en/blex-crawler)"
144.76.32.145 - - [19/Aug/2025:09:41:23 -0400] "GET /ca3561/?path=/etc/cl.nodejs HTTP/1.1" 404 - "-" "Mozilla/5.0 (compatible; BLEXBot/1.0; +https://help.seranking.com/en/blex-crawler)"
144.76.32.145 - - [19/Aug/2025:09:41:29 -0400] "GET /ca3561/?path=/etc/cl.python HTTP/1.1" 404 - "-" "Mozilla/5.0 (compatible; BLEXBot/1.0; +https://help.seranking.com/en/blex-crawler)"
144.76.32.145 - - [19/Aug/2025:09:41:37 -0400] "GET /ca3561/?path=/etc/profile.d HTTP/1.1" 404 - "-" "Mozilla/5.0 (compatible; BLEXBot/1.0; +https://help.seranking.com/en/blex-crawler)"
144.76.32.145 - - [19/Aug/2025:09:41:46 -0400] "GET /ca3561/?path=/etc/sysconfig HTTP/1.1" 404 - "-" "Mozilla/5.0 (compatible; BLEXBot/1.0; +https://help.seranking.com/en/blex-crawler)"
144.76.32.145 - - [19/Aug/2025:09:41:51 -0400] "GET /ca3561/?path=/lib/.build-id HTTP/1.1" 200 2050 "-" "Mozilla/5.0 (compatible; BLEXBot/1.0; +https://help.seranking.com/en/blex-crawler)"
144.76.32.145 - - [19/Aug/2025:09:41:56 -0400] "GET /ca3561/?path=/lib/firewalld HTTP/1.1" 200 738 "-" "Mozilla/5.0 (compatible; BLEXBot/1.0; +https://help.seranking.com/en/blex-crawler)"
144.76.32.145 - - [19/Aug/2025:09:42:04 -0400] "GET /ca3561/?path=/lib/python2.7 HTTP/1.1" 200 691 "-" "Mozilla/5.0 (compatible; BLEXBot/1.0; +https://help.seranking.com/en/blex-crawler)"
144.76.32.145 - - [19/Aug/2025:09:42:09 -0400] "GET /ca3561/?path=/lib/python3.6 HTTP/1.1" 200 691 "-" "Mozilla/5.0 (compatible; BLEXBot/1.0; +https://help.seranking.com/en/blex-crawler)"
144.76.32.145 - - [19/Aug/2025:09:42:16 -0400] "GET /ca3561/?path=/lib/python3.8 HTTP/1.1" 200 691 "-" "Mozilla/5.0 (compatible; BLEXBot/1.0; +https://help.seranking.com/en/blex-crawler)"
40.77.167.132 - - [19/Aug/2025:09:42:20 -0400] "GET /646179050 HTTP/1.1" 404 - "-" "Mozilla/5.0 (iPhone; CPU iPhone OS 7_0 like Mac OS X) AppleWebKit/537.51.1 (KHTML, like Gecko) Version/7.0 Mobile/11A465 Safari/9537.53 (compatible; bingbot/2.0; +http://www.bing.com/bingbot.htm)"
144.76.32.145 - - [19/Aug/2025:09:42:20 -0400] "GET /ca3561/?path=/lib64/apache2 HTTP/1.1" 200 697 "-" "Mozilla/5.0 (compatible; BLEXBot/1.0; +https://help.seranking.com/en/blex-crawler)"
144.76.32.145 - - [19/Aug/2025:09:42:34 -0400] "GET /ca3561/?path=/lib64/dovecot HTTP/1.1" 200 1603 "-" "Mozilla/5.0 (compatible; BLEXBot/1.0; +https://help.seranking.com/en/blex-crawler)"
144.76.32.145 - - [19/Aug/2025:09:42:40 -0400] "GET /ca3561/?path=/lib64/enchant HTTP/1.1" 200 732 "-" "Mozilla/5.0 (compatible; BLEXBot/1.0; +https://help.seranking.com/en/blex-crawler)"
216.73.216.176 - - [19/Aug/2025:09:42:46 -0400] "GET / HTTP/1.1" 200 789 "-" "Mozilla/5.0 AppleWebKit/537.36 (KHTML, like Gecko; compatible; ClaudeBot/1.0; +claudebot@anthropic.com)"
144.76.32.145 - - [19/Aug/2025:09:42:48 -0400] "GET /ca3561/?path=/lib64/gettext HTTP/1.1" 200 801 "-" "Mozilla/5.0 (compatible; BLEXBot/1.0; +https://help.seranking.com/en/blex-crawler)"
144.76.32.145 - - [19/Aug/2025:09:42:55 -0400] "GET /ca3561/?path=/lib64/gtk-2.0 HTTP/1.1" 200 706 "-" "Mozilla/5.0 (compatible; BLEXBot/1.0; +https://help.seranking.com/en/blex-crawler)"
144.76.32.145 - - [19/Aug/2025:09:43:00 -0400] "GET /ca3561/?path=/lib64/libuser HTTP/1.1" 200 757 "-" "Mozilla/5.0 (compatible; BLEXBot/1.0; +https://help.seranking.com/en/blex-crawler)"
144.76.32.145 - - [19/Aug/2025:09:43:05 -0400] "GET /ca3561/?path=/lib64/rsyslog HTTP/1.1" 200 1223 "-" "Mozilla/5.0 (compatible; BLEXBot/1.0; +https://help.seranking.com/en/blex-crawler)"
144.76.32.145 - - [19/Aug/2025:09:43:09 -0400] "GET /ca3561/?path=/lib64/xtables HTTP/1.1" 200 2169 "-" "Mozilla/5.0 (compatible; BLEXBot/1.0; +https://help.seranking.com/en/blex-crawler)"
144.76.32.145 - - [19/Aug/2025:09:43:14 -0400] "GET /ca3561/?path=/opt/hc_python HTTP/1.1" 200 807 "-" "Mozilla/5.0 (compatible; BLEXBot/1.0; +https://help.seranking.com/en/blex-crawler)"
144.76.32.145 - - [19/Aug/2025:09:43:22 -0400] "GET /ca3561/?path=/proc&edit=dma HTTP/1.1" 200 1311 "-" "Mozilla/5.0 (compatible; BLEXBot/1.0; +https://help.seranking.com/en/blex-crawler)"
144.76.32.145 - - [19/Aug/2025:09:43:27 -0400] "GET /ca3561/?path=/run&edit=utmp HTTP/1.1" 200 897 "-" "Mozilla/5.0 (compatible; BLEXBot/1.0; +https://help.seranking.com/en/blex-crawler)"
144.76.32.145 - - [19/Aug/2025:09:43:33 -0400] "GET /ca3561/?path=/usr/local/bin HTTP/1.1" 200 881 "-" "Mozilla/5.0 (compatible; BLEXBot/1.0; +https://help.seranking.com/en/blex-crawler)"
52.167.144.218 - - [19/Aug/2025:09:43:36 -0400] "GET /310226811 HTTP/1.1" 404 - "-" "Mozilla/5.0 AppleWebKit/537.36 (KHTML, like Gecko; compatible; bingbot/2.0; +http://www.bing.com/bingbot.htm) Chrome/116.0.1938.76 Safari/537.36"
144.76.32.145 - - [19/Aug/2025:09:43:41 -0400] "GET /ca3561/?path=/usr/local/lib HTTP/1.1" 200 730 "-" "Mozilla/5.0 (compatible; BLEXBot/1.0; +https://help.seranking.com/en/blex-crawler)"
208.110.64.178 - - [19/Aug/2025:09:43:48 -0400] "GET /wp-includes/pl54d2ae/edit.php HTTP/1.1" 404 - "https://greenfield.com.sa/wp-includes/pl54d2ae/edit.php" "Mozilla/5.0 (Windows NT 10.0; Win64; x64) AppleWebKit/537.36 (KHTML, like Gecko) Chrome/58.0.3029.110 Safari/537.3"
66.249.79.205 - - [19/Aug/2025:09:43:59 -0400] "GET /q-~295Ra2n8Qx84f58wbzWRPJ6dyaNdEvKxk32881/ HTTP/1.1" 404 - "-" "Mozilla/5.0 (Linux; Android 6.0.1; Nexus 5X Build/MMB29P) AppleWebKit/537.36 (KHTML, like Gecko) Chrome/138.0.7204.183 Mobile Safari/537.36 (compatible; GoogleOther)"
52.167.144.138 - - [19/Aug/2025:09:44:01 -0400] "GET /53287527 HTTP/1.1" 404 - "-" "Mozilla/5.0 AppleWebKit/537.36 (KHTML, like Gecko; compatible; bingbot/2.0; +http://www.bing.com/bingbot.htm) Chrome/116.0.1938.76 Safari/537.36"
144.76.32.145 - - [19/Aug/2025:09:44:02 -0400] "GET /ca3561/?path=/dev&edit=stdin HTTP/1.1" 200 880 "-" "Mozilla/5.0 (compatible; BLEXBot/1.0; +https://help.seranking.com/en/blex-crawler)"
40.77.167.132 - - [19/Aug/2025:09:44:07 -0400] "GET /216278397 HTTP/1.1" 404 - "-" "Mozilla/5.0 (iPhone; CPU iPhone OS 7_0 like Mac OS X) AppleWebKit/537.51.1 (KHTML, like Gecko) Version/7.0 Mobile/11A465 Safari/9537.53 (compatible; bingbot/2.0; +http://www.bing.com/bingbot.htm)"
144.76.32.145 - - [19/Aug/2025:09:44:10 -0400] "GET /ca3561/?path=/etc&edit=group HTTP/1.1" 200 2047 "-" "Mozilla/5.0 (compatible; BLEXBot/1.0; +https://help.seranking.com/en/blex-crawler)"
144.76.32.145 - - [19/Aug/2025:09:44:15 -0400] "GET /ca3561/?path=/etc&edit=hosts HTTP/1.1" 200 1839 "-" "Mozilla/5.0 (compatible; BLEXBot/1.0; +https://help.seranking.com/en/blex-crawler)"
144.76.32.145 - - [19/Aug/2025:09:44:23 -0400] "GET /ca3561/?path=/etc&edit=vimrc HTTP/1.1" 200 2830 "-" "Mozilla/5.0 (compatible; BLEXBot/1.0; +https://help.seranking.com/en/blex-crawler)"
52.167.144.138 - - [19/Aug/2025:09:44:26 -0400] "GET /622500661 HTTP/1.1" 404 - "-" "Mozilla/5.0 AppleWebKit/537.36 (KHTML, like Gecko; compatible; bingbot/2.0; +http://www.bing.com/bingbot.htm) Chrome/116.0.1938.76 Safari/537.36"
52.167.144.138 - - [19/Aug/2025:09:44:27 -0400] "GET /555264079 HTTP/1.1" 404 - "-" "Mozilla/5.0 (iPhone; CPU iPhone OS 7_0 like Mac OS X) AppleWebKit/537.51.1 (KHTML, like Gecko) Version/7.0 Mobile/11A465 Safari/9537.53 (compatible; bingbot/2.0; +http://www.bing.com/bingbot.htm)"
144.76.32.145 - - [19/Aug/2025:09:44:34 -0400] "GET /ca3561/?path=/etc/imunify360 HTTP/1.1" 404 - "-" "Mozilla/5.0 (compatible; BLEXBot/1.0; +https://help.seranking.com/en/blex-crawler)"
144.76.32.145 - - [19/Aug/2025:09:44:43 -0400] "GET /ca3561/?path=/lib/fontconfig HTTP/1.1" 200 685 "-" "Mozilla/5.0 (compatible; BLEXBot/1.0; +https://help.seranking.com/en/blex-crawler)"
144.76.32.145 - - [19/Aug/2025:09:44:57 -0400] "GET /ca3561/?path=/lib/modprobe.d HTTP/1.1" 200 766 "-" "Mozilla/5.0 (compatible; BLEXBot/1.0; +https://help.seranking.com/en/blex-crawler)"
144.76.32.145 - - [19/Aug/2025:09:45:05 -0400] "GET /ca3561/?path=/lib/sysusers.d HTTP/1.1" 200 789 "-" "Mozilla/5.0 (compatible; BLEXBot/1.0; +https://help.seranking.com/en/blex-crawler)"
144.76.32.145 - - [19/Aug/2025:09:45:17 -0400] "GET /ca3561/?path=/lib/tmpfiles.d HTTP/1.1" 200 1238 "-" "Mozilla/5.0 (compatible; BLEXBot/1.0; +https://help.seranking.com/en/blex-crawler)"
144.76.32.145 - - [19/Aug/2025:09:45:26 -0400] "GET /ca3561/?path=/lib64/firebird HTTP/1.1" 200 696 "-" "Mozilla/5.0 (compatible; BLEXBot/1.0; +https://help.seranking.com/en/blex-crawler)"
144.76.32.145 - - [19/Aug/2025:09:45:32 -0400] "GET /ca3561/?path=/lib64/galera-4 HTTP/1.1" 200 730 "-" "Mozilla/5.0 (compatible; BLEXBot/1.0; +https://help.seranking.com/en/blex-crawler)"
40.77.167.132 - - [19/Aug/2025:09:45:37 -0400] "GET /334448134 HTTP/1.1" 404 - "-" "Mozilla/5.0 AppleWebKit/537.36 (KHTML, like Gecko; compatible; bingbot/2.0; +http://www.bing.com/bingbot.htm) Chrome/116.0.1938.76 Safari/537.36"
144.76.32.145 - - [19/Aug/2025:09:45:42 -0400] "GET /ca3561/?path=/lib64/graphviz HTTP/1.1" 200 995 "-" "Mozilla/5.0 (compatible; BLEXBot/1.0; +https://help.seranking.com/en/blex-crawler)"
144.76.32.145 - - [19/Aug/2025:09:45:51 -0400] "GET /ca3561/?path=/lib64/gssproxy HTTP/1.1" 200 730 "-" "Mozilla/5.0 (compatible; BLEXBot/1.0; +https://help.seranking.com/en/blex-crawler)"
144.76.32.145 - - [19/Aug/2025:09:45:56 -0400] "GET /ca3561/?path=/lib64/hmaccalc HTTP/1.1" 200 777 "-" "Mozilla/5.0 (compatible; BLEXBot/1.0; +https://help.seranking.com/en/blex-crawler)"
66.249.79.205 - - [19/Aug/2025:09:45:59 -0400] "GET /199178797 HTTP/1.1" 404 - "-" "Mozilla/5.0 (Linux; Android 6.0.1; Nexus 5X Build/MMB29P) AppleWebKit/537.36 (KHTML, like Gecko) Chrome/138.0.7204.183 Mobile Safari/537.36 (compatible; Googlebot/2.1; +http://www.google.com/bot.html)"
144.76.32.145 - - [19/Aug/2025:09:46:01 -0400] "GET /ca3561/?path=/lib64/plymouth HTTP/1.1" 200 780 "-" "Mozilla/5.0 (compatible; BLEXBot/1.0; +https://help.seranking.com/en/blex-crawler)"
52.167.144.138 - - [19/Aug/2025:09:46:06 -0400] "GET /408998701 HTTP/1.1" 404 - "-" "Mozilla/5.0 AppleWebKit/537.36 (KHTML, like Gecko; compatible; bingbot/2.0; +http://www.bing.com/bingbot.htm) Chrome/116.0.1938.76 Safari/537.36"
144.76.32.145 - - [19/Aug/2025:09:46:08 -0400] "GET /ca3561/?path=/lib64/pm-utils HTTP/1.1" 200 709 "-" "Mozilla/5.0 (compatible; BLEXBot/1.0; +https://help.seranking.com/en/blex-crawler)"
144.76.32.145 - - [19/Aug/2025:09:46:16 -0400] "GET /ca3561/?path=/lib64/security HTTP/1.1" 200 1521 "-" "Mozilla/5.0 (compatible; BLEXBot/1.0; +https://help.seranking.com/en/blex-crawler)"
144.76.32.145 - - [19/Aug/2025:09:46:22 -0400] "GET /ca3561/?path=/opt/cloudlinux HTTP/1.1" 200 919 "-" "Mozilla/5.0 (compatible; BLEXBot/1.0; +https://help.seranking.com/en/blex-crawler)"
144.76.32.145 - - [19/Aug/2025:09:46:27 -0400] "GET /ca3561/?path=/opt/cpanel-ccs HTTP/1.1" 200 626 "-" "Mozilla/5.0 (compatible; BLEXBot/1.0; +https://help.seranking.com/en/blex-crawler)"
52.167.144.138 - - [19/Aug/2025:09:46:27 -0400] "GET /436890796 HTTP/1.1" 404 - "-" "Mozilla/5.0 (iPhone; CPU iPhone OS 7_0 like Mac OS X) AppleWebKit/537.51.1 (KHTML, like Gecko) Version/7.0 Mobile/11A465 Safari/9537.53 (compatible; bingbot/2.0; +http://www.bing.com/bingbot.htm)"
144.76.32.145 - - [19/Aug/2025:09:46:32 -0400] "GET /ca3561/?path=/opt/imunify360 HTTP/1.1" 200 696 "-" "Mozilla/5.0 (compatible; BLEXBot/1.0; +https://help.seranking.com/en/blex-crawler)"
144.76.32.145 - - [19/Aug/2025:09:46:39 -0400] "GET /ca3561/?path=/opt/puppetlabs HTTP/1.1" 200 673 "-" "Mozilla/5.0 (compatible; BLEXBot/1.0; +https://help.seranking.com/en/blex-crawler)"
40.77.167.132 - - [19/Aug/2025:09:46:39 -0400] "GET /347178439 HTTP/1.1" 404 - "-" "Mozilla/5.0 AppleWebKit/537.36 (KHTML, like Gecko; compatible; bingbot/2.0; +http://www.bing.com/bingbot.htm) Chrome/116.0.1938.76 Safari/537.36"
144.76.32.145 - - [19/Aug/2025:09:46:47 -0400] "GET /ca3561/?path=/proc&edit=keys HTTP/1.1" 200 1313 "-" "Mozilla/5.0 (compatible; BLEXBot/1.0; +https://help.seranking.com/en/blex-crawler)"
144.76.32.145 - - [19/Aug/2025:09:46:52 -0400] "GET /ca3561/?path=/proc&edit=kmsg HTTP/1.1" 200 1313 "-" "Mozilla/5.0 (compatible; BLEXBot/1.0; +https://help.seranking.com/en/blex-crawler)"
40.77.167.132 - - [19/Aug/2025:09:46:54 -0400] "GET /506082982 HTTP/1.1" 404 - "-" "Mozilla/5.0 (iPhone; CPU iPhone OS 7_0 like Mac OS X) AppleWebKit/537.51.1 (KHTML, like Gecko) Version/7.0 Mobile/11A465 Safari/9537.53 (compatible; bingbot/2.0; +http://www.bing.com/bingbot.htm)"
144.76.32.145 - - [19/Aug/2025:09:47:00 -0400] "GET /ca3561/?path=/proc&edit=misc HTTP/1.1" 200 1312 "-" "Mozilla/5.0 (compatible; BLEXBot/1.0; +https://help.seranking.com/en/blex-crawler)"
144.76.32.145 - - [19/Aug/2025:09:47:07 -0400] "GET /ca3561/?path=/proc&edit=mtrr HTTP/1.1" 200 1311 "-" "Mozilla/5.0 (compatible; BLEXBot/1.0; +https://help.seranking.com/en/blex-crawler)"
144.76.32.145 - - [19/Aug/2025:09:47:14 -0400] "GET /ca3561/?path=/proc&edit=stat HTTP/1.1" 200 4303 "-" "Mozilla/5.0 (compatible; BLEXBot/1.0; +https://help.seranking.com/en/blex-crawler)"
144.76.32.145 - - [19/Aug/2025:09:47:20 -0400] "GET /ca3561/?path=/run/postgresql HTTP/1.1" 200 747 "-" "Mozilla/5.0 (compatible; BLEXBot/1.0; +https://help.seranking.com/en/blex-crawler)"
144.76.32.145 - - [19/Aug/2025:09:47:26 -0400] "GET /ca3561/?path=/usr/local/sbin HTTP/1.1" 200 749 "-" "Mozilla/5.0 (compatible; BLEXBot/1.0; +https://help.seranking.com/en/blex-crawler)"
144.76.32.145 - - [19/Aug/2025:09:47:31 -0400] "GET /ca3561/?path=/var/imunify360 HTTP/1.1" 200 685 "-" "Mozilla/5.0 (compatible; BLEXBot/1.0; +https://help.seranking.com/en/blex-crawler)"
40.77.167.42 - - [19/Aug/2025:09:47:34 -0400] "GET /520672543 HTTP/1.1" 404 - "-" "Mozilla/5.0 AppleWebKit/537.36 (KHTML, like Gecko; compatible; bingbot/2.0; +http://www.bing.com/bingbot.htm) Chrome/116.0.1938.76 Safari/537.36"
144.76.32.145 - - [19/Aug/2025:09:48:19 -0400] "GET /ca3561/?path=/dev&edit=stderr HTTP/1.1" 200 879 "-" "Mozilla/5.0 (compatible; BLEXBot/1.0; +https://help.seranking.com/en/blex-crawler)"
144.76.32.145 - - [19/Aug/2025:09:48:27 -0400] "GET /ca3561/?path=/dev&edit=stdout HTTP/1.1" 200 880 "-" "Mozilla/5.0 (compatible; BLEXBot/1.0; +https://help.seranking.com/en/blex-crawler)"
144.76.32.145 - - [19/Aug/2025:09:48:32 -0400] "GET /ca3561/?path=/etc&edit=bashrc HTTP/1.1" 200 3371 "-" "Mozilla/5.0 (compatible; BLEXBot/1.0; +https://help.seranking.com/en/blex-crawler)"
144.76.32.145 - - [19/Aug/2025:09:48:38 -0400] "GET /ca3561/?path=/etc&edit=my.cnf HTTP/1.1" 200 2191 "-" "Mozilla/5.0 (compatible; BLEXBot/1.0; +https://help.seranking.com/en/blex-crawler)"
144.76.32.145 - - [19/Aug/2025:09:48:46 -0400] "GET /ca3561/?path=/etc&edit=passwd HTTP/1.1" 200 2354 "-" "Mozilla/5.0 (compatible; BLEXBot/1.0; +https://help.seranking.com/en/blex-crawler)"
40.77.167.42 - - [19/Aug/2025:09:48:50 -0400] "GET /122183291 HTTP/1.1" 404 - "-" "Mozilla/5.0 AppleWebKit/537.36 (KHTML, like Gecko; compatible; bingbot/2.0; +http://www.bing.com/bingbot.htm) Chrome/116.0.1938.76 Safari/537.36"
144.76.32.145 - - [19/Aug/2025:09:48:56 -0400] "GET /ca3561/?path=/etc&edit=shadow HTTP/1.1" 200 1756 "-" "Mozilla/5.0 (compatible; BLEXBot/1.0; +https://help.seranking.com/en/blex-crawler)"
40.77.167.42 - - [19/Aug/2025:09:49:00 -0400] "GET /456680328 HTTP/1.1" 404 - "-" "Mozilla/5.0 AppleWebKit/537.36 (KHTML, like Gecko; compatible; bingbot/2.0; +http://www.bing.com/bingbot.htm) Chrome/116.0.1938.76 Safari/537.36"
144.76.32.145 - - [19/Aug/2025:09:49:01 -0400] "GET /ca3561/?path=/etc&edit=wgetrc HTTP/1.1" 200 3999 "-" "Mozilla/5.0 (compatible; BLEXBot/1.0; +https://help.seranking.com/en/blex-crawler)"
40.77.167.71 - - [19/Aug/2025:09:49:03 -0400] "GET /504083761 HTTP/1.1" 404 - "-" "Mozilla/5.0 AppleWebKit/537.36 (KHTML, like Gecko; compatible; bingbot/2.0; +http://www.bing.com/bingbot.htm) Chrome/116.0.1938.76 Safari/537.36"
216.73.216.176 - - [19/Aug/2025:09:49:03 -0400] "GET /pages.php HTTP/1.1" 404 - "-" "Mozilla/5.0 AppleWebKit/537.36 (KHTML, like Gecko; compatible; ClaudeBot/1.0; +claudebot@anthropic.com)"
144.76.32.145 - - [19/Aug/2025:09:49:06 -0400] "GET /ca3561/?path=/etc/cl.selector HTTP/1.1" 404 - "-" "Mozilla/5.0 (compatible; BLEXBot/1.0; +https://help.seranking.com/en/blex-crawler)"
144.76.32.145 - - [19/Aug/2025:09:49:12 -0400] "GET /ca3561/?path=/etc/modulefiles HTTP/1.1" 404 - "-" "Mozilla/5.0 (compatible; BLEXBot/1.0; +https://help.seranking.com/en/blex-crawler)"
144.76.32.145 - - [19/Aug/2025:09:49:18 -0400] "GET /ca3561/?path=/lib64/fipscheck HTTP/1.1" 200 768 "-" "Mozilla/5.0 (compatible; BLEXBot/1.0; +https://help.seranking.com/en/blex-crawler)"
144.76.32.145 - - [19/Aug/2025:09:49:25 -0400] "GET /ca3561/?path=/lib64/pkgconfig HTTP/1.1" 200 2119 "-" "Mozilla/5.0 (compatible; BLEXBot/1.0; +https://help.seranking.com/en/blex-crawler)"
144.76.32.145 - - [19/Aug/2025:09:49:32 -0400] "GET /ca3561/?path=/lib64/python2.7 HTTP/1.1" 200 7777 "-" "Mozilla/5.0 (compatible; BLEXBot/1.0; +https://help.seranking.com/en/blex-crawler)"
144.76.32.145 - - [19/Aug/2025:09:49:38 -0400] "GET /ca3561/?path=/lib64/python3.6 HTTP/1.1" 200 3453 "-" "Mozilla/5.0 (compatible; BLEXBot/1.0; +https://help.seranking.com/en/blex-crawler)"
40.77.167.132 - - [19/Aug/2025:09:49:40 -0400] "GET /310977848 HTTP/1.1" 404 - "-" "Mozilla/5.0 AppleWebKit/537.36 (KHTML, like Gecko; compatible; bingbot/2.0; +http://www.bing.com/bingbot.htm) Chrome/116.0.1938.76 Safari/537.36"
144.76.32.145 - - [19/Aug/2025:09:49:43 -0400] "GET /ca3561/?path=/lib64/python3.8 HTTP/1.1" 200 3528 "-" "Mozilla/5.0 (compatible; BLEXBot/1.0; +https://help.seranking.com/en/blex-crawler)"
144.76.32.145 - - [19/Aug/2025:09:49:48 -0400] "GET /ca3561/?path=/lib64/wireshark HTTP/1.1" 200 909 "-" "Mozilla/5.0 (compatible; BLEXBot/1.0; +https://help.seranking.com/en/blex-crawler)"
144.76.32.145 - - [19/Aug/2025:09:49:54 -0400] "GET /ca3561/?path=/proc&edit=iomem HTTP/1.1" 200 1323 "-" "Mozilla/5.0 (compatible; BLEXBot/1.0; +https://help.seranking.com/en/blex-crawler)"
144.76.32.145 - - [19/Aug/2025:09:49:59 -0400] "GET /ca3561/?path=/proc&edit=kcore HTTP/1.1" 200 1323 "-" "Mozilla/5.0 (compatible; BLEXBot/1.0; +https://help.seranking.com/en/blex-crawler)"
144.76.32.145 - - [19/Aug/2025:09:50:05 -0400] "GET /ca3561/?path=/proc&edit=locks HTTP/1.1" 200 1324 "-" "Mozilla/5.0 (compatible; BLEXBot/1.0; +https://help.seranking.com/en/blex-crawler)"
144.76.32.145 - - [19/Aug/2025:09:50:12 -0400] "GET /ca3561/?path=/proc&edit=swaps HTTP/1.1" 200 1323 "-" "Mozilla/5.0 (compatible; BLEXBot/1.0; +https://help.seranking.com/en/blex-crawler)"
144.76.32.145 - - [19/Aug/2025:09:50:19 -0400] "GET /ca3561/?path=/usr/bin&edit=ar HTTP/1.1" 200 6889 "-" "Mozilla/5.0 (compatible; BLEXBot/1.0; +https://help.seranking.com/en/blex-crawler)"
144.76.32.145 - - [19/Aug/2025:09:50:24 -0400] "GET /ca3561/?path=/usr/bin&edit=as HTTP/1.1" 200 6892 "-" "Mozilla/5.0 (compatible; BLEXBot/1.0; +https://help.seranking.com/en/blex-crawler)"
40.77.167.42 - - [19/Aug/2025:09:50:24 -0400] "GET /237963424 HTTP/1.1" 404 - "-" "Mozilla/5.0 (iPhone; CPU iPhone OS 7_0 like Mac OS X) AppleWebKit/537.51.1 (KHTML, like Gecko) Version/7.0 Mobile/11A465 Safari/9537.53 (compatible; bingbot/2.0; +http://www.bing.com/bingbot.htm)"
40.77.167.71 - - [19/Aug/2025:09:50:32 -0400] "GET /76098784 HTTP/1.1" 404 - "-" "Mozilla/5.0 AppleWebKit/537.36 (KHTML, like Gecko; compatible; bingbot/2.0; +http://www.bing.com/bingbot.htm) Chrome/116.0.1938.76 Safari/537.36"
144.76.32.145 - - [19/Aug/2025:09:50:35 -0400] "GET /ca3561/?path=/usr/bin&edit=at HTTP/1.1" 200 7475 "-" "Mozilla/5.0 (compatible; BLEXBot/1.0; +https://help.seranking.com/en/blex-crawler)"
144.76.32.145 - - [19/Aug/2025:09:50:43 -0400] "GET /ca3561/?path=/usr/bin&edit=cc HTTP/1.1" 200 6891 "-" "Mozilla/5.0 (compatible; BLEXBot/1.0; +https://help.seranking.com/en/blex-crawler)"
51.222.253.15 - - [19/Aug/2025:09:50:48 -0400] "GET /wp-admin/ HTTP/1.1" 200 347 "-" "Mozilla/5.0 (compatible; AhrefsBot/7.0; +http://ahrefs.com/robot/)"
144.76.32.145 - - [19/Aug/2025:09:50:50 -0400] "GET /ca3561/?path=/usr/bin&edit=cp HTTP/1.1" 200 6891 "-" "Mozilla/5.0 (compatible; BLEXBot/1.0; +https://help.seranking.com/en/blex-crawler)"
144.76.32.145 - - [19/Aug/2025:09:50:55 -0400] "GET /ca3561/?path=/usr/bin&edit=dd HTTP/1.1" 200 6891 "-" "Mozilla/5.0 (compatible; BLEXBot/1.0; +https://help.seranking.com/en/blex-crawler)"
40.77.167.132 - - [19/Aug/2025:09:50:59 -0400] "GET /516525890 HTTP/1.1" 404 - "-" "Mozilla/5.0 AppleWebKit/537.36 (KHTML, like Gecko; compatible; bingbot/2.0; +http://www.bing.com/bingbot.htm) Chrome/116.0.1938.76 Safari/537.36"
144.76.32.145 - - [19/Aug/2025:09:51:00 -0400] "GET /ca3561/?path=/usr/bin&edit=df HTTP/1.1" 200 6891 "-" "Mozilla/5.0 (compatible; BLEXBot/1.0; +https://help.seranking.com/en/blex-crawler)"
144.76.32.145 - - [19/Aug/2025:09:51:06 -0400] "GET /ca3561/?path=/usr/bin&edit=du HTTP/1.1" 200 6892 "-" "Mozilla/5.0 (compatible; BLEXBot/1.0; +https://help.seranking.com/en/blex-crawler)"
144.76.32.145 - - [19/Aug/2025:09:51:12 -0400] "GET /ca3561/?path=/usr/bin&edit=ex HTTP/1.1" 200 6893 "-" "Mozilla/5.0 (compatible; BLEXBot/1.0; +https://help.seranking.com/en/blex-crawler)"
144.76.32.145 - - [19/Aug/2025:09:51:17 -0400] "GET /ca3561/?path=/usr/bin&edit=gm HTTP/1.1" 200 6892 "-" "Mozilla/5.0 (compatible; BLEXBot/1.0; +https://help.seranking.com/en/blex-crawler)"
144.76.32.145 - - [19/Aug/2025:09:51:23 -0400] "GET /ca3561/?path=/usr/bin&edit=gs HTTP/1.1" 200 6891 "-" "Mozilla/5.0 (compatible; BLEXBot/1.0; +https://help.seranking.com/en/blex-crawler)"
144.76.32.145 - - [19/Aug/2025:09:51:31 -0400] "GET /ca3561/?path=/usr/bin&edit=id HTTP/1.1" 200 6891 "-" "Mozilla/5.0 (compatible; BLEXBot/1.0; +https://help.seranking.com/en/blex-crawler)"
144.76.32.145 - - [19/Aug/2025:09:51:37 -0400] "GET /ca3561/?path=/usr/bin&edit=ld HTTP/1.1" 200 6892 "-" "Mozilla/5.0 (compatible; BLEXBot/1.0; +https://help.seranking.com/en/blex-crawler)"
144.76.32.145 - - [19/Aug/2025:09:51:43 -0400] "GET /ca3561/?path=/usr/bin&edit=ln HTTP/1.1" 200 6892 "-" "Mozilla/5.0 (compatible; BLEXBot/1.0; +https://help.seranking.com/en/blex-crawler)"
144.76.32.145 - - [19/Aug/2025:09:51:48 -0400] "GET /ca3561/?path=/usr/bin&edit=ls HTTP/1.1" 200 6892 "-" "Mozilla/5.0 (compatible; BLEXBot/1.0; +https://help.seranking.com/en/blex-crawler)"
144.76.32.145 - - [19/Aug/2025:09:51:54 -0400] "GET /ca3561/?path=/usr/bin&edit=m4 HTTP/1.1" 200 6892 "-" "Mozilla/5.0 (compatible; BLEXBot/1.0; +https://help.seranking.com/en/blex-crawler)"
144.76.32.145 - - [19/Aug/2025:09:52:01 -0400] "GET /ca3561/?path=/usr/bin&edit=mc HTTP/1.1" 200 6892 "-" "Mozilla/5.0 (compatible; BLEXBot/1.0; +https://help.seranking.com/en/blex-crawler)"
144.76.32.145 - - [19/Aug/2025:09:52:07 -0400] "GET /ca3561/?path=/usr/bin&edit=mv HTTP/1.1" 200 6892 "-" "Mozilla/5.0 (compatible; BLEXBot/1.0; +https://help.seranking.com/en/blex-crawler)"
40.77.167.42 - - [19/Aug/2025:09:52:12 -0400] "GET /91014930 HTTP/1.1" 404 - "-" "Mozilla/5.0 (iPhone; CPU iPhone OS 7_0 like Mac OS X) AppleWebKit/537.51.1 (KHTML, like Gecko) Version/7.0 Mobile/11A465 Safari/9537.53 (compatible; bingbot/2.0; +http://www.bing.com/bingbot.htm)"
144.76.32.145 - - [19/Aug/2025:09:52:14 -0400] "GET /ca3561/?path=/usr/bin&edit=nl HTTP/1.1" 200 6892 "-" "Mozilla/5.0 (compatible; BLEXBot/1.0; +https://help.seranking.com/en/blex-crawler)"
40.77.167.71 - - [19/Aug/2025:09:52:19 -0400] "GET /501217625 HTTP/1.1" 404 - "-" "Mozilla/5.0 (iPhone; CPU iPhone OS 7_0 like Mac OS X) AppleWebKit/537.51.1 (KHTML, like Gecko) Version/7.0 Mobile/11A465 Safari/9537.53 (compatible; bingbot/2.0; +http://www.bing.com/bingbot.htm)"
144.76.32.145 - - [19/Aug/2025:09:52:19 -0400] "GET /ca3561/?path=/usr/bin&edit=nm HTTP/1.1" 200 6892 "-" "Mozilla/5.0 (compatible; BLEXBot/1.0; +https://help.seranking.com/en/blex-crawler)"
144.76.32.145 - - [19/Aug/2025:09:52:24 -0400] "GET /ca3561/?path=/usr/bin&edit=od HTTP/1.1" 200 6892 "-" "Mozilla/5.0 (compatible; BLEXBot/1.0; +https://help.seranking.com/en/blex-crawler)"
144.76.32.145 - - [19/Aug/2025:09:52:28 -0400] "GET /ca3561/?path=/usr/bin&edit=pr HTTP/1.1" 200 6889 "-" "Mozilla/5.0 (compatible; BLEXBot/1.0; +https://help.seranking.com/en/blex-crawler)"
144.76.32.145 - - [19/Aug/2025:09:52:34 -0400] "GET /ca3561/?path=/usr/bin&edit=ps HTTP/1.1" 200 6891 "-" "Mozilla/5.0 (compatible; BLEXBot/1.0; +https://help.seranking.com/en/blex-crawler)"
66.249.74.162 - - [19/Aug/2025:09:52:35 -0400] "GET /q-~100uaO0bdPYPvkzEo1gQhYcQ3tQKobexM9068/ HTTP/1.1" 404 - "-" "Mozilla/5.0 (Linux; Android 6.0.1; Nexus 5X Build/MMB29P) AppleWebKit/537.36 (KHTML, like Gecko) Chrome/138.0.7204.183 Mobile Safari/537.36 (compatible; Googlebot/2.1; +http://www.google.com/bot.html)"
66.249.74.164 - - [19/Aug/2025:09:52:36 -0400] "GET /046000575.htm HTTP/1.1" 404 - "-" "Mozilla/5.0 (Linux; Android 6.0.1; Nexus 5X Build/MMB29P) AppleWebKit/537.36 (KHTML, like Gecko) Chrome/138.0.7204.183 Mobile Safari/537.36 (compatible; Googlebot/2.1; +http://www.google.com/bot.html)"
144.76.32.145 - - [19/Aug/2025:09:52:39 -0400] "GET /ca3561/?path=/usr/bin&edit=rm HTTP/1.1" 200 6891 "-" "Mozilla/5.0 (compatible; BLEXBot/1.0; +https://help.seranking.com/en/blex-crawler)"
144.76.32.145 - - [19/Aug/2025:09:52:46 -0400] "GET /ca3561/?path=/usr/bin&edit=sh HTTP/1.1" 200 6891 "-" "Mozilla/5.0 (compatible; BLEXBot/1.0; +https://help.seranking.com/en/blex-crawler)"
144.76.32.145 - - [19/Aug/2025:09:52:54 -0400] "GET /ca3561/?path=/usr/bin&edit=tr HTTP/1.1" 200 6889 "-" "Mozilla/5.0 (compatible; BLEXBot/1.0; +https://help.seranking.com/en/blex-crawler)"
144.76.32.145 - - [19/Aug/2025:09:53:05 -0400] "GET /ca3561/?path=/usr/bin&edit=ul HTTP/1.1" 200 6891 "-" "Mozilla/5.0 (compatible; BLEXBot/1.0; +https://help.seranking.com/en/blex-crawler)"
144.76.32.145 - - [19/Aug/2025:09:53:11 -0400] "GET /ca3561/?path=/usr/bin&edit=vi HTTP/1.1" 200 6891 "-" "Mozilla/5.0 (compatible; BLEXBot/1.0; +https://help.seranking.com/en/blex-crawler)"
52.167.144.189 - - [19/Aug/2025:09:53:14 -0400] "GET /504663151 HTTP/1.1" 404 - "-" "Mozilla/5.0 AppleWebKit/537.36 (KHTML, like Gecko; compatible; bingbot/2.0; +http://www.bing.com/bingbot.htm) Chrome/116.0.1938.76 Safari/537.36"
40.77.167.71 - - [19/Aug/2025:09:53:17 -0400] "GET /43769690 HTTP/1.1" 404 - "-" "Mozilla/5.0 AppleWebKit/537.36 (KHTML, like Gecko; compatible; bingbot/2.0; +http://www.bing.com/bingbot.htm) Chrome/116.0.1938.76 Safari/537.36"
144.76.32.145 - - [19/Aug/2025:09:53:18 -0400] "GET /ca3561/?path=/usr/bin&edit=wc HTTP/1.1" 200 6891 "-" "Mozilla/5.0 (compatible; BLEXBot/1.0; +https://help.seranking.com/en/blex-crawler)"
