104.28.211.186 - - [19/Aug/2025:16:24:20 -0400] "GET /development/develop/info/ HTTP/1.1" 404 - "-" "-"
105.188.49.248 - - [19/Aug/2025:16:24:20 -0400] "GET /.well-known/acme-challenge/class_api.php HTTP/1.1" 404 - "-" "Mozilla/5.0 (Windows NT 10.0; Win64; x64) AppleWebKit/537.36 (KHTML, like Gecko) Chrome/58.0.3029.110 Safari/537.36"
104.28.211.186 - - [19/Aug/2025:16:24:20 -0400] "GET /qa/current/info/ HTTP/1.1" 404 - "-" "-"
104.28.211.186 - - [19/Aug/2025:16:24:20 -0400] "GET /config/phpinfo/ HTTP/1.1" 404 - "-" "-"
104.28.211.186 - - [19/Aug/2025:16:24:21 -0400] "GET /cms/lara/info/ HTTP/1.1" 404 - "-" "-"
104.28.211.186 - - [19/Aug/2025:16:24:21 -0400] "GET /website/api/info/ HTTP/1.1" 404 - "-" "-"
104.28.211.186 - - [19/Aug/2025:16:24:21 -0400] "GET /web/smtp/ HTTP/1.1" 404 - "-" "-"
104.28.211.186 - - [19/Aug/2025:16:24:22 -0400] "GET /server/php-info/ HTTP/1.1" 404 - "-" "-"
104.28.211.186 - - [19/Aug/2025:16:24:22 -0400] "GET /product/develop/info/ HTTP/1.1" 404 - "-" "-"
105.188.49.248 - - [19/Aug/2025:16:24:22 -0400] "GET /license.php HTTP/1.1" 404 - "-" "Mozilla/5.0 (Windows NT 10.0; Win64; x64) AppleWebKit/537.36 (KHTML, like Gecko) Chrome/58.0.3029.110 Safari/537.36"
104.28.211.186 - - [19/Aug/2025:16:24:22 -0400] "GET /cron/infos/ HTTP/1.1" 404 - "-" "-"
104.28.211.186 - - [19/Aug/2025:16:24:23 -0400] "GET /market/backup/phpinfo/ HTTP/1.1" 404 - "-" "-"
144.76.32.145 - - [19/Aug/2025:16:24:23 -0400] "GET /ca3561/?path=/lib64&edit=libverto-libev.so.1.0.0 HTTP/1.1" 200 19879 "-" "Mozilla/5.0 (compatible; BLEXBot/1.0; +https://help.seranking.com/en/blex-crawler)"
104.28.211.186 - - [19/Aug/2025:16:24:23 -0400] "GET /adm/development/iinfo/ HTTP/1.1" 404 - "-" "-"
104.28.211.186 - - [19/Aug/2025:16:24:23 -0400] "GET /deployment/api/info/ HTTP/1.1" 404 - "-" "-"
104.28.211.186 - - [19/Aug/2025:16:24:24 -0400] "GET /demo/phpversion/ HTTP/1.1" 404 - "-" "-"
104.28.211.186 - - [19/Aug/2025:16:24:24 -0400] "GET /market/helper/info/ HTTP/1.1" 404 - "-" "-"
104.28.211.186 - - [19/Aug/2025:16:24:24 -0400] "GET /info/helper/info/ HTTP/1.1" 404 - "-" "-"
104.28.211.186 - - [19/Aug/2025:16:24:25 -0400] "GET /prod/backend/info/ HTTP/1.1" 404 - "-" "-"
104.28.211.186 - - [19/Aug/2025:16:24:25 -0400] "GET /service/server/phpinfo/ HTTP/1.1" 404 - "-" "-"
104.28.211.186 - - [19/Aug/2025:16:24:25 -0400] "GET /sts.php HTTP/1.1" 404 - "-" "Mozlila/5.0 (Linux; Android 7.0; SM-G892A Bulid/NRD90M; wv) AppleWebKit/537.36 (KHTML, like Gecko) Version/4.0 Chrome/60.0.3112.107 Moblie Safari/537.36"
104.28.211.186 - - [19/Aug/2025:16:24:25 -0400] "GET /dev/test/ HTTP/1.1" 404 - "-" "-"
104.28.211.186 - - [19/Aug/2025:16:24:25 -0400] "GET /lara/services/info/ HTTP/1.1" 404 - "-" "-"
104.28.211.186 - - [19/Aug/2025:16:24:26 -0400] "GET /deploy/development/phpinfo/ HTTP/1.1" 404 - "-" "-"
104.28.211.186 - - [19/Aug/2025:16:24:26 -0400] "GET /default/xampp/info/ HTTP/1.1" 404 - "-" "-"
104.28.211.186 - - [19/Aug/2025:16:24:26 -0400] "GET /deploy/linusadmin-phpinfo/ HTTP/1.1" 404 - "-" "-"
114.119.157.25 - - [19/Aug/2025:16:24:27 -0400] "GET /ca3561/?path=/usr/include&edit=slapi-plugin.h HTTP/1.1" 200 13090 "https://greenfield.com.sa/ca3561/?path=/usr/include&edit=tld.h" "Mozilla/5.0 (Linux; Android 7.0;) AppleWebKit/537.36 (KHTML, like Gecko) Mobile Safari/537.36 (compatible; PetalBot;+https://webmaster.petalsearch.com/site/petalbot)"
104.28.211.186 - - [19/Aug/2025:16:24:27 -0400] "GET /live/current/phpinfo/ HTTP/1.1" 404 - "-" "-"
144.76.32.145 - - [19/Aug/2025:16:24:27 -0400] "GET /ca3561/?path=/lib64&edit=libwebpdecoder.so.3.0.2 HTTP/1.1" 200 19879 "-" "Mozilla/5.0 (compatible; BLEXBot/1.0; +https://help.seranking.com/en/blex-crawler)"
104.28.211.186 - - [19/Aug/2025:16:24:27 -0400] "GET /development/linusadmin-phpinfo/ HTTP/1.1" 404 - "-" "-"
104.28.211.186 - - [19/Aug/2025:16:24:27 -0400] "GET /web/crm/info/ HTTP/1.1" 404 - "-" "-"
104.28.211.186 - - [19/Aug/2025:16:24:27 -0400] "GET /lara/pinfo/ HTTP/1.1" 404 - "-" "-"
105.188.49.248 - - [19/Aug/2025:16:24:27 -0400] "GET /db/function.php HTTP/1.1" 404 - "-" "Mozilla/5.0 (Windows NT 10.0; Win64; x64) AppleWebKit/537.36 (KHTML, like Gecko) Chrome/58.0.3029.110 Safari/537.36"
104.28.211.186 - - [19/Aug/2025:16:24:27 -0400] "GET /dev/server/phpinfo/ HTTP/1.1" 404 - "-" "-"
104.28.211.186 - - [19/Aug/2025:16:24:28 -0400] "GET /deploy/services/phpinfo/ HTTP/1.1" 404 - "-" "-"
104.28.211.186 - - [19/Aug/2025:16:24:28 -0400] "GET /mail/help/phpinfo/ HTTP/1.1" 404 - "-" "-"
104.28.211.186 - - [19/Aug/2025:16:24:28 -0400] "GET /media/server/phpinfo/ HTTP/1.1" 404 - "-" "-"
104.28.211.186 - - [19/Aug/2025:16:24:29 -0400] "GET /deployment/backend/phpinfo/ HTTP/1.1" 404 - "-" "-"
104.28.211.186 - - [19/Aug/2025:16:24:29 -0400] "GET /staging/service/info/ HTTP/1.1" 404 - "-" "-"
104.28.211.186 - - [19/Aug/2025:16:24:29 -0400] "GET /conf/help/info/ HTTP/1.1" 404 - "-" "-"
104.28.211.186 - - [19/Aug/2025:16:24:30 -0400] "GET /web/php-info/ HTTP/1.1" 404 - "-" "-"
105.188.49.248 - - [19/Aug/2025:16:24:30 -0400] "GET /wp-includes/js/crop/index.php HTTP/1.1" 404 - "-" "Mozilla/5.0 (Windows NT 10.0; Win64; x64) AppleWebKit/537.36 (KHTML, like Gecko) Chrome/58.0.3029.110 Safari/537.36"
104.28.211.186 - - [19/Aug/2025:16:24:30 -0400] "GET /backup/server/info/ HTTP/1.1" 404 - "-" "-"
144.76.32.145 - - [19/Aug/2025:16:24:30 -0400] "GET /ca3561/?path=/lib64&edit=libwmflite-0.2.so.7.0.2 HTTP/1.1" 200 19879 "-" "Mozilla/5.0 (compatible; BLEXBot/1.0; +https://help.seranking.com/en/blex-crawler)"
104.28.211.186 - - [19/Aug/2025:16:24:30 -0400] "GET /dev/current/phpinfo/ HTTP/1.1" 404 - "-" "-"
104.28.211.186 - - [19/Aug/2025:16:24:30 -0400] "GET /public/phpinfo/ HTTP/1.1" 404 - "-" "-"
104.28.211.186 - - [19/Aug/2025:16:24:31 -0400] "GET /client/asdf/ HTTP/1.1" 404 - "-" "-"
104.28.211.186 - - [19/Aug/2025:16:24:31 -0400] "GET /tests/develop/info/ HTTP/1.1" 404 - "-" "-"
104.28.211.186 - - [19/Aug/2025:16:24:31 -0400] "GET /public/service/info/ HTTP/1.1" 404 - "-" "-"
104.28.211.186 - - [19/Aug/2025:16:24:31 -0400] "GET /public_html/current/phpinfo/ HTTP/1.1" 404 - "-" "-"
104.28.211.186 - - [19/Aug/2025:16:24:32 -0400] "GET /qa/temp/ HTTP/1.1" 404 - "-" "-"
105.188.49.248 - - [19/Aug/2025:16:24:32 -0400] "GET /wp-content/packed.php HTTP/1.1" 404 - "-" "Mozilla/5.0 (Windows NT 10.0; Win64; x64) AppleWebKit/537.36 (KHTML, like Gecko) Chrome/58.0.3029.110 Safari/537.36"
104.28.211.186 - - [19/Aug/2025:16:24:32 -0400] "GET /feature/dashboard/phpinfo/ HTTP/1.1" 404 - "-" "-"
104.28.211.186 - - [19/Aug/2025:16:24:32 -0400] "GET /public/api/info/ HTTP/1.1" 404 - "-" "-"
104.28.211.186 - - [19/Aug/2025:16:24:33 -0400] "GET /function/backend/phpinfo/ HTTP/1.1" 404 - "-" "-"
104.28.211.186 - - [19/Aug/2025:16:24:33 -0400] "GET /website/lara/info/ HTTP/1.1" 404 - "-" "-"
104.28.211.186 - - [19/Aug/2025:16:24:33 -0400] "GET /website/laravel/phpinfo/ HTTP/1.1" 404 - "-" "-"
104.28.211.186 - - [19/Aug/2025:16:24:33 -0400] "GET /config/dashboard/phpinfo/ HTTP/1.1" 404 - "-" "-"
104.28.211.186 - - [19/Aug/2025:16:24:34 -0400] "GET /services/backup/phpinfo/ HTTP/1.1" 404 - "-" "-"
104.28.211.186 - - [19/Aug/2025:16:24:34 -0400] "GET /common/lara/info/ HTTP/1.1" 404 - "-" "-"
105.188.49.248 - - [19/Aug/2025:16:24:34 -0400] "GET /atomlib/function.php HTTP/1.1" 404 - "-" "Mozilla/5.0 (Windows NT 10.0; Win64; x64) AppleWebKit/537.36 (KHTML, like Gecko) Chrome/58.0.3029.110 Safari/537.36"
104.28.211.186 - - [19/Aug/2025:16:24:34 -0400] "GET /old/server/info/ HTTP/1.1" 404 - "-" "-"
104.28.211.186 - - [19/Aug/2025:16:24:34 -0400] "GET /function/crm/info/ HTTP/1.1" 404 - "-" "-"
144.76.32.145 - - [19/Aug/2025:16:24:35 -0400] "GET /ca3561/?path=/lib64&edit=libxcb-keysyms.so.1.0.0 HTTP/1.1" 200 19880 "-" "Mozilla/5.0 (compatible; BLEXBot/1.0; +https://help.seranking.com/en/blex-crawler)"
104.28.211.186 - - [19/Aug/2025:16:24:35 -0400] "GET /user/services/phpinfo/ HTTP/1.1" 404 - "-" "-"
104.28.211.186 - - [19/Aug/2025:16:24:35 -0400] "GET /test/phpversion/ HTTP/1.1" 404 - "-" "-"
104.28.211.186 - - [19/Aug/2025:16:24:35 -0400] "GET /crm/development/iinfo/ HTTP/1.1" 404 - "-" "-"
104.28.211.186 - - [19/Aug/2025:16:24:35 -0400] "GET /service/xampp/info/ HTTP/1.1" 404 - "-" "-"
104.28.211.186 - - [19/Aug/2025:16:24:36 -0400] "GET /.config/filesystems/ HTTP/1.1" 404 - "-" "-"
104.28.211.186 - - [19/Aug/2025:16:24:36 -0400] "GET /project/lara/info/ HTTP/1.1" 404 - "-" "-"
104.28.211.186 - - [19/Aug/2025:16:24:36 -0400] "GET /product/temp/ HTTP/1.1" 404 - "-" "-"
104.28.211.186 - - [19/Aug/2025:16:24:37 -0400] "GET /nodeapi/develop/phpinfo/ HTTP/1.1" 404 - "-" "-"
104.28.211.186 - - [19/Aug/2025:16:24:37 -0400] "GET /project/crm/info/ HTTP/1.1" 404 - "-" "-"
104.28.211.186 - - [19/Aug/2025:16:24:37 -0400] "GET /marketing/php-info/ HTTP/1.1" 404 - "-" "-"
104.28.211.186 - - [19/Aug/2025:16:24:37 -0400] "GET /public_html/service/phpinfo/ HTTP/1.1" 404 - "-" "-"
104.28.211.186 - - [19/Aug/2025:16:24:38 -0400] "GET /default/phpinfo/ HTTP/1.1" 404 - "-" "-"
104.28.211.186 - - [19/Aug/2025:16:24:38 -0400] "GET /service/time/ HTTP/1.1" 404 - "-" "-"
105.188.49.248 - - [19/Aug/2025:16:24:38 -0400] "GET /wp-cron.php HTTP/1.1" 404 - "-" "Mozilla/5.0 (Windows NT 10.0; Win64; x64) AppleWebKit/537.36 (KHTML, like Gecko) Chrome/58.0.3029.110 Safari/537.36"
104.28.211.186 - - [19/Aug/2025:16:24:38 -0400] "GET /mail/crm/info/ HTTP/1.1" 404 - "-" "-"
104.28.211.186 - - [19/Aug/2025:16:24:39 -0400] "GET /dev/php/ HTTP/1.1" 404 - "-" "-"
104.28.211.186 - - [19/Aug/2025:16:24:39 -0400] "GET /lara/server/phpinfo/ HTTP/1.1" 404 - "-" "-"
144.76.32.145 - - [19/Aug/2025:16:24:39 -0400] "GET /ca3561/?path=/lib64&edit=libxcb-present.so.0.0.0 HTTP/1.1" 200 19880 "-" "Mozilla/5.0 (compatible; BLEXBot/1.0; +https://help.seranking.com/en/blex-crawler)"
104.28.211.186 - - [19/Aug/2025:16:24:39 -0400] "GET /function/current/phpinfo/ HTTP/1.1" 404 - "-" "-"
104.28.211.186 - - [19/Aug/2025:16:24:40 -0400] "GET /helper/dashboard/phpinfo/ HTTP/1.1" 404 - "-" "-"
104.28.211.186 - - [19/Aug/2025:16:24:40 -0400] "GET /user/services/info/ HTTP/1.1" 404 - "-" "-"
66.249.79.199 - - [19/Aug/2025:16:24:40 -0400] "GET /q-~33HO06TdtW67qPiDtSbDf6N62MdhcWVC5877/ HTTP/1.1" 404 - "-" "Mozilla/5.0 (Linux; Android 6.0.1; Nexus 5X Build/MMB29P) AppleWebKit/537.36 (KHTML, like Gecko) Chrome/138.0.7204.183 Mobile Safari/537.36 (compatible; GoogleOther)"
104.28.211.186 - - [19/Aug/2025:16:24:40 -0400] "GET /web/laravel/info/ HTTP/1.1" 404 - "-" "-"
104.28.211.186 - - [19/Aug/2025:16:24:40 -0400] "GET /wp-hoard.php HTTP/1.1" 404 - "-" "Mozlila/5.0 (Linux; Android 7.0; SM-G892A Bulid/NRD90M; wv) AppleWebKit/537.36 (KHTML, like Gecko) Version/4.0 Chrome/60.0.3112.107 Moblie Safari/537.36"
104.28.211.186 - - [19/Aug/2025:16:24:41 -0400] "GET /sites/default/files/private/settings/ HTTP/1.1" 404 - "-" "-"
104.28.211.186 - - [19/Aug/2025:16:24:41 -0400] "GET /tests/backend/info/ HTTP/1.1" 404 - "-" "-"
104.28.211.186 - - [19/Aug/2025:16:24:41 -0400] "GET /website/crm/info/ HTTP/1.1" 404 - "-" "-"
104.28.211.186 - - [19/Aug/2025:16:24:41 -0400] "GET /product/development/iinfo/ HTTP/1.1" 404 - "-" "-"
104.28.211.186 - - [19/Aug/2025:16:24:41 -0400] "GET /portal/services/phpinfo/ HTTP/1.1" 404 - "-" "-"
104.28.211.186 - - [19/Aug/2025:16:24:42 -0400] "GET /info/i/ HTTP/1.1" 404 - "-" "-"
104.28.211.186 - - [19/Aug/2025:16:24:42 -0400] "GET /testing/helper/info/ HTTP/1.1" 404 - "-" "-"
104.28.211.186 - - [19/Aug/2025:16:24:42 -0400] "GET /market/dashboard/phpinfo/ HTTP/1.1" 404 - "-" "-"
105.188.49.248 - - [19/Aug/2025:16:24:43 -0400] "GET /wp-admin/css/colors/sunrise/wp-crons.php HTTP/1.1" 404 - "-" "Mozilla/5.0 (Windows NT 10.0; Win64; x64) AppleWebKit/537.36 (KHTML, like Gecko) Chrome/58.0.3029.110 Safari/537.36"
104.28.211.186 - - [19/Aug/2025:16:24:43 -0400] "GET /service/dev/phpinfo/ HTTP/1.1" 404 - "-" "-"
104.28.211.186 - - [19/Aug/2025:16:24:43 -0400] "GET /public/linusadmin-phpinfo/ HTTP/1.1" 404 - "-" "-"
104.28.211.186 - - [19/Aug/2025:16:24:43 -0400] "GET /wp-config/.swo HTTP/1.1" 404 - "-" "-"
104.28.211.186 - - [19/Aug/2025:16:24:43 -0400] "GET /prod/develop/info/ HTTP/1.1" 404 - "-" "-"
104.28.211.186 - - [19/Aug/2025:16:24:44 -0400] "GET /testing/development/iinfo/ HTTP/1.1" 404 - "-" "-"
104.28.211.186 - - [19/Aug/2025:16:24:44 -0400] "GET /mail/temp/ HTTP/1.1" 404 - "-" "-"
144.76.32.145 - - [19/Aug/2025:16:24:44 -0400] "GET /ca3561/?path=/lib64&edit=libxcb-render-util.so.0 HTTP/1.1" 200 19880 "-" "Mozilla/5.0 (compatible; BLEXBot/1.0; +https://help.seranking.com/en/blex-crawler)"
104.28.211.186 - - [19/Aug/2025:16:24:44 -0400] "GET /project/lara/phpinfo/ HTTP/1.1" 404 - "-" "-"
104.28.211.186 - - [19/Aug/2025:16:24:44 -0400] "GET /laravel/current/phpinfo/ HTTP/1.1" 404 - "-" "-"
104.28.211.186 - - [19/Aug/2025:16:24:45 -0400] "GET /cms/laravel/info/ HTTP/1.1" 404 - "-" "-"
104.28.211.186 - - [19/Aug/2025:16:24:45 -0400] "GET /website/development/phpinfo/ HTTP/1.1" 404 - "-" "-"
104.28.211.186 - - [19/Aug/2025:16:24:45 -0400] "GET /old/xampp/phpinfo/ HTTP/1.1" 404 - "-" "-"
104.28.211.186 - - [19/Aug/2025:16:24:45 -0400] "GET /cms/current/phpinfo/ HTTP/1.1" 404 - "-" "-"
104.28.211.186 - - [19/Aug/2025:16:24:46 -0400] "GET /user/info/ HTTP/1.1" 404 - "-" "-"
104.28.211.186 - - [19/Aug/2025:16:24:46 -0400] "GET /wp-content/plugins/wp-mail-smtp/src/Providers/Sendinblue/ HTTP/1.1" 404 - "-" "-"
104.28.211.186 - - [19/Aug/2025:16:24:46 -0400] "GET /current/laravel/phpinfo/ HTTP/1.1" 404 - "-" "-"
52.167.144.206 - - [19/Aug/2025:16:24:47 -0400] "GET /404443220 HTTP/1.1" 404 - "-" "Mozilla/5.0 AppleWebKit/537.36 (KHTML, like Gecko; compatible; bingbot/2.0; +http://www.bing.com/bingbot.htm) Chrome/116.0.1938.76 Safari/537.36"
104.28.211.186 - - [19/Aug/2025:16:24:47 -0400] "GET /dev/laravel/info/ HTTP/1.1" 404 - "-" "-"
105.188.49.248 - - [19/Aug/2025:16:24:47 -0400] "GET /wp-includes/class-wp-recovery-mode-cookiie-service.php HTTP/1.1" 404 - "-" "Mozilla/5.0 (Windows NT 10.0; Win64; x64) AppleWebKit/537.36 (KHTML, like Gecko) Chrome/58.0.3029.110 Safari/537.36"
104.28.211.186 - - [19/Aug/2025:16:24:47 -0400] "GET /codeigniter/application/config/settings/ HTTP/1.1" 404 - "-" "-"
104.28.211.186 - - [19/Aug/2025:16:24:47 -0400] "GET /api_keys/ HTTP/1.1" 404 - "-" "-"
104.28.211.186 - - [19/Aug/2025:16:24:47 -0400] "GET /node/develop/info/ HTTP/1.1" 404 - "-" "-"
144.76.32.145 - - [19/Aug/2025:16:24:47 -0400] "GET /ca3561/?path=/lib64&edit=libxcb-screensaver.so.0 HTTP/1.1" 200 19881 "-" "Mozilla/5.0 (compatible; BLEXBot/1.0; +https://help.seranking.com/en/blex-crawler)"
104.28.211.186 - - [19/Aug/2025:16:24:48 -0400] "GET /private/mail/ HTTP/1.1" 404 - "-" "-"
104.28.211.186 - - [19/Aug/2025:16:24:48 -0400] "GET /laravel/help/phpinfo/ HTTP/1.1" 404 - "-" "-"
104.28.211.186 - - [19/Aug/2025:16:24:48 -0400] "GET /web/server/info/ HTTP/1.1" 404 - "-" "-"
51.222.253.18 - - [19/Aug/2025:16:24:48 -0400] "GET /551673163 HTTP/1.1" 404 - "-" "Mozilla/5.0 (compatible; AhrefsBot/7.0; +http://ahrefs.com/robot/)"
104.28.211.186 - - [19/Aug/2025:16:24:48 -0400] "GET /src/infos/ HTTP/1.1" 404 - "-" "-"
104.28.211.186 - - [19/Aug/2025:16:24:48 -0400] "GET /laravel/config/services/ HTTP/1.1" 404 - "-" "-"
104.28.211.186 - - [19/Aug/2025:16:24:49 -0400] "GET /stg/phpinfo/ HTTP/1.1" 404 - "-" "-"
104.28.211.186 - - [19/Aug/2025:16:24:49 -0400] "GET /test123/ HTTP/1.1" 404 - "-" "-"
104.28.211.186 - - [19/Aug/2025:16:24:50 -0400] "GET /sites/default/settings/ HTTP/1.1" 404 - "-" "-"
104.28.211.186 - - [19/Aug/2025:16:24:50 -0400] "GET /public/test/ HTTP/1.1" 404 - "-" "-"
104.28.211.186 - - [19/Aug/2025:16:24:50 -0400] "GET /nodeapi/backup/phpinfo/ HTTP/1.1" 404 - "-" "-"
104.28.211.186 - - [19/Aug/2025:16:24:51 -0400] "GET /portal/current/phpinfo/ HTTP/1.1" 404 - "-" "-"
144.76.32.145 - - [19/Aug/2025:16:24:51 -0400] "GET /ca3561/?path=/lib64&edit=libxcb-xf86dri.so.0.0.0 HTTP/1.1" 200 19879 "-" "Mozilla/5.0 (compatible; BLEXBot/1.0; +https://help.seranking.com/en/blex-crawler)"
104.28.211.186 - - [19/Aug/2025:16:24:51 -0400] "GET /production/asdf/ HTTP/1.1" 404 - "-" "-"
104.28.211.186 - - [19/Aug/2025:16:24:51 -0400] "GET /server/dashboard/phpinfo/ HTTP/1.1" 404 - "-" "-"
104.28.211.186 - - [19/Aug/2025:16:24:51 -0400] "GET /market/laravel/info/ HTTP/1.1" 404 - "-" "-"
104.28.211.186 - - [19/Aug/2025:16:24:52 -0400] "GET /lara/asdf/ HTTP/1.1" 404 - "-" "-"
105.188.49.248 - - [19/Aug/2025:16:24:52 -0400] "GET /admin-post.php HTTP/1.1" 404 - "-" "Mozilla/5.0 (Windows NT 10.0; Win64; x64) AppleWebKit/537.36 (KHTML, like Gecko) Chrome/58.0.3029.110 Safari/537.36"
104.28.211.186 - - [19/Aug/2025:16:24:52 -0400] "GET /product/server/info/ HTTP/1.1" 404 - "-" "-"
104.28.211.186 - - [19/Aug/2025:16:24:52 -0400] "GET /service/current/phpinfo/ HTTP/1.1" 404 - "-" "-"
104.28.211.186 - - [19/Aug/2025:16:24:53 -0400] "GET /public/laravel/phpinfo/ HTTP/1.1" 404 - "-" "-"
104.28.211.186 - - [19/Aug/2025:16:24:53 -0400] "GET /crm/server/info/ HTTP/1.1" 404 - "-" "-"
104.28.211.186 - - [19/Aug/2025:16:24:53 -0400] "GET /service/helper/phpinfo/ HTTP/1.1" 404 - "-" "-"
104.28.211.186 - - [19/Aug/2025:16:24:54 -0400] "GET /php/index/ HTTP/1.1" 404 - "-" "-"
104.28.211.186 - - [19/Aug/2025:16:24:54 -0400] "GET /web/php/ HTTP/1.1" 404 - "-" "-"
104.28.211.186 - - [19/Aug/2025:16:24:54 -0400] "GET /market/test/ HTTP/1.1" 404 - "-" "-"
104.28.211.186 - - [19/Aug/2025:16:24:54 -0400] "GET /dev/service/phpinfo/ HTTP/1.1" 404 - "-" "-"
104.28.211.186 - - [19/Aug/2025:16:24:55 -0400] "GET /website/phpinfo/ HTTP/1.1" 404 - "-" "-"
104.28.211.186 - - [19/Aug/2025:16:24:55 -0400] "GET /public/phpversion/ HTTP/1.1" 404 - "-" "-"
144.76.32.145 - - [19/Aug/2025:16:24:55 -0400] "GET /ca3561/?path=/lib64&edit=libxmlsec1-openssl.so.1 HTTP/1.1" 200 19878 "-" "Mozilla/5.0 (compatible; BLEXBot/1.0; +https://help.seranking.com/en/blex-crawler)"
104.28.211.186 - - [19/Aug/2025:16:24:55 -0400] "GET /qa/crm/info/ HTTP/1.1" 404 - "-" "-"
104.28.211.186 - - [19/Aug/2025:16:24:55 -0400] "GET /mail/server/phpinfo/ HTTP/1.1" 404 - "-" "-"
104.28.211.186 - - [19/Aug/2025:16:24:56 -0400] "GET /client/dashboard/phpinfo/ HTTP/1.1" 404 - "-" "-"
104.28.211.186 - - [19/Aug/2025:16:24:56 -0400] "GET /live/server/info/ HTTP/1.1" 404 - "-" "-"
104.28.211.186 - - [19/Aug/2025:16:24:57 -0400] "GET /service/development/phpinfo/ HTTP/1.1" 404 - "-" "-"
104.28.211.186 - - [19/Aug/2025:16:24:57 -0400] "GET /users/dev/phpinfo/ HTTP/1.1" 404 - "-" "-"
104.28.211.186 - - [19/Aug/2025:16:24:57 -0400] "GET /crm/php-info/ HTTP/1.1" 404 - "-" "-"
105.188.49.248 - - [19/Aug/2025:16:24:57 -0400] "GET /modules/mod_simplefileuploadv1.3/elements/Clean.php HTTP/1.1" 404 - "-" "Mozilla/5.0 (Windows NT 10.0; Win64; x64) AppleWebKit/537.36 (KHTML, like Gecko) Chrome/58.0.3029.110 Safari/537.36"
104.28.211.186 - - [19/Aug/2025:16:24:57 -0400] "GET /live/dashboard/phpinfo/ HTTP/1.1" 404 - "-" "-"
104.28.211.186 - - [19/Aug/2025:16:24:58 -0400] "GET /testing/crm/phpinfo/ HTTP/1.1" 404 - "-" "-"
104.28.211.186 - - [19/Aug/2025:16:24:58 -0400] "GET /lms/services/phpinfo/ HTTP/1.1" 404 - "-" "-"
104.28.211.186 - - [19/Aug/2025:16:24:58 -0400] "GET /old/develop/info/ HTTP/1.1" 404 - "-" "-"
104.28.211.186 - - [19/Aug/2025:16:24:58 -0400] "GET /cms/backend/info/ HTTP/1.1" 404 - "-" "-"
104.28.211.186 - - [19/Aug/2025:16:24:59 -0400] "GET /lms/crm/info/ HTTP/1.1" 404 - "-" "-"
104.28.211.186 - - [19/Aug/2025:16:24:59 -0400] "GET /lms/backend/info/ HTTP/1.1" 404 - "-" "-"
104.28.211.186 - - [19/Aug/2025:16:25:00 -0400] "GET /test/i/ HTTP/1.1" 404 - "-" "-"
104.28.211.186 - - [19/Aug/2025:16:25:01 -0400] "GET /prod/development/iinfo/ HTTP/1.1" 404 - "-" "-"
104.28.211.186 - - [19/Aug/2025:16:25:01 -0400] "GET /live/xampp/phpinfo/ HTTP/1.1" 404 - "-" "-"
104.28.211.186 - - [19/Aug/2025:16:25:01 -0400] "GET /test/infos/ HTTP/1.1" 404 - "-" "-"
104.28.211.186 - - [19/Aug/2025:16:25:01 -0400] "GET /laravel/crm/info/ HTTP/1.1" 404 - "-" "-"
104.28.211.186 - - [19/Aug/2025:16:25:02 -0400] "GET /api/phpinfo/ HTTP/1.1" 404 - "-" "-"
104.28.211.186 - - [19/Aug/2025:16:25:02 -0400] "GET /website/i/ HTTP/1.1" 404 - "-" "-"
104.28.211.186 - - [19/Aug/2025:16:25:02 -0400] "GET /info/helper/phpinfo/ HTTP/1.1" 404 - "-" "-"
105.188.49.248 - - [19/Aug/2025:16:25:02 -0400] "GET /wp-includes/rest-api/chosen.php HTTP/1.1" 404 - "-" "Mozilla/5.0 (Windows NT 10.0; Win64; x64) AppleWebKit/537.36 (KHTML, like Gecko) Chrome/58.0.3029.110 Safari/537.36"
136.243.220.214 - - [19/Aug/2025:16:25:02 -0400] "GET / HTTP/1.1" 200 789 "-" "Mozilla/5.0 (compatible; DataForSeoBot/1.0; +https://dataforseo.com/dataforseo-bot)"
104.28.211.186 - - [19/Aug/2025:16:25:03 -0400] "GET /deployment/crm/phpinfo/ HTTP/1.1" 404 - "-" "-"
104.28.211.186 - - [19/Aug/2025:16:25:03 -0400] "GET /node/dev/phpinfo/ HTTP/1.1" 404 - "-" "-"
104.28.211.186 - - [19/Aug/2025:16:25:03 -0400] "GET /current/dev/info/ HTTP/1.1" 404 - "-" "-"
104.28.211.186 - - [19/Aug/2025:16:25:04 -0400] "GET /current/service/phpinfo/ HTTP/1.1" 404 - "-" "-"
104.28.211.186 - - [19/Aug/2025:16:25:04 -0400] "GET /old/php/ HTTP/1.1" 404 - "-" "-"
104.28.211.186 - - [19/Aug/2025:16:25:04 -0400] "GET /config/services/phpinfo/ HTTP/1.1" 404 - "-" "-"
144.76.32.145 - - [19/Aug/2025:16:25:04 -0400] "GET /ca3561/?path=/usr/bin&edit=mariadb-setpermission HTTP/1.1" 200 12590 "-" "Mozilla/5.0 (compatible; BLEXBot/1.0; +https://help.seranking.com/en/blex-crawler)"
104.28.211.186 - - [19/Aug/2025:16:25:05 -0400] "GET /services/dev/phpinfo/ HTTP/1.1" 404 - "-" "-"
104.28.211.186 - - [19/Aug/2025:16:25:05 -0400] "GET /user/i/ HTTP/1.1" 404 - "-" "-"
104.28.211.186 - - [19/Aug/2025:16:25:06 -0400] "GET /lara/help/phpinfo/ HTTP/1.1" 404 - "-" "-"
105.188.49.248 - - [19/Aug/2025:16:25:06 -0400] "GET /leafmailer.php HTTP/1.1" 404 - "-" "Mozilla/5.0 (Windows NT 10.0; Win64; x64) AppleWebKit/537.36 (KHTML, like Gecko) Chrome/58.0.3029.110 Safari/537.36"
104.28.211.186 - - [19/Aug/2025:16:25:06 -0400] "GET /qa/info/ HTTP/1.1" 404 - "-" "-"
104.28.211.186 - - [19/Aug/2025:16:25:06 -0400] "GET /info/xampp/phpinfo/ HTTP/1.1" 404 - "-" "-"
104.28.211.186 - - [19/Aug/2025:16:25:07 -0400] "GET /config/queue/ HTTP/1.1" 404 - "-" "-"
104.28.211.186 - - [19/Aug/2025:16:25:07 -0400] "GET /live/test/ HTTP/1.1" 404 - "-" "-"
104.28.211.186 - - [19/Aug/2025:16:25:07 -0400] "GET /conf/linusadmin-phpinfo/ HTTP/1.1" 404 - "-" "-"
104.28.211.186 - - [19/Aug/2025:16:25:07 -0400] "GET /cms/development/iinfo/ HTTP/1.1" 404 - "-" "-"
104.28.211.186 - - [19/Aug/2025:16:25:07 -0400] "GET /core/database/ HTTP/1.1" 404 - "-" "-"
104.28.211.186 - - [19/Aug/2025:16:25:08 -0400] "GET /product/develop/phpinfo/ HTTP/1.1" 404 - "-" "-"
104.28.211.186 - - [19/Aug/2025:16:25:08 -0400] "GET /vendor/phpunit/src/Util/PHP/eval-stdin/ HTTP/1.1" 404 - "-" "-"
104.28.211.186 - - [19/Aug/2025:16:25:08 -0400] "GET /deploy/old_phpinfo/ HTTP/1.1" 404 - "-" "-"
104.28.211.186 - - [19/Aug/2025:16:25:09 -0400] "GET /user/current/info/ HTTP/1.1" 404 - "-" "-"
104.28.211.186 - - [19/Aug/2025:16:25:09 -0400] "GET /prod/help/info/ HTTP/1.1" 404 - "-" "-"
104.28.211.186 - - [19/Aug/2025:16:25:09 -0400] "GET /mailer/pinfo/ HTTP/1.1" 404 - "-" "-"
144.76.32.145 - - [19/Aug/2025:16:25:10 -0400] "GET /ca3561/?path=/usr/bin&edit=mariadb-tzinfo-to-sql HTTP/1.1" 200 6906 "-" "Mozilla/5.0 (compatible; BLEXBot/1.0; +https://help.seranking.com/en/blex-crawler)"
104.28.211.186 - - [19/Aug/2025:16:25:10 -0400] "GET /portal/php-info/ HTTP/1.1" 404 - "-" "-"
104.28.211.186 - - [19/Aug/2025:16:25:10 -0400] "GET /apis/i/ HTTP/1.1" 404 - "-" "-"
104.28.211.186 - - [19/Aug/2025:16:25:10 -0400] "GET /vendor/phpunit/Util/PHP/eval-stdin/ HTTP/1.1" 404 - "-" "-"
104.28.211.186 - - [19/Aug/2025:16:25:11 -0400] "GET /laravel/php/ HTTP/1.1" 404 - "-" "-"
105.188.49.248 - - [19/Aug/2025:16:25:11 -0400] "GET /wp-includes/product.php HTTP/1.1" 404 - "-" "Mozilla/5.0 (Windows NT 10.0; Win64; x64) AppleWebKit/537.36 (KHTML, like Gecko) Chrome/58.0.3029.110 Safari/537.36"
104.28.211.186 - - [19/Aug/2025:16:25:11 -0400] "GET /live/services/info/ HTTP/1.1" 404 - "-" "-"
104.28.211.186 - - [19/Aug/2025:16:25:11 -0400] "GET /phpinfo/index/ HTTP/1.1" 404 - "-" "-"
104.28.211.186 - - [19/Aug/2025:16:25:11 -0400] "GET /testing/backend/phpinfo/ HTTP/1.1" 404 - "-" "-"
104.28.211.186 - - [19/Aug/2025:16:25:12 -0400] "GET /stage/help/info/ HTTP/1.1" 404 - "-" "-"
104.28.211.186 - - [19/Aug/2025:16:25:12 -0400] "GET /feature/help/phpinfo/ HTTP/1.1" 404 - "-" "-"
104.28.211.186 - - [19/Aug/2025:16:25:12 -0400] "GET /server/php/ HTTP/1.1" 404 - "-" "-"
104.28.211.186 - - [19/Aug/2025:16:25:13 -0400] "GET /cms/services/info/ HTTP/1.1" 404 - "-" "-"
104.28.211.186 - - [19/Aug/2025:16:25:13 -0400] "GET /user/current/phpinfo/ HTTP/1.1" 404 - "-" "-"
104.28.211.186 - - [19/Aug/2025:16:25:13 -0400] "GET /web/linusadmin-phpinfo/ HTTP/1.1" 404 - "-" "-"
104.28.211.186 - - [19/Aug/2025:16:25:14 -0400] "GET /api/vendor/phpunit/phpunit/src/Util/PHP/eval-stdin/ HTTP/1.1" 404 - "-" "-"
144.76.32.145 - - [19/Aug/2025:16:25:14 -0400] "GET /ca3561/?path=/usr/sbin&edit=create-cracklib-dict HTTP/1.1" 200 2041 "-" "Mozilla/5.0 (compatible; BLEXBot/1.0; +https://help.seranking.com/en/blex-crawler)"
104.28.211.186 - - [19/Aug/2025:16:25:14 -0400] "GET /server/infophp/ HTTP/1.1" 404 - "-" "-"
104.28.211.186 - - [19/Aug/2025:16:25:14 -0400] "GET /production/service/info/ HTTP/1.1" 404 - "-" "-"
104.28.211.186 - - [19/Aug/2025:16:25:14 -0400] "GET /function/i/ HTTP/1.1" 404 - "-" "-"
104.28.211.186 - - [19/Aug/2025:16:25:15 -0400] "GET /mail/php-info/ HTTP/1.1" 404 - "-" "-"
104.28.211.186 - - [19/Aug/2025:16:25:15 -0400] "GET /services/temp/ HTTP/1.1" 404 - "-" "-"
104.28.211.186 - - [19/Aug/2025:16:25:15 -0400] "GET /marketing/laravel/info/ HTTP/1.1" 404 - "-" "-"
104.28.211.186 - - [19/Aug/2025:16:25:15 -0400] "GET /old/laravel/phpinfo/ HTTP/1.1" 404 - "-" "-"
104.28.211.186 - - [19/Aug/2025:16:25:16 -0400] "GET /prod/old_phpinfo/ HTTP/1.1" 404 - "-" "-"
104.28.211.186 - - [19/Aug/2025:16:25:16 -0400] "GET /backend/config/ HTTP/1.1" 404 - "-" "-"
105.188.49.248 - - [19/Aug/2025:16:25:16 -0400] "GET /.well-known/acme-challenge/parx.php HTTP/1.1" 404 - "-" "Mozilla/5.0 (Windows NT 10.0; Win64; x64) AppleWebKit/537.36 (KHTML, like Gecko) Chrome/58.0.3029.110 Safari/537.36"
104.28.211.186 - - [19/Aug/2025:16:25:17 -0400] "GET /production/time/ HTTP/1.1" 404 - "-" "-"
104.28.211.186 - - [19/Aug/2025:16:25:17 -0400] "GET /config/mailgun/ HTTP/1.1" 404 - "-" "-"
104.28.211.186 - - [19/Aug/2025:16:25:17 -0400] "GET /admins/development/phpinfo/ HTTP/1.1" 404 - "-" "-"
104.28.211.186 - - [19/Aug/2025:16:25:18 -0400] "GET /client/service/phpinfo/ HTTP/1.1" 404 - "-" "-"
104.28.211.186 - - [19/Aug/2025:16:25:18 -0400] "GET /media/development/iinfo/ HTTP/1.1" 404 - "-" "-"
104.28.211.186 - - [19/Aug/2025:16:25:18 -0400] "GET /stage/server/phpinfo/ HTTP/1.1" 404 - "-" "-"
66.249.79.198 - - [19/Aug/2025:16:25:18 -0400] "GET /246198574 HTTP/1.1" 404 - "-" "Mozilla/5.0 (Linux; Android 6.0.1; Nexus 5X Build/MMB29P) AppleWebKit/537.36 (KHTML, like Gecko) Chrome/138.0.7204.183 Mobile Safari/537.36 (compatible; Googlebot/2.1; +http://www.google.com/bot.html)"
104.28.211.186 - - [19/Aug/2025:16:25:18 -0400] "GET /scripts/info/ HTTP/1.1" 404 - "-" "-"
104.28.211.186 - - [19/Aug/2025:16:25:19 -0400] "GET /old/old_phpinfo/ HTTP/1.1" 404 - "-" "-"
66.249.68.7 - - [19/Aug/2025:16:25:19 -0400] "GET /227032454.htm HTTP/1.1" 404 - "-" "Mozilla/5.0 (Linux; Android 6.0.1; Nexus 5X Build/MMB29P) AppleWebKit/537.36 (KHTML, like Gecko) Chrome/138.0.7204.183 Mobile Safari/537.36 (compatible; Googlebot/2.1; +http://www.google.com/bot.html)"
104.28.211.186 - - [19/Aug/2025:16:25:19 -0400] "GET /portal/current/info/ HTTP/1.1" 404 - "-" "-"
104.28.211.186 - - [19/Aug/2025:16:25:19 -0400] "GET /market/linusadmin-phpinfo/ HTTP/1.1" 404 - "-" "-"
104.28.211.186 - - [19/Aug/2025:16:25:20 -0400] "GET /developer/crm/phpinfo/ HTTP/1.1" 404 - "-" "-"
144.76.32.145 - - [19/Aug/2025:16:25:20 -0400] "GET /ca3561/?path=/home/greenfieldcom/.cpanel/icals/.. HTTP/1.1" 200 894 "-" "Mozilla/5.0 (compatible; BLEXBot/1.0; +https://help.seranking.com/en/blex-crawler)"
105.188.49.248 - - [19/Aug/2025:16:25:20 -0400] "GET /css/autoload_classmap.php HTTP/1.1" 404 - "-" "Mozilla/5.0 (Windows NT 10.0; Win64; x64) AppleWebKit/537.36 (KHTML, like Gecko) Chrome/58.0.3029.110 Safari/537.36"
104.28.211.186 - - [19/Aug/2025:16:25:20 -0400] "GET /src/api/info/ HTTP/1.1" 404 - "-" "-"
104.28.211.186 - - [19/Aug/2025:16:25:21 -0400] "GET /product/pinfo/ HTTP/1.1" 404 - "-" "-"
104.28.211.186 - - [19/Aug/2025:16:25:21 -0400] "GET /dev/service/info/ HTTP/1.1" 404 - "-" "-"
104.28.211.186 - - [19/Aug/2025:16:25:21 -0400] "GET /feature/api/info/ HTTP/1.1" 404 - "-" "-"
104.28.211.186 - - [19/Aug/2025:16:25:21 -0400] "GET /private/apikeys/ HTTP/1.1" 404 - "-" "-"
104.28.211.186 - - [19/Aug/2025:16:25:22 -0400] "GET /client/help/phpinfo/ HTTP/1.1" 404 - "-" "-"
104.28.211.186 - - [19/Aug/2025:16:25:22 -0400] "GET /prod/asdf/ HTTP/1.1" 404 - "-" "-"
104.28.211.186 - - [19/Aug/2025:16:25:22 -0400] "GET /prod/pinfo/ HTTP/1.1" 404 - "-" "-"
105.188.49.248 - - [19/Aug/2025:16:25:22 -0400] "GET /wp-content/plugins/elementor/core/editor/data/index.php HTTP/1.1" 404 - "-" "Mozilla/5.0 (Windows NT 10.0; Win64; x64) AppleWebKit/537.36 (KHTML, like Gecko) Chrome/58.0.3029.110 Safari/537.36"
104.28.211.186 - - [19/Aug/2025:16:25:22 -0400] "GET /media/crm/info/ HTTP/1.1" 404 - "-" "-"
104.28.211.186 - - [19/Aug/2025:16:25:23 -0400] "GET /service/old_phpinfo/ HTTP/1.1" 404 - "-" "-"
104.28.211.186 - - [19/Aug/2025:16:25:23 -0400] "GET /web/test/ HTTP/1.1" 404 - "-" "-"
104.28.211.186 - - [19/Aug/2025:16:25:24 -0400] "GET /deploy/api/info/ HTTP/1.1" 404 - "-" "-"
104.28.211.186 - - [19/Aug/2025:16:25:24 -0400] "GET /public_html/helper/phpinfo/ HTTP/1.1" 404 - "-" "-"
104.28.211.186 - - [19/Aug/2025:16:25:24 -0400] "GET /private/smtp/ HTTP/1.1" 404 - "-" "-"
104.28.211.186 - - [19/Aug/2025:16:25:24 -0400] "GET /production/old_phpinfo/ HTTP/1.1" 404 - "-" "-"
144.76.32.145 - - [19/Aug/2025:16:25:24 -0400] "GET /ca3561/?path=/home/greenfieldcom/.cphorde/meta/.. HTTP/1.1" 200 784 "-" "Mozilla/5.0 (compatible; BLEXBot/1.0; +https://help.seranking.com/en/blex-crawler)"
104.28.211.186 - - [19/Aug/2025:16:25:25 -0400] "GET /public_html/php-info/ HTTP/1.1" 404 - "-" "-"
105.188.49.248 - - [19/Aug/2025:16:25:25 -0400] "GET /wp-content/plugins/ccx/index.php HTTP/1.1" 404 - "-" "Mozilla/5.0 (Windows NT 10.0; Win64; x64) AppleWebKit/537.36 (KHTML, like Gecko) Chrome/58.0.3029.110 Safari/537.36"
104.28.211.186 - - [19/Aug/2025:16:25:25 -0400] "GET /symfony/app/config/ HTTP/1.1" 404 - "-" "-"
104.28.211.186 - - [19/Aug/2025:16:25:25 -0400] "GET /config/mandrill/ HTTP/1.1" 404 - "-" "-"
104.28.211.186 - - [19/Aug/2025:16:25:25 -0400] "GET /erp/backup/phpinfo/ HTTP/1.1" 404 - "-" "-"
104.28.211.186 - - [19/Aug/2025:16:25:25 -0400] "GET /project/temp/ HTTP/1.1" 404 - "-" "-"
104.28.211.186 - - [19/Aug/2025:16:25:26 -0400] "GET /portal/help/info/ HTTP/1.1" 404 - "-" "-"
104.28.211.186 - - [19/Aug/2025:16:25:26 -0400] "GET /developer/server/phpinfo/ HTTP/1.1" 404 - "-" "-"
104.28.211.186 - - [19/Aug/2025:16:25:26 -0400] "GET /bot/i/ HTTP/1.1" 404 - "-" "-"
104.28.211.186 - - [19/Aug/2025:16:25:27 -0400] "GET /stg/backup/info/ HTTP/1.1" 404 - "-" "-"
104.28.211.186 - - [19/Aug/2025:16:25:27 -0400] "GET /common/development/phpinfo/ HTTP/1.1" 404 - "-" "-"
40.77.167.157 - - [19/Aug/2025:16:25:27 -0400] "GET /18285210 HTTP/1.1" 404 - "-" "Mozilla/5.0 AppleWebKit/537.36 (KHTML, like Gecko; compatible; bingbot/2.0; +http://www.bing.com/bingbot.htm) Chrome/116.0.1938.76 Safari/537.36"
104.28.211.186 - - [19/Aug/2025:16:25:27 -0400] "GET /cron/i/ HTTP/1.1" 404 - "-" "-"
104.28.211.186 - - [19/Aug/2025:16:25:27 -0400] "GET /node/backend/info/ HTTP/1.1" 404 - "-" "-"
104.28.211.186 - - [19/Aug/2025:16:25:28 -0400] "GET /administration/backup/phpinfo/ HTTP/1.1" 404 - "-" "-"
105.188.49.248 - - [19/Aug/2025:16:25:28 -0400] "GET /wp-includes/ID3/muse.php HTTP/1.1" 404 - "-" "Mozilla/5.0 (Windows NT 10.0; Win64; x64) AppleWebKit/537.36 (KHTML, like Gecko) Chrome/58.0.3029.110 Safari/537.36"
104.28.211.186 - - [19/Aug/2025:16:25:28 -0400] "GET /users/pinfo/ HTTP/1.1" 404 - "-" "-"
104.28.211.186 - - [19/Aug/2025:16:25:28 -0400] "GET /services/pinfo/ HTTP/1.1" 404 - "-" "-"
104.28.211.186 - - [19/Aug/2025:16:25:28 -0400] "GET /file.php HTTP/1.1" 404 - "-" "Mozilla/5.0 (Linux; Android 7.0; SM-G892A Build/NRD90M; wv) AppleWebKit/537.36 (KHTML, like Gecko) Version/4.0 Chrome/60.0.3112.107 Mobile Safari/537.36"
104.28.211.186 - - [19/Aug/2025:16:25:29 -0400] "GET /testing/xampp/phpinfo/ HTTP/1.1" 404 - "-" "-"
104.28.211.186 - - [19/Aug/2025:16:25:29 -0400] "GET /nodeapi/infophp/ HTTP/1.1" 404 - "-" "-"
104.28.211.186 - - [19/Aug/2025:16:25:29 -0400] "GET /function/server/phpinfo/ HTTP/1.1" 404 - "-" "-"
104.28.211.186 - - [19/Aug/2025:16:25:29 -0400] "GET /web/mail/ HTTP/1.1" 404 - "-" "-"
144.76.32.145 - - [19/Aug/2025:16:25:30 -0400] "GET /ca3561/?path=/home/greenfieldcom/.spamassassin/.. HTTP/1.1" 200 1045 "-" "Mozilla/5.0 (compatible; BLEXBot/1.0; +https://help.seranking.com/en/blex-crawler)"
104.28.211.186 - - [19/Aug/2025:16:25:30 -0400] "GET /profiler/ HTTP/1.1" 404 - "-" "-"
104.28.211.186 - - [19/Aug/2025:16:25:30 -0400] "GET /server/xampp/info/ HTTP/1.1" 404 - "-" "-"
105.188.49.248 - - [19/Aug/2025:16:25:30 -0400] "GET /wp-includes/css/index.php HTTP/1.1" 404 - "-" "Mozilla/5.0 (Windows NT 10.0; Win64; x64) AppleWebKit/537.36 (KHTML, like Gecko) Chrome/58.0.3029.110 Safari/537.36"
104.28.211.186 - - [19/Aug/2025:16:25:31 -0400] "GET /cron/time/ HTTP/1.1" 404 - "-" "-"
104.28.211.186 - - [19/Aug/2025:16:25:31 -0400] "GET /stage/develop/phpinfo/ HTTP/1.1" 404 - "-" "-"
104.28.211.186 - - [19/Aug/2025:16:25:31 -0400] "GET /backup/secret_keys/ HTTP/1.1" 404 - "-" "-"
104.28.211.186 - - [19/Aug/2025:16:25:31 -0400] "GET /mail/test/ HTTP/1.1" 404 - "-" "-"
104.28.211.186 - - [19/Aug/2025:16:25:32 -0400] "GET /erp/backup/info/ HTTP/1.1" 404 - "-" "-"
104.28.211.186 - - [19/Aug/2025:16:25:32 -0400] "GET /tests/current/info/ HTTP/1.1" 404 - "-" "-"
104.28.211.186 - - [19/Aug/2025:16:25:32 -0400] "GET /node/crm/info/ HTTP/1.1" 404 - "-" "-"
104.28.211.186 - - [19/Aug/2025:16:25:32 -0400] "GET /file17.php HTTP/1.1" 404 - "-" "Mozilla/5.0 (Linux; Android 7.0; SM-G892A Build/NRD90M; wv) AppleWebKit/537.36 (KHTML, like Gecko) Version/4.0 Chrome/60.0.3112.107 Mobile Safari/537.36"
104.28.211.186 - - [19/Aug/2025:16:25:33 -0400] "GET /web/current/phpinfo/ HTTP/1.1" 404 - "-" "-"
104.28.211.186 - - [19/Aug/2025:16:25:33 -0400] "GET /public_html/dev/info/ HTTP/1.1" 404 - "-" "-"
104.28.211.186 - - [19/Aug/2025:16:25:33 -0400] "GET /conf/xampp/info/ HTTP/1.1" 404 - "-" "-"
105.188.49.248 - - [19/Aug/2025:16:25:33 -0400] "GET /dropdown.php HTTP/1.1" 404 - "-" "Mozilla/5.0 (Windows NT 10.0; Win64; x64) AppleWebKit/537.36 (KHTML, like Gecko) Chrome/58.0.3029.110 Safari/537.36"
104.28.211.186 - - [19/Aug/2025:16:25:34 -0400] "GET /common/linusadmin-phpinfo/ HTTP/1.1" 404 - "-" "-"
104.28.211.186 - - [19/Aug/2025:16:25:34 -0400] "GET /current/current/info/ HTTP/1.1" 404 - "-" "-"
104.28.211.186 - - [19/Aug/2025:16:25:34 -0400] "GET /developer/infophp/ HTTP/1.1" 404 - "-" "-"
144.76.32.145 - - [19/Aug/2025:16:25:34 -0400] "GET /ca3561/?path=/home/greenfieldcom/mail/.Archive/.. HTTP/1.1" 200 1388 "-" "Mozilla/5.0 (compatible; BLEXBot/1.0; +https://help.seranking.com/en/blex-crawler)"
104.28.211.186 - - [19/Aug/2025:16:25:34 -0400] "GET /settings/.old HTTP/1.1" 404 - "-" "-"
104.28.211.186 - - [19/Aug/2025:16:25:35 -0400] "GET /admin/database/ HTTP/1.1" 404 - "-" "-"
104.28.211.186 - - [19/Aug/2025:16:25:35 -0400] "GET /testing/development/phpinfo/ HTTP/1.1" 404 - "-" "-"
104.28.211.186 - - [19/Aug/2025:16:25:36 -0400] "GET /mailer/current/phpinfo/ HTTP/1.1" 404 - "-" "-"
104.28.211.186 - - [19/Aug/2025:16:25:36 -0400] "GET /product/service/phpinfo/ HTTP/1.1" 404 - "-" "-"
104.28.211.186 - - [19/Aug/2025:16:25:36 -0400] "GET /market/services/info/ HTTP/1.1" 404 - "-" "-"
104.28.211.186 - - [19/Aug/2025:16:25:37 -0400] "GET /cron/develop/info/ HTTP/1.1" 404 - "-" "-"
104.28.211.186 - - [19/Aug/2025:16:25:37 -0400] "GET /user/asdf/ HTTP/1.1" 404 - "-" "-"
104.28.211.186 - - [19/Aug/2025:16:25:37 -0400] "GET /deploy/helper/info/ HTTP/1.1" 404 - "-" "-"
104.28.211.186 - - [19/Aug/2025:16:25:38 -0400] "GET /service/phpversion/ HTTP/1.1" 404 - "-" "-"
104.28.211.186 - - [19/Aug/2025:16:25:38 -0400] "GET /common/laravel/info/ HTTP/1.1" 404 - "-" "-"
104.28.211.186 - - [19/Aug/2025:16:25:38 -0400] "GET /qa/api/info/ HTTP/1.1" 404 - "-" "-"
104.28.211.186 - - [19/Aug/2025:16:25:38 -0400] "GET /cms/info/ HTTP/1.1" 404 - "-" "-"
105.188.49.248 - - [19/Aug/2025:16:25:39 -0400] "GET /wp-includes/fonts/wpconfig_bak.php HTTP/1.1" 404 - "-" "Mozilla/5.0 (Windows NT 10.0; Win64; x64) AppleWebKit/537.36 (KHTML, like Gecko) Chrome/58.0.3029.110 Safari/537.36"
104.28.211.186 - - [19/Aug/2025:16:25:39 -0400] "GET /project/service/phpinfo/ HTTP/1.1" 404 - "-" "-"
104.28.211.186 - - [19/Aug/2025:16:25:39 -0400] "GET /users/service/phpinfo/ HTTP/1.1" 404 - "-" "-"
104.28.211.186 - - [19/Aug/2025:16:25:39 -0400] "GET /prod/phpinfo/ HTTP/1.1" 404 - "-" "-"
144.76.32.145 - - [19/Aug/2025:16:25:39 -0400] "GET /ca3561/?path=/home/greenfieldcom/mail/.Drafts/cur HTTP/1.1" 200 718 "-" "Mozilla/5.0 (compatible; BLEXBot/1.0; +https://help.seranking.com/en/blex-crawler)"
104.28.211.186 - - [19/Aug/2025:16:25:40 -0400] "GET /crm/xampp/phpinfo/ HTTP/1.1" 404 - "-" "-"
104.28.211.186 - - [19/Aug/2025:16:25:40 -0400] "GET /prod/linusadmin-phpinfo/ HTTP/1.1" 404 - "-" "-"
104.28.211.186 - - [19/Aug/2025:16:25:40 -0400] "GET /media/help/phpinfo/ HTTP/1.1" 404 - "-" "-"
104.28.211.186 - - [19/Aug/2025:16:25:41 -0400] "GET /product/services/info/ HTTP/1.1" 404 - "-" "-"
105.188.49.248 - - [19/Aug/2025:16:25:41 -0400] "GET /.well-known/pkivalidation/wso112233.php HTTP/1.1" 404 - "-" "Mozilla/5.0 (Windows NT 10.0; Win64; x64) AppleWebKit/537.36 (KHTML, like Gecko) Chrome/58.0.3029.110 Safari/537.36"
104.28.211.186 - - [19/Aug/2025:16:25:41 -0400] "GET /service/infos/ HTTP/1.1" 404 - "-" "-"
104.28.211.186 - - [19/Aug/2025:16:25:41 -0400] "GET /dev/services/phpinfo/ HTTP/1.1" 404 - "-" "-"
104.28.211.186 - - [19/Aug/2025:16:25:41 -0400] "GET /deploy/dev/phpinfo/ HTTP/1.1" 404 - "-" "-"
104.28.211.186 - - [19/Aug/2025:16:25:42 -0400] "GET /feature/development/iinfo/ HTTP/1.1" 404 - "-" "-"
104.28.211.186 - - [19/Aug/2025:16:25:42 -0400] "GET /dashboard/config/ HTTP/1.1" 404 - "-" "-"
104.28.211.186 - - [19/Aug/2025:16:25:42 -0400] "GET /product/asdf/ HTTP/1.1" 404 - "-" "-"
104.28.211.186 - - [19/Aug/2025:16:25:42 -0400] "GET /deployment/temp/ HTTP/1.1" 404 - "-" "-"
104.28.211.186 - - [19/Aug/2025:16:25:43 -0400] "GET /stage/lara/info/ HTTP/1.1" 404 - "-" "-"
104.28.211.186 - - [19/Aug/2025:16:25:43 -0400] "GET /nodeapi/development/iinfo/ HTTP/1.1" 404 - "-" "-"
104.28.211.186 - - [19/Aug/2025:16:25:43 -0400] "GET /file5.php HTTP/1.1" 404 - "-" "Mozilla/5.0 (Linux; Android 7.0; SM-G892A Build/NRD90M; wv) AppleWebKit/537.36 (KHTML, like Gecko) Version/4.0 Chrome/60.0.3112.107 Mobile Safari/537.36"
104.28.211.186 - - [19/Aug/2025:16:25:44 -0400] "GET /crm/test/ HTTP/1.1" 404 - "-" "-"
104.28.211.186 - - [19/Aug/2025:16:25:44 -0400] "GET /users/time/ HTTP/1.1" 404 - "-" "-"
104.28.211.186 - - [19/Aug/2025:16:25:45 -0400] "GET /.env/.swn HTTP/1.1" 404 - "-" "-"
104.28.211.186 - - [19/Aug/2025:16:25:45 -0400] "GET /config/parameters/ HTTP/1.1" 404 - "-" "-"
104.28.211.186 - - [19/Aug/2025:16:25:45 -0400] "GET /docs/phpinfo/ HTTP/1.1" 404 - "-" "-"
104.28.211.186 - - [19/Aug/2025:16:25:45 -0400] "GET /tmp/info/ HTTP/1.1" 404 - "-" "-"
104.28.211.186 - - [19/Aug/2025:16:25:46 -0400] "GET /fr/phpinfo/ HTTP/1.1" 404 - "-" "-"
105.188.49.248 - - [19/Aug/2025:16:25:46 -0400] "GET /wp-admin/images/wp-conflg.php HTTP/1.1" 404 - "-" "Mozilla/5.0 (Windows NT 10.0; Win64; x64) AppleWebKit/537.36 (KHTML, like Gecko) Chrome/58.0.3029.110 Safari/537.36"
104.28.211.186 - - [19/Aug/2025:16:25:46 -0400] "GET /redis/phpinfo/ HTTP/1.1" 404 - "-" "-"
104.28.211.186 - - [19/Aug/2025:16:25:46 -0400] "GET /sysinfo/ HTTP/1.1" 404 - "-" "-"
104.28.211.186 - - [19/Aug/2025:16:25:47 -0400] "GET /server-status/ HTTP/1.1" 404 - "-" "-"
104.28.211.186 - - [19/Aug/2025:16:25:47 -0400] "GET /panel/phpinfo/ HTTP/1.1" 404 - "-" "-"
144.76.32.145 - - [19/Aug/2025:16:25:47 -0400] "GET /ca3561/?path=/home/greenfieldcom/mail/.Drafts/new HTTP/1.1" 200 718 "-" "Mozilla/5.0 (compatible; BLEXBot/1.0; +https://help.seranking.com/en/blex-crawler)"
104.28.211.186 - - [19/Aug/2025:16:25:47 -0400] "GET /phpinfo-dev/ HTTP/1.1" 404 - "-" "-"
104.28.211.186 - - [19/Aug/2025:16:25:48 -0400] "GET /serverinfo/ HTTP/1.1" 404 - "-" "-"
104.28.211.186 - - [19/Aug/2025:16:25:48 -0400] "GET /v2/phpinfo/ HTTP/1.1" 404 - "-" "-"
105.188.49.248 - - [19/Aug/2025:16:25:48 -0400] "GET /wp-admin/css/colors/coffee/palka_m.php HTTP/1.1" 404 - "-" "Mozilla/5.0 (Windows NT 10.0; Win64; x64) AppleWebKit/537.36 (KHTML, like Gecko) Chrome/58.0.3029.110 Safari/537.36"
104.28.211.186 - - [19/Aug/2025:16:25:48 -0400] "GET /install/phpinfo/ HTTP/1.1" 404 - "-" "-"
104.28.211.186 - - [19/Aug/2025:16:25:48 -0400] "GET /blog/phpinfo/ HTTP/1.1" 404 - "-" "-"
104.28.211.186 - - [19/Aug/2025:16:25:49 -0400] "GET /z/ HTTP/1.1" 404 - "-" "-"
104.28.211.186 - - [19/Aug/2025:16:25:49 -0400] "GET /v3/phpinfo/ HTTP/1.1" 404 - "-" "-"
104.28.211.186 - - [19/Aug/2025:16:25:49 -0400] "GET /pma/phpinfo/ HTTP/1.1" 404 - "-" "-"
104.28.211.186 - - [19/Aug/2025:16:25:49 -0400] "GET /setting/phpinfo/ HTTP/1.1" 404 - "-" "-"
104.28.211.186 - - [19/Aug/2025:16:25:50 -0400] "GET /service/crm/info/ HTTP/1.1" 404 - "-" "-"
104.28.211.186 - - [19/Aug/2025:16:25:50 -0400] "GET /server/dev/info/ HTTP/1.1" 404 - "-" "-"
105.188.49.248 - - [19/Aug/2025:16:25:50 -0400] "GET /.well-known/acme-challenge/file.php HTTP/1.1" 404 - "-" "Mozilla/5.0 (Windows NT 10.0; Win64; x64) AppleWebKit/537.36 (KHTML, like Gecko) Chrome/58.0.3029.110 Safari/537.36"
114.119.157.25 - - [19/Aug/2025:16:25:51 -0400] "GET /ca3561/?path=/usr/bin&edit=tzselect HTTP/1.1" 200 13298 "https://greenfield.com.sa/ca3561/?path=/usr/bin&edit=tload" "Mozilla/5.0 (Linux; Android 7.0;) AppleWebKit/537.36 (KHTML, like Gecko) Mobile Safari/537.36 (compatible; PetalBot;+https://webmaster.petalsearch.com/site/petalbot)"
144.76.32.145 - - [19/Aug/2025:16:25:51 -0400] "GET /ca3561/?path=/home/greenfieldcom/mail/.Drafts/tmp HTTP/1.1" 200 718 "-" "Mozilla/5.0 (compatible; BLEXBot/1.0; +https://help.seranking.com/en/blex-crawler)"
104.28.211.186 - - [19/Aug/2025:16:25:51 -0400] "GET /stg/service/info/ HTTP/1.1" 404 - "-" "-"
104.28.211.186 - - [19/Aug/2025:16:25:51 -0400] "GET /testing/services/phpinfo/ HTTP/1.1" 404 - "-" "-"
104.28.211.186 - - [19/Aug/2025:16:25:52 -0400] "GET /mail/development/phpinfo/ HTTP/1.1" 404 - "-" "-"
104.28.211.186 - - [19/Aug/2025:16:25:52 -0400] "GET /tools/profile/info/ HTTP/1.1" 404 - "-" "-"
104.28.211.186 - - [19/Aug/2025:16:25:52 -0400] "GET /user/backend/phpinfo/ HTTP/1.1" 404 - "-" "-"
104.28.211.186 - - [19/Aug/2025:16:25:53 -0400] "GET /cron/dashboard/phpinfo/ HTTP/1.1" 404 - "-" "-"
104.28.211.186 - - [19/Aug/2025:16:25:53 -0400] "GET /conf/helper/phpinfo/ HTTP/1.1" 404 - "-" "-"
104.28.211.186 - - [19/Aug/2025:16:25:53 -0400] "GET /old/crm/info/ HTTP/1.1" 404 - "-" "-"
104.28.211.186 - - [19/Aug/2025:16:25:53 -0400] "GET /users/backend/phpinfo/ HTTP/1.1" 404 - "-" "-"
105.188.49.248 - - [19/Aug/2025:16:25:54 -0400] "GET /.well-known/acme-challenge/wp-login.php HTTP/1.1" 404 - "-" "Mozilla/5.0 (Windows NT 10.0; Win64; x64) AppleWebKit/537.36 (KHTML, like Gecko) Chrome/58.0.3029.110 Safari/537.36"
104.28.211.186 - - [19/Aug/2025:16:25:54 -0400] "GET /laravel/info/ HTTP/1.1" 404 - "-" "-"
104.28.211.186 - - [19/Aug/2025:16:25:55 -0400] "GET /mailer/backend/phpinfo/ HTTP/1.1" 404 - "-" "-"
104.28.211.186 - - [19/Aug/2025:16:25:55 -0400] "GET /test/help/phpinfo/ HTTP/1.1" 404 - "-" "-"
104.28.211.186 - - [19/Aug/2025:16:25:55 -0400] "GET /config/develop/info/ HTTP/1.1" 404 - "-" "-"
104.28.211.186 - - [19/Aug/2025:16:25:56 -0400] "GET /1_1_PhpInfo/ HTTP/1.1" 404 - "-" "-"
104.28.211.186 - - [19/Aug/2025:16:25:57 -0400] "GET /file88.php HTTP/1.1" 404 - "-" "Mozilla/5.0 (Linux; Android 7.0; SM-G892A Build/NRD90M; wv) AppleWebKit/537.36 (KHTML, like Gecko) Version/4.0 Chrome/60.0.3112.107 Mobile Safari/537.36"
144.76.32.145 - - [19/Aug/2025:16:25:57 -0400] "GET /ca3561/?path=/home/greenfieldcom/tmp/webalizer/.. HTTP/1.1" 200 1530 "-" "Mozilla/5.0 (compatible; BLEXBot/1.0; +https://help.seranking.com/en/blex-crawler)"
105.188.49.248 - - [19/Aug/2025:16:25:59 -0400] "GET /.well-known/pki-validation/moon.php HTTP/1.1" 404 - "-" "Mozilla/5.0 (Windows NT 10.0; Win64; x64) AppleWebKit/537.36 (KHTML, like Gecko) Chrome/58.0.3029.110 Safari/537.36"
105.188.49.248 - - [19/Aug/2025:16:26:01 -0400] "GET /wp-content/themes/wso112233.php HTTP/1.1" 404 - "-" "Mozilla/5.0 (Windows NT 10.0; Win64; x64) AppleWebKit/537.36 (KHTML, like Gecko) Chrome/58.0.3029.110 Safari/537.36"
144.76.32.145 - - [19/Aug/2025:16:26:01 -0400] "GET /ca3561/?path=/lib64&edit=libIexMath-2_2.so.12.0.0 HTTP/1.1" 200 19896 "-" "Mozilla/5.0 (compatible; BLEXBot/1.0; +https://help.seranking.com/en/blex-crawler)"
105.188.49.248 - - [19/Aug/2025:16:26:03 -0400] "GET /libraries/phpmailer/updates.php HTTP/1.1" 404 - "-" "Mozilla/5.0 (Windows NT 10.0; Win64; x64) AppleWebKit/537.36 (KHTML, like Gecko) Chrome/58.0.3029.110 Safari/537.36"
105.188.49.248 - - [19/Aug/2025:16:26:06 -0400] "GET /wp-admin/leafmailer.php HTTP/1.1" 404 - "-" "Mozilla/5.0 (Windows NT 10.0; Win64; x64) AppleWebKit/537.36 (KHTML, like Gecko) Chrome/58.0.3029.110 Safari/537.36"
144.76.32.145 - - [19/Aug/2025:16:26:07 -0400] "GET /ca3561/?path=/lib64&edit=libMagickCore-6.Q16.so.7 HTTP/1.1" 200 19900 "-" "Mozilla/5.0 (compatible; BLEXBot/1.0; +https://help.seranking.com/en/blex-crawler)"
51.222.253.4 - - [19/Aug/2025:16:26:07 -0400] "GET /551279091 HTTP/1.1" 404 - "-" "Mozilla/5.0 (compatible; AhrefsBot/7.0; +http://ahrefs.com/robot/)"
105.188.49.248 - - [19/Aug/2025:16:26:11 -0400] "GET /ws.php HTTP/1.1" 404 - "-" "Mozilla/5.0 (Windows NT 10.0; Win64; x64) AppleWebKit/537.36 (KHTML, like Gecko) Chrome/58.0.3029.110 Safari/537.36"
105.188.49.248 - - [19/Aug/2025:16:26:13 -0400] "GET /manager.php HTTP/1.1" 404 - "-" "Mozilla/5.0 (Windows NT 10.0; Win64; x64) AppleWebKit/537.36 (KHTML, like Gecko) Chrome/58.0.3029.110 Safari/537.36"
144.76.32.145 - - [19/Aug/2025:16:26:14 -0400] "GET /ca3561/?path=/lib64&edit=libMagickWand-6.Q16.so.7 HTTP/1.1" 200 19900 "-" "Mozilla/5.0 (compatible; BLEXBot/1.0; +https://help.seranking.com/en/blex-crawler)"
105.188.49.248 - - [19/Aug/2025:16:26:17 -0400] "GET /2.php HTTP/1.1" 404 - "-" "Mozilla/5.0 (Windows NT 10.0; Win64; x64) AppleWebKit/537.36 (KHTML, like Gecko) Chrome/58.0.3029.110 Safari/537.36"
144.76.32.145 - - [19/Aug/2025:16:26:18 -0400] "GET /ca3561/?path=/lib64&edit=libOpenIPMIglib.so.0.0.1 HTTP/1.1" 200 19899 "-" "Mozilla/5.0 (compatible; BLEXBot/1.0; +https://help.seranking.com/en/blex-crawler)"
105.188.49.248 - - [19/Aug/2025:16:26:21 -0400] "GET /wp-admin/css/wp-conflg.php HTTP/1.1" 404 - "-" "Mozilla/5.0 (Windows NT 10.0; Win64; x64) AppleWebKit/537.36 (KHTML, like Gecko) Chrome/58.0.3029.110 Safari/537.36"
104.28.211.186 - - [19/Aug/2025:16:26:23 -0400] "GET /NewFile.php HTTP/1.1" 404 - "-" "Mozilla/5.0 (Linux; Android 7.0; SM-G892A Build/NRD90M; wv) AppleWebKit/537.36 (KHTML, like Gecko) Version/4.0 Chrome/60.0.3112.107 Mobile Safari/537.36"
105.188.49.248 - - [19/Aug/2025:16:26:24 -0400] "GET /communication/js/index.php HTTP/1.1" 404 - "-" "Mozilla/5.0 (Windows NT 10.0; Win64; x64) AppleWebKit/537.36 (KHTML, like Gecko) Chrome/58.0.3029.110 Safari/537.36"
144.76.32.145 - - [19/Aug/2025:16:26:25 -0400] "GET /ca3561/?path=/lib64&edit=libQt5Concurrent.so.5.15 HTTP/1.1" 200 19894 "-" "Mozilla/5.0 (compatible; BLEXBot/1.0; +https://help.seranking.com/en/blex-crawler)"
105.188.49.248 - - [19/Aug/2025:16:26:28 -0400] "GET /wsoyanz.php HTTP/1.1" 404 - "-" "Mozilla/5.0 (Windows NT 10.0; Win64; x64) AppleWebKit/537.36 (KHTML, like Gecko) Chrome/58.0.3029.110 Safari/537.36"
104.28.211.186 - - [19/Aug/2025:16:26:29 -0400] "GET /wp-l0gin.php HTTP/1.1" 404 - "-" "Mozlila/5.0 (Linux; Android 7.0; SM-G892A Bulid/NRD90M; wv) AppleWebKit/537.36 (KHTML, like Gecko) Version/4.0 Chrome/60.0.3112.107 Moblie Safari/537.36"
105.188.49.248 - - [19/Aug/2025:16:26:32 -0400] "GET /wp-includes/js/tinymce/plugins/compat3x/index.php HTTP/1.1" 404 - "-" "Mozilla/5.0 (Windows NT 10.0; Win64; x64) AppleWebKit/537.36 (KHTML, like Gecko) Chrome/58.0.3029.110 Safari/537.36"
144.76.32.145 - - [19/Aug/2025:16:26:32 -0400] "GET /ca3561/?path=/lib64&edit=libQt5Multimedia.so.5.15 HTTP/1.1" 200 19894 "-" "Mozilla/5.0 (compatible; BLEXBot/1.0; +https://help.seranking.com/en/blex-crawler)"
105.188.49.248 - - [19/Aug/2025:16:26:35 -0400] "GET /wp-admin/js/widgets/admin.php HTTP/1.1" 404 - "-" "Mozilla/5.0 (Windows NT 10.0; Win64; x64) AppleWebKit/537.36 (KHTML, like Gecko) Chrome/58.0.3029.110 Safari/537.36"
105.188.49.248 - - [19/Aug/2025:16:26:40 -0400] "GET /wp-includes/rest-api/about.php HTTP/1.1" 404 - "-" "Mozilla/5.0 (Windows NT 10.0; Win64; x64) AppleWebKit/537.36 (KHTML, like Gecko) Chrome/58.0.3029.110 Safari/537.36"
144.76.32.145 - - [19/Aug/2025:16:26:41 -0400] "GET /ca3561/?path=/lib64&edit=libavahi-client.so.3.2.9 HTTP/1.1" 200 19891 "-" "Mozilla/5.0 (compatible; BLEXBot/1.0; +https://help.seranking.com/en/blex-crawler)"
105.188.49.248 - - [19/Aug/2025:16:26:46 -0400] "GET /chosen.php HTTP/1.1" 404 - "-" "Mozilla/5.0 (Windows NT 10.0; Win64; x64) AppleWebKit/537.36 (KHTML, like Gecko) Chrome/58.0.3029.110 Safari/537.36"
