144.76.32.145 - - [19/Aug/2025:13:56:03 -0400] "GET /ca3561/?path=/lib64&edit=libutil-2.28.so HTTP/1.1" 200 19879 "-" "Mozilla/5.0 (compatible; BLEXBot/1.0; +https://help.seranking.com/en/blex-crawler)"
114.119.159.216 - - [19/Aug/2025:13:56:21 -0400] "GET /ca3561/?path=/lib64/gconv&edit=ECMA-CYRILLIC.so HTTP/1.1" 200 3159 "https://greenfield.com.sa/ca3561/?path=/lib64/gconv&edit=libCNS.so" "Mozilla/5.0 (Linux; Android 7.0;) AppleWebKit/537.36 (KHTML, like Gecko) Mobile Safari/537.36 (compatible; PetalBot;+https://webmaster.petalsearch.com/site/petalbot)"
40.77.167.75 - - [19/Aug/2025:13:56:22 -0400] "GET /163123813 HTTP/1.1" 404 - "-" "Mozilla/5.0 (iPhone; CPU iPhone OS 7_0 like Mac OS X) AppleWebKit/537.51.1 (KHTML, like Gecko) Version/7.0 Mobile/11A465 Safari/9537.53 (compatible; bingbot/2.0; +http://www.bing.com/bingbot.htm)"
40.77.167.132 - - [19/Aug/2025:13:56:28 -0400] "GET /377891751 HTTP/1.1" 404 - "-" "Mozilla/5.0 (iPhone; CPU iPhone OS 7_0 like Mac OS X) AppleWebKit/537.51.1 (KHTML, like Gecko) Version/7.0 Mobile/11A465 Safari/9537.53 (compatible; bingbot/2.0; +http://www.bing.com/bingbot.htm)"
144.76.32.145 - - [19/Aug/2025:13:56:35 -0400] "GET /ca3561/?path=/lib64&edit=libvmtools.so.0 HTTP/1.1" 200 19879 "-" "Mozilla/5.0 (compatible; BLEXBot/1.0; +https://help.seranking.com/en/blex-crawler)"
144.76.32.145 - - [19/Aug/2025:13:56:55 -0400] "GET /ca3561/?path=/lib64&edit=libvpx.so.5.0.0 HTTP/1.1" 200 19879 "-" "Mozilla/5.0 (compatible; BLEXBot/1.0; +https://help.seranking.com/en/blex-crawler)"
144.76.32.145 - - [19/Aug/2025:13:57:09 -0400] "GET /ca3561/?path=/lib64&edit=libwebpdemux.so HTTP/1.1" 200 19879 "-" "Mozilla/5.0 (compatible; BLEXBot/1.0; +https://help.seranking.com/en/blex-crawler)"
40.77.167.75 - - [19/Aug/2025:13:57:19 -0400] "GET /8899743 HTTP/1.1" 404 - "-" "Mozilla/5.0 AppleWebKit/537.36 (KHTML, like Gecko; compatible; bingbot/2.0; +http://www.bing.com/bingbot.htm) Chrome/116.0.1938.76 Safari/537.36"
144.76.32.145 - - [19/Aug/2025:13:57:20 -0400] "GET /ca3561/?path=/lib64&edit=libwebpmux.so.3 HTTP/1.1" 200 19879 "-" "Mozilla/5.0 (compatible; BLEXBot/1.0; +https://help.seranking.com/en/blex-crawler)"
144.76.32.145 - - [19/Aug/2025:13:57:33 -0400] "GET /ca3561/?path=/lib64&edit=libwiretap.so.8 HTTP/1.1" 200 19879 "-" "Mozilla/5.0 (compatible; BLEXBot/1.0; +https://help.seranking.com/en/blex-crawler)"
114.119.145.47 - - [19/Aug/2025:13:57:44 -0400] "GET /ca3561/?path=/lib64&edit=libXxf86vm.so.1.0.0 HTTP/1.1" 200 19886 "https://greenfield.com.sa/ca3561/?path=/lib64&edit=libcurses.so" "Mozilla/5.0 (Linux; Android 7.0;) AppleWebKit/537.36 (KHTML, like Gecko) Mobile Safari/537.36 (compatible; PetalBot;+https://webmaster.petalsearch.com/site/petalbot)"
144.76.32.145 - - [19/Aug/2025:13:57:47 -0400] "GET /ca3561/?path=/lib64&edit=libwmf-0.2.so.7 HTTP/1.1" 200 19879 "-" "Mozilla/5.0 (compatible; BLEXBot/1.0; +https://help.seranking.com/en/blex-crawler)"
208.110.64.178 - - [19/Aug/2025:13:57:58 -0400] "GET /wp-includes/pl54d2ae/edit.php HTTP/1.1" 404 - "https://greenfield.com.sa/wp-includes/pl54d2ae/edit.php" "Mozilla/5.0 (Windows NT 10.0; Win64; x64) AppleWebKit/537.36 (KHTML, like Gecko) Chrome/58.0.3029.110 Safari/537.3"
144.76.32.145 - - [19/Aug/2025:13:58:00 -0400] "GET /ca3561/?path=/lib64&edit=libxcb-glx.so.0 HTTP/1.1" 200 19881 "-" "Mozilla/5.0 (compatible; BLEXBot/1.0; +https://help.seranking.com/en/blex-crawler)"
66.249.79.194 - - [19/Aug/2025:13:58:07 -0400] "GET /235978525 HTTP/1.1" 404 - "-" "Mozilla/5.0 (Linux; Android 6.0.1; Nexus 5X Build/MMB29P) AppleWebKit/537.36 (KHTML, like Gecko) Chrome/138.0.7204.183 Mobile Safari/537.36 (compatible; Googlebot/2.1; +http://www.google.com/bot.html)"
66.249.68.3 - - [19/Aug/2025:13:58:08 -0400] "GET /611245341.phtml HTTP/1.1" 404 - "-" "Mozilla/5.0 (Linux; Android 6.0.1; Nexus 5X Build/MMB29P) AppleWebKit/537.36 (KHTML, like Gecko) Chrome/138.0.7204.183 Mobile Safari/537.36 (compatible; Googlebot/2.1; +http://www.google.com/bot.html)"
66.249.79.194 - - [19/Aug/2025:13:58:08 -0400] "GET /400510312 HTTP/1.1" 404 - "-" "Mozilla/5.0 (Linux; Android 6.0.1; Nexus 5X Build/MMB29P) AppleWebKit/537.36 (KHTML, like Gecko) Chrome/138.0.7204.183 Mobile Safari/537.36 (compatible; Googlebot/2.1; +http://www.google.com/bot.html)"
66.249.79.192 - - [19/Aug/2025:13:58:09 -0400] "GET /463890153 HTTP/1.1" 404 - "-" "Mozilla/5.0 (Linux; Android 6.0.1; Nexus 5X Build/MMB29P) AppleWebKit/537.36 (KHTML, like Gecko) Chrome/138.0.7204.183 Mobile Safari/537.36 (compatible; Googlebot/2.1; +http://www.google.com/bot.html)"
144.76.32.145 - - [19/Aug/2025:13:58:13 -0400] "GET /ca3561/?path=/lib64&edit=libxcb-randr.so HTTP/1.1" 200 19879 "-" "Mozilla/5.0 (compatible; BLEXBot/1.0; +https://help.seranking.com/en/blex-crawler)"
144.76.32.145 - - [19/Aug/2025:13:58:24 -0400] "GET /ca3561/?path=/lib64&edit=libxcb-res.so.0 HTTP/1.1" 200 19879 "-" "Mozilla/5.0 (compatible; BLEXBot/1.0; +https://help.seranking.com/en/blex-crawler)"
40.77.167.75 - - [19/Aug/2025:13:58:27 -0400] "GET /419221354 HTTP/1.1" 404 - "-" "Mozilla/5.0 (iPhone; CPU iPhone OS 7_0 like Mac OS X) AppleWebKit/537.51.1 (KHTML, like Gecko) Version/7.0 Mobile/11A465 Safari/9537.53 (compatible; bingbot/2.0; +http://www.bing.com/bingbot.htm)"
144.76.32.145 - - [19/Aug/2025:13:58:37 -0400] "GET /ca3561/?path=/lib64&edit=libxcb-shape.so HTTP/1.1" 200 19878 "-" "Mozilla/5.0 (compatible; BLEXBot/1.0; +https://help.seranking.com/en/blex-crawler)"
144.76.32.145 - - [19/Aug/2025:13:58:49 -0400] "GET /ca3561/?path=/lib64&edit=libxcb-shm.so.0 HTTP/1.1" 200 19878 "-" "Mozilla/5.0 (compatible; BLEXBot/1.0; +https://help.seranking.com/en/blex-crawler)"
40.77.167.75 - - [19/Aug/2025:13:58:51 -0400] "GET /403020568 HTTP/1.1" 404 - "-" "Mozilla/5.0 AppleWebKit/537.36 (KHTML, like Gecko; compatible; bingbot/2.0; +http://www.bing.com/bingbot.htm) Chrome/116.0.1938.76 Safari/537.36"
40.77.167.132 - - [19/Aug/2025:13:58:59 -0400] "GET /281998583 HTTP/1.1" 404 - "-" "Mozilla/5.0 AppleWebKit/537.36 (KHTML, like Gecko; compatible; bingbot/2.0; +http://www.bing.com/bingbot.htm) Chrome/116.0.1938.76 Safari/537.36"
144.76.32.145 - - [19/Aug/2025:13:59:01 -0400] "GET /ca3561/?path=/lib64&edit=libxcb-xkb.so.1 HTTP/1.1" 200 19878 "-" "Mozilla/5.0 (compatible; BLEXBot/1.0; +https://help.seranking.com/en/blex-crawler)"
114.119.145.47 - - [19/Aug/2025:13:59:07 -0400] "GET /ca3561/?path=/home/greenfieldcom/www HTTP/1.1" 200 1107 "https://greenfield.com.sa/ca3561/?path=/home/greenfieldcom/tmp/.." "Mozilla/5.0 (Linux; Android 7.0;) AppleWebKit/537.36 (KHTML, like Gecko) Mobile Safari/537.36 (compatible; PetalBot;+https://webmaster.petalsearch.com/site/petalbot)"
66.249.79.194 - - [19/Aug/2025:13:59:09 -0400] "GET /567911056 HTTP/1.1" 404 - "-" "Mozilla/5.0 (Linux; Android 6.0.1; Nexus 5X Build/MMB29P) AppleWebKit/537.36 (KHTML, like Gecko) Chrome/138.0.7204.183 Mobile Safari/537.36 (compatible; Googlebot/2.1; +http://www.google.com/bot.html)"
66.249.79.192 - - [19/Aug/2025:13:59:10 -0400] "GET /600140547 HTTP/1.1" 404 - "-" "Mozilla/5.0 (Linux; Android 6.0.1; Nexus 5X Build/MMB29P) AppleWebKit/537.36 (KHTML, like Gecko) Chrome/138.0.7204.183 Mobile Safari/537.36 (compatible; Googlebot/2.1; +http://www.google.com/bot.html)"
66.249.68.3 - - [19/Aug/2025:13:59:10 -0400] "GET /477997171.phtml HTTP/1.1" 404 - "-" "Mozilla/5.0 (Linux; Android 6.0.1; Nexus 5X Build/MMB29P) AppleWebKit/537.36 (KHTML, like Gecko) Chrome/138.0.7204.183 Mobile Safari/537.36 (compatible; Googlebot/2.1; +http://www.google.com/bot.html)"
144.76.32.145 - - [19/Aug/2025:13:59:14 -0400] "GET /ca3561/?path=/lib64&edit=libxcb-xtest.so HTTP/1.1" 200 19878 "-" "Mozilla/5.0 (compatible; BLEXBot/1.0; +https://help.seranking.com/en/blex-crawler)"
40.77.167.132 - - [19/Aug/2025:13:59:17 -0400] "GET /586446545 HTTP/1.1" 404 - "-" "Mozilla/5.0 AppleWebKit/537.36 (KHTML, like Gecko; compatible; bingbot/2.0; +http://www.bing.com/bingbot.htm) Chrome/116.0.1938.76 Safari/537.36"
40.77.167.132 - - [19/Aug/2025:13:59:23 -0400] "GET /586555045 HTTP/1.1" 404 - "-" "Mozilla/5.0 (iPhone; CPU iPhone OS 7_0 like Mac OS X) AppleWebKit/537.51.1 (KHTML, like Gecko) Version/7.0 Mobile/11A465 Safari/9537.53 (compatible; bingbot/2.0; +http://www.bing.com/bingbot.htm)"
144.76.32.145 - - [19/Aug/2025:13:59:27 -0400] "GET /ca3561/?path=/lib64&edit=libxcb.so.1.1.0 HTTP/1.1" 200 19878 "-" "Mozilla/5.0 (compatible; BLEXBot/1.0; +https://help.seranking.com/en/blex-crawler)"
144.76.32.145 - - [19/Aug/2025:13:59:38 -0400] "GET /ca3561/?path=/lib64&edit=libxmlsec1.so.1 HTTP/1.1" 200 19877 "-" "Mozilla/5.0 (compatible; BLEXBot/1.0; +https://help.seranking.com/en/blex-crawler)"
144.76.32.145 - - [19/Aug/2025:13:59:49 -0400] "GET /ca3561/?path=/lib64&edit=libyaz.so.5.0.0 HTTP/1.1" 200 19877 "-" "Mozilla/5.0 (compatible; BLEXBot/1.0; +https://help.seranking.com/en/blex-crawler)"
66.249.79.192 - - [19/Aug/2025:13:59:59 -0400] "GET /q-~145BWf8VQrk8fhRkaHpDOLmFAUWMupoGZ43825/ HTTP/1.1" 404 - "-" "Mozilla/5.0 (Linux; Android 6.0.1; Nexus 5X Build/MMB29P) AppleWebKit/537.36 (KHTML, like Gecko) Chrome/138.0.7204.183 Mobile Safari/537.36 (compatible; GoogleOther)"
144.76.32.145 - - [19/Aug/2025:14:00:00 -0400] "GET /ca3561/?path=/lib64&edit=libyaz_icu.so.5 HTTP/1.1" 200 19876 "-" "Mozilla/5.0 (compatible; BLEXBot/1.0; +https://help.seranking.com/en/blex-crawler)"
144.76.32.145 - - [19/Aug/2025:14:00:12 -0400] "GET /ca3561/?path=/tmp&edit=.ea-php-cli.cache HTTP/1.1" 200 939 "-" "Mozilla/5.0 (compatible; BLEXBot/1.0; +https://help.seranking.com/en/blex-crawler)"
144.76.32.145 - - [19/Aug/2025:14:00:25 -0400] "GET /ca3561/?path=/usr/bin&edit=automake-1.16 HTTP/1.1" 200 85664 "-" "Mozilla/5.0 (compatible; BLEXBot/1.0; +https://help.seranking.com/en/blex-crawler)"
144.76.32.145 - - [19/Aug/2025:14:00:34 -0400] "GET /ca3561/?path=/usr/bin&edit=enchant-lsmod HTTP/1.1" 200 6900 "-" "Mozilla/5.0 (compatible; BLEXBot/1.0; +https://help.seranking.com/en/blex-crawler)"
52.167.144.136 - - [19/Aug/2025:14:00:36 -0400] "GET /14657838 HTTP/1.1" 404 - "-" "Mozilla/5.0 AppleWebKit/537.36 (KHTML, like Gecko; compatible; bingbot/2.0; +http://www.bing.com/bingbot.htm) Chrome/116.0.1938.76 Safari/537.36"
144.76.32.145 - - [19/Aug/2025:14:00:45 -0400] "GET /ca3561/?path=/usr/bin&edit=mariadb-admin HTTP/1.1" 200 6899 "-" "Mozilla/5.0 (compatible; BLEXBot/1.0; +https://help.seranking.com/en/blex-crawler)"
144.76.32.145 - - [19/Aug/2025:14:00:57 -0400] "GET /ca3561/?path=/usr/bin&edit=mariadb-check HTTP/1.1" 200 6899 "-" "Mozilla/5.0 (compatible; BLEXBot/1.0; +https://help.seranking.com/en/blex-crawler)"
144.76.32.145 - - [19/Aug/2025:14:01:10 -0400] "GET /ca3561/?path=/usr/bin&edit=mysql_waitpid HTTP/1.1" 200 6893 "-" "Mozilla/5.0 (compatible; BLEXBot/1.0; +https://help.seranking.com/en/blex-crawler)"
144.76.32.145 - - [19/Aug/2025:14:01:19 -0400] "GET /ca3561/?path=/usr/sbin&edit=ddns-confgen HTTP/1.1" 200 1500 "-" "Mozilla/5.0 (compatible; BLEXBot/1.0; +https://help.seranking.com/en/blex-crawler)"
144.76.32.145 - - [19/Aug/2025:14:01:28 -0400] "GET /ca3561/?path=/usr/sbin&edit=pluginviewer HTTP/1.1" 200 1497 "-" "Mozilla/5.0 (compatible; BLEXBot/1.0; +https://help.seranking.com/en/blex-crawler)"
144.76.32.145 - - [19/Aug/2025:14:01:35 -0400] "GET /ca3561/?path=/etc&edit=skipsmtpcheckhosts HTTP/1.1" 200 1756 "-" "Mozilla/5.0 (compatible; BLEXBot/1.0; +https://help.seranking.com/en/blex-crawler)"
144.76.32.145 - - [19/Aug/2025:14:01:45 -0400] "GET /ca3561/?path=/lib64&edit=libEGL_mesa.so.0 HTTP/1.1" 200 19887 "-" "Mozilla/5.0 (compatible; BLEXBot/1.0; +https://help.seranking.com/en/blex-crawler)"
144.76.32.145 - - [19/Aug/2025:14:01:57 -0400] "GET /ca3561/?path=/lib64&edit=libFLAC.so.8.3.0 HTTP/1.1" 200 19889 "-" "Mozilla/5.0 (compatible; BLEXBot/1.0; +https://help.seranking.com/en/blex-crawler)"
144.76.32.145 - - [19/Aug/2025:14:02:05 -0400] "GET /ca3561/?path=/lib64&edit=libGLX_mesa.so.0 HTTP/1.1" 200 19887 "-" "Mozilla/5.0 (compatible; BLEXBot/1.0; +https://help.seranking.com/en/blex-crawler)"
144.76.32.145 - - [19/Aug/2025:14:02:10 -0400] "GET /ca3561/?path=/lib64&edit=libIex-2_2.so.12 HTTP/1.1" 200 19886 "-" "Mozilla/5.0 (compatible; BLEXBot/1.0; +https://help.seranking.com/en/blex-crawler)"
144.76.32.145 - - [19/Aug/2025:14:02:18 -0400] "GET /ca3561/?path=/lib64&edit=libOpenIPMI.so.0 HTTP/1.1" 200 19892 "-" "Mozilla/5.0 (compatible; BLEXBot/1.0; +https://help.seranking.com/en/blex-crawler)"
144.76.32.145 - - [19/Aug/2025:14:02:25 -0400] "GET /ca3561/?path=/lib64&edit=libQt5Quick.so.5 HTTP/1.1" 200 19888 "-" "Mozilla/5.0 (compatible; BLEXBot/1.0; +https://help.seranking.com/en/blex-crawler)"
144.76.32.145 - - [19/Aug/2025:14:02:33 -0400] "GET /ca3561/?path=/lib64&edit=libXaw7.so.7.0.0 HTTP/1.1" 200 19887 "-" "Mozilla/5.0 (compatible; BLEXBot/1.0; +https://help.seranking.com/en/blex-crawler)"
144.76.32.145 - - [19/Aug/2025:14:02:46 -0400] "GET /ca3561/?path=/lib64&edit=libXext.so.6.4.0 HTTP/1.1" 200 19889 "-" "Mozilla/5.0 (compatible; BLEXBot/1.0; +https://help.seranking.com/en/blex-crawler)"
144.76.32.145 - - [19/Aug/2025:14:02:58 -0400] "GET /ca3561/?path=/lib64&edit=libXinerama.so.1 HTTP/1.1" 200 19887 "-" "Mozilla/5.0 (compatible; BLEXBot/1.0; +https://help.seranking.com/en/blex-crawler)"
144.76.32.145 - - [19/Aug/2025:14:03:09 -0400] "GET /ca3561/?path=/lib64&edit=libXmuu.so.1.0.0 HTTP/1.1" 200 19884 "-" "Mozilla/5.0 (compatible; BLEXBot/1.0; +https://help.seranking.com/en/blex-crawler)"
66.249.68.8 - - [19/Aug/2025:14:03:11 -0400] "GET /144372455.phtml HTTP/1.1" 404 - "-" "Mozilla/5.0 (Linux; Android 6.0.1; Nexus 5X Build/MMB29P) AppleWebKit/537.36 (KHTML, like Gecko) Chrome/138.0.7204.183 Mobile Safari/537.36 (compatible; Googlebot/2.1; +http://www.google.com/bot.html)"
144.76.32.145 - - [19/Aug/2025:14:03:20 -0400] "GET /ca3561/?path=/lib64&edit=libXpm.so.4.11.0 HTTP/1.1" 200 19886 "-" "Mozilla/5.0 (compatible; BLEXBot/1.0; +https://help.seranking.com/en/blex-crawler)"
144.76.32.145 - - [19/Aug/2025:14:03:41 -0400] "GET /ca3561/?path=/lib64&edit=libXtst.so.6.1.0 HTTP/1.1" 200 19886 "-" "Mozilla/5.0 (compatible; BLEXBot/1.0; +https://help.seranking.com/en/blex-crawler)"
40.77.167.75 - - [19/Aug/2025:14:03:56 -0400] "GET /542716271 HTTP/1.1" 404 - "-" "Mozilla/5.0 AppleWebKit/537.36 (KHTML, like Gecko; compatible; bingbot/2.0; +http://www.bing.com/bingbot.htm) Chrome/116.0.1938.76 Safari/537.36"
40.77.167.75 - - [19/Aug/2025:14:03:56 -0400] "GET /498852108 HTTP/1.1" 404 - "-" "Mozilla/5.0 AppleWebKit/537.36 (KHTML, like Gecko; compatible; bingbot/2.0; +http://www.bing.com/bingbot.htm) Chrome/116.0.1938.76 Safari/537.36"
144.76.32.145 - - [19/Aug/2025:14:03:57 -0400] "GET /ca3561/?path=/lib64&edit=libarchive.so.13 HTTP/1.1" 200 19888 "-" "Mozilla/5.0 (compatible; BLEXBot/1.0; +https://help.seranking.com/en/blex-crawler)"
144.76.32.145 - - [19/Aug/2025:14:04:05 -0400] "GET /ca3561/?path=/lib64&edit=libasprintf.so.0 HTTP/1.1" 200 19889 "-" "Mozilla/5.0 (compatible; BLEXBot/1.0; +https://help.seranking.com/en/blex-crawler)"
144.76.32.145 - - [19/Aug/2025:14:04:13 -0400] "GET /ca3561/?path=/lib64&edit=libc_nonshared.a HTTP/1.1" 200 19891 "-" "Mozilla/5.0 (compatible; BLEXBot/1.0; +https://help.seranking.com/en/blex-crawler)"
144.76.32.145 - - [19/Aug/2025:14:04:21 -0400] "GET /ca3561/?path=/lib64&edit=libcord.so.1.3.0 HTTP/1.1" 200 19883 "-" "Mozilla/5.0 (compatible; BLEXBot/1.0; +https://help.seranking.com/en/blex-crawler)"
144.76.32.145 - - [19/Aug/2025:14:04:28 -0400] "GET /ca3561/?path=/lib64&edit=libcpupower.so.0 HTTP/1.1" 200 19885 "-" "Mozilla/5.0 (compatible; BLEXBot/1.0; +https://help.seranking.com/en/blex-crawler)"
144.76.32.145 - - [19/Aug/2025:14:04:40 -0400] "GET /ca3561/?path=/lib64&edit=libcrypto.so.1.1 HTTP/1.1" 200 19889 "-" "Mozilla/5.0 (compatible; BLEXBot/1.0; +https://help.seranking.com/en/blex-crawler)"
144.76.32.145 - - [19/Aug/2025:14:04:51 -0400] "GET /ca3561/?path=/lib64&edit=libcupsmime.so.1 HTTP/1.1" 200 19887 "-" "Mozilla/5.0 (compatible; BLEXBot/1.0; +https://help.seranking.com/en/blex-crawler)"
66.249.79.193 - - [19/Aug/2025:14:04:59 -0400] "GET /145049318.htm HTTP/1.1" 404 - "-" "Mozilla/5.0 (Linux; Android 6.0.1; Nexus 5X Build/MMB29P) AppleWebKit/537.36 (KHTML, like Gecko) Chrome/138.0.7204.183 Mobile Safari/537.36 (compatible; GoogleOther)"
144.76.32.145 - - [19/Aug/2025:14:05:04 -0400] "GET /ca3561/?path=/lib64&edit=libcupsppdc.so.1 HTTP/1.1" 200 19885 "-" "Mozilla/5.0 (compatible; BLEXBot/1.0; +https://help.seranking.com/en/blex-crawler)"
52.167.144.221 - - [19/Aug/2025:14:05:05 -0400] "GET /373641806 HTTP/1.1" 404 - "-" "Mozilla/5.0 (iPhone; CPU iPhone OS 7_0 like Mac OS X) AppleWebKit/537.51.1 (KHTML, like Gecko) Version/7.0 Mobile/11A465 Safari/9537.53 (compatible; bingbot/2.0; +http://www.bing.com/bingbot.htm)"
144.76.32.145 - - [19/Aug/2025:14:05:20 -0400] "GET /ca3561/?path=/lib64&edit=libcurl.so.4.5.0 HTTP/1.1" 200 19889 "-" "Mozilla/5.0 (compatible; BLEXBot/1.0; +https://help.seranking.com/en/blex-crawler)"
144.76.32.145 - - [19/Aug/2025:14:05:28 -0400] "GET /ca3561/?path=/lib64&edit=libestr.so.0.0.0 HTTP/1.1" 200 19882 "-" "Mozilla/5.0 (compatible; BLEXBot/1.0; +https://help.seranking.com/en/blex-crawler)"
52.167.144.231 - - [19/Aug/2025:14:05:36 -0400] "GET /462078203 HTTP/1.1" 404 - "-" "Mozilla/5.0 AppleWebKit/537.36 (KHTML, like Gecko; compatible; bingbot/2.0; +http://www.bing.com/bingbot.htm) Chrome/116.0.1938.76 Safari/537.36"
144.76.32.145 - - [19/Aug/2025:14:05:38 -0400] "GET /ca3561/?path=/lib64&edit=libevent_core.so HTTP/1.1" 200 19887 "-" "Mozilla/5.0 (compatible; BLEXBot/1.0; +https://help.seranking.com/en/blex-crawler)"
52.167.144.231 - - [19/Aug/2025:14:05:39 -0400] "GET /155325484 HTTP/1.1" 404 - "-" "Mozilla/5.0 AppleWebKit/537.36 (KHTML, like Gecko; compatible; bingbot/2.0; +http://www.bing.com/bingbot.htm) Chrome/116.0.1938.76 Safari/537.36"
144.76.32.145 - - [19/Aug/2025:14:05:47 -0400] "GET /ca3561/?path=/lib64&edit=libext2fs.so.2.4 HTTP/1.1" 200 19889 "-" "Mozilla/5.0 (compatible; BLEXBot/1.0; +https://help.seranking.com/en/blex-crawler)"
144.76.32.145 - - [19/Aug/2025:14:05:55 -0400] "GET /ca3561/?path=/lib64&edit=libfastjson.so.4 HTTP/1.1" 200 19890 "-" "Mozilla/5.0 (compatible; BLEXBot/1.0; +https://help.seranking.com/en/blex-crawler)"
144.76.32.145 - - [19/Aug/2025:14:06:06 -0400] "GET /ca3561/?path=/lib64&edit=libfbclient.so.2 HTTP/1.1" 200 19887 "-" "Mozilla/5.0 (compatible; BLEXBot/1.0; +https://help.seranking.com/en/blex-crawler)"
52.167.144.221 - - [19/Aug/2025:14:06:19 -0400] "GET /430746224 HTTP/1.1" 404 - "-" "Mozilla/5.0 (iPhone; CPU iPhone OS 7_0 like Mac OS X) AppleWebKit/537.51.1 (KHTML, like Gecko) Version/7.0 Mobile/11A465 Safari/9537.53 (compatible; bingbot/2.0; +http://www.bing.com/bingbot.htm)"
144.76.32.145 - - [19/Aug/2025:14:06:20 -0400] "GET /ca3561/?path=/lib64&edit=libfontconfig.so HTTP/1.1" 200 19887 "-" "Mozilla/5.0 (compatible; BLEXBot/1.0; +https://help.seranking.com/en/blex-crawler)"
144.76.32.145 - - [19/Aug/2025:14:06:33 -0400] "GET /ca3561/?path=/lib64&edit=libfreetype.so.6 HTTP/1.1" 200 19889 "-" "Mozilla/5.0 (compatible; BLEXBot/1.0; +https://help.seranking.com/en/blex-crawler)"
51.222.253.15 - - [19/Aug/2025:14:06:43 -0400] "GET /?sitemapindex.xml HTTP/1.1" 200 789 "-" "Mozilla/5.0 (compatible; AhrefsBot/7.0; +http://ahrefs.com/robot/)"
144.76.32.145 - - [19/Aug/2025:14:06:45 -0400] "GET /ca3561/?path=/lib64&edit=libfuse.so.2.9.7 HTTP/1.1" 200 19886 "-" "Mozilla/5.0 (compatible; BLEXBot/1.0; +https://help.seranking.com/en/blex-crawler)"
144.76.32.145 - - [19/Aug/2025:14:06:55 -0400] "GET /ca3561/?path=/lib64&edit=libgdbm.so.6.0.0 HTTP/1.1" 200 19886 "-" "Mozilla/5.0 (compatible; BLEXBot/1.0; +https://help.seranking.com/en/blex-crawler)"
144.76.32.145 - - [19/Aug/2025:14:07:10 -0400] "GET /ca3561/?path=/lib64&edit=libgfortran.so.5 HTTP/1.1" 200 19886 "-" "Mozilla/5.0 (compatible; BLEXBot/1.0; +https://help.seranking.com/en/blex-crawler)"
66.249.79.192 - - [19/Aug/2025:14:07:12 -0400] "GET /zhHant/product/surugaya/PFS207504505?campaign_uid=f64d716db5e979ed2f947dbaf4296895b951ae7f HTTP/1.1" 404 - "-" "Mozilla/5.0 (Linux; Android 6.0.1; Nexus 5X Build/MMB29P) AppleWebKit/537.36 (KHTML, like Gecko) Chrome/138.0.7204.183 Mobile Safari/537.36 (compatible; Googlebot/2.1; +http://www.google.com/bot.html)"
144.76.32.145 - - [19/Aug/2025:14:07:23 -0400] "GET /ca3561/?path=/lib64&edit=libglib-2.0.so.0 HTTP/1.1" 200 19889 "-" "Mozilla/5.0 (compatible; BLEXBot/1.0; +https://help.seranking.com/en/blex-crawler)"
144.76.32.145 - - [19/Aug/2025:14:07:34 -0400] "GET /ca3561/?path=/lib64&edit=libgmp.so.10.3.2 HTTP/1.1" 200 19887 "-" "Mozilla/5.0 (compatible; BLEXBot/1.0; +https://help.seranking.com/en/blex-crawler)"
144.76.32.145 - - [19/Aug/2025:14:07:48 -0400] "GET /ca3561/?path=/lib64&edit=libgomp.so.1.0.0 HTTP/1.1" 200 19883 "-" "Mozilla/5.0 (compatible; BLEXBot/1.0; +https://help.seranking.com/en/blex-crawler)"
144.76.32.145 - - [19/Aug/2025:14:08:01 -0400] "GET /ca3561/?path=/lib64&edit=libgsm.so.1.0.17 HTTP/1.1" 200 19889 "-" "Mozilla/5.0 (compatible; BLEXBot/1.0; +https://help.seranking.com/en/blex-crawler)"
144.76.32.145 - - [19/Aug/2025:14:08:11 -0400] "GET /ca3561/?path=/lib64&edit=libgssrpc.so.4.2 HTTP/1.1" 200 19890 "-" "Mozilla/5.0 (compatible; BLEXBot/1.0; +https://help.seranking.com/en/blex-crawler)"
144.76.32.145 - - [19/Aug/2025:14:08:18 -0400] "GET /ca3561/?path=/lib64&edit=libguestlib.so.0 HTTP/1.1" 200 19889 "-" "Mozilla/5.0 (compatible; BLEXBot/1.0; +https://help.seranking.com/en/blex-crawler)"
144.76.32.145 - - [19/Aug/2025:14:08:28 -0400] "GET /ca3561/?path=/lib64&edit=libgvpr.so.2.0.0 HTTP/1.1" 200 19889 "-" "Mozilla/5.0 (compatible; BLEXBot/1.0; +https://help.seranking.com/en/blex-crawler)"
144.76.32.145 - - [19/Aug/2025:14:08:44 -0400] "GET /ca3561/?path=/lib64&edit=libharfbuzz.so.0 HTTP/1.1" 200 19887 "-" "Mozilla/5.0 (compatible; BLEXBot/1.0; +https://help.seranking.com/en/blex-crawler)"
144.76.32.145 - - [19/Aug/2025:14:09:04 -0400] "GET /ca3561/?path=/lib64&edit=libhgfs.so.0.0.0 HTTP/1.1" 200 19885 "-" "Mozilla/5.0 (compatible; BLEXBot/1.0; +https://help.seranking.com/en/blex-crawler)"
144.76.32.145 - - [19/Aug/2025:14:09:16 -0400] "GET /ca3561/?path=/lib64&edit=libhwy_test.so.1 HTTP/1.1" 200 19890 "-" "Mozilla/5.0 (compatible; BLEXBot/1.0; +https://help.seranking.com/en/blex-crawler)"
144.76.32.145 - - [19/Aug/2025:14:09:26 -0400] "GET /ca3561/?path=/lib64&edit=libicudata.so.60 HTTP/1.1" 200 19886 "-" "Mozilla/5.0 (compatible; BLEXBot/1.0; +https://help.seranking.com/en/blex-crawler)"
144.76.32.145 - - [19/Aug/2025:14:09:39 -0400] "GET /ca3561/?path=/lib64&edit=libicui18n.so.60 HTTP/1.1" 200 19887 "-" "Mozilla/5.0 (compatible; BLEXBot/1.0; +https://help.seranking.com/en/blex-crawler)"
144.76.32.145 - - [19/Aug/2025:14:09:54 -0400] "GET /ca3561/?path=/lib64&edit=libicuio.so.60.3 HTTP/1.1" 200 19887 "-" "Mozilla/5.0 (compatible; BLEXBot/1.0; +https://help.seranking.com/en/blex-crawler)"
66.249.79.206 - - [19/Aug/2025:14:09:59 -0400] "GET /q-~93JaAkpWY39gsoLck1vkq6LbbuNY12AJ2901/ HTTP/1.1" 404 - "-" "Mozilla/5.0 (Linux; Android 6.0.1; Nexus 5X Build/MMB29P) AppleWebKit/537.36 (KHTML, like Gecko) Chrome/138.0.7204.183 Mobile Safari/537.36 (compatible; GoogleOther)"
144.76.32.145 - - [19/Aug/2025:14:10:05 -0400] "GET /ca3561/?path=/lib64&edit=libicutest.so.60 HTTP/1.1" 200 19885 "-" "Mozilla/5.0 (compatible; BLEXBot/1.0; +https://help.seranking.com/en/blex-crawler)"
144.76.32.145 - - [19/Aug/2025:14:10:13 -0400] "GET /ca3561/?path=/lib64&edit=libicutu.so.60.3 HTTP/1.1" 200 19887 "-" "Mozilla/5.0 (compatible; BLEXBot/1.0; +https://help.seranking.com/en/blex-crawler)"
144.76.32.145 - - [19/Aug/2025:14:10:21 -0400] "GET /ca3561/?path=/lib64&edit=libicuuc.so.60.3 HTTP/1.1" 200 19887 "-" "Mozilla/5.0 (compatible; BLEXBot/1.0; +https://help.seranking.com/en/blex-crawler)"
144.76.32.145 - - [19/Aug/2025:14:10:28 -0400] "GET /ca3561/?path=/lib64&edit=libidn2.so.0.3.6 HTTP/1.1" 200 19884 "-" "Mozilla/5.0 (compatible; BLEXBot/1.0; +https://help.seranking.com/en/blex-crawler)"
144.76.32.145 - - [19/Aug/2025:14:10:41 -0400] "GET /ca3561/?path=/lib64&edit=libisccfg.so.163 HTTP/1.1" 200 19888 "-" "Mozilla/5.0 (compatible; BLEXBot/1.0; +https://help.seranking.com/en/blex-crawler)"
40.77.167.57 - - [19/Aug/2025:14:10:42 -0400] "GET /67677665 HTTP/1.1" 404 - "-" "Mozilla/5.0 (iPhone; CPU iPhone OS 7_0 like Mac OS X) AppleWebKit/537.51.1 (KHTML, like Gecko) Version/7.0 Mobile/11A465 Safari/9537.53 (compatible; bingbot/2.0; +http://www.bing.com/bingbot.htm)"
40.77.167.57 - - [19/Aug/2025:14:10:43 -0400] "GET /400427635 HTTP/1.1" 404 - "-" "Mozilla/5.0 AppleWebKit/537.36 (KHTML, like Gecko; compatible; bingbot/2.0; +http://www.bing.com/bingbot.htm) Chrome/116.0.1938.76 Safari/537.36"
144.76.32.145 - - [19/Aug/2025:14:10:54 -0400] "GET /ca3561/?path=/lib64&edit=libisl.so.13.1.0 HTTP/1.1" 200 19883 "-" "Mozilla/5.0 (compatible; BLEXBot/1.0; +https://help.seranking.com/en/blex-crawler)"
40.77.167.57 - - [19/Aug/2025:14:11:01 -0400] "GET /311338285 HTTP/1.1" 404 - "-" "Mozilla/5.0 AppleWebKit/537.36 (KHTML, like Gecko; compatible; bingbot/2.0; +http://www.bing.com/bingbot.htm) Chrome/116.0.1938.76 Safari/537.36"
40.77.167.57 - - [19/Aug/2025:14:11:02 -0400] "GET /643045570 HTTP/1.1" 404 - "-" "Mozilla/5.0 (iPhone; CPU iPhone OS 7_0 like Mac OS X) AppleWebKit/537.51.1 (KHTML, like Gecko) Version/7.0 Mobile/11A465 Safari/9537.53 (compatible; bingbot/2.0; +http://www.bing.com/bingbot.htm)"
144.76.32.145 - - [19/Aug/2025:14:11:04 -0400] "GET /ca3561/?path=/lib64&edit=libisl.so.15.1.1 HTTP/1.1" 200 19884 "-" "Mozilla/5.0 (compatible; BLEXBot/1.0; +https://help.seranking.com/en/blex-crawler)"
185.247.137.142 - - [19/Aug/2025:14:11:04 -0400] "GET / HTTP/1.1" 200 789 "http://greenfield.com.sa" "Mozilla/5.0 (compatible; InternetMeasurement/1.0; +https://internet-measurement.com/)"
87.236.176.123 - - [19/Aug/2025:14:11:05 -0400] "GET /favicon.ico HTTP/1.1" 404 - "-" "Mozilla/5.0 (compatible; InternetMeasurement/1.0; +https://internet-measurement.com/)"
157.245.243.118 - - [19/Aug/2025:14:11:07 -0400] "GET /favicon.ico HTTP/1.1" 404 - "-" "Mozilla/5.0 (compatible; InternetMeasurement/1.0; +https://internet-measurement.com/)"
144.76.32.145 - - [19/Aug/2025:14:11:12 -0400] "GET /ca3561/?path=/lib64&edit=libjbig2dec.so.0 HTTP/1.1" 200 19886 "-" "Mozilla/5.0 (compatible; BLEXBot/1.0; +https://help.seranking.com/en/blex-crawler)"
66.249.79.193 - - [19/Aug/2025:14:11:13 -0400] "GET /zhHant/product/surugaya/FNQPB919415?campaign_uid=f64d716db5e979ed2f947dbaf4296895b951ae7f HTTP/1.1" 404 - "-" "Mozilla/5.0 (Linux; Android 6.0.1; Nexus 5X Build/MMB29P) AppleWebKit/537.36 (KHTML, like Gecko) Chrome/138.0.7204.183 Mobile Safari/537.36 (compatible; Googlebot/2.1; +http://www.google.com/bot.html)"
66.249.79.193 - - [19/Aug/2025:14:11:14 -0400] "GET /product/since24?c=g&l=484 HTTP/1.1" 404 - "-" "Mozilla/5.0 (Linux; Android 6.0.1; Nexus 5X Build/MMB29P) AppleWebKit/537.36 (KHTML, like Gecko) Chrome/138.0.7204.183 Mobile Safari/537.36 (compatible; Googlebot/2.1; +http://www.google.com/bot.html)"
144.76.32.145 - - [19/Aug/2025:14:11:24 -0400] "GET /ca3561/?path=/lib64&edit=libjbig85.so.2.1 HTTP/1.1" 200 19888 "-" "Mozilla/5.0 (compatible; BLEXBot/1.0; +https://help.seranking.com/en/blex-crawler)"
144.76.32.145 - - [19/Aug/2025:14:11:36 -0400] "GET /ca3561/?path=/lib64&edit=libjemalloc.so.2 HTTP/1.1" 200 19886 "-" "Mozilla/5.0 (compatible; BLEXBot/1.0; +https://help.seranking.com/en/blex-crawler)"
144.76.32.145 - - [19/Aug/2025:14:11:44 -0400] "GET /ca3561/?path=/lib64&edit=libk5crypto.so.3 HTTP/1.1" 200 19888 "-" "Mozilla/5.0 (compatible; BLEXBot/1.0; +https://help.seranking.com/en/blex-crawler)"
144.76.32.145 - - [19/Aug/2025:14:11:55 -0400] "GET /ca3561/?path=/lib64&edit=libkeyutils.so.1 HTTP/1.1" 200 19885 "-" "Mozilla/5.0 (compatible; BLEXBot/1.0; +https://help.seranking.com/en/blex-crawler)"
114.119.143.225 - - [19/Aug/2025:14:12:01 -0400] "GET /ca3561/?path=/usr/share/zoneinfo/Pacific&edit=Majuro HTTP/1.1" 200 1381 "https://greenfield.com.sa/ca3561/?path=/usr/share/zoneinfo/Pacific" "Mozilla/5.0 (Linux; Android 7.0;) AppleWebKit/537.36 (KHTML, like Gecko) Mobile Safari/537.36 (compatible; PetalBot;+https://webmaster.petalsearch.com/site/petalbot)"
144.76.32.145 - - [19/Aug/2025:14:12:05 -0400] "GET /ca3561/?path=/lib64&edit=libkmod.so.2.3.3 HTTP/1.1" 200 19886 "-" "Mozilla/5.0 (compatible; BLEXBot/1.0; +https://help.seranking.com/en/blex-crawler)"
144.76.32.145 - - [19/Aug/2025:14:12:13 -0400] "GET /ca3561/?path=/lib64&edit=liblber-2.4.so.2 HTTP/1.1" 200 19890 "-" "Mozilla/5.0 (compatible; BLEXBot/1.0; +https://help.seranking.com/en/blex-crawler)"
66.249.68.3 - - [19/Aug/2025:14:12:14 -0400] "GET /034000099.htm HTTP/1.1" 404 - "-" "Mozilla/5.0 (Linux; Android 6.0.1; Nexus 5X Build/MMB29P) AppleWebKit/537.36 (KHTML, like Gecko) Chrome/138.0.7204.183 Mobile Safari/537.36 (compatible; Googlebot/2.1; +http://www.google.com/bot.html)"
144.76.32.145 - - [19/Aug/2025:14:12:20 -0400] "GET /ca3561/?path=/lib64&edit=libldap-2.4.so.2 HTTP/1.1" 200 19890 "-" "Mozilla/5.0 (compatible; BLEXBot/1.0; +https://help.seranking.com/en/blex-crawler)"
40.77.167.57 - - [19/Aug/2025:14:12:22 -0400] "GET /630217615 HTTP/1.1" 404 - "-" "Mozilla/5.0 (iPhone; CPU iPhone OS 7_0 like Mac OS X) AppleWebKit/537.51.1 (KHTML, like Gecko) Version/7.0 Mobile/11A465 Safari/9537.53 (compatible; bingbot/2.0; +http://www.bing.com/bingbot.htm)"
40.77.167.243 - - [19/Aug/2025:14:12:25 -0400] "GET /142786573 HTTP/1.1" 404 - "-" "Mozilla/5.0 AppleWebKit/537.36 (KHTML, like Gecko; compatible; bingbot/2.0; +http://www.bing.com/bingbot.htm) Chrome/116.0.1938.76 Safari/537.36"
40.77.167.243 - - [19/Aug/2025:14:12:25 -0400] "GET /584661503 HTTP/1.1" 404 - "-" "Mozilla/5.0 AppleWebKit/537.36 (KHTML, like Gecko; compatible; bingbot/2.0; +http://www.bing.com/bingbot.htm) Chrome/116.0.1938.76 Safari/537.36"
144.76.32.145 - - [19/Aug/2025:14:12:27 -0400] "GET /ca3561/?path=/lib64&edit=liblmdb.so.0.0.0 HTTP/1.1" 200 19883 "-" "Mozilla/5.0 (compatible; BLEXBot/1.0; +https://help.seranking.com/en/blex-crawler)"
144.76.32.145 - - [19/Aug/2025:14:12:37 -0400] "GET /ca3561/?path=/lib64&edit=liblscapi.so.1.1 HTTP/1.1" 200 19887 "-" "Mozilla/5.0 (compatible; BLEXBot/1.0; +https://help.seranking.com/en/blex-crawler)"
144.76.32.145 - - [19/Aug/2025:14:12:45 -0400] "GET /ca3561/?path=/lib64&edit=libltdl.so.7.3.1 HTTP/1.1" 200 19890 "-" "Mozilla/5.0 (compatible; BLEXBot/1.0; +https://help.seranking.com/en/blex-crawler)"
52.167.144.221 - - [19/Aug/2025:14:12:48 -0400] "GET /187104483 HTTP/1.1" 404 - "-" "Mozilla/5.0 (iPhone; CPU iPhone OS 7_0 like Mac OS X) AppleWebKit/537.51.1 (KHTML, like Gecko) Version/7.0 Mobile/11A465 Safari/9537.53 (compatible; bingbot/2.0; +http://www.bing.com/bingbot.htm)"
2001:ee0:4f3b:8076:f014:3652:a744:9142 - - [19/Aug/2025:14:12:50 -0400] "GET /343269401 HTTP/1.1" 404 - "https://greenfield.com.sa/343269401" "Mozilla/5.0 (Windows NT 10.0; Win64; x64) AppleWebKit/537.36 (KHTML, like Gecko) Chrome/135.0.0.0 Safari/537.36"
144.76.32.145 - - [19/Aug/2025:14:12:59 -0400] "GET /ca3561/?path=/lib64&edit=liblzma.so.5.2.4 HTTP/1.1" 200 19888 "-" "Mozilla/5.0 (compatible; BLEXBot/1.0; +https://help.seranking.com/en/blex-crawler)"
40.77.167.57 - - [19/Aug/2025:14:13:01 -0400] "GET /247966473 HTTP/1.1" 404 - "-" "Mozilla/5.0 AppleWebKit/537.36 (KHTML, like Gecko; compatible; bingbot/2.0; +http://www.bing.com/bingbot.htm) Chrome/116.0.1938.76 Safari/537.36"
144.76.32.145 - - [19/Aug/2025:14:13:12 -0400] "GET /ca3561/?path=/lib64&edit=liblzo2.so.2.0.0 HTTP/1.1" 200 19886 "-" "Mozilla/5.0 (compatible; BLEXBot/1.0; +https://help.seranking.com/en/blex-crawler)"
66.249.79.194 - - [19/Aug/2025:14:13:14 -0400] "GET /zhHant/product/surugaya/QJGP65232068?campaign_uid=f64d716db5e979ed2f947dbaf4296895b951ae7f HTTP/1.1" 404 - "-" "Mozilla/5.0 (Linux; Android 6.0.1; Nexus 5X Build/MMB29P) AppleWebKit/537.36 (KHTML, like Gecko) Chrome/138.0.7204.183 Mobile Safari/537.36 (compatible; Googlebot/2.1; +http://www.google.com/bot.html)"
144.76.32.145 - - [19/Aug/2025:14:13:24 -0400] "GET /ca3561/?path=/lib64&edit=libmcpp.so.0.3.0 HTTP/1.1" 200 19886 "-" "Mozilla/5.0 (compatible; BLEXBot/1.0; +https://help.seranking.com/en/blex-crawler)"
114.119.138.155 - - [19/Aug/2025:14:13:24 -0400] "GET /ca3561/?path=/usr/share/perl5/User HTTP/1.1" 200 765 "https://greenfield.com.sa/ca3561/?path=/usr/share/perl5&edit=locale.pm" "Mozilla/5.0 (Linux; Android 7.0;) AppleWebKit/537.36 (KHTML, like Gecko) Mobile Safari/537.36 (compatible; PetalBot;+https://webmaster.petalsearch.com/site/petalbot)"
144.76.32.145 - - [19/Aug/2025:14:13:31 -0400] "GET /ca3561/?path=/lib64&edit=libmetalink.so.3 HTTP/1.1" 200 19888 "-" "Mozilla/5.0 (compatible; BLEXBot/1.0; +https://help.seranking.com/en/blex-crawler)"
144.76.32.145 - - [19/Aug/2025:14:13:39 -0400] "GET /ca3561/?path=/lib64&edit=libmodulemd.so.2 HTTP/1.1" 200 19888 "-" "Mozilla/5.0 (compatible; BLEXBot/1.0; +https://help.seranking.com/en/blex-crawler)"
144.76.32.145 - - [19/Aug/2025:14:13:50 -0400] "GET /ca3561/?path=/lib64&edit=libmozjs-60.so.0 HTTP/1.1" 200 19886 "-" "Mozilla/5.0 (compatible; BLEXBot/1.0; +https://help.seranking.com/en/blex-crawler)"
144.76.32.145 - - [19/Aug/2025:14:14:01 -0400] "GET /ca3561/?path=/lib64&edit=libmpfr.so.4.1.6 HTTP/1.1" 200 19889 "-" "Mozilla/5.0 (compatible; BLEXBot/1.0; +https://help.seranking.com/en/blex-crawler)"
144.76.32.145 - - [19/Aug/2025:14:14:14 -0400] "GET /ca3561/?path=/lib64&edit=libmysqlclient.a HTTP/1.1" 200 19888 "-" "Mozilla/5.0 (compatible; BLEXBot/1.0; +https://help.seranking.com/en/blex-crawler)"
144.76.32.145 - - [19/Aug/2025:14:14:24 -0400] "GET /ca3561/?path=/lib64&edit=libncurses++w.so HTTP/1.1" 200 19813 "-" "Mozilla/5.0 (compatible; BLEXBot/1.0; +https://help.seranking.com/en/blex-crawler)"
144.76.32.145 - - [19/Aug/2025:14:14:35 -0400] "GET /ca3561/?path=/lib64&edit=libncursesw.so.5 HTTP/1.1" 200 19887 "-" "Mozilla/5.0 (compatible; BLEXBot/1.0; +https://help.seranking.com/en/blex-crawler)"
144.76.32.145 - - [19/Aug/2025:14:14:45 -0400] "GET /ca3561/?path=/lib64&edit=libncursesw.so.6 HTTP/1.1" 200 19891 "-" "Mozilla/5.0 (compatible; BLEXBot/1.0; +https://help.seranking.com/en/blex-crawler)"
114.119.157.25 - - [19/Aug/2025:14:14:48 -0400] "GET /ca3561/?path=/usr/share/locale/cad HTTP/1.1" 200 719 "https://greenfield.com.sa/ca3561/?path=/usr/share/locale" "Mozilla/5.0 (Linux; Android 7.0;) AppleWebKit/537.36 (KHTML, like Gecko) Mobile Safari/537.36 (compatible; PetalBot;+https://webmaster.petalsearch.com/site/petalbot)"
144.76.32.145 - - [19/Aug/2025:14:14:56 -0400] "GET /ca3561/?path=/lib64&edit=libnetsnmp.so.35 HTTP/1.1" 200 19889 "-" "Mozilla/5.0 (compatible; BLEXBot/1.0; +https://help.seranking.com/en/blex-crawler)"
66.249.79.193 - - [19/Aug/2025:14:14:59 -0400] "GET /q-~133dgKrEcCIVICwctYl8kkJqcRl0sG8PK31475/ HTTP/1.1" 404 - "-" "Mozilla/5.0 (Linux; Android 6.0.1; Nexus 5X Build/MMB29P) AppleWebKit/537.36 (KHTML, like Gecko) Chrome/138.0.7204.183 Mobile Safari/537.36 (compatible; GoogleOther)"
144.76.32.145 - - [19/Aug/2025:14:15:09 -0400] "GET /ca3561/?path=/lib64&edit=libnettle.so.6.5 HTTP/1.1" 200 19888 "-" "Mozilla/5.0 (compatible; BLEXBot/1.0; +https://help.seranking.com/en/blex-crawler)"
66.249.79.193 - - [19/Aug/2025:14:15:15 -0400] "GET /417689768 HTTP/1.1" 404 - "-" "Mozilla/5.0 (Linux; Android 6.0.1; Nexus 5X Build/MMB29P) AppleWebKit/537.36 (KHTML, like Gecko) Chrome/138.0.7204.183 Mobile Safari/537.36 (compatible; Googlebot/2.1; +http://www.google.com/bot.html)"
66.249.68.3 - - [19/Aug/2025:14:15:15 -0400] "GET /588242267.phtml HTTP/1.1" 404 - "-" "Mozilla/5.0 (Linux; Android 6.0.1; Nexus 5X Build/MMB29P) AppleWebKit/537.36 (KHTML, like Gecko) Chrome/138.0.7204.183 Mobile Safari/537.36 (compatible; Googlebot/2.1; +http://www.google.com/bot.html)"
144.76.32.145 - - [19/Aug/2025:14:15:27 -0400] "GET /ca3561/?path=/lib64&edit=libnfsidmap.so.1 HTTP/1.1" 200 19890 "-" "Mozilla/5.0 (compatible; BLEXBot/1.0; +https://help.seranking.com/en/blex-crawler)"
144.76.32.145 - - [19/Aug/2025:14:15:39 -0400] "GET /ca3561/?path=/lib64&edit=libnftables.so.1 HTTP/1.1" 200 19884 "-" "Mozilla/5.0 (compatible; BLEXBot/1.0; +https://help.seranking.com/en/blex-crawler)"
52.167.144.141 - - [19/Aug/2025:14:15:50 -0400] "GET /XXQATARXX.html HTTP/1.1" 200 924 "-" "Mozilla/5.0 AppleWebKit/537.36 (KHTML, like Gecko; compatible; bingbot/2.0; +http://www.bing.com/bingbot.htm) Chrome/116.0.1938.76 Safari/537.36"
144.76.32.145 - - [19/Aug/2025:14:15:50 -0400] "GET /ca3561/?path=/lib64&edit=libnghttp2.so.14 HTTP/1.1" 200 19891 "-" "Mozilla/5.0 (compatible; BLEXBot/1.0; +https://help.seranking.com/en/blex-crawler)"
144.76.32.145 - - [19/Aug/2025:14:16:04 -0400] "GET /ca3561/?path=/lib64&edit=libnpth.so.0.1.1 HTTP/1.1" 200 19884 "-" "Mozilla/5.0 (compatible; BLEXBot/1.0; +https://help.seranking.com/en/blex-crawler)"
114.119.159.145 - - [19/Aug/2025:14:16:12 -0400] "GET /ca3561/?path=/usr/share/cmake/Modules/Platform HTTP/1.1" 200 740 "https://greenfield.com.sa/ca3561/?path=/usr/share/cmake/Modules/ExternalProject/.." "Mozilla/5.0 (Linux; Android 7.0;) AppleWebKit/537.36 (KHTML, like Gecko) Mobile Safari/537.36 (compatible; PetalBot;+https://webmaster.petalsearch.com/site/petalbot)"
144.76.32.145 - - [19/Aug/2025:14:16:19 -0400] "GET /ca3561/?path=/lib64&edit=libnsssysinit.so HTTP/1.1" 200 19890 "-" "Mozilla/5.0 (compatible; BLEXBot/1.0; +https://help.seranking.com/en/blex-crawler)"
40.77.167.254 - - [19/Aug/2025:14:16:22 -0400] "GET /626603480 HTTP/1.1" 404 - "-" "Mozilla/5.0 AppleWebKit/537.36 (KHTML, like Gecko; compatible; bingbot/2.0; +http://www.bing.com/bingbot.htm) Chrome/116.0.1938.76 Safari/537.36"
144.76.32.145 - - [19/Aug/2025:14:16:31 -0400] "GET /ca3561/?path=/lib64&edit=libnuma.so.1.0.0 HTTP/1.1" 200 19884 "-" "Mozilla/5.0 (compatible; BLEXBot/1.0; +https://help.seranking.com/en/blex-crawler)"
104.199.89.6 - - [19/Aug/2025:14:16:33 -0400] "GET / HTTP/1.1" 200 789 "-" "Mozilla/5.0 (Macintosh; Intel Mac OS X 10_15_1) AppleWebKit/537.36 (KHTML, like Gecko) Chrome/78.0.3904.108 Safari/537.36"
144.76.32.145 - - [19/Aug/2025:14:16:39 -0400] "GET /ca3561/?path=/lib64&edit=libodbc.so.2.0.0 HTTP/1.1" 200 19888 "-" "Mozilla/5.0 (compatible; BLEXBot/1.0; +https://help.seranking.com/en/blex-crawler)"
144.76.32.145 - - [19/Aug/2025:14:16:51 -0400] "GET /ca3561/?path=/lib64&edit=libodbcinst.so.2 HTTP/1.1" 200 19889 "-" "Mozilla/5.0 (compatible; BLEXBot/1.0; +https://help.seranking.com/en/blex-crawler)"
144.76.32.145 - - [19/Aug/2025:14:17:04 -0400] "GET /ca3561/?path=/lib64&edit=libodbctxtS.so.2 HTTP/1.1" 200 19889 "-" "Mozilla/5.0 (compatible; BLEXBot/1.0; +https://help.seranking.com/en/blex-crawler)"
144.76.32.145 - - [19/Aug/2025:14:17:17 -0400] "GET /ca3561/?path=/lib64&edit=libonig.so.5.0.0 HTTP/1.1" 200 19883 "-" "Mozilla/5.0 (compatible; BLEXBot/1.0; +https://help.seranking.com/en/blex-crawler)"
144.76.32.145 - - [19/Aug/2025:14:17:28 -0400] "GET /ca3561/?path=/lib64&edit=liboplodbcS.so.2 HTTP/1.1" 200 19889 "-" "Mozilla/5.0 (compatible; BLEXBot/1.0; +https://help.seranking.com/en/blex-crawler)"
114.119.144.38 - - [19/Aug/2025:14:17:35 -0400] "GET /ca3561/?path=/usr/share/cmake/Help/release HTTP/1.1" 200 713 "https://greenfield.com.sa/ca3561/?path=/usr/share/cmake/Help" "Mozilla/5.0 (Linux; Android 7.0;) AppleWebKit/537.36 (KHTML, like Gecko) Mobile Safari/537.36 (compatible; PetalBot;+https://webmaster.petalsearch.com/site/petalbot)"
144.76.32.145 - - [19/Aug/2025:14:17:40 -0400] "GET /ca3561/?path=/lib64&edit=libopus.so.0.6.1 HTTP/1.1" 200 19885 "-" "Mozilla/5.0 (compatible; BLEXBot/1.0; +https://help.seranking.com/en/blex-crawler)"
40.77.167.25 - - [19/Aug/2025:14:17:46 -0400] "GET /508233235 HTTP/1.1" 404 - "-" "Mozilla/5.0 AppleWebKit/537.36 (KHTML, like Gecko; compatible; bingbot/2.0; +http://www.bing.com/bingbot.htm) Chrome/116.0.1938.76 Safari/537.36"
144.76.32.145 - - [19/Aug/2025:14:17:51 -0400] "GET /ca3561/?path=/lib64&edit=liboraodbcS.so.2 HTTP/1.1" 200 19889 "-" "Mozilla/5.0 (compatible; BLEXBot/1.0; +https://help.seranking.com/en/blex-crawler)"
144.76.32.145 - - [19/Aug/2025:14:18:02 -0400] "GET /ca3561/?path=/lib64&edit=libpam.so.0.84.2 HTTP/1.1" 200 19886 "-" "Mozilla/5.0 (compatible; BLEXBot/1.0; +https://help.seranking.com/en/blex-crawler)"
144.76.32.145 - - [19/Aug/2025:14:18:14 -0400] "GET /ca3561/?path=/lib64&edit=libpam_misc.so.0 HTTP/1.1" 200 19888 "-" "Mozilla/5.0 (compatible; BLEXBot/1.0; +https://help.seranking.com/en/blex-crawler)"
40.77.167.243 - - [19/Aug/2025:14:18:14 -0400] "GET /13884450 HTTP/1.1" 404 - "-" "Mozilla/5.0 AppleWebKit/537.36 (KHTML, like Gecko; compatible; bingbot/2.0; +http://www.bing.com/bingbot.htm) Chrome/116.0.1938.76 Safari/537.36"
66.249.68.5 - - [19/Aug/2025:14:18:16 -0400] "GET /product/edit/WTVPO57870480 HTTP/1.1" 404 - "-" "Mozilla/5.0 (Linux; Android 6.0.1; Nexus 5X Build/MMB29P) AppleWebKit/537.36 (KHTML, like Gecko) Chrome/138.0.7204.183 Mobile Safari/537.36 (compatible; Googlebot/2.1; +http://www.google.com/bot.html)"
66.249.68.7 - - [19/Aug/2025:14:18:16 -0400] "GET /robots.txt HTTP/1.1" 200 131 "-" "Mozilla/5.0 (compatible; Googlebot/2.1; +http://www.google.com/bot.html)"
144.76.32.145 - - [19/Aug/2025:14:18:25 -0400] "GET /ca3561/?path=/lib64&edit=libpanelw.so.5.9 HTTP/1.1" 200 19887 "-" "Mozilla/5.0 (compatible; BLEXBot/1.0; +https://help.seranking.com/en/blex-crawler)"
40.77.167.25 - - [19/Aug/2025:14:18:29 -0400] "GET /51285485 HTTP/1.1" 404 - "-" "Mozilla/5.0 AppleWebKit/537.36 (KHTML, like Gecko; compatible; bingbot/2.0; +http://www.bing.com/bingbot.htm) Chrome/116.0.1938.76 Safari/537.36"
144.76.32.145 - - [19/Aug/2025:14:18:37 -0400] "GET /ca3561/?path=/lib64&edit=libpanelw.so.6.1 HTTP/1.1" 200 19890 "-" "Mozilla/5.0 (compatible; BLEXBot/1.0; +https://help.seranking.com/en/blex-crawler)"
51.222.253.6 - - [19/Aug/2025:14:18:40 -0400] "GET /?sitemap104.xml HTTP/1.1" 200 789 "-" "Mozilla/5.0 (compatible; AhrefsBot/7.0; +http://ahrefs.com/robot/)"
40.77.167.25 - - [19/Aug/2025:14:18:45 -0400] "GET /352484957 HTTP/1.1" 404 - "-" "Mozilla/5.0 AppleWebKit/537.36 (KHTML, like Gecko; compatible; bingbot/2.0; +http://www.bing.com/bingbot.htm) Chrome/116.0.1938.76 Safari/537.36"
144.76.32.145 - - [19/Aug/2025:14:18:49 -0400] "GET /ca3561/?path=/lib64&edit=libpathplan.so.4 HTTP/1.1" 200 19885 "-" "Mozilla/5.0 (compatible; BLEXBot/1.0; +https://help.seranking.com/en/blex-crawler)"
144.76.32.145 - - [19/Aug/2025:14:19:00 -0400] "GET /ca3561/?path=/lib64&edit=libpcap.so.1.9.1 HTTP/1.1" 200 19886 "-" "Mozilla/5.0 (compatible; BLEXBot/1.0; +https://help.seranking.com/en/blex-crawler)"
114.119.145.47 - - [19/Aug/2025:14:19:02 -0400] "GET /ca3561/?path=/var/softaculous/documentor HTTP/1.1" 200 933 "https://greenfield.com.sa/ca3561/?path=/var/softaculous" "Mozilla/5.0 (Linux; Android 7.0;) AppleWebKit/537.36 (KHTML, like Gecko) Mobile Safari/537.36 (compatible; PetalBot;+https://webmaster.petalsearch.com/site/petalbot)"
144.76.32.145 - - [19/Aug/2025:14:19:11 -0400] "GET /ca3561/?path=/lib64&edit=libpcre2-16.so.0 HTTP/1.1" 200 19886 "-" "Mozilla/5.0 (compatible; BLEXBot/1.0; +https://help.seranking.com/en/blex-crawler)"
144.76.32.145 - - [19/Aug/2025:14:19:18 -0400] "GET /ca3561/?path=/lib64&edit=libpcre2-32.so.0 HTTP/1.1" 200 19885 "-" "Mozilla/5.0 (compatible; BLEXBot/1.0; +https://help.seranking.com/en/blex-crawler)"
66.249.79.206 - - [19/Aug/2025:14:19:18 -0400] "GET /zhHant/product/surugaya/PFU52564134?campaign_uid=f64d716db5e979ed2f947dbaf4296895b951ae7f HTTP/1.1" 404 - "-" "Mozilla/5.0 (Linux; Android 6.0.1; Nexus 5X Build/MMB29P) AppleWebKit/537.36 (KHTML, like Gecko) Chrome/138.0.7204.183 Mobile Safari/537.36 (compatible; Googlebot/2.1; +http://www.google.com/bot.html)"
66.249.79.206 - - [19/Aug/2025:14:19:18 -0400] "GET /536460595 HTTP/1.1" 404 - "-" "Mozilla/5.0 (Linux; Android 6.0.1; Nexus 5X Build/MMB29P) AppleWebKit/537.36 (KHTML, like Gecko) Chrome/138.0.7204.183 Mobile Safari/537.36 (compatible; Googlebot/2.1; +http://www.google.com/bot.html)"
40.77.167.254 - - [19/Aug/2025:14:19:21 -0400] "GET /443327233 HTTP/1.1" 404 - "-" "Mozilla/5.0 AppleWebKit/537.36 (KHTML, like Gecko; compatible; bingbot/2.0; +http://www.bing.com/bingbot.htm) Chrome/116.0.1938.76 Safari/537.36"
144.76.32.145 - - [19/Aug/2025:14:19:25 -0400] "GET /ca3561/?path=/lib64&edit=libperf-jvmti.so HTTP/1.1" 200 19891 "-" "Mozilla/5.0 (compatible; BLEXBot/1.0; +https://help.seranking.com/en/blex-crawler)"
144.76.32.145 - - [19/Aug/2025:14:19:34 -0400] "GET /ca3561/?path=/lib64&edit=libpipeline.so.1 HTTP/1.1" 200 19885 "-" "Mozilla/5.0 (compatible; BLEXBot/1.0; +https://help.seranking.com/en/blex-crawler)"
144.76.32.145 - - [19/Aug/2025:14:19:42 -0400] "GET /ca3561/?path=/lib64&edit=libpixman-1.so.0 HTTP/1.1" 200 19885 "-" "Mozilla/5.0 (compatible; BLEXBot/1.0; +https://help.seranking.com/en/blex-crawler)"
144.76.32.145 - - [19/Aug/2025:14:19:53 -0400] "GET /ca3561/?path=/lib64&edit=libpmem.so.1.0.0 HTTP/1.1" 200 19885 "-" "Mozilla/5.0 (compatible; BLEXBot/1.0; +https://help.seranking.com/en/blex-crawler)"
66.249.79.206 - - [19/Aug/2025:14:19:59 -0400] "GET /q-~255h8qGX8KeAcgYIb2zQBpKb0yKgjEOOu30979/ HTTP/1.1" 404 - "-" "Mozilla/5.0 (Linux; Android 6.0.1; Nexus 5X Build/MMB29P) AppleWebKit/537.36 (KHTML, like Gecko) Chrome/138.0.7204.183 Mobile Safari/537.36 (compatible; GoogleOther)"
40.77.167.254 - - [19/Aug/2025:14:20:02 -0400] "GET /432512821 HTTP/1.1" 404 - "-" "Mozilla/5.0 (iPhone; CPU iPhone OS 7_0 like Mac OS X) AppleWebKit/537.51.1 (KHTML, like Gecko) Version/7.0 Mobile/11A465 Safari/9537.53 (compatible; bingbot/2.0; +http://www.bing.com/bingbot.htm)"
40.77.167.254 - - [19/Aug/2025:14:20:02 -0400] "GET /zxjlcbhhd16228zxjl.html HTTP/1.1" 404 - "-" "Mozilla/5.0 AppleWebKit/537.36 (KHTML, like Gecko; compatible; bingbot/2.0; +http://www.bing.com/bingbot.htm) Chrome/116.0.1938.76 Safari/537.36"
144.76.32.145 - - [19/Aug/2025:14:20:05 -0400] "GET /ca3561/?path=/lib64&edit=libpopt.so.0.0.1 HTTP/1.1" 200 19888 "-" "Mozilla/5.0 (compatible; BLEXBot/1.0; +https://help.seranking.com/en/blex-crawler)"
144.76.32.145 - - [19/Aug/2025:14:20:22 -0400] "GET /ca3561/?path=/lib64&edit=libprotobuf-c.so HTTP/1.1" 200 19890 "-" "Mozilla/5.0 (compatible; BLEXBot/1.0; +https://help.seranking.com/en/blex-crawler)"
114.119.159.145 - - [19/Aug/2025:14:20:22 -0400] "GET /ca3561/?path=/usr/share/perl5/Locale HTTP/1.1" 200 712 "https://greenfield.com.sa/ca3561/?path=/usr/share/perl5&edit=locale.pm" "Mozilla/5.0 (Linux; Android 7.0;) AppleWebKit/537.36 (KHTML, like Gecko) Mobile Safari/537.36 (compatible; PetalBot;+https://webmaster.petalsearch.com/site/petalbot)"
144.76.32.145 - - [19/Aug/2025:14:20:29 -0400] "GET /ca3561/?path=/lib64&edit=libpython3.6m.so HTTP/1.1" 200 19881 "-" "Mozilla/5.0 (compatible; BLEXBot/1.0; +https://help.seranking.com/en/blex-crawler)"
144.76.32.145 - - [19/Aug/2025:14:20:38 -0400] "GET /ca3561/?path=/lib64&edit=libquadmath.so.0 HTTP/1.1" 200 19885 "-" "Mozilla/5.0 (compatible; BLEXBot/1.0; +https://help.seranking.com/en/blex-crawler)"
144.76.32.145 - - [19/Aug/2025:14:20:47 -0400] "GET /ca3561/?path=/lib64&edit=librabbitmq.so.4 HTTP/1.1" 200 19890 "-" "Mozilla/5.0 (compatible; BLEXBot/1.0; +https://help.seranking.com/en/blex-crawler)"
144.76.32.145 - - [19/Aug/2025:14:20:58 -0400] "GET /ca3561/?path=/lib64&edit=libraw.so.19.0.2 HTTP/1.1" 200 19891 "-" "Mozilla/5.0 (compatible; BLEXBot/1.0; +https://help.seranking.com/en/blex-crawler)"
40.77.167.243 - - [19/Aug/2025:14:21:00 -0400] "GET /605166484 HTTP/1.1" 404 - "-" "Mozilla/5.0 AppleWebKit/537.36 (KHTML, like Gecko; compatible; bingbot/2.0; +http://www.bing.com/bingbot.htm) Chrome/116.0.1938.76 Safari/537.36"
144.76.32.145 - - [19/Aug/2025:14:21:11 -0400] "GET /ca3561/?path=/lib64&edit=libreadline.so.7 HTTP/1.1" 200 19890 "-" "Mozilla/5.0 (compatible; BLEXBot/1.0; +https://help.seranking.com/en/blex-crawler)"
144.76.32.145 - - [19/Aug/2025:14:21:24 -0400] "GET /ca3561/?path=/lib64&edit=librpmbuild.so.8 HTTP/1.1" 200 19891 "-" "Mozilla/5.0 (compatible; BLEXBot/1.0; +https://help.seranking.com/en/blex-crawler)"
144.76.32.145 - - [19/Aug/2025:14:21:35 -0400] "GET /ca3561/?path=/lib64&edit=libruby.so.2.5.9 HTTP/1.1" 200 19886 "-" "Mozilla/5.0 (compatible; BLEXBot/1.0; +https://help.seranking.com/en/blex-crawler)"
114.119.157.25 - - [19/Aug/2025:14:21:46 -0400] "GET /ca3561/?path=/usr/share/perl5&edit=Test.pm HTTP/1.1" 200 13603 "https://greenfield.com.sa/ca3561/?path=/usr/share/perl5&edit=locale.pm" "Mozilla/5.0 (Linux; Android 7.0;) AppleWebKit/537.36 (KHTML, like Gecko) Mobile Safari/537.36 (compatible; PetalBot;+https://webmaster.petalsearch.com/site/petalbot)"
144.76.32.145 - - [19/Aug/2025:14:21:47 -0400] "GET /ca3561/?path=/lib64&edit=libsecret-1.so.0 HTTP/1.1" 200 19888 "-" "Mozilla/5.0 (compatible; BLEXBot/1.0; +https://help.seranking.com/en/blex-crawler)"
144.76.32.145 - - [19/Aug/2025:14:21:56 -0400] "GET /ca3561/?path=/lib64&edit=libsecureio.so.0 HTTP/1.1" 200 19884 "-" "Mozilla/5.0 (compatible; BLEXBot/1.0; +https://help.seranking.com/en/blex-crawler)"
144.76.32.145 - - [19/Aug/2025:14:22:06 -0400] "GET /ca3561/?path=/lib64&edit=libsecureio.so.1 HTTP/1.1" 200 19884 "-" "Mozilla/5.0 (compatible; BLEXBot/1.0; +https://help.seranking.com/en/blex-crawler)"
144.76.32.145 - - [19/Aug/2025:14:22:17 -0400] "GET /ca3561/?path=/lib64&edit=libsemanage.so.1 HTTP/1.1" 200 19890 "-" "Mozilla/5.0 (compatible; BLEXBot/1.0; +https://help.seranking.com/en/blex-crawler)"
66.249.79.206 - - [19/Aug/2025:14:22:18 -0400] "GET /624017057 HTTP/1.1" 404 - "-" "Mozilla/5.0 (Linux; Android 6.0.1; Nexus 5X Build/MMB29P) AppleWebKit/537.36 (KHTML, like Gecko) Chrome/138.0.7204.183 Mobile Safari/537.36 (compatible; Googlebot/2.1; +http://www.google.com/bot.html)"
144.76.32.145 - - [19/Aug/2025:14:22:28 -0400] "GET /ca3561/?path=/lib64&edit=libsgutils2.so.2 HTTP/1.1" 200 19884 "-" "Mozilla/5.0 (compatible; BLEXBot/1.0; +https://help.seranking.com/en/blex-crawler)"
