144.76.32.145 - - [19/Aug/2025:16:10:20 -0400] "GET /ca3561/?path=/lib64&edit=liblab_gamut.so.1.0.0 HTTP/1.1" 200 19888 "-" "Mozilla/5.0 (compatible; BLEXBot/1.0; +https://help.seranking.com/en/blex-crawler)"
104.28.211.186 - - [19/Aug/2025:16:10:20 -0400] "GET /beta/server/phpinfo/ HTTP/1.1" 404 - "-" "-"
104.28.211.186 - - [19/Aug/2025:16:10:20 -0400] "GET /wp-config/.bac HTTP/1.1" 404 - "-" "-"
104.28.211.186 - - [19/Aug/2025:16:10:21 -0400] "GET /apis/laravel/phpinfo/ HTTP/1.1" 404 - "-" "-"
104.28.211.186 - - [19/Aug/2025:16:10:21 -0400] "GET /api/services/phpinfo/ HTTP/1.1" 404 - "-" "-"
104.28.211.186 - - [19/Aug/2025:16:10:21 -0400] "GET /beta/php/ HTTP/1.1" 404 - "-" "-"
104.28.211.186 - - [19/Aug/2025:16:10:22 -0400] "GET /test_phpinfo3/ HTTP/1.1" 404 - "-" "-"
104.28.211.186 - - [19/Aug/2025:16:10:22 -0400] "GET /back/dev/info/ HTTP/1.1" 404 - "-" "-"
104.28.211.186 - - [19/Aug/2025:16:10:22 -0400] "GET /apis/help/info/ HTTP/1.1" 404 - "-" "-"
104.28.211.186 - - [19/Aug/2025:16:10:22 -0400] "GET /back/helper/info/ HTTP/1.1" 404 - "-" "-"
104.28.211.186 - - [19/Aug/2025:16:10:23 -0400] "GET /adm/xampp/phpinfo/ HTTP/1.1" 404 - "-" "-"
104.28.211.186 - - [19/Aug/2025:16:10:23 -0400] "GET /phpsysinfo/info/ HTTP/1.1" 404 - "-" "-"
104.28.211.186 - - [19/Aug/2025:16:10:23 -0400] "GET /wp/ HTTP/1.1" 404 - "-" "-"
104.28.211.186 - - [19/Aug/2025:16:10:24 -0400] "GET /root/phpinfo/ HTTP/1.1" 404 - "-" "-"
104.28.211.186 - - [19/Aug/2025:16:10:24 -0400] "GET /test_info/ HTTP/1.1" 404 - "-" "-"
104.28.211.186 - - [19/Aug/2025:16:10:24 -0400] "GET /phpinfodev/ HTTP/1.1" 404 - "-" "-"
104.28.211.186 - - [19/Aug/2025:16:10:25 -0400] "GET /config/.dist HTTP/1.1" 404 - "-" "-"
104.28.211.186 - - [19/Aug/2025:16:10:25 -0400] "GET /phpconf/ HTTP/1.1" 404 - "-" "-"
105.188.49.248 - - [19/Aug/2025:16:10:25 -0400] "GET /.well-known/autoload_classmap.php HTTP/1.1" 404 - "-" "Mozilla/5.0 (Windows NT 10.0; Win64; x64) AppleWebKit/537.36 (KHTML, like Gecko) Chrome/58.0.3029.110 Safari/537.36"
104.28.211.186 - - [19/Aug/2025:16:10:25 -0400] "GET /apis/lara/info/ HTTP/1.1" 404 - "-" "-"
104.28.211.186 - - [19/Aug/2025:16:10:25 -0400] "GET /_profiler/app_dev//phpinfo HTTP/1.1" 404 - "-" "-"
104.28.211.186 - - [19/Aug/2025:16:10:26 -0400] "GET /apis/dev/phpinfo/ HTTP/1.1" 404 - "-" "-"
104.28.211.186 - - [19/Aug/2025:16:10:26 -0400] "GET /admin/develop/info/ HTTP/1.1" 404 - "-" "-"
104.28.211.186 - - [19/Aug/2025:16:10:26 -0400] "GET /develop/info/ HTTP/1.1" 404 - "-" "-"
104.28.211.186 - - [19/Aug/2025:16:10:26 -0400] "GET /apis/helper/phpinfo/ HTTP/1.1" 404 - "-" "-"
104.28.211.186 - - [19/Aug/2025:16:10:27 -0400] "GET /backup/api/phpinfo/ HTTP/1.1" 404 - "-" "-"
104.28.211.186 - - [19/Aug/2025:16:10:28 -0400] "GET /admin/help/phpinfo/ HTTP/1.1" 404 - "-" "-"
104.28.211.186 - - [19/Aug/2025:16:10:28 -0400] "GET /backup/lara/info/ HTTP/1.1" 404 - "-" "-"
104.28.211.186 - - [19/Aug/2025:16:10:28 -0400] "GET /backend/development/iinfo/ HTTP/1.1" 404 - "-" "-"
104.28.211.186 - - [19/Aug/2025:16:10:29 -0400] "GET /adminphp/ HTTP/1.1" 404 - "-" "-"
104.28.211.186 - - [19/Aug/2025:16:10:29 -0400] "GET /backend/backend/info/ HTTP/1.1" 404 - "-" "-"
104.28.211.186 - - [19/Aug/2025:16:10:30 -0400] "GET /backup/services/info/ HTTP/1.1" 404 - "-" "-"
104.28.211.186 - - [19/Aug/2025:16:10:30 -0400] "GET /app/development/phpinfo/ HTTP/1.1" 404 - "-" "-"
104.28.211.186 - - [19/Aug/2025:16:10:30 -0400] "GET /admins/help/phpinfo/ HTTP/1.1" 404 - "-" "-"
105.188.49.248 - - [19/Aug/2025:16:10:30 -0400] "GET /packed.php HTTP/1.1" 404 - "-" "Mozilla/5.0 (Windows NT 10.0; Win64; x64) AppleWebKit/537.36 (KHTML, like Gecko) Chrome/58.0.3029.110 Safari/537.36"
104.28.211.186 - - [19/Aug/2025:16:10:31 -0400] "GET /backend/linusadmin-phpinfo/ HTTP/1.1" 404 - "-" "-"
104.28.211.186 - - [19/Aug/2025:16:10:31 -0400] "GET /backend/laravel/phpinfo/ HTTP/1.1" 404 - "-" "-"
104.28.211.186 - - [19/Aug/2025:16:10:31 -0400] "GET /administration/time/ HTTP/1.1" 404 - "-" "-"
104.28.211.186 - - [19/Aug/2025:16:10:31 -0400] "GET /wp-config/.dif HTTP/1.1" 404 - "-" "-"
104.28.211.186 - - [19/Aug/2025:16:10:32 -0400] "GET /beta/backend/info/ HTTP/1.1" 404 - "-" "-"
104.28.211.186 - - [19/Aug/2025:16:10:32 -0400] "GET /info3/ HTTP/1.1" 404 - "-" "-"
104.28.211.186 - - [19/Aug/2025:16:10:32 -0400] "GET /app/backend/info/ HTTP/1.1" 404 - "-" "-"
104.28.211.186 - - [19/Aug/2025:16:10:33 -0400] "GET /server-info/ HTTP/1.1" 404 - "-" "-"
104.28.211.186 - - [19/Aug/2025:16:10:33 -0400] "GET /beta/dashboard/phpinfo/ HTTP/1.1" 404 - "-" "-"
104.28.211.186 - - [19/Aug/2025:16:10:33 -0400] "GET /config.ini/ HTTP/1.1" 404 - "-" "-"
105.188.49.248 - - [19/Aug/2025:16:10:33 -0400] "GET /wp-includes/widgets/wp-conflg.php HTTP/1.1" 404 - "-" "Mozilla/5.0 (Windows NT 10.0; Win64; x64) AppleWebKit/537.36 (KHTML, like Gecko) Chrome/58.0.3029.110 Safari/537.36"
104.28.211.186 - - [19/Aug/2025:16:10:34 -0400] "GET /admins/laravel/info/ HTTP/1.1" 404 - "-" "-"
114.119.145.47 - - [19/Aug/2025:16:10:34 -0400] "GET /ca3561/?path=/usr/include/jemalloc&edit=jemalloc.h HTTP/1.1" 200 4230 "https://greenfield.com.sa/ca3561/?path=/usr/include/jemalloc&edit=jemalloc.h" "Mozilla/5.0 (Linux; Android 7.0;) AppleWebKit/537.36 (KHTML, like Gecko) Mobile Safari/537.36 (compatible; PetalBot;+https://webmaster.petalsearch.com/site/petalbot)"
104.28.211.186 - - [19/Aug/2025:16:10:34 -0400] "GET /backend/crm/info/ HTTP/1.1" 404 - "-" "-"
104.28.211.186 - - [19/Aug/2025:16:10:34 -0400] "GET /beta/laravel/phpinfo/ HTTP/1.1" 404 - "-" "-"
104.28.211.186 - - [19/Aug/2025:16:10:35 -0400] "GET /backup/development/iinfo/ HTTP/1.1" 404 - "-" "-"
104.28.211.186 - - [19/Aug/2025:16:10:35 -0400] "GET /admins/development/iinfo/ HTTP/1.1" 404 - "-" "-"
104.28.211.186 - - [19/Aug/2025:16:10:35 -0400] "GET /lara/phpinfo/ HTTP/1.1" 404 - "-" "-"
104.28.211.186 - - [19/Aug/2025:16:10:35 -0400] "GET /current/info/ HTTP/1.1" 404 - "-" "-"
104.28.211.186 - - [19/Aug/2025:16:10:36 -0400] "GET /beta/api/info/ HTTP/1.1" 404 - "-" "-"
104.28.211.186 - - [19/Aug/2025:16:10:36 -0400] "GET /_poopinfo/ HTTP/1.1" 404 - "-" "-"
104.28.211.186 - - [19/Aug/2025:16:10:36 -0400] "GET /back/lara/info/ HTTP/1.1" 404 - "-" "-"
104.28.211.186 - - [19/Aug/2025:16:10:37 -0400] "GET /app/old_phpinfo/ HTTP/1.1" 404 - "-" "-"
104.28.211.186 - - [19/Aug/2025:16:10:37 -0400] "GET /backend/help/info/ HTTP/1.1" 404 - "-" "-"
104.28.211.186 - - [19/Aug/2025:16:10:37 -0400] "GET /wp-config/.bk HTTP/1.1" 404 - "-" "-"
104.28.211.186 - - [19/Aug/2025:16:10:37 -0400] "GET /.env.sample/ HTTP/1.1" 404 - "-" "-"
104.28.211.186 - - [19/Aug/2025:16:10:38 -0400] "GET /backup.wp-config/ HTTP/1.1" 404 - "-" "-"
104.28.211.186 - - [19/Aug/2025:16:10:38 -0400] "GET /api/xampp/phpinfo/ HTTP/1.1" 404 - "-" "-"
104.28.211.186 - - [19/Aug/2025:16:10:38 -0400] "GET /back/php/ HTTP/1.1" 404 - "-" "-"
105.188.49.248 - - [19/Aug/2025:16:10:39 -0400] "GET /.well-known/pki-validation/shell.php HTTP/1.1" 404 - "-" "Mozilla/5.0 (Windows NT 10.0; Win64; x64) AppleWebKit/537.36 (KHTML, like Gecko) Chrome/58.0.3029.110 Safari/537.36"
104.28.211.186 - - [19/Aug/2025:16:10:39 -0400] "GET /apis/develop/info/ HTTP/1.1" 404 - "-" "-"
104.28.211.186 - - [19/Aug/2025:16:10:39 -0400] "GET /apis/old_phpinfo/ HTTP/1.1" 404 - "-" "-"
104.28.211.186 - - [19/Aug/2025:16:10:39 -0400] "GET /beta/backup/phpinfo/ HTTP/1.1" 404 - "-" "-"
104.28.211.186 - - [19/Aug/2025:16:10:40 -0400] "GET /global.inc/ HTTP/1.1" 404 - "-" "-"
104.28.211.186 - - [19/Aug/2025:16:10:40 -0400] "GET /back/old_phpinfo/ HTTP/1.1" 404 - "-" "-"
104.28.211.186 - - [19/Aug/2025:16:10:40 -0400] "GET /wp-config/.part HTTP/1.1" 404 - "-" "-"
104.28.211.186 - - [19/Aug/2025:16:10:41 -0400] "GET /bot/service/info/ HTTP/1.1" 404 - "-" "-"
105.188.49.248 - - [19/Aug/2025:16:10:41 -0400] "GET /.well-known/admin.php HTTP/1.1" 404 - "-" "Mozilla/5.0 (Windows NT 10.0; Win64; x64) AppleWebKit/537.36 (KHTML, like Gecko) Chrome/58.0.3029.110 Safari/537.36"
104.28.211.186 - - [19/Aug/2025:16:10:41 -0400] "GET /app/service/phpinfo/ HTTP/1.1" 404 - "-" "-"
104.28.211.186 - - [19/Aug/2025:16:10:41 -0400] "GET /administration/development/iinfo/ HTTP/1.1" 404 - "-" "-"
104.28.211.186 - - [19/Aug/2025:16:10:42 -0400] "GET /config/-eb HTTP/1.1" 404 - "-" "-"
104.28.211.186 - - [19/Aug/2025:16:10:42 -0400] "GET /admins/info/ HTTP/1.1" 404 - "-" "-"
104.28.211.186 - - [19/Aug/2025:16:10:42 -0400] "GET /administration/dev/info/ HTTP/1.1" 404 - "-" "-"
104.28.211.186 - - [19/Aug/2025:16:10:42 -0400] "GET /wp-config/.a HTTP/1.1" 404 - "-" "-"
144.76.32.145 - - [19/Aug/2025:16:10:42 -0400] "GET /ca3561/?path=/lib64&edit=liblber-2.4.so.2.10.9 HTTP/1.1" 200 19895 "-" "Mozilla/5.0 (compatible; BLEXBot/1.0; +https://help.seranking.com/en/blex-crawler)"
104.28.211.186 - - [19/Aug/2025:16:10:43 -0400] "GET /settings/.txt HTTP/1.1" 404 - "-" "-"
104.28.211.186 - - [19/Aug/2025:16:10:43 -0400] "GET /apis/develop/phpinfo/ HTTP/1.1" 404 - "-" "-"
104.28.211.186 - - [19/Aug/2025:16:10:43 -0400] "GET /src/PHPMailer/ HTTP/1.1" 404 - "-" "-"
104.28.211.186 - - [19/Aug/2025:16:10:43 -0400] "GET /back/crm/phpinfo/ HTTP/1.1" 404 - "-" "-"
104.28.211.186 - - [19/Aug/2025:16:10:44 -0400] "GET /backup/infophp/ HTTP/1.1" 404 - "-" "-"
104.28.211.186 - - [19/Aug/2025:16:10:44 -0400] "GET /back/crm/info/ HTTP/1.1" 404 - "-" "-"
104.28.211.186 - - [19/Aug/2025:16:10:44 -0400] "GET /client/phpinfo/ HTTP/1.1" 404 - "-" "-"
104.28.211.186 - - [19/Aug/2025:16:10:45 -0400] "GET /admin/helper/info/ HTTP/1.1" 404 - "-" "-"
104.28.211.186 - - [19/Aug/2025:16:10:45 -0400] "GET /phpinfo// HTTP/1.1" 404 - "-" "-"
208.110.64.178 - - [19/Aug/2025:16:10:45 -0400] "GET /wp-includes/pl54d2ae/edit.php HTTP/1.1" 404 - "https://greenfield.com.sa/wp-includes/pl54d2ae/edit.php" "Mozilla/5.0 (Windows NT 10.0; Win64; x64) AppleWebKit/537.36 (KHTML, like Gecko) Chrome/58.0.3029.110 Safari/537.3"
104.28.211.186 - - [19/Aug/2025:16:10:45 -0400] "GET /app/crm/info/ HTTP/1.1" 404 - "-" "-"
104.28.211.186 - - [19/Aug/2025:16:10:46 -0400] "GET /apis/infos/ HTTP/1.1" 404 - "-" "-"
105.188.49.248 - - [19/Aug/2025:16:10:46 -0400] "GET /wp-includes/fonts/moon.php HTTP/1.1" 404 - "-" "Mozilla/5.0 (Windows NT 10.0; Win64; x64) AppleWebKit/537.36 (KHTML, like Gecko) Chrome/58.0.3029.110 Safari/537.36"
104.28.211.186 - - [19/Aug/2025:16:10:46 -0400] "GET /test_info4/ HTTP/1.1" 404 - "-" "-"
104.28.211.186 - - [19/Aug/2025:16:10:47 -0400] "GET /administration/service/phpinfo/ HTTP/1.1" 404 - "-" "-"
104.28.211.186 - - [19/Aug/2025:16:10:47 -0400] "GET /beta/php-info/ HTTP/1.1" 404 - "-" "-"
104.28.211.186 - - [19/Aug/2025:16:10:47 -0400] "GET /app/develop/info/ HTTP/1.1" 404 - "-" "-"
104.28.211.186 - - [19/Aug/2025:16:10:47 -0400] "GET /beta/infos/ HTTP/1.1" 404 - "-" "-"
104.28.211.186 - - [19/Aug/2025:16:10:48 -0400] "GET /admins/dev/phpinfo/ HTTP/1.1" 404 - "-" "-"
104.28.211.186 - - [19/Aug/2025:16:10:48 -0400] "GET /u/ HTTP/1.1" 404 - "-" "-"
105.188.49.248 - - [19/Aug/2025:16:10:48 -0400] "GET /wp-includes/js/tinymce/langs/index.php HTTP/1.1" 404 - "-" "Mozilla/5.0 (Windows NT 10.0; Win64; x64) AppleWebKit/537.36 (KHTML, like Gecko) Chrome/58.0.3029.110 Safari/537.36"
144.76.32.145 - - [19/Aug/2025:16:10:48 -0400] "GET /ca3561/?path=/lib64&edit=libldap-2.4.so.2.10.9 HTTP/1.1" 200 19895 "-" "Mozilla/5.0 (compatible; BLEXBot/1.0; +https://help.seranking.com/en/blex-crawler)"
104.28.211.186 - - [19/Aug/2025:16:10:48 -0400] "GET /wp-config/.data HTTP/1.1" 404 - "-" "-"
104.28.211.186 - - [19/Aug/2025:16:10:49 -0400] "GET /wp-config/.bkp HTTP/1.1" 404 - "-" "-"
104.28.211.186 - - [19/Aug/2025:16:10:49 -0400] "GET /bot/time/ HTTP/1.1" 404 - "-" "-"
104.28.211.186 - - [19/Aug/2025:16:10:49 -0400] "GET /app/server/info/ HTTP/1.1" 404 - "-" "-"
66.249.79.201 - - [19/Aug/2025:16:10:49 -0400] "GET /q-~6H4D96Bi3x4wm4iWbGetHD2xA8czZPf3674/ HTTP/1.1" 404 - "-" "Mozilla/5.0 (Linux; Android 6.0.1; Nexus 5X Build/MMB29P) AppleWebKit/537.36 (KHTML, like Gecko) Chrome/138.0.7204.183 Mobile Safari/537.36 (compatible; GoogleOther)"
104.28.211.186 - - [19/Aug/2025:16:10:49 -0400] "GET /beta/time/ HTTP/1.1" 404 - "-" "-"
104.28.211.186 - - [19/Aug/2025:16:10:50 -0400] "GET /administration/develop/phpinfo/ HTTP/1.1" 404 - "-" "-"
104.28.211.186 - - [19/Aug/2025:16:10:50 -0400] "GET /wp-config/.disabled HTTP/1.1" 404 - "-" "-"
105.188.49.248 - - [19/Aug/2025:16:10:50 -0400] "GET /wp-admin/includes/links.php HTTP/1.1" 404 - "-" "Mozilla/5.0 (Windows NT 10.0; Win64; x64) AppleWebKit/537.36 (KHTML, like Gecko) Chrome/58.0.3029.110 Safari/537.36"
104.28.211.186 - - [19/Aug/2025:16:10:51 -0400] "GET /backend/helper/info/ HTTP/1.1" 404 - "-" "-"
104.28.211.186 - - [19/Aug/2025:16:10:51 -0400] "GET /administration/old_phpinfo/ HTTP/1.1" 404 - "-" "-"
104.28.211.186 - - [19/Aug/2025:16:10:52 -0400] "GET /wp-config/-o HTTP/1.1" 404 - "-" "-"
104.28.211.186 - - [19/Aug/2025:16:10:52 -0400] "GET /adm/laravel/phpinfo/ HTTP/1.1" 404 - "-" "-"
104.28.211.186 - - [19/Aug/2025:16:10:53 -0400] "GET /administration/services/info/ HTTP/1.1" 404 - "-" "-"
104.28.211.186 - - [19/Aug/2025:16:10:53 -0400] "GET /beta/lara/phpinfo/ HTTP/1.1" 404 - "-" "-"
104.28.211.186 - - [19/Aug/2025:16:10:53 -0400] "GET /apis/development/phpinfo/ HTTP/1.1" 404 - "-" "-"
104.28.211.186 - - [19/Aug/2025:16:10:54 -0400] "GET /back/develop/phpinfo/ HTTP/1.1" 404 - "-" "-"
104.28.211.186 - - [19/Aug/2025:16:10:54 -0400] "GET /administration/infos/ HTTP/1.1" 404 - "-" "-"
104.28.211.186 - - [19/Aug/2025:16:10:54 -0400] "GET /apis/crm/phpinfo/ HTTP/1.1" 404 - "-" "-"
104.28.211.186 - - [19/Aug/2025:16:10:55 -0400] "GET /administration/help/phpinfo/ HTTP/1.1" 404 - "-" "-"
104.28.211.186 - - [19/Aug/2025:16:10:55 -0400] "GET /wp-config/.php-bak HTTP/1.1" 404 - "-" "-"
104.28.211.186 - - [19/Aug/2025:16:10:55 -0400] "GET /wp-config/-save HTTP/1.1" 404 - "-" "-"
104.28.211.186 - - [19/Aug/2025:16:10:55 -0400] "GET /backend/php-info/ HTTP/1.1" 404 - "-" "-"
105.188.49.248 - - [19/Aug/2025:16:10:56 -0400] "GET /wp-includes/blocks/post-title/index.php HTTP/1.1" 404 - "-" "Mozilla/5.0 (Windows NT 10.0; Win64; x64) AppleWebKit/537.36 (KHTML, like Gecko) Chrome/58.0.3029.110 Safari/537.36"
104.28.211.186 - - [19/Aug/2025:16:10:56 -0400] "GET /apache/phpinfo/ HTTP/1.1" 404 - "-" "-"
104.28.211.186 - - [19/Aug/2025:16:10:56 -0400] "GET /backend/phpinfo/ HTTP/1.1" 404 - "-" "-"
104.28.211.186 - - [19/Aug/2025:16:10:56 -0400] "GET /lindex/ HTTP/1.1" 404 - "-" "-"
104.28.211.186 - - [19/Aug/2025:16:10:57 -0400] "GET /phpsysinfo/ HTTP/1.1" 404 - "-" "-"
104.28.211.186 - - [19/Aug/2025:16:10:57 -0400] "GET /admins/asdf/ HTTP/1.1" 404 - "-" "-"
144.76.32.145 - - [19/Aug/2025:16:10:58 -0400] "GET /ca3561/?path=/lib64&edit=libmaxminddb.so.0.0.7 HTTP/1.1" 200 19892 "-" "Mozilla/5.0 (compatible; BLEXBot/1.0; +https://help.seranking.com/en/blex-crawler)"
104.28.211.186 - - [19/Aug/2025:16:10:58 -0400] "GET /wp-config/.rej HTTP/1.1" 404 - "-" "-"
104.28.211.186 - - [19/Aug/2025:16:10:59 -0400] "GET /api/develop/info/ HTTP/1.1" 404 - "-" "-"
104.28.211.186 - - [19/Aug/2025:16:10:59 -0400] "GET /in/ HTTP/1.1" 404 - "-" "-"
105.188.49.248 - - [19/Aug/2025:16:11:00 -0400] "GET /wp-admin/user/wp-conflg.php HTTP/1.1" 404 - "-" "Mozilla/5.0 (Windows NT 10.0; Win64; x64) AppleWebKit/537.36 (KHTML, like Gecko) Chrome/58.0.3029.110 Safari/537.36"
104.28.211.186 - - [19/Aug/2025:16:11:00 -0400] "GET /api/backup/phpinfo/ HTTP/1.1" 404 - "-" "-"
104.28.211.186 - - [19/Aug/2025:16:11:01 -0400] "GET /adm/lara/info/ HTTP/1.1" 404 - "-" "-"
104.28.211.186 - - [19/Aug/2025:16:11:02 -0400] "GET /adm/helper/phpinfo/ HTTP/1.1" 404 - "-" "-"
104.28.211.186 - - [19/Aug/2025:16:11:02 -0400] "GET /bot/php/ HTTP/1.1" 404 - "-" "-"
104.28.211.186 - - [19/Aug/2025:16:11:02 -0400] "GET /admin/develop/phpinfo/ HTTP/1.1" 404 - "-" "-"
104.28.211.186 - - [19/Aug/2025:16:11:02 -0400] "GET /api/backend/phpinfo/ HTTP/1.1" 404 - "-" "-"
104.28.211.186 - - [19/Aug/2025:16:11:03 -0400] "GET /administration/service/info/ HTTP/1.1" 404 - "-" "-"
144.76.32.145 - - [19/Aug/2025:16:11:03 -0400] "GET /ca3561/?path=/lib64&edit=libmemcachedutil.so.2 HTTP/1.1" 200 19892 "-" "Mozilla/5.0 (compatible; BLEXBot/1.0; +https://help.seranking.com/en/blex-crawler)"
104.28.211.186 - - [19/Aug/2025:16:11:03 -0400] "GET /laravel10/phpinfo/ HTTP/1.1" 404 - "-" "-"
105.188.49.248 - - [19/Aug/2025:16:11:03 -0400] "GET /inputs/function.php HTTP/1.1" 404 - "-" "Mozilla/5.0 (Windows NT 10.0; Win64; x64) AppleWebKit/537.36 (KHTML, like Gecko) Chrome/58.0.3029.110 Safari/537.36"
104.28.211.186 - - [19/Aug/2025:16:11:03 -0400] "GET /backend/xampp/info/ HTTP/1.1" 404 - "-" "-"
104.28.211.186 - - [19/Aug/2025:16:11:04 -0400] "GET /administration/server/info/ HTTP/1.1" 404 - "-" "-"
104.28.211.186 - - [19/Aug/2025:16:11:04 -0400] "GET /admins/api/phpinfo/ HTTP/1.1" 404 - "-" "-"
104.28.211.186 - - [19/Aug/2025:16:11:04 -0400] "GET /administration/laravel/phpinfo/ HTTP/1.1" 404 - "-" "-"
104.28.211.186 - - [19/Aug/2025:16:11:05 -0400] "GET /admin/temp/ HTTP/1.1" 404 - "-" "-"
105.188.49.248 - - [19/Aug/2025:16:11:05 -0400] "GET /wp-includes/blocks/columns/index.php HTTP/1.1" 404 - "-" "Mozilla/5.0 (Windows NT 10.0; Win64; x64) AppleWebKit/537.36 (KHTML, like Gecko) Chrome/58.0.3029.110 Safari/537.36"
104.28.211.186 - - [19/Aug/2025:16:11:05 -0400] "GET /root/info/ HTTP/1.1" 404 - "-" "-"
104.28.211.186 - - [19/Aug/2025:16:11:06 -0400] "GET /apis/test/ HTTP/1.1" 404 - "-" "-"
104.28.211.186 - - [19/Aug/2025:16:11:07 -0400] "GET /api/helper/info/ HTTP/1.1" 404 - "-" "-"
104.28.211.186 - - [19/Aug/2025:16:11:08 -0400] "GET /administration/temp/ HTTP/1.1" 404 - "-" "-"
144.76.32.145 - - [19/Aug/2025:16:11:08 -0400] "GET /ca3561/?path=/lib64&edit=libmodulemd.so.2.13.0 HTTP/1.1" 200 19892 "-" "Mozilla/5.0 (compatible; BLEXBot/1.0; +https://help.seranking.com/en/blex-crawler)"
104.28.211.186 - - [19/Aug/2025:16:11:09 -0400] "GET /help/phpinfo/ HTTP/1.1" 404 - "-" "-"
105.188.49.248 - - [19/Aug/2025:16:11:10 -0400] "GET /wp-includes/IXR/wp-login.php HTTP/1.1" 404 - "-" "Mozilla/5.0 (Windows NT 10.0; Win64; x64) AppleWebKit/537.36 (KHTML, like Gecko) Chrome/58.0.3029.110 Safari/537.36"
104.28.211.186 - - [19/Aug/2025:16:11:10 -0400] "GET /adm/backup/info/ HTTP/1.1" 404 - "-" "-"
104.28.211.186 - - [19/Aug/2025:16:11:10 -0400] "GET /back/laravel/phpinfo/ HTTP/1.1" 404 - "-" "-"
104.28.211.186 - - [19/Aug/2025:16:11:10 -0400] "GET /wp-config.wp-config/.swp HTTP/1.1" 404 - "-" "-"
104.28.211.186 - - [19/Aug/2025:16:11:11 -0400] "GET /wp-config/-original HTTP/1.1" 404 - "-" "-"
104.28.211.186 - - [19/Aug/2025:16:11:11 -0400] "GET /admin/current/phpinfo/ HTTP/1.1" 404 - "-" "-"
104.28.211.186 - - [19/Aug/2025:16:11:12 -0400] "GET /apis/development/iinfo/ HTTP/1.1" 404 - "-" "-"
104.28.211.186 - - [19/Aug/2025:16:11:12 -0400] "GET /configure/.orig HTTP/1.1" 404 - "-" "-"
104.28.211.186 - - [19/Aug/2025:16:11:12 -0400] "GET /admins/dev/info/ HTTP/1.1" 404 - "-" "-"
144.76.32.145 - - [19/Aug/2025:16:11:12 -0400] "GET /ca3561/?path=/lib64&edit=libnfnetlink.so.0.2.0 HTTP/1.1" 200 19894 "-" "Mozilla/5.0 (compatible; BLEXBot/1.0; +https://help.seranking.com/en/blex-crawler)"
104.28.211.186 - - [19/Aug/2025:16:11:13 -0400] "GET /emails/PHPMailer/SMTP/ HTTP/1.1" 404 - "-" "-"
104.28.211.186 - - [19/Aug/2025:16:11:13 -0400] "GET /emails/PHPMailer/PHPMailer/ HTTP/1.1" 404 - "-" "-"
104.28.211.186 - - [19/Aug/2025:16:11:13 -0400] "GET /backend/dashboard/phpinfo/ HTTP/1.1" 404 - "-" "-"
104.28.211.186 - - [19/Aug/2025:16:11:14 -0400] "GET /wp-config/~ HTTP/1.1" 404 - "-" "-"
104.28.211.186 - - [19/Aug/2025:16:11:14 -0400] "GET /beta/laravel/info/ HTTP/1.1" 404 - "-" "-"
105.188.49.248 - - [19/Aug/2025:16:11:15 -0400] "GET /4price3.php HTTP/1.1" 404 - "-" "Mozilla/5.0 (Windows NT 10.0; Win64; x64) AppleWebKit/537.36 (KHTML, like Gecko) Chrome/58.0.3029.110 Safari/537.36"
104.28.211.186 - - [19/Aug/2025:16:11:15 -0400] "GET /api/help/info/ HTTP/1.1" 404 - "-" "-"
104.28.211.186 - - [19/Aug/2025:16:11:15 -0400] "GET /apis/phpinfo/ HTTP/1.1" 404 - "-" "-"
51.222.253.13 - - [19/Aug/2025:16:11:15 -0400] "GET /572427694 HTTP/1.1" 404 - "-" "Mozilla/5.0 (compatible; AhrefsBot/7.0; +http://ahrefs.com/robot/)"
104.28.211.186 - - [19/Aug/2025:16:11:16 -0400] "GET /administration/phpinfo/ HTTP/1.1" 404 - "-" "-"
104.28.211.186 - - [19/Aug/2025:16:11:17 -0400] "GET /app/crm/phpinfo/ HTTP/1.1" 404 - "-" "-"
104.28.211.186 - - [19/Aug/2025:16:11:17 -0400] "GET /frontend_dev//$ HTTP/1.1" 404 - "-" "-"
104.28.211.186 - - [19/Aug/2025:16:11:17 -0400] "GET /phpinfo4/ HTTP/1.1" 404 - "-" "-"
104.28.211.186 - - [19/Aug/2025:16:11:18 -0400] "GET /backend/infophp/ HTTP/1.1" 404 - "-" "-"
104.28.211.186 - - [19/Aug/2025:16:11:18 -0400] "GET /backup/services/phpinfo/ HTTP/1.1" 404 - "-" "-"
104.28.211.186 - - [19/Aug/2025:16:11:18 -0400] "GET /check/ HTTP/1.1" 404 - "-" "-"
144.76.32.145 - - [19/Aug/2025:16:11:18 -0400] "GET /ca3561/?path=/lib64&edit=libnghttp2.so.14.17.0 HTTP/1.1" 200 19891 "-" "Mozilla/5.0 (compatible; BLEXBot/1.0; +https://help.seranking.com/en/blex-crawler)"
104.28.211.186 - - [19/Aug/2025:16:11:19 -0400] "GET /wp-config/.backup.txt HTTP/1.1" 404 - "-" "-"
105.188.49.248 - - [19/Aug/2025:16:11:19 -0400] "GET /ans.php HTTP/1.1" 404 - "-" "Mozilla/5.0 (Windows NT 10.0; Win64; x64) AppleWebKit/537.36 (KHTML, like Gecko) Chrome/58.0.3029.110 Safari/537.36"
104.28.211.186 - - [19/Aug/2025:16:11:19 -0400] "GET /backup/linusadmin-phpinfo/ HTTP/1.1" 404 - "-" "-"
104.28.211.186 - - [19/Aug/2025:16:11:19 -0400] "GET /.wp-config/.swo HTTP/1.1" 404 - "-" "-"
104.28.211.186 - - [19/Aug/2025:16:11:20 -0400] "GET /api/help/phpinfo/ HTTP/1.1" 404 - "-" "-"
104.28.211.186 - - [19/Aug/2025:16:11:20 -0400] "GET /admins/service/phpinfo/ HTTP/1.1" 404 - "-" "-"
104.28.211.186 - - [19/Aug/2025:16:11:20 -0400] "GET /backend/backup/info/ HTTP/1.1" 404 - "-" "-"
104.28.211.186 - - [19/Aug/2025:16:11:21 -0400] "GET /backend/services/phpinfo/ HTTP/1.1" 404 - "-" "-"
104.28.211.186 - - [19/Aug/2025:16:11:21 -0400] "GET /wp-config/.cs HTTP/1.1" 404 - "-" "-"
104.28.211.186 - - [19/Aug/2025:16:11:21 -0400] "GET /backend/laravel/info/ HTTP/1.1" 404 - "-" "-"
104.28.211.186 - - [19/Aug/2025:16:11:22 -0400] "GET /admin/old_phpinfo/ HTTP/1.1" 404 - "-" "-"
104.28.211.186 - - [19/Aug/2025:16:11:22 -0400] "GET /config/config/ HTTP/1.1" 404 - "-" "-"
105.188.49.248 - - [19/Aug/2025:16:11:22 -0400] "GET /file5.php HTTP/1.1" 404 - "-" "Mozilla/5.0 (Windows NT 10.0; Win64; x64) AppleWebKit/537.36 (KHTML, like Gecko) Chrome/58.0.3029.110 Safari/537.36"
104.28.211.186 - - [19/Aug/2025:16:11:22 -0400] "GET /wp-config/.azure HTTP/1.1" 404 - "-" "-"
104.28.211.186 - - [19/Aug/2025:16:11:23 -0400] "GET /app/api/phpinfo/ HTTP/1.1" 404 - "-" "-"
104.28.211.186 - - [19/Aug/2025:16:11:23 -0400] "GET /admin/time/ HTTP/1.1" 404 - "-" "-"
104.28.211.186 - - [19/Aug/2025:16:11:23 -0400] "GET /info/info/ HTTP/1.1" 404 - "-" "-"
104.28.211.186 - - [19/Aug/2025:16:11:24 -0400] "GET /apis/php-info/ HTTP/1.1" 404 - "-" "-"
104.28.211.186 - - [19/Aug/2025:16:11:24 -0400] "GET /admin/api/info/ HTTP/1.1" 404 - "-" "-"
104.28.211.186 - - [19/Aug/2025:16:11:24 -0400] "GET /admins/infos/ HTTP/1.1" 404 - "-" "-"
144.76.32.145 - - [19/Aug/2025:16:11:24 -0400] "GET /ca3561/?path=/lib64&edit=libnss_compat-2.28.so HTTP/1.1" 200 19892 "-" "Mozilla/5.0 (compatible; BLEXBot/1.0; +https://help.seranking.com/en/blex-crawler)"
104.28.211.186 - - [19/Aug/2025:16:11:25 -0400] "GET /api/old_phpinfo/ HTTP/1.1" 404 - "-" "-"
104.28.211.186 - - [19/Aug/2025:16:11:25 -0400] "GET /app/current/phpinfo/ HTTP/1.1" 404 - "-" "-"
104.28.211.186 - - [19/Aug/2025:16:11:26 -0400] "GET /pi.php6 HTTP/1.1" 404 - "-" "-"
104.28.211.186 - - [19/Aug/2025:16:11:26 -0400] "GET /backup/development/phpinfo/ HTTP/1.1" 404 - "-" "-"
104.28.211.186 - - [19/Aug/2025:16:11:26 -0400] "GET /backend/server/phpinfo/ HTTP/1.1" 404 - "-" "-"
105.188.49.248 - - [19/Aug/2025:16:11:26 -0400] "GET /images/batm.php HTTP/1.1" 404 - "-" "Mozilla/5.0 (Windows NT 10.0; Win64; x64) AppleWebKit/537.36 (KHTML, like Gecko) Chrome/58.0.3029.110 Safari/537.36"
104.28.211.186 - - [19/Aug/2025:16:11:27 -0400] "GET /bot/dev/info/ HTTP/1.1" 404 - "-" "-"
104.28.211.186 - - [19/Aug/2025:16:11:27 -0400] "GET /wp-config/.sav HTTP/1.1" 404 - "-" "-"
104.28.211.186 - - [19/Aug/2025:16:11:27 -0400] "GET /env/ HTTP/1.1" 404 - "-" "-"
104.28.211.186 - - [19/Aug/2025:16:11:28 -0400] "GET /viewinfo/ HTTP/1.1" 404 - "-" "-"
104.28.211.186 - - [19/Aug/2025:16:11:28 -0400] "GET /app/etc/env/ HTTP/1.1" 404 - "-" "-"
104.28.211.186 - - [19/Aug/2025:16:11:28 -0400] "GET /admins/help/info/ HTTP/1.1" 404 - "-" "-"
105.188.49.248 - - [19/Aug/2025:16:11:29 -0400] "GET /wp-includes/customize/links.php HTTP/1.1" 404 - "-" "Mozilla/5.0 (Windows NT 10.0; Win64; x64) AppleWebKit/537.36 (KHTML, like Gecko) Chrome/58.0.3029.110 Safari/537.36"
104.28.211.186 - - [19/Aug/2025:16:11:29 -0400] "GET /backend/develop/phpinfo/ HTTP/1.1" 404 - "-" "-"
104.28.211.186 - - [19/Aug/2025:16:11:29 -0400] "GET /backup/help/phpinfo/ HTTP/1.1" 404 - "-" "-"
104.28.211.186 - - [19/Aug/2025:16:11:29 -0400] "GET /back/pinfo/ HTTP/1.1" 404 - "-" "-"
104.28.211.186 - - [19/Aug/2025:16:11:30 -0400] "GET /new/ HTTP/1.1" 404 - "-" "-"
104.28.211.186 - - [19/Aug/2025:16:11:30 -0400] "GET /global/ HTTP/1.1" 404 - "-" "-"
104.28.211.186 - - [19/Aug/2025:16:11:30 -0400] "GET /beta/xampp/info/ HTTP/1.1" 404 - "-" "-"
104.28.211.186 - - [19/Aug/2025:16:11:31 -0400] "GET /wp-config/.save.1 HTTP/1.1" 404 - "-" "-"
105.188.49.248 - - [19/Aug/2025:16:11:31 -0400] "GET /wp-includes/block-patterns/wp-conflg.php HTTP/1.1" 404 - "-" "Mozilla/5.0 (Windows NT 10.0; Win64; x64) AppleWebKit/537.36 (KHTML, like Gecko) Chrome/58.0.3029.110 Safari/537.36"
144.76.32.145 - - [19/Aug/2025:16:11:31 -0400] "GET /ca3561/?path=/lib64&edit=libodbcminiS.so.2.0.0 HTTP/1.1" 200 19894 "-" "Mozilla/5.0 (compatible; BLEXBot/1.0; +https://help.seranking.com/en/blex-crawler)"
104.28.211.186 - - [19/Aug/2025:16:11:31 -0400] "GET /admins/current/phpinfo/ HTTP/1.1" 404 - "-" "-"
104.28.211.186 - - [19/Aug/2025:16:11:31 -0400] "GET /admin/dev/info/ HTTP/1.1" 404 - "-" "-"
104.28.211.186 - - [19/Aug/2025:16:11:32 -0400] "GET /api/asdf/ HTTP/1.1" 404 - "-" "-"
104.28.211.186 - - [19/Aug/2025:16:11:33 -0400] "GET /backup/crm/phpinfo/ HTTP/1.1" 404 - "-" "-"
105.188.49.248 - - [19/Aug/2025:16:11:33 -0400] "GET /leafmailer2.8.php HTTP/1.1" 404 - "-" "Mozilla/5.0 (Windows NT 10.0; Win64; x64) AppleWebKit/537.36 (KHTML, like Gecko) Chrome/58.0.3029.110 Safari/537.36"
104.28.211.186 - - [19/Aug/2025:16:11:33 -0400] "GET /back/backend/phpinfo/ HTTP/1.1" 404 - "-" "-"
104.28.211.186 - - [19/Aug/2025:16:11:34 -0400] "GET /api/helper/phpinfo/ HTTP/1.1" 404 - "-" "-"
104.28.211.186 - - [19/Aug/2025:16:11:35 -0400] "GET /apis/php/ HTTP/1.1" 404 - "-" "-"
104.28.211.186 - - [19/Aug/2025:16:11:35 -0400] "GET /app/xampp/phpinfo/ HTTP/1.1" 404 - "-" "-"
104.28.211.186 - - [19/Aug/2025:16:11:35 -0400] "GET /admins/xampp/info/ HTTP/1.1" 404 - "-" "-"
104.28.211.186 - - [19/Aug/2025:16:11:36 -0400] "GET /apis/server/info/ HTTP/1.1" 404 - "-" "-"
104.28.211.186 - - [19/Aug/2025:16:11:36 -0400] "GET /admins/pinfo/ HTTP/1.1" 404 - "-" "-"
104.28.211.186 - - [19/Aug/2025:16:11:36 -0400] "GET /wp-config/.uk HTTP/1.1" 404 - "-" "-"
144.76.32.145 - - [19/Aug/2025:16:11:37 -0400] "GET /ca3561/?path=/lib64&edit=libodbcpsqlS.so.2.0.0 HTTP/1.1" 200 19894 "-" "Mozilla/5.0 (compatible; BLEXBot/1.0; +https://help.seranking.com/en/blex-crawler)"
104.28.211.186 - - [19/Aug/2025:16:11:37 -0400] "GET /app/api/info/ HTTP/1.1" 404 - "-" "-"
104.28.211.186 - - [19/Aug/2025:16:11:37 -0400] "GET /bot/asdf/ HTTP/1.1" 404 - "-" "-"
104.28.211.186 - - [19/Aug/2025:16:11:37 -0400] "GET /beta/backend/phpinfo/ HTTP/1.1" 404 - "-" "-"
105.188.49.248 - - [19/Aug/2025:16:11:37 -0400] "GET /images/wso.php HTTP/1.1" 404 - "-" "Mozilla/5.0 (Windows NT 10.0; Win64; x64) AppleWebKit/537.36 (KHTML, like Gecko) Chrome/58.0.3029.110 Safari/537.36"
104.28.211.186 - - [19/Aug/2025:16:11:38 -0400] "GET /backup/backup/info/ HTTP/1.1" 404 - "-" "-"
104.28.211.186 - - [19/Aug/2025:16:11:38 -0400] "GET /admin/lara/phpinfo/ HTTP/1.1" 404 - "-" "-"
104.28.211.186 - - [19/Aug/2025:16:11:39 -0400] "GET /wp-config/.dump HTTP/1.1" 404 - "-" "-"
104.28.211.186 - - [19/Aug/2025:16:11:39 -0400] "GET /api/xampp/info/ HTTP/1.1" 404 - "-" "-"
104.28.211.186 - - [19/Aug/2025:16:11:40 -0400] "GET /admin/development/phpinfo/ HTTP/1.1" 404 - "-" "-"
104.28.211.186 - - [19/Aug/2025:16:11:40 -0400] "GET /backend/phpversion/ HTTP/1.1" 404 - "-" "-"
104.28.211.186 - - [19/Aug/2025:16:11:40 -0400] "GET /test_phpinfo5/ HTTP/1.1" 404 - "-" "-"
105.188.49.248 - - [19/Aug/2025:16:11:40 -0400] "GET /.well-known/acme-challenge/bala.php HTTP/1.1" 404 - "-" "Mozilla/5.0 (Windows NT 10.0; Win64; x64) AppleWebKit/537.36 (KHTML, like Gecko) Chrome/58.0.3029.110 Safari/537.36"
104.28.211.186 - - [19/Aug/2025:16:11:41 -0400] "GET /wp-config/.org HTTP/1.1" 404 - "-" "-"
104.28.211.186 - - [19/Aug/2025:16:11:41 -0400] "GET /configuration/-dist HTTP/1.1" 404 - "-" "-"
104.28.211.186 - - [19/Aug/2025:16:11:42 -0400] "GET /beta/pinfo/ HTTP/1.1" 404 - "-" "-"
104.28.211.186 - - [19/Aug/2025:16:11:42 -0400] "GET /admins/backup/phpinfo/ HTTP/1.1" 404 - "-" "-"
104.28.211.186 - - [19/Aug/2025:16:11:42 -0400] "GET /back/time/ HTTP/1.1" 404 - "-" "-"
104.28.211.186 - - [19/Aug/2025:16:11:43 -0400] "GET /back/server/info/ HTTP/1.1" 404 - "-" "-"
105.188.49.248 - - [19/Aug/2025:16:11:43 -0400] "GET /wp-includes/pomo/parx.php HTTP/1.1" 404 - "-" "Mozilla/5.0 (Windows NT 10.0; Win64; x64) AppleWebKit/537.36 (KHTML, like Gecko) Chrome/58.0.3029.110 Safari/537.36"
104.28.211.186 - - [19/Aug/2025:16:11:43 -0400] "GET /app/services/phpinfo/ HTTP/1.1" 404 - "-" "-"
104.28.211.186 - - [19/Aug/2025:16:11:43 -0400] "GET /bot/phpinfo/ HTTP/1.1" 404 - "-" "-"
144.76.32.145 - - [19/Aug/2025:16:11:43 -0400] "GET /ca3561/?path=/lib64&edit=libopenslide.so.0.4.1 HTTP/1.1" 200 19889 "-" "Mozilla/5.0 (compatible; BLEXBot/1.0; +https://help.seranking.com/en/blex-crawler)"
104.28.211.186 - - [19/Aug/2025:16:11:43 -0400] "GET /laravel/phpinfo/ HTTP/1.1" 404 - "-" "-"
104.28.211.186 - - [19/Aug/2025:16:11:44 -0400] "GET /administration/php-info/ HTTP/1.1" 404 - "-" "-"
104.28.211.186 - - [19/Aug/2025:16:11:44 -0400] "GET /administration/development/phpinfo/ HTTP/1.1" 404 - "-" "-"
104.28.211.186 - - [19/Aug/2025:16:11:45 -0400] "GET /wp-config/~1 HTTP/1.1" 404 - "-" "-"
104.28.211.186 - - [19/Aug/2025:16:11:46 -0400] "GET /api/server/info/ HTTP/1.1" 404 - "-" "-"
105.188.49.248 - - [19/Aug/2025:16:11:46 -0400] "GET /wp-content/wso112233.php HTTP/1.1" 404 - "-" "Mozilla/5.0 (Windows NT 10.0; Win64; x64) AppleWebKit/537.36 (KHTML, like Gecko) Chrome/58.0.3029.110 Safari/537.36"
104.28.211.186 - - [19/Aug/2025:16:11:46 -0400] "GET /backend/php/ HTTP/1.1" 404 - "-" "-"
104.28.211.186 - - [19/Aug/2025:16:11:47 -0400] "GET /bot/phpversion/ HTTP/1.1" 404 - "-" "-"
104.28.211.186 - - [19/Aug/2025:16:11:47 -0400] "GET /forum/phpinfo/ HTTP/1.1" 404 - "-" "-"
104.28.211.186 - - [19/Aug/2025:16:11:47 -0400] "GET /adm/backend/phpinfo/ HTTP/1.1" 404 - "-" "-"
104.28.211.186 - - [19/Aug/2025:16:11:48 -0400] "GET /beta/current/phpinfo/ HTTP/1.1" 404 - "-" "-"
105.188.49.248 - - [19/Aug/2025:16:11:48 -0400] "GET /wp-includes/widgets/links.php HTTP/1.1" 404 - "-" "Mozilla/5.0 (Windows NT 10.0; Win64; x64) AppleWebKit/537.36 (KHTML, like Gecko) Chrome/58.0.3029.110 Safari/537.36"
104.28.211.186 - - [19/Aug/2025:16:11:48 -0400] "GET /back/laravel/info/ HTTP/1.1" 404 - "-" "-"
52.167.144.176 - - [19/Aug/2025:16:11:49 -0400] "GET /311364542 HTTP/1.1" 404 - "-" "Mozilla/5.0 (iPhone; CPU iPhone OS 7_0 like Mac OS X) AppleWebKit/537.51.1 (KHTML, like Gecko) Version/7.0 Mobile/11A465 Safari/9537.53 (compatible; bingbot/2.0; +http://www.bing.com/bingbot.htm)"
104.28.211.186 - - [19/Aug/2025:16:11:49 -0400] "GET /app/backup/phpinfo/ HTTP/1.1" 404 - "-" "-"
104.28.211.186 - - [19/Aug/2025:16:11:49 -0400] "GET /testing/ HTTP/1.1" 404 - "-" "-"
104.28.211.186 - - [19/Aug/2025:16:11:50 -0400] "GET /back/development/phpinfo/ HTTP/1.1" 404 - "-" "-"
144.76.32.145 - - [19/Aug/2025:16:11:50 -0400] "GET /ca3561/?path=/lib64&edit=libpam_misc.so.0.82.1 HTTP/1.1" 200 19892 "-" "Mozilla/5.0 (compatible; BLEXBot/1.0; +https://help.seranking.com/en/blex-crawler)"
104.28.211.186 - - [19/Aug/2025:16:11:50 -0400] "GET /xampp/info/ HTTP/1.1" 404 - "-" "-"
104.28.211.186 - - [19/Aug/2025:16:11:50 -0400] "GET /secured/phpinfo/ HTTP/1.1" 404 - "-" "-"
104.28.211.186 - - [19/Aug/2025:16:11:51 -0400] "GET /.wp-config/.swm HTTP/1.1" 404 - "-" "-"
104.28.211.186 - - [19/Aug/2025:16:11:51 -0400] "GET /apis/temp/ HTTP/1.1" 404 - "-" "-"
105.188.49.248 - - [19/Aug/2025:16:11:52 -0400] "GET /wp-includes/js/plupload/plupload.php HTTP/1.1" 404 - "-" "Mozilla/5.0 (Windows NT 10.0; Win64; x64) AppleWebKit/537.36 (KHTML, like Gecko) Chrome/58.0.3029.110 Safari/537.36"
104.28.211.186 - - [19/Aug/2025:16:11:53 -0400] "GET /backup/backend/info/ HTTP/1.1" 404 - "-" "-"
104.28.211.186 - - [19/Aug/2025:16:11:53 -0400] "GET /beta/test/ HTTP/1.1" 404 - "-" "-"
104.28.211.186 - - [19/Aug/2025:16:11:53 -0400] "GET /administration/help/info/ HTTP/1.1" 404 - "-" "-"
144.76.32.145 - - [19/Aug/2025:16:11:54 -0400] "GET /ca3561/?path=/lib64&edit=libpcreposix.so.0.0.6 HTTP/1.1" 200 19892 "-" "Mozilla/5.0 (compatible; BLEXBot/1.0; +https://help.seranking.com/en/blex-crawler)"
104.28.211.186 - - [19/Aug/2025:16:11:54 -0400] "GET /config.local.php_old HTTP/1.1" 404 - "-" "-"
104.28.211.186 - - [19/Aug/2025:16:11:54 -0400] "GET /admin/helper/phpinfo/ HTTP/1.1" 404 - "-" "-"
104.28.211.186 - - [19/Aug/2025:16:11:55 -0400] "GET /beta/phpinfo/ HTTP/1.1" 404 - "-" "-"
104.28.211.186 - - [19/Aug/2025:16:11:55 -0400] "GET /bot/service/phpinfo/ HTTP/1.1" 404 - "-" "-"
104.28.211.186 - - [19/Aug/2025:16:11:56 -0400] "GET /admins/php-info/ HTTP/1.1" 404 - "-" "-"
114.119.157.25 - - [19/Aug/2025:16:11:56 -0400] "GET /ca3561/?path=/usr/include/c%2B%2B/8/parallel&edit=algorithm HTTP/1.1" 200 2181 "https://greenfield.com.sa/ca3561/?path=/usr/include/c%2B%2B/8/parallel" "Mozilla/5.0 (Linux; Android 7.0;) AppleWebKit/537.36 (KHTML, like Gecko) Mobile Safari/537.36 (compatible; PetalBot;+https://webmaster.petalsearch.com/site/petalbot)"
104.28.211.186 - - [19/Aug/2025:16:11:56 -0400] "GET /__info/ HTTP/1.1" 404 - "-" "-"
104.28.211.186 - - [19/Aug/2025:16:11:57 -0400] "GET /backup/develop/info/ HTTP/1.1" 404 - "-" "-"
104.28.211.186 - - [19/Aug/2025:16:11:57 -0400] "GET /wp-config/.us HTTP/1.1" 404 - "-" "-"
104.28.211.186 - - [19/Aug/2025:16:11:57 -0400] "GET /app/phpversion/ HTTP/1.1" 404 - "-" "-"
144.76.32.145 - - [19/Aug/2025:16:11:57 -0400] "GET /ca3561/?path=/lib64&edit=libpixman-1.so.0.38.4 HTTP/1.1" 200 19890 "-" "Mozilla/5.0 (compatible; BLEXBot/1.0; +https://help.seranking.com/en/blex-crawler)"
105.188.49.248 - - [19/Aug/2025:16:11:57 -0400] "GET /wp-admin/function.php HTTP/1.1" 404 - "-" "Mozilla/5.0 (Windows NT 10.0; Win64; x64) AppleWebKit/537.36 (KHTML, like Gecko) Chrome/58.0.3029.110 Safari/537.36"
104.28.211.186 - - [19/Aug/2025:16:11:58 -0400] "GET /back/help/phpinfo/ HTTP/1.1" 404 - "-" "-"
104.28.211.186 - - [19/Aug/2025:16:11:58 -0400] "GET /wp-config/ HTTP/1.1" 404 - "-" "-"
104.28.211.186 - - [19/Aug/2025:16:11:59 -0400] "GET /adm/xampp/info/ HTTP/1.1" 404 - "-" "-"
104.28.211.186 - - [19/Aug/2025:16:11:59 -0400] "GET /dev/info/ HTTP/1.1" 404 - "-" "-"
104.28.211.186 - - [19/Aug/2025:16:12:00 -0400] "GET /backup/api/info/ HTTP/1.1" 404 - "-" "-"
104.28.211.186 - - [19/Aug/2025:16:12:00 -0400] "GET /~cats/php/phpinfo/ HTTP/1.1" 404 - "-" "-"
104.28.211.186 - - [19/Aug/2025:16:12:00 -0400] "GET /service/info/ HTTP/1.1" 404 - "-" "-"
104.28.211.186 - - [19/Aug/2025:16:12:01 -0400] "GET /bot/backend/phpinfo/ HTTP/1.1" 404 - "-" "-"
104.28.211.186 - - [19/Aug/2025:16:12:01 -0400] "GET /apis/crm/info/ HTTP/1.1" 404 - "-" "-"
104.28.211.186 - - [19/Aug/2025:16:12:02 -0400] "GET /wp-config/.9 HTTP/1.1" 404 - "-" "-"
104.28.211.186 - - [19/Aug/2025:16:12:02 -0400] "GET /file/php/info/ HTTP/1.1" 404 - "-" "-"
144.76.32.145 - - [19/Aug/2025:16:12:02 -0400] "GET /ca3561/?path=/lib64&edit=libpoppler.so.104.0.0 HTTP/1.1" 200 19888 "-" "Mozilla/5.0 (compatible; BLEXBot/1.0; +https://help.seranking.com/en/blex-crawler)"
104.28.211.186 - - [19/Aug/2025:16:12:02 -0400] "GET /admin/laravel/phpinfo/ HTTP/1.1" 404 - "-" "-"
105.188.49.248 - - [19/Aug/2025:16:12:03 -0400] "GET /plugin.php HTTP/1.1" 404 - "-" "Mozilla/5.0 (Windows NT 10.0; Win64; x64) AppleWebKit/537.36 (KHTML, like Gecko) Chrome/58.0.3029.110 Safari/537.36"
104.28.211.186 - - [19/Aug/2025:16:12:03 -0400] "GET /back/current/info/ HTTP/1.1" 404 - "-" "-"
104.28.211.186 - - [19/Aug/2025:16:12:03 -0400] "GET /~cats/php/info/ HTTP/1.1" 404 - "-" "-"
104.28.211.186 - - [19/Aug/2025:16:12:03 -0400] "GET /app/dashboard/phpinfo/ HTTP/1.1" 404 - "-" "-"
104.28.211.186 - - [19/Aug/2025:16:12:04 -0400] "GET /bot/laravel/phpinfo/ HTTP/1.1" 404 - "-" "-"
104.28.211.186 - - [19/Aug/2025:16:12:04 -0400] "GET /token/ HTTP/1.1" 404 - "-" "-"
40.77.167.132 - - [19/Aug/2025:16:12:04 -0400] "GET /354747616 HTTP/1.1" 404 - "-" "Mozilla/5.0 AppleWebKit/537.36 (KHTML, like Gecko; compatible; bingbot/2.0; +http://www.bing.com/bingbot.htm) Chrome/116.0.1938.76 Safari/537.36"
104.28.211.186 - - [19/Aug/2025:16:12:04 -0400] "GET /ini/ HTTP/1.1" 404 - "-" "-"
104.28.211.186 - - [19/Aug/2025:16:12:05 -0400] "GET /test_phpinfo2/ HTTP/1.1" 404 - "-" "-"
105.188.49.248 - - [19/Aug/2025:16:12:05 -0400] "GET /wp-includes/pomo/autoload_classmap.php HTTP/1.1" 404 - "-" "Mozilla/5.0 (Windows NT 10.0; Win64; x64) AppleWebKit/537.36 (KHTML, like Gecko) Chrome/58.0.3029.110 Safari/537.36"
104.28.211.186 - - [19/Aug/2025:16:12:05 -0400] "GET /back/dashboard/phpinfo/ HTTP/1.1" 404 - "-" "-"
144.76.32.145 - - [19/Aug/2025:16:12:06 -0400] "GET /ca3561/?path=/lib64&edit=libprotobuf.so.15.0.0 HTTP/1.1" 200 19893 "-" "Mozilla/5.0 (compatible; BLEXBot/1.0; +https://help.seranking.com/en/blex-crawler)"
104.28.211.186 - - [19/Aug/2025:16:12:06 -0400] "GET /config/.bkp HTTP/1.1" 404 - "-" "-"
104.28.211.186 - - [19/Aug/2025:16:12:06 -0400] "GET /test_info2/ HTTP/1.1" 404 - "-" "-"
52.167.144.176 - - [19/Aug/2025:16:12:06 -0400] "GET /600030311 HTTP/1.1" 404 - "-" "Mozilla/5.0 (iPhone; CPU iPhone OS 7_0 like Mac OS X) AppleWebKit/537.51.1 (KHTML, like Gecko) Version/7.0 Mobile/11A465 Safari/9537.53 (compatible; bingbot/2.0; +http://www.bing.com/bingbot.htm)"
104.28.211.186 - - [19/Aug/2025:16:12:06 -0400] "GET /beta/help/phpinfo/ HTTP/1.1" 404 - "-" "-"
104.28.211.186 - - [19/Aug/2025:16:12:07 -0400] "GET /crm/info/ HTTP/1.1" 404 - "-" "-"
104.28.211.186 - - [19/Aug/2025:16:12:07 -0400] "GET /apis/service/info/ HTTP/1.1" 404 - "-" "-"
104.28.211.186 - - [19/Aug/2025:16:12:07 -0400] "GET /PHPConf/ HTTP/1.1" 404 - "-" "-"
105.188.49.248 - - [19/Aug/2025:16:12:08 -0400] "GET /wp-admin/css/file.php HTTP/1.1" 404 - "-" "Mozilla/5.0 (Windows NT 10.0; Win64; x64) AppleWebKit/537.36 (KHTML, like Gecko) Chrome/58.0.3029.110 Safari/537.36"
104.28.211.186 - - [19/Aug/2025:16:12:08 -0400] "GET /admins/services/info/ HTTP/1.1" 404 - "-" "-"
104.28.211.186 - - [19/Aug/2025:16:12:08 -0400] "GET /bot/php-info/ HTTP/1.1" 404 - "-" "-"
104.28.211.186 - - [19/Aug/2025:16:12:09 -0400] "GET /service/phpinfo/ HTTP/1.1" 404 - "-" "-"
104.28.211.186 - - [19/Aug/2025:16:12:09 -0400] "GET /back/asdf/ HTTP/1.1" 404 - "-" "-"
104.28.211.186 - - [19/Aug/2025:16:12:10 -0400] "GET /admin/dashboard/info/ HTTP/1.1" 404 - "-" "-"
144.76.32.145 - - [19/Aug/2025:16:12:10 -0400] "GET /ca3561/?path=/lib64&edit=libpwquality.so.1.0.2 HTTP/1.1" 200 19894 "-" "Mozilla/5.0 (compatible; BLEXBot/1.0; +https://help.seranking.com/en/blex-crawler)"
104.28.211.186 - - [19/Aug/2025:16:12:10 -0400] "GET /bot/backup/phpinfo/ HTTP/1.1" 404 - "-" "-"
104.28.211.186 - - [19/Aug/2025:16:12:11 -0400] "GET /backup/phpversion/ HTTP/1.1" 404 - "-" "-"
105.188.49.248 - - [19/Aug/2025:16:12:11 -0400] "GET /tmp/wp-conflg.php HTTP/1.1" 404 - "-" "Mozilla/5.0 (Windows NT 10.0; Win64; x64) AppleWebKit/537.36 (KHTML, like Gecko) Chrome/58.0.3029.110 Safari/537.36"
104.28.211.186 - - [19/Aug/2025:16:12:12 -0400] "GET /apis/asdf/ HTTP/1.1" 404 - "-" "-"
104.28.211.186 - - [19/Aug/2025:16:12:13 -0400] "GET /admins/phpinfo/ HTTP/1.1" 404 - "-" "-"
104.28.211.186 - - [19/Aug/2025:16:12:13 -0400] "GET /admin/backup/info/ HTTP/1.1" 404 - "-" "-"
144.76.32.145 - - [19/Aug/2025:16:12:13 -0400] "GET /ca3561/?path=/lib64&edit=libref_array.so.1.2.1 HTTP/1.1" 200 19890 "-" "Mozilla/5.0 (compatible; BLEXBot/1.0; +https://help.seranking.com/en/blex-crawler)"
104.28.211.186 - - [19/Aug/2025:16:12:13 -0400] "GET /admins/php/ HTTP/1.1" 404 - "-" "-"
105.188.49.248 - - [19/Aug/2025:16:12:13 -0400] "GET /wp-includes/js/mediaelement/mediaelement.php HTTP/1.1" 404 - "-" "Mozilla/5.0 (Windows NT 10.0; Win64; x64) AppleWebKit/537.36 (KHTML, like Gecko) Chrome/58.0.3029.110 Safari/537.36"
104.28.211.186 - - [19/Aug/2025:16:12:14 -0400] "GET /beta/i/ HTTP/1.1" 404 - "-" "-"
104.28.211.186 - - [19/Aug/2025:16:12:14 -0400] "GET /api/php-info/ HTTP/1.1" 404 - "-" "-"
104.28.211.186 - - [19/Aug/2025:16:12:14 -0400] "GET /bot/current/info/ HTTP/1.1" 404 - "-" "-"
104.28.211.186 - - [19/Aug/2025:16:12:15 -0400] "GET /admins/test/ HTTP/1.1" 404 - "-" "-"
104.28.211.186 - - [19/Aug/2025:16:12:15 -0400] "GET /back/test/ HTTP/1.1" 404 - "-" "-"
104.28.211.186 - - [19/Aug/2025:16:12:15 -0400] "GET /api/api/info/ HTTP/1.1" 404 - "-" "-"
104.28.211.186 - - [19/Aug/2025:16:12:16 -0400] "GET /bot/temp/ HTTP/1.1" 404 - "-" "-"
104.28.211.186 - - [19/Aug/2025:16:12:16 -0400] "GET /back/backup/phpinfo/ HTTP/1.1" 404 - "-" "-"
105.188.49.248 - - [19/Aug/2025:16:12:17 -0400] "GET /wp-includes/certificates/plugins.php HTTP/1.1" 404 - "-" "Mozilla/5.0 (Windows NT 10.0; Win64; x64) AppleWebKit/537.36 (KHTML, like Gecko) Chrome/58.0.3029.110 Safari/537.36"
104.28.211.186 - - [19/Aug/2025:16:12:17 -0400] "GET /administration/info/ HTTP/1.1" 404 - "-" "-"
104.28.211.186 - - [19/Aug/2025:16:12:17 -0400] "GET /o/ HTTP/1.1" 404 - "-" "-"
104.28.211.186 - - [19/Aug/2025:16:12:18 -0400] "GET /backend/backend/phpinfo/ HTTP/1.1" 404 - "-" "-"
144.76.32.145 - - [19/Aug/2025:16:12:18 -0400] "GET /ca3561/?path=/lib64&edit=libsmartcols.so.1.1.0 HTTP/1.1" 200 19891 "-" "Mozilla/5.0 (compatible; BLEXBot/1.0; +https://help.seranking.com/en/blex-crawler)"
104.28.211.186 - - [19/Aug/2025:16:12:18 -0400] "GET /wp-config/-n HTTP/1.1" 404 - "-" "-"
104.28.211.186 - - [19/Aug/2025:16:12:18 -0400] "GET /backend/service/phpinfo/ HTTP/1.1" 404 - "-" "-"
104.28.211.186 - - [19/Aug/2025:16:12:19 -0400] "GET /index1/ HTTP/1.1" 404 - "-" "-"
105.188.49.248 - - [19/Aug/2025:16:12:19 -0400] "GET /wp-admin/network/moon.php HTTP/1.1" 404 - "-" "Mozilla/5.0 (Windows NT 10.0; Win64; x64) AppleWebKit/537.36 (KHTML, like Gecko) Chrome/58.0.3029.110 Safari/537.36"
104.28.211.186 - - [19/Aug/2025:16:12:19 -0400] "GET /settings/.bak HTTP/1.1" 404 - "-" "-"
104.28.211.186 - - [19/Aug/2025:16:12:19 -0400] "GET /wp-config/-work HTTP/1.1" 404 - "-" "-"
104.28.211.186 - - [19/Aug/2025:16:12:20 -0400] "GET /._wp-config/ HTTP/1.1" 404 - "-" "-"
104.28.211.186 - - [19/Aug/2025:16:12:20 -0400] "GET /storage/framework/config/ HTTP/1.1" 404 - "-" "-"
104.28.211.186 - - [19/Aug/2025:16:12:20 -0400] "GET /wp-config/.sublime-project HTTP/1.1" 404 - "-" "-"
104.28.211.186 - - [19/Aug/2025:16:12:21 -0400] "GET /apis/backend/info/ HTTP/1.1" 404 - "-" "-"
104.28.211.186 - - [19/Aug/2025:16:12:21 -0400] "GET /wp-config-sample/ HTTP/1.1" 404 - "-" "-"
104.28.211.186 - - [19/Aug/2025:16:12:21 -0400] "GET /application/config/constants// HTTP/1.1" 404 - "-" "-"
144.76.32.145 - - [19/Aug/2025:16:12:21 -0400] "GET /ca3561/?path=/lib64&edit=libsss_idmap.so.0.5.1 HTTP/1.1" 200 19896 "-" "Mozilla/5.0 (compatible; BLEXBot/1.0; +https://help.seranking.com/en/blex-crawler)"
104.28.211.186 - - [19/Aug/2025:16:12:22 -0400] "GET /l/ HTTP/1.1" 404 - "-" "-"
104.28.211.186 - - [19/Aug/2025:16:12:22 -0400] "GET /beta/service/info/ HTTP/1.1" 404 - "-" "-"
105.188.49.248 - - [19/Aug/2025:16:12:22 -0400] "GET /wp-admin/css/colors/blue/jsdindex.php HTTP/1.1" 404 - "-" "Mozilla/5.0 (Windows NT 10.0; Win64; x64) AppleWebKit/537.36 (KHTML, like Gecko) Chrome/58.0.3029.110 Safari/537.36"
104.28.211.186 - - [19/Aug/2025:16:12:22 -0400] "GET /wp-config/.backup HTTP/1.1" 404 - "-" "-"
104.28.211.186 - - [19/Aug/2025:16:12:23 -0400] "GET /admin/linusadmin-phpinfo/ HTTP/1.1" 404 - "-" "-"
104.28.211.186 - - [19/Aug/2025:16:12:23 -0400] "GET /wp-config/.cache HTTP/1.1" 404 - "-" "-"
104.28.211.186 - - [19/Aug/2025:16:12:23 -0400] "GET /config/.txt HTTP/1.1" 404 - "-" "-"
104.28.211.186 - - [19/Aug/2025:16:12:24 -0400] "GET /back/linusadmin-phpinfo/ HTTP/1.1" 404 - "-" "-"
104.28.211.186 - - [19/Aug/2025:16:12:24 -0400] "GET /app/server/phpinfo/ HTTP/1.1" 404 - "-" "-"
104.28.211.186 - - [19/Aug/2025:16:12:24 -0400] "GET /wp-config/.tmp HTTP/1.1" 404 - "-" "-"
104.28.211.186 - - [19/Aug/2025:16:12:24 -0400] "GET /api/develop/phpinfo/ HTTP/1.1" 404 - "-" "-"
104.28.211.186 - - [19/Aug/2025:16:12:25 -0400] "GET /wp-config/.txt HTTP/1.1" 404 - "-" "-"
104.28.211.186 - - [19/Aug/2025:16:12:25 -0400] "GET /apis/lara/phpinfo/ HTTP/1.1" 404 - "-" "-"
104.28.211.186 - - [19/Aug/2025:16:12:25 -0400] "GET /back/temp/ HTTP/1.1" 404 - "-" "-"
105.188.49.248 - - [19/Aug/2025:16:12:25 -0400] "GET /file2.php HTTP/1.1" 404 - "-" "Mozilla/5.0 (Windows NT 10.0; Win64; x64) AppleWebKit/537.36 (KHTML, like Gecko) Chrome/58.0.3029.110 Safari/537.36"
52.167.144.176 - - [19/Aug/2025:16:12:25 -0400] "GET /272217742 HTTP/1.1" 404 - "-" "Mozilla/5.0 (iPhone; CPU iPhone OS 7_0 like Mac OS X) AppleWebKit/537.51.1 (KHTML, like Gecko) Version/7.0 Mobile/11A465 Safari/9537.53 (compatible; bingbot/2.0; +http://www.bing.com/bingbot.htm)"
144.76.32.145 - - [19/Aug/2025:16:12:25 -0400] "GET /ca3561/?path=/lib64&edit=libsss_nss_idmap.so.0 HTTP/1.1" 200 19896 "-" "Mozilla/5.0 (compatible; BLEXBot/1.0; +https://help.seranking.com/en/blex-crawler)"
52.167.144.176 - - [19/Aug/2025:16:12:26 -0400] "GET /630418123 HTTP/1.1" 404 - "-" "Mozilla/5.0 AppleWebKit/537.36 (KHTML, like Gecko; compatible; bingbot/2.0; +http://www.bing.com/bingbot.htm) Chrome/116.0.1938.76 Safari/537.36"
104.28.211.186 - - [19/Aug/2025:16:12:26 -0400] "GET /beta/development/phpinfo/ HTTP/1.1" 404 - "-" "-"
104.28.211.186 - - [19/Aug/2025:16:12:27 -0400] "GET /administration/linusadmin-phpinfo/ HTTP/1.1" 404 - "-" "-"
104.28.211.186 - - [19/Aug/2025:16:12:27 -0400] "GET /admin/crm/info/ HTTP/1.1" 404 - "-" "-"
104.28.211.186 - - [19/Aug/2025:16:12:27 -0400] "GET /admins/backend/info/ HTTP/1.1" 404 - "-" "-"
105.188.49.248 - - [19/Aug/2025:16:12:28 -0400] "GET /wp-content/plugins/project/css.php HTTP/1.1" 404 - "-" "Mozilla/5.0 (Windows NT 10.0; Win64; x64) AppleWebKit/537.36 (KHTML, like Gecko) Chrome/58.0.3029.110 Safari/537.36"
104.28.211.186 - - [19/Aug/2025:16:12:28 -0400] "GET /pi.php8 HTTP/1.1" 404 - "-" "-"
104.28.211.186 - - [19/Aug/2025:16:12:28 -0400] "GET /api/lara/info/ HTTP/1.1" 404 - "-" "-"
104.28.211.186 - - [19/Aug/2025:16:12:28 -0400] "GET /app/pinfo/ HTTP/1.1" 404 - "-" "-"
104.28.211.186 - - [19/Aug/2025:16:12:29 -0400] "GET /backup/pinfo/ HTTP/1.1" 404 - "-" "-"
104.28.211.186 - - [19/Aug/2025:16:12:29 -0400] "GET /adm/service/info/ HTTP/1.1" 404 - "-" "-"
144.76.32.145 - - [19/Aug/2025:16:12:29 -0400] "GET /ca3561/?path=/lib64&edit=libtheoradec.so.1.1.4 HTTP/1.1" 200 19893 "-" "Mozilla/5.0 (compatible; BLEXBot/1.0; +https://help.seranking.com/en/blex-crawler)"
104.28.211.186 - - [19/Aug/2025:16:12:29 -0400] "GET /app/current/info/ HTTP/1.1" 404 - "-" "-"
104.28.211.186 - - [19/Aug/2025:16:12:29 -0400] "GET /adm/help/phpinfo/ HTTP/1.1" 404 - "-" "-"
104.28.211.186 - - [19/Aug/2025:16:12:30 -0400] "GET /adm/helper/info/ HTTP/1.1" 404 - "-" "-"
104.28.211.186 - - [19/Aug/2025:16:12:30 -0400] "GET /back/i/ HTTP/1.1" 404 - "-" "-"
104.28.211.186 - - [19/Aug/2025:16:12:31 -0400] "GET /backup/i/ HTTP/1.1" 404 - "-" "-"
104.28.211.186 - - [19/Aug/2025:16:12:32 -0400] "GET /wp-config/.in HTTP/1.1" 404 - "-" "-"
104.28.211.186 - - [19/Aug/2025:16:12:32 -0400] "GET /test5/ HTTP/1.1" 404 - "-" "-"
52.167.144.142 - - [19/Aug/2025:16:12:32 -0400] "GET /571130685 HTTP/1.1" 404 - "-" "Mozilla/5.0 (iPhone; CPU iPhone OS 7_0 like Mac OS X) AppleWebKit/537.51.1 (KHTML, like Gecko) Version/7.0 Mobile/11A465 Safari/9537.53 (compatible; bingbot/2.0; +http://www.bing.com/bingbot.htm)"
104.28.211.186 - - [19/Aug/2025:16:12:32 -0400] "GET /backup/php/ HTTP/1.1" 404 - "-" "-"
105.188.49.248 - - [19/Aug/2025:16:12:33 -0400] "GET /4pric.php HTTP/1.1" 404 - "-" "Mozilla/5.0 (Windows NT 10.0; Win64; x64) AppleWebKit/537.36 (KHTML, like Gecko) Chrome/58.0.3029.110 Safari/537.36"
144.76.32.145 - - [19/Aug/2025:16:12:33 -0400] "GET /ca3561/?path=/lib64&edit=libtheoraenc.so.1.1.2 HTTP/1.1" 200 19892 "-" "Mozilla/5.0 (compatible; BLEXBot/1.0; +https://help.seranking.com/en/blex-crawler)"
104.28.211.186 - - [19/Aug/2025:16:12:33 -0400] "GET /wp-config/.ini HTTP/1.1" 404 - "-" "-"
51.222.253.19 - - [19/Aug/2025:16:12:33 -0400] "GET /569423980 HTTP/1.1" 404 - "-" "Mozilla/5.0 (compatible; AhrefsBot/7.0; +http://ahrefs.com/robot/)"
104.28.211.186 - - [19/Aug/2025:16:12:34 -0400] "GET /console/info/ HTTP/1.1" 404 - "-" "-"
40.77.167.132 - - [19/Aug/2025:16:12:34 -0400] "GET /173237749 HTTP/1.1" 404 - "-" "Mozilla/5.0 (iPhone; CPU iPhone OS 7_0 like Mac OS X) AppleWebKit/537.51.1 (KHTML, like Gecko) Version/7.0 Mobile/11A465 Safari/9537.53 (compatible; bingbot/2.0; +http://www.bing.com/bingbot.htm)"
104.28.211.186 - - [19/Aug/2025:16:12:34 -0400] "GET /client/info/ HTTP/1.1" 404 - "-" "-"
104.28.211.186 - - [19/Aug/2025:16:12:34 -0400] "GET /phpinfo/phpinfo/ HTTP/1.1" 404 - "-" "-"
