66.249.68.1 - - [19/Aug/2025:11:37:22 -0400] "GET /600154363.phtml HTTP/1.1" 404 - "-" "Mozilla/5.0 (Linux; Android 6.0.1; Nexus 5X Build/MMB29P) AppleWebKit/537.36 (KHTML, like Gecko) Chrome/138.0.7204.183 Mobile Safari/537.36 (compatible; Googlebot/2.1; +http://www.google.com/bot.html)"
114.119.157.96 - - [19/Aug/2025:11:37:25 -0400] "GET /ca3561/?path=/usr/include/drm&edit=qxl_drm.h HTTP/1.1" 200 2834 "https://greenfield.com.sa/ca3561/?path=/usr/include/drm&edit=vgem_drm.h" "Mozilla/5.0 (Linux; Android 7.0;) AppleWebKit/537.36 (KHTML, like Gecko) Mobile Safari/537.36 (compatible; PetalBot;+https://webmaster.petalsearch.com/site/petalbot)"
114.119.143.225 - - [19/Aug/2025:11:38:49 -0400] "GET /ca3561/?path=/usr/include/drm&edit=nouveau_drm.h HTTP/1.1" 200 3255 "https://greenfield.com.sa/ca3561/?path=/usr/include/drm&edit=vgem_drm.h" "Mozilla/5.0 (Linux; Android 7.0;) AppleWebKit/537.36 (KHTML, like Gecko) Mobile Safari/537.36 (compatible; PetalBot;+https://webmaster.petalsearch.com/site/petalbot)"
66.249.79.193 - - [19/Aug/2025:11:39:59 -0400] "GET /q-~181ifvNzAKrTmj2M424cHz50rNyCajupY16031/ HTTP/1.1" 404 - "-" "Mozilla/5.0 (Linux; Android 6.0.1; Nexus 5X Build/MMB29P) AppleWebKit/537.36 (KHTML, like Gecko) Chrome/138.0.7204.183 Mobile Safari/537.36 (compatible; GoogleOther)"
114.119.145.47 - - [19/Aug/2025:11:40:15 -0400] "GET /ca3561/?path=/usr/include/drm&edit=lima_drm.h HTTP/1.1" 200 2744 "https://greenfield.com.sa/ca3561/?path=/usr/include/drm&edit=vgem_drm.h" "Mozilla/5.0 (Linux; Android 7.0;) AppleWebKit/537.36 (KHTML, like Gecko) Mobile Safari/537.36 (compatible; PetalBot;+https://webmaster.petalsearch.com/site/petalbot)"
52.167.144.169 - - [19/Aug/2025:11:41:15 -0400] "GET /570338635 HTTP/1.1" 404 - "-" "Mozilla/5.0 AppleWebKit/537.36 (KHTML, like Gecko; compatible; bingbot/2.0; +http://www.bing.com/bingbot.htm) Chrome/116.0.1938.76 Safari/537.36"
114.119.157.96 - - [19/Aug/2025:11:41:36 -0400] "GET /ca3561/?path=/usr/include/curl&edit=easy.h HTTP/1.1" 200 2278 "https://greenfield.com.sa/ca3561/?path=/usr/include/curl&edit=system.h" "Mozilla/5.0 (Linux; Android 7.0;) AppleWebKit/537.36 (KHTML, like Gecko) Mobile Safari/537.36 (compatible; PetalBot;+https://webmaster.petalsearch.com/site/petalbot)"
114.119.145.47 - - [19/Aug/2025:11:43:00 -0400] "GET /ca3561/?path=/usr/include/c%2B%2B/8&edit=stdlib.h HTTP/1.1" 200 3114 "https://greenfield.com.sa/ca3561/?path=/usr/include/c%2B%2B/8" "Mozilla/5.0 (Linux; Android 7.0;) AppleWebKit/537.36 (KHTML, like Gecko) Mobile Safari/537.36 (compatible; PetalBot;+https://webmaster.petalsearch.com/site/petalbot)"
52.167.144.172 - - [19/Aug/2025:11:43:03 -0400] "GET /179165972 HTTP/1.1" 404 - "-" "Mozilla/5.0 AppleWebKit/537.36 (KHTML, like Gecko; compatible; bingbot/2.0; +http://www.bing.com/bingbot.htm) Chrome/116.0.1938.76 Safari/537.36"
66.249.68.4 - - [19/Aug/2025:11:43:22 -0400] "GET /product/edit/AKVJ219779006 HTTP/1.1" 404 - "-" "Mozilla/5.0 (Linux; Android 6.0.1; Nexus 5X Build/MMB29P) AppleWebKit/537.36 (KHTML, like Gecko) Chrome/138.0.7204.183 Mobile Safari/537.36 (compatible; Googlebot/2.1; +http://www.google.com/bot.html)"
40.77.167.79 - - [19/Aug/2025:11:44:01 -0400] "GET /183609264 HTTP/1.1" 404 - "-" "Mozilla/5.0 AppleWebKit/537.36 (KHTML, like Gecko; compatible; bingbot/2.0; +http://www.bing.com/bingbot.htm) Chrome/116.0.1938.76 Safari/537.36"
52.167.144.169 - - [19/Aug/2025:11:44:04 -0400] "GET /218743517 HTTP/1.1" 404 - "-" "Mozilla/5.0 (iPhone; CPU iPhone OS 7_0 like Mac OS X) AppleWebKit/537.51.1 (KHTML, like Gecko) Version/7.0 Mobile/11A465 Safari/9537.53 (compatible; bingbot/2.0; +http://www.bing.com/bingbot.htm)"
52.167.144.169 - - [19/Aug/2025:11:44:12 -0400] "GET /348504960 HTTP/1.1" 404 - "-" "Mozilla/5.0 (iPhone; CPU iPhone OS 7_0 like Mac OS X) AppleWebKit/537.51.1 (KHTML, like Gecko) Version/7.0 Mobile/11A465 Safari/9537.53 (compatible; bingbot/2.0; +http://www.bing.com/bingbot.htm)"
66.249.79.194 - - [19/Aug/2025:11:44:17 -0400] "GET /227012482.htm HTTP/1.1" 404 - "-" "Mozilla/5.0 (Linux; Android 6.0.1; Nexus 5X Build/MMB29P) AppleWebKit/537.36 (KHTML, like Gecko) Chrome/138.0.7204.183 Mobile Safari/537.36 (compatible; GoogleOther)"
66.249.79.193 - - [19/Aug/2025:11:44:22 -0400] "GET /47486032 HTTP/1.1" 404 - "-" "Mozilla/5.0 (Linux; Android 6.0.1; Nexus 5X Build/MMB29P) AppleWebKit/537.36 (KHTML, like Gecko) Chrome/138.0.7204.183 Mobile Safari/537.36 (compatible; Googlebot/2.1; +http://www.google.com/bot.html)"
114.119.159.216 - - [19/Aug/2025:11:44:24 -0400] "GET /ca3561/?path=/usr/include/c%2B%2B/8&edit=random HTTP/1.1" 200 2974 "https://greenfield.com.sa/ca3561/?path=/usr/include/c%2B%2B/8" "Mozilla/5.0 (Linux; Android 7.0;) AppleWebKit/537.36 (KHTML, like Gecko) Mobile Safari/537.36 (compatible; PetalBot;+https://webmaster.petalsearch.com/site/petalbot)"
40.77.167.79 - - [19/Aug/2025:11:44:57 -0400] "GET /94512970 HTTP/1.1" 404 - "-" "Mozilla/5.0 (iPhone; CPU iPhone OS 7_0 like Mac OS X) AppleWebKit/537.51.1 (KHTML, like Gecko) Version/7.0 Mobile/11A465 Safari/9537.53 (compatible; bingbot/2.0; +http://www.bing.com/bingbot.htm)"
216.244.66.234 - - [19/Aug/2025:11:44:58 -0400] "GET /robots.txt HTTP/1.1" 304 - "-" "Mozilla/5.0 (compatible; DotBot/1.2; +https://opensiteexplorer.org/dotbot; help@moz.com)"
114.119.157.25 - - [19/Aug/2025:11:45:47 -0400] "GET /ca3561/?path=/usr/include/c%2B%2B/8&edit=locale HTTP/1.1" 200 2892 "https://greenfield.com.sa/ca3561/?path=/usr/include/c%2B%2B/8" "Mozilla/5.0 (Linux; Android 7.0;) AppleWebKit/537.36 (KHTML, like Gecko) Mobile Safari/537.36 (compatible; PetalBot;+https://webmaster.petalsearch.com/site/petalbot)"
40.77.167.79 - - [19/Aug/2025:11:46:39 -0400] "GET /132022071 HTTP/1.1" 404 - "-" "Mozilla/5.0 (iPhone; CPU iPhone OS 7_0 like Mac OS X) AppleWebKit/537.51.1 (KHTML, like Gecko) Version/7.0 Mobile/11A465 Safari/9537.53 (compatible; bingbot/2.0; +http://www.bing.com/bingbot.htm)"
52.167.144.169 - - [19/Aug/2025:11:46:51 -0400] "GET /208957468 HTTP/1.1" 404 - "-" "Mozilla/5.0 AppleWebKit/537.36 (KHTML, like Gecko; compatible; bingbot/2.0; +http://www.bing.com/bingbot.htm) Chrome/116.0.1938.76 Safari/537.36"
52.167.144.172 - - [19/Aug/2025:11:47:02 -0400] "GET /355885130 HTTP/1.1" 404 - "-" "Mozilla/5.0 (iPhone; CPU iPhone OS 7_0 like Mac OS X) AppleWebKit/537.51.1 (KHTML, like Gecko) Version/7.0 Mobile/11A465 Safari/9537.53 (compatible; bingbot/2.0; +http://www.bing.com/bingbot.htm)"
204.12.252.98 - - [19/Aug/2025:11:47:04 -0400] "GET /wp-includes/pl54d2ae/edit.php HTTP/1.1" 404 - "https://greenfield.com.sa/wp-includes/pl54d2ae/edit.php" "Mozilla/5.0 (Windows NT 10.0; Win64; x64) AppleWebKit/537.36 (KHTML, like Gecko) Chrome/58.0.3029.110 Safari/537.3"
52.167.144.172 - - [19/Aug/2025:11:47:05 -0400] "GET /255478796 HTTP/1.1" 404 - "-" "Mozilla/5.0 AppleWebKit/537.36 (KHTML, like Gecko; compatible; bingbot/2.0; +http://www.bing.com/bingbot.htm) Chrome/116.0.1938.76 Safari/537.36"
114.119.143.225 - - [19/Aug/2025:11:47:13 -0400] "GET /ca3561/?path=/usr/include/bits&edit=termios.h HTTP/1.1" 200 4622 "https://greenfield.com.sa/ca3561/?path=/usr/include/bits&edit=resource.h" "Mozilla/5.0 (Linux; Android 7.0;) AppleWebKit/537.36 (KHTML, like Gecko) Mobile Safari/537.36 (compatible; PetalBot;+https://webmaster.petalsearch.com/site/petalbot)"
66.249.68.4 - - [19/Aug/2025:11:47:23 -0400] "GET /192081401.phtml HTTP/1.1" 404 - "-" "Mozilla/5.0 (Linux; Android 6.0.1; Nexus 5X Build/MMB29P) AppleWebKit/537.36 (KHTML, like Gecko) Chrome/138.0.7204.183 Mobile Safari/537.36 (compatible; Googlebot/2.1; +http://www.google.com/bot.html)"
66.249.68.4 - - [19/Aug/2025:11:47:23 -0400] "GET /52710477.phtml HTTP/1.1" 404 - "-" "Mozilla/5.0 (Linux; Android 6.0.1; Nexus 5X Build/MMB29P) AppleWebKit/537.36 (KHTML, like Gecko) Chrome/138.0.7204.183 Mobile Safari/537.36 (compatible; Googlebot/2.1; +http://www.google.com/bot.html)"
52.167.144.172 - - [19/Aug/2025:11:47:32 -0400] "GET /285651778 HTTP/1.1" 404 - "-" "Mozilla/5.0 AppleWebKit/537.36 (KHTML, like Gecko; compatible; bingbot/2.0; +http://www.bing.com/bingbot.htm) Chrome/116.0.1938.76 Safari/537.36"
52.167.144.169 - - [19/Aug/2025:11:48:21 -0400] "GET /249235055 HTTP/1.1" 404 - "-" "Mozilla/5.0 AppleWebKit/537.36 (KHTML, like Gecko; compatible; bingbot/2.0; +http://www.bing.com/bingbot.htm) Chrome/116.0.1938.76 Safari/537.36"
52.167.144.169 - - [19/Aug/2025:11:48:23 -0400] "GET /446681185 HTTP/1.1" 404 - "-" "Mozilla/5.0 (iPhone; CPU iPhone OS 7_0 like Mac OS X) AppleWebKit/537.51.1 (KHTML, like Gecko) Version/7.0 Mobile/11A465 Safari/9537.53 (compatible; bingbot/2.0; +http://www.bing.com/bingbot.htm)"
66.249.79.201 - - [19/Aug/2025:11:48:24 -0400] "GET /11575787 HTTP/1.1" 404 - "-" "Mozilla/5.0 (Linux; Android 6.0.1; Nexus 5X Build/MMB29P) AppleWebKit/537.36 (KHTML, like Gecko) Chrome/138.0.7204.183 Mobile Safari/537.36 (compatible; Googlebot/2.1; +http://www.google.com/bot.html)"
66.249.79.202 - - [19/Aug/2025:11:48:24 -0400] "GET /235728541 HTTP/1.1" 404 - "-" "Mozilla/5.0 (Linux; Android 6.0.1; Nexus 5X Build/MMB29P) AppleWebKit/537.36 (KHTML, like Gecko) Chrome/138.0.7204.183 Mobile Safari/537.36 (compatible; Googlebot/2.1; +http://www.google.com/bot.html)"
114.119.159.216 - - [19/Aug/2025:11:48:38 -0400] "GET /ca3561/?path=/usr/include/bits&edit=shm.h HTTP/1.1" 200 4154 "https://greenfield.com.sa/ca3561/?path=/usr/include/bits&edit=resource.h" "Mozilla/5.0 (Linux; Android 7.0;) AppleWebKit/537.36 (KHTML, like Gecko) Mobile Safari/537.36 (compatible; PetalBot;+https://webmaster.petalsearch.com/site/petalbot)"
52.167.144.185 - - [19/Aug/2025:11:49:15 -0400] "GET /561378488 HTTP/1.1" 404 - "-" "Mozilla/5.0 AppleWebKit/537.36 (KHTML, like Gecko; compatible; bingbot/2.0; +http://www.bing.com/bingbot.htm) Chrome/116.0.1938.76 Safari/537.36"
114.119.143.225 - - [19/Aug/2025:11:49:58 -0400] "GET /ca3561/?path=/usr/include/X11/extensions&edit=xf86bigfproto.h HTTP/1.1" 200 2789 "https://greenfield.com.sa/ca3561/?path=/usr/include/X11/extensions&edit=xf86vm.h" "Mozilla/5.0 (Linux; Android 7.0;) AppleWebKit/537.36 (KHTML, like Gecko) Mobile Safari/537.36 (compatible; PetalBot;+https://webmaster.petalsearch.com/site/petalbot)"
66.249.79.203 - - [19/Aug/2025:11:49:59 -0400] "GET /q-~69RK2zQb8YjKCnxWfuvGn7xuMZrW3FkV39283/ HTTP/1.1" 404 - "-" "Mozilla/5.0 (Linux; Android 6.0.1; Nexus 5X Build/MMB29P) AppleWebKit/537.36 (KHTML, like Gecko) Chrome/138.0.7204.183 Mobile Safari/537.36 (compatible; GoogleOther)"
52.167.144.172 - - [19/Aug/2025:11:50:58 -0400] "GET /332546997 HTTP/1.1" 404 - "-" "Mozilla/5.0 (iPhone; CPU iPhone OS 7_0 like Mac OS X) AppleWebKit/537.51.1 (KHTML, like Gecko) Version/7.0 Mobile/11A465 Safari/9537.53 (compatible; bingbot/2.0; +http://www.bing.com/bingbot.htm)"
52.167.144.172 - - [19/Aug/2025:11:50:59 -0400] "GET /143209289 HTTP/1.1" 404 - "-" "Mozilla/5.0 AppleWebKit/537.36 (KHTML, like Gecko; compatible; bingbot/2.0; +http://www.bing.com/bingbot.htm) Chrome/116.0.1938.76 Safari/537.36"
66.249.74.163 - - [19/Aug/2025:11:51:13 -0400] "GET /item/u244/40297/ HTTP/1.1" 404 - "-" "Mozilla/5.0 (Linux; Android 6.0.1; Nexus 5X Build/MMB29P) AppleWebKit/537.36 (KHTML, like Gecko) Chrome/138.0.7204.183 Mobile Safari/537.36 (compatible; Googlebot/2.1; +http://www.google.com/bot.html)"
144.76.32.145 - - [19/Aug/2025:11:51:18 -0400] "GET /robots.txt HTTP/1.1" 304 - "-" "Mozilla/5.0 (compatible; BLEXBot/1.0; +https://help.seranking.com/en/blex-crawler)"
144.76.32.145 - - [19/Aug/2025:11:51:19 -0400] "GET /ca3561/?path=/usr/bin&edit=recode HTTP/1.1" 200 6892 "-" "Mozilla/5.0 (compatible; BLEXBot/1.0; +https://help.seranking.com/en/blex-crawler)"
114.119.138.155 - - [19/Aug/2025:11:51:22 -0400] "GET /ca3561/?path=/usr/include&edit=threads.h HTTP/1.1" 200 6843 "https://greenfield.com.sa/ca3561/?path=/usr/include&edit=tiff.h" "Mozilla/5.0 (Linux; Android 7.0;) AppleWebKit/537.36 (KHTML, like Gecko) Mobile Safari/537.36 (compatible; PetalBot;+https://webmaster.petalsearch.com/site/petalbot)"
144.76.32.145 - - [19/Aug/2025:11:51:25 -0400] "GET /ca3561/?path=/usr/bin&edit=rename HTTP/1.1" 200 6890 "-" "Mozilla/5.0 (compatible; BLEXBot/1.0; +https://help.seranking.com/en/blex-crawler)"
144.76.32.145 - - [19/Aug/2025:11:51:35 -0400] "GET /ca3561/?path=/usr/bin&edit=renice HTTP/1.1" 200 6892 "-" "Mozilla/5.0 (compatible; BLEXBot/1.0; +https://help.seranking.com/en/blex-crawler)"
51.222.253.9 - - [19/Aug/2025:11:51:42 -0400] "GET /asset/ HTTP/1.1" 200 371 "-" "Mozilla/5.0 (compatible; AhrefsBot/7.0; +http://ahrefs.com/robot/)"
144.76.32.145 - - [19/Aug/2025:11:51:57 -0400] "GET /ca3561/?path=/usr/bin&edit=runcon HTTP/1.1" 200 6891 "-" "Mozilla/5.0 (compatible; BLEXBot/1.0; +https://help.seranking.com/en/blex-crawler)"
144.76.32.145 - - [19/Aug/2025:11:52:01 -0400] "GET /ca3561/?path=/usr/bin&edit=scalar HTTP/1.1" 200 6889 "-" "Mozilla/5.0 (compatible; BLEXBot/1.0; +https://help.seranking.com/en/blex-crawler)"
144.76.32.145 - - [19/Aug/2025:11:52:06 -0400] "GET /ca3561/?path=/usr/bin&edit=screen HTTP/1.1" 200 6891 "-" "Mozilla/5.0 (compatible; BLEXBot/1.0; +https://help.seranking.com/en/blex-crawler)"
144.76.32.145 - - [19/Aug/2025:11:52:09 -0400] "GET /ca3561/?path=/usr/bin&edit=script HTTP/1.1" 200 6891 "-" "Mozilla/5.0 (compatible; BLEXBot/1.0; +https://help.seranking.com/en/blex-crawler)"
144.76.32.145 - - [19/Aug/2025:11:52:15 -0400] "GET /ca3561/?path=/usr/bin&edit=setsid HTTP/1.1" 200 6891 "-" "Mozilla/5.0 (compatible; BLEXBot/1.0; +https://help.seranking.com/en/blex-crawler)"
144.76.32.145 - - [19/Aug/2025:11:52:27 -0400] "GET /ca3561/?path=/usr/bin&edit=soelim HTTP/1.1" 200 6890 "-" "Mozilla/5.0 (compatible; BLEXBot/1.0; +https://help.seranking.com/en/blex-crawler)"
52.167.144.185 - - [19/Aug/2025:11:52:27 -0400] "GET /529598187 HTTP/1.1" 404 - "-" "Mozilla/5.0 (iPhone; CPU iPhone OS 7_0 like Mac OS X) AppleWebKit/537.51.1 (KHTML, like Gecko) Version/7.0 Mobile/11A465 Safari/9537.53 (compatible; bingbot/2.0; +http://www.bing.com/bingbot.htm)"
52.167.144.185 - - [19/Aug/2025:11:52:28 -0400] "GET /12898619 HTTP/1.1" 404 - "-" "Mozilla/5.0 (iPhone; CPU iPhone OS 7_0 like Mac OS X) AppleWebKit/537.51.1 (KHTML, like Gecko) Version/7.0 Mobile/11A465 Safari/9537.53 (compatible; bingbot/2.0; +http://www.bing.com/bingbot.htm)"
144.76.32.145 - - [19/Aug/2025:11:52:32 -0400] "GET /ca3561/?path=/usr/bin&edit=splain HTTP/1.1" 200 14680 "-" "Mozilla/5.0 (compatible; BLEXBot/1.0; +https://help.seranking.com/en/blex-crawler)"
144.76.32.145 - - [19/Aug/2025:11:52:37 -0400] "GET /ca3561/?path=/usr/bin&edit=stdbuf HTTP/1.1" 200 6891 "-" "Mozilla/5.0 (compatible; BLEXBot/1.0; +https://help.seranking.com/en/blex-crawler)"
144.76.32.145 - - [19/Aug/2025:11:52:43 -0400] "GET /ca3561/?path=/usr/bin&edit=strace HTTP/1.1" 200 6891 "-" "Mozilla/5.0 (compatible; BLEXBot/1.0; +https://help.seranking.com/en/blex-crawler)"
114.119.159.145 - - [19/Aug/2025:11:52:48 -0400] "GET /ca3561/?path=/usr/include&edit=pcre2posix.h HTTP/1.1" 200 6788 "https://greenfield.com.sa/ca3561/?path=/usr/include&edit=tiff.h" "Mozilla/5.0 (Linux; Android 7.0;) AppleWebKit/537.36 (KHTML, like Gecko) Mobile Safari/537.36 (compatible; PetalBot;+https://webmaster.petalsearch.com/site/petalbot)"
144.76.32.145 - - [19/Aug/2025:11:52:52 -0400] "GET /ca3561/?path=/usr/bin&edit=stream HTTP/1.1" 200 6890 "-" "Mozilla/5.0 (compatible; BLEXBot/1.0; +https://help.seranking.com/en/blex-crawler)"
144.76.32.145 - - [19/Aug/2025:11:52:58 -0400] "GET /ca3561/?path=/usr/bin&edit=unlink HTTP/1.1" 200 6891 "-" "Mozilla/5.0 (compatible; BLEXBot/1.0; +https://help.seranking.com/en/blex-crawler)"
144.76.32.145 - - [19/Aug/2025:11:53:01 -0400] "GET /ca3561/?path=/usr/bin&edit=uptime HTTP/1.1" 200 6891 "-" "Mozilla/5.0 (compatible; BLEXBot/1.0; +https://help.seranking.com/en/blex-crawler)"
144.76.32.145 - - [19/Aug/2025:11:53:10 -0400] "GET /ca3561/?path=/usr/bin&edit=vmstat HTTP/1.1" 200 6891 "-" "Mozilla/5.0 (compatible; BLEXBot/1.0; +https://help.seranking.com/en/blex-crawler)"
144.76.32.145 - - [19/Aug/2025:11:53:18 -0400] "GET /ca3561/?path=/usr/bin&edit=whoami HTTP/1.1" 200 6891 "-" "Mozilla/5.0 (compatible; BLEXBot/1.0; +https://help.seranking.com/en/blex-crawler)"
144.76.32.145 - - [19/Aug/2025:11:53:24 -0400] "GET /ca3561/?path=/usr/bin&edit=xsubpp HTTP/1.1" 200 9438 "-" "Mozilla/5.0 (compatible; BLEXBot/1.0; +https://help.seranking.com/en/blex-crawler)"
66.249.79.204 - - [19/Aug/2025:11:53:26 -0400] "GET /562201569 HTTP/1.1" 404 - "-" "Mozilla/5.0 (Linux; Android 6.0.1; Nexus 5X Build/MMB29P) AppleWebKit/537.36 (KHTML, like Gecko) Chrome/138.0.7204.183 Mobile Safari/537.36 (compatible; Googlebot/2.1; +http://www.google.com/bot.html)"
66.249.79.205 - - [19/Aug/2025:11:53:29 -0400] "GET /114269952 HTTP/1.1" 404 - "-" "Mozilla/5.0 (Linux; Android 6.0.1; Nexus 5X Build/MMB29P) AppleWebKit/537.36 (KHTML, like Gecko) Chrome/138.0.7204.183 Mobile Safari/537.36 (compatible; Googlebot/2.1; +http://www.google.com/bot.html)"
144.76.32.145 - - [19/Aug/2025:11:53:33 -0400] "GET /ca3561/?path=/usr/bin&edit=zegrep HTTP/1.1" 200 6925 "-" "Mozilla/5.0 (compatible; BLEXBot/1.0; +https://help.seranking.com/en/blex-crawler)"
144.76.32.145 - - [19/Aug/2025:11:53:43 -0400] "GET /ca3561/?path=/usr/bin&edit=zfgrep HTTP/1.1" 200 6924 "-" "Mozilla/5.0 (compatible; BLEXBot/1.0; +https://help.seranking.com/en/blex-crawler)"
52.167.144.221 - - [19/Aug/2025:11:53:46 -0400] "GET /85701468 HTTP/1.1" 404 - "-" "Mozilla/5.0 (iPhone; CPU iPhone OS 7_0 like Mac OS X) AppleWebKit/537.51.1 (KHTML, like Gecko) Version/7.0 Mobile/11A465 Safari/9537.53 (compatible; bingbot/2.0; +http://www.bing.com/bingbot.htm)"
52.167.144.185 - - [19/Aug/2025:11:53:49 -0400] "GET /532819986 HTTP/1.1" 404 - "-" "Mozilla/5.0 AppleWebKit/537.36 (KHTML, like Gecko; compatible; bingbot/2.0; +http://www.bing.com/bingbot.htm) Chrome/116.0.1938.76 Safari/537.36"
144.76.32.145 - - [19/Aug/2025:11:53:54 -0400] "GET /ca3561/?path=/usr/bin&edit=zforce HTTP/1.1" 200 8038 "-" "Mozilla/5.0 (compatible; BLEXBot/1.0; +https://help.seranking.com/en/blex-crawler)"
52.167.144.221 - - [19/Aug/2025:11:53:59 -0400] "GET /images/?C=N;O=D HTTP/1.1" 200 1024 "-" "Mozilla/5.0 AppleWebKit/537.36 (KHTML, like Gecko; compatible; bingbot/2.0; +http://www.bing.com/bingbot.htm) Chrome/116.0.1938.76 Safari/537.36"
179.154.126.32 - - [19/Aug/2025:11:54:02 -0400] "GET /608170415 HTTP/1.1" 404 - "https://greenfield.com.sa/608170415" "Mozilla/5.0 (X11; Linux x86_64) AppleWebKit/537.36 (KHTML, like Gecko) Chrome/114.0.0.0 Safari/537.36"
144.76.32.145 - - [19/Aug/2025:11:54:04 -0400] "GET /ca3561/?path=/usr/local/apache/.. HTTP/1.1" 200 733 "-" "Mozilla/5.0 (compatible; BLEXBot/1.0; +https://help.seranking.com/en/blex-crawler)"
114.119.144.38 - - [19/Aug/2025:11:54:09 -0400] "GET /ca3561/?path=/usr/include&edit=nc_tparm.h HTTP/1.1" 200 5678 "https://greenfield.com.sa/ca3561/?path=/usr/include&edit=tiff.h" "Mozilla/5.0 (Linux; Android 7.0;) AppleWebKit/537.36 (KHTML, like Gecko) Mobile Safari/537.36 (compatible; PetalBot;+https://webmaster.petalsearch.com/site/petalbot)"
144.76.32.145 - - [19/Aug/2025:11:54:12 -0400] "GET /ca3561/?path=/etc&edit=domainusers HTTP/1.1" 200 1758 "-" "Mozilla/5.0 (compatible; BLEXBot/1.0; +https://help.seranking.com/en/blex-crawler)"
52.167.144.221 - - [19/Aug/2025:11:54:20 -0400] "GET /70831326 HTTP/1.1" 404 - "-" "Mozilla/5.0 AppleWebKit/537.36 (KHTML, like Gecko; compatible; bingbot/2.0; +http://www.bing.com/bingbot.htm) Chrome/116.0.1938.76 Safari/537.36"
144.76.32.145 - - [19/Aug/2025:11:54:21 -0400] "GET /ca3561/?path=/etc&edit=environment HTTP/1.1" 200 1758 "-" "Mozilla/5.0 (compatible; BLEXBot/1.0; +https://help.seranking.com/en/blex-crawler)"
2400:6180:0:d3::a:c000 - - [19/Aug/2025:11:54:27 -0400] "POST / HTTP/1.1" 404 - "-" "Mozilla/5.0 (X11; Linux x86_64) AppleWebKit/537.36 (KHTML, like Gecko) Chrome/81.0.4044.129 Safari/537.36"
2400:6180:0:d3::a:c000 - - [19/Aug/2025:11:54:28 -0400] "GET /.env HTTP/1.1" 404 - "-" "Mozilla/5.0 (X11; Linux x86_64) AppleWebKit/537.36 (KHTML, like Gecko) Chrome/81.0.4044.129 Safari/537.36"
2400:6180:0:d3::a:c000 - - [19/Aug/2025:11:54:29 -0400] "GET /.env.bak HTTP/1.1" 404 - "-" "Mozilla/5.0 (X11; Linux x86_64) AppleWebKit/537.36 (KHTML, like Gecko) Chrome/81.0.4044.129 Safari/537.36"
66.249.79.204 - - [19/Aug/2025:11:54:29 -0400] "GET /228560814 HTTP/1.1" 404 - "-" "Mozilla/5.0 (Linux; Android 6.0.1; Nexus 5X Build/MMB29P) AppleWebKit/537.36 (KHTML, like Gecko) Chrome/138.0.7204.183 Mobile Safari/537.36 (compatible; Googlebot/2.1; +http://www.google.com/bot.html)"
66.249.68.5 - - [19/Aug/2025:11:54:30 -0400] "GET /600995169.phtml HTTP/1.1" 404 - "-" "Mozilla/5.0 (Linux; Android 6.0.1; Nexus 5X Build/MMB29P) AppleWebKit/537.36 (KHTML, like Gecko) Chrome/138.0.7204.183 Mobile Safari/537.36 (compatible; Googlebot/2.1; +http://www.google.com/bot.html)"
52.167.144.221 - - [19/Aug/2025:11:54:30 -0400] "GET /370492485 HTTP/1.1" 404 - "-" "Mozilla/5.0 (iPhone; CPU iPhone OS 7_0 like Mac OS X) AppleWebKit/537.51.1 (KHTML, like Gecko) Version/7.0 Mobile/11A465 Safari/9537.53 (compatible; bingbot/2.0; +http://www.bing.com/bingbot.htm)"
2400:6180:0:d3::a:c000 - - [19/Aug/2025:11:54:30 -0400] "GET /core/.env HTTP/1.1" 404 - "-" "Mozilla/5.0 (X11; Linux x86_64) AppleWebKit/537.36 (KHTML, like Gecko) Chrome/81.0.4044.129 Safari/537.36"
2400:6180:0:d3::a:c000 - - [19/Aug/2025:11:54:31 -0400] "GET /public/.env HTTP/1.1" 404 - "-" "Mozilla/5.0 (X11; Linux x86_64) AppleWebKit/537.36 (KHTML, like Gecko) Chrome/81.0.4044.129 Safari/537.36"
2400:6180:0:d3::a:c000 - - [19/Aug/2025:11:54:32 -0400] "GET /app/.env HTTP/1.1" 404 - "-" "Mozilla/5.0 (X11; Linux x86_64) AppleWebKit/537.36 (KHTML, like Gecko) Chrome/81.0.4044.129 Safari/537.36"
144.76.32.145 - - [19/Aug/2025:11:54:32 -0400] "GET /ca3561/?path=/etc&edit=ld.so.cache HTTP/1.1" 200 1759 "-" "Mozilla/5.0 (compatible; BLEXBot/1.0; +https://help.seranking.com/en/blex-crawler)"
2400:6180:0:d3::a:c000 - - [19/Aug/2025:11:54:32 -0400] "GET /laravel/.env HTTP/1.1" 404 - "-" "Mozilla/5.0 (X11; Linux x86_64) AppleWebKit/537.36 (KHTML, like Gecko) Chrome/81.0.4044.129 Safari/537.36"
2400:6180:0:d3::a:c000 - - [19/Aug/2025:11:54:33 -0400] "GET /api/.env HTTP/1.1" 404 - "-" "Mozilla/5.0 (X11; Linux x86_64) AppleWebKit/537.36 (KHTML, like Gecko) Chrome/81.0.4044.129 Safari/537.36"
2400:6180:0:d3::a:c000 - - [19/Aug/2025:11:54:34 -0400] "GET /backend/.env HTTP/1.1" 404 - "-" "Mozilla/5.0 (X11; Linux x86_64) AppleWebKit/537.36 (KHTML, like Gecko) Chrome/81.0.4044.129 Safari/537.36"
2400:6180:0:d3::a:c000 - - [19/Aug/2025:11:54:34 -0400] "GET /core/laravel/.env HTTP/1.1" 404 - "-" "Mozilla/5.0 (X11; Linux x86_64) AppleWebKit/537.36 (KHTML, like Gecko) Chrome/81.0.4044.129 Safari/537.36"
2400:6180:0:d3::a:c000 - - [19/Aug/2025:11:54:35 -0400] "GET /app/laravel/.env HTTP/1.1" 404 - "-" "Mozilla/5.0 (X11; Linux x86_64) AppleWebKit/537.36 (KHTML, like Gecko) Chrome/81.0.4044.129 Safari/537.36"
144.76.32.145 - - [19/Aug/2025:11:54:40 -0400] "GET /ca3561/?path=/etc&edit=resolv.conf HTTP/1.1" 200 1808 "-" "Mozilla/5.0 (compatible; BLEXBot/1.0; +https://help.seranking.com/en/blex-crawler)"
144.76.32.145 - - [19/Aug/2025:11:54:52 -0400] "GET /ca3561/?path=/lib64&edit=libX11.so HTTP/1.1" 200 19883 "-" "Mozilla/5.0 (compatible; BLEXBot/1.0; +https://help.seranking.com/en/blex-crawler)"
144.76.32.145 - - [19/Aug/2025:11:55:00 -0400] "GET /ca3561/?path=/lib64&edit=libXau.so HTTP/1.1" 200 19882 "-" "Mozilla/5.0 (compatible; BLEXBot/1.0; +https://help.seranking.com/en/blex-crawler)"
144.76.32.145 - - [19/Aug/2025:11:55:05 -0400] "GET /ca3561/?path=/lib64&edit=libXpm.so HTTP/1.1" 200 19882 "-" "Mozilla/5.0 (compatible; BLEXBot/1.0; +https://help.seranking.com/en/blex-crawler)"
144.76.32.145 - - [19/Aug/2025:11:55:09 -0400] "GET /ca3561/?path=/lib&edit=sendmail HTTP/1.1" 200 1679 "-" "Mozilla/5.0 (compatible; BLEXBot/1.0; +https://help.seranking.com/en/blex-crawler)"
144.76.32.145 - - [19/Aug/2025:11:55:14 -0400] "GET /ca3561/?path=/lib64&edit=libaio.so HTTP/1.1" 200 19881 "-" "Mozilla/5.0 (compatible; BLEXBot/1.0; +https://help.seranking.com/en/blex-crawler)"
144.76.32.145 - - [19/Aug/2025:11:55:20 -0400] "GET /ca3561/?path=/lib64&edit=libanl.so HTTP/1.1" 200 19881 "-" "Mozilla/5.0 (compatible; BLEXBot/1.0; +https://help.seranking.com/en/blex-crawler)"
144.76.32.145 - - [19/Aug/2025:11:55:25 -0400] "GET /ca3561/?path=/lib64&edit=libbz2.so HTTP/1.1" 200 19881 "-" "Mozilla/5.0 (compatible; BLEXBot/1.0; +https://help.seranking.com/en/blex-crawler)"
144.76.32.145 - - [19/Aug/2025:11:55:30 -0400] "GET /ca3561/?path=/lib64&edit=libc.so.6 HTTP/1.1" 200 19885 "-" "Mozilla/5.0 (compatible; BLEXBot/1.0; +https://help.seranking.com/en/blex-crawler)"
114.119.157.25 - - [19/Aug/2025:11:55:34 -0400] "GET /ca3561/?path=/usr/include&edit=monetary.h HTTP/1.1" 200 5199 "https://greenfield.com.sa/ca3561/?path=/usr/include&edit=tiff.h" "Mozilla/5.0 (Linux; Android 7.0;) AppleWebKit/537.36 (KHTML, like Gecko) Mobile Safari/537.36 (compatible; PetalBot;+https://webmaster.petalsearch.com/site/petalbot)"
144.76.32.145 - - [19/Aug/2025:11:55:39 -0400] "GET /ca3561/?path=/lib64&edit=libcap.so HTTP/1.1" 200 19881 "-" "Mozilla/5.0 (compatible; BLEXBot/1.0; +https://help.seranking.com/en/blex-crawler)"
144.76.32.145 - - [19/Aug/2025:11:55:46 -0400] "GET /ca3561/?path=/lib64&edit=libcc1.so HTTP/1.1" 200 19882 "-" "Mozilla/5.0 (compatible; BLEXBot/1.0; +https://help.seranking.com/en/blex-crawler)"
144.76.32.145 - - [19/Aug/2025:11:55:55 -0400] "GET /ca3561/?path=/lib64&edit=libcriu.a HTTP/1.1" 200 19886 "-" "Mozilla/5.0 (compatible; BLEXBot/1.0; +https://help.seranking.com/en/blex-crawler)"
52.167.144.221 - - [19/Aug/2025:11:56:02 -0400] "GET /120558612 HTTP/1.1" 404 - "-" "Mozilla/5.0 AppleWebKit/537.36 (KHTML, like Gecko; compatible; bingbot/2.0; +http://www.bing.com/bingbot.htm) Chrome/116.0.1938.76 Safari/537.36"
144.76.32.145 - - [19/Aug/2025:11:56:03 -0400] "GET /ca3561/?path=/lib64&edit=libdns.so HTTP/1.1" 200 19881 "-" "Mozilla/5.0 (compatible; BLEXBot/1.0; +https://help.seranking.com/en/blex-crawler)"
40.77.167.59 - - [19/Aug/2025:11:56:09 -0400] "GET /424354489 HTTP/1.1" 404 - "-" "Mozilla/5.0 AppleWebKit/537.36 (KHTML, like Gecko; compatible; bingbot/2.0; +http://www.bing.com/bingbot.htm) Chrome/116.0.1938.76 Safari/537.36"
144.76.32.145 - - [19/Aug/2025:11:56:11 -0400] "GET /ca3561/?path=/lib64&edit=libe2p.so HTTP/1.1" 200 19881 "-" "Mozilla/5.0 (compatible; BLEXBot/1.0; +https://help.seranking.com/en/blex-crawler)"
66.249.79.205 - - [19/Aug/2025:11:56:13 -0400] "GET /397572349 HTTP/1.1" 404 - "-" "Mozilla/5.0 (Linux; Android 6.0.1; Nexus 5X Build/MMB29P) AppleWebKit/537.36 (KHTML, like Gecko) Chrome/138.0.7204.183 Mobile Safari/537.36 (compatible; Googlebot/2.1; +http://www.google.com/bot.html)"
66.249.79.205 - - [19/Aug/2025:11:56:13 -0400] "GET /zhHant/product/surugaya/ROGPH14702365?campaign_uid=f64d716db5e979ed2f947dbaf4296895b951ae7f HTTP/1.1" 404 - "-" "Mozilla/5.0 (Linux; Android 6.0.1; Nexus 5X Build/MMB29P) AppleWebKit/537.36 (KHTML, like Gecko) Chrome/138.0.7204.183 Mobile Safari/537.36 (compatible; Googlebot/2.1; +http://www.google.com/bot.html)"
144.76.32.145 - - [19/Aug/2025:11:56:21 -0400] "GET /ca3561/?path=/lib64&edit=libidn.so HTTP/1.1" 200 19881 "-" "Mozilla/5.0 (compatible; BLEXBot/1.0; +https://help.seranking.com/en/blex-crawler)"
144.76.32.145 - - [19/Aug/2025:11:56:28 -0400] "GET /ca3561/?path=/lib64&edit=libirs.so HTTP/1.1" 200 19880 "-" "Mozilla/5.0 (compatible; BLEXBot/1.0; +https://help.seranking.com/en/blex-crawler)"
144.76.32.145 - - [19/Aug/2025:11:56:38 -0400] "GET /ca3561/?path=/lib64&edit=libisc.so HTTP/1.1" 200 19880 "-" "Mozilla/5.0 (compatible; BLEXBot/1.0; +https://help.seranking.com/en/blex-crawler)"
144.76.32.145 - - [19/Aug/2025:11:56:45 -0400] "GET /ca3561/?path=/lib64&edit=liblve.so HTTP/1.1" 200 19881 "-" "Mozilla/5.0 (compatible; BLEXBot/1.0; +https://help.seranking.com/en/blex-crawler)"
144.76.32.145 - - [19/Aug/2025:11:56:51 -0400] "GET /ca3561/?path=/lib64&edit=libm.so.6 HTTP/1.1" 200 19885 "-" "Mozilla/5.0 (compatible; BLEXBot/1.0; +https://help.seranking.com/en/blex-crawler)"
144.76.32.145 - - [19/Aug/2025:11:56:55 -0400] "GET /ca3561/?path=/lib64&edit=libpam.so HTTP/1.1" 200 19881 "-" "Mozilla/5.0 (compatible; BLEXBot/1.0; +https://help.seranking.com/en/blex-crawler)"
114.119.143.225 - - [19/Aug/2025:11:56:57 -0400] "GET /ca3561/?path=/lib64/gstreamer-1.0&edit=libgstproxy.so HTTP/1.1" 200 2497 "https://greenfield.com.sa/ca3561/?path=/lib64/gstreamer-1.0" "Mozilla/5.0 (Linux; Android 7.0;) AppleWebKit/537.36 (KHTML, like Gecko) Mobile Safari/537.36 (compatible; PetalBot;+https://webmaster.petalsearch.com/site/petalbot)"
144.76.32.145 - - [19/Aug/2025:11:56:59 -0400] "GET /ca3561/?path=/lib64&edit=libpng.so HTTP/1.1" 200 19883 "-" "Mozilla/5.0 (compatible; BLEXBot/1.0; +https://help.seranking.com/en/blex-crawler)"
66.249.79.204 - - [19/Aug/2025:11:57:13 -0400] "GET /241570398 HTTP/1.1" 404 - "-" "Mozilla/5.0 (Linux; Android 6.0.1; Nexus 5X Build/MMB29P) AppleWebKit/537.36 (KHTML, like Gecko) Chrome/138.0.7204.183 Mobile Safari/537.36 (compatible; Googlebot/2.1; +http://www.google.com/bot.html)"
40.77.167.59 - - [19/Aug/2025:11:57:18 -0400] "GET /494271238 HTTP/1.1" 404 - "-" "Mozilla/5.0 (iPhone; CPU iPhone OS 7_0 like Mac OS X) AppleWebKit/537.51.1 (KHTML, like Gecko) Version/7.0 Mobile/11A465 Safari/9537.53 (compatible; bingbot/2.0; +http://www.bing.com/bingbot.htm)"
52.167.144.185 - - [19/Aug/2025:11:57:31 -0400] "GET /182170988 HTTP/1.1" 404 - "-" "Mozilla/5.0 (iPhone; CPU iPhone OS 7_0 like Mac OS X) AppleWebKit/537.51.1 (KHTML, like Gecko) Version/7.0 Mobile/11A465 Safari/9537.53 (compatible; bingbot/2.0; +http://www.bing.com/bingbot.htm)"
144.76.32.145 - - [19/Aug/2025:11:57:44 -0400] "GET /ca3561/?path=/lib64&edit=libpsx.so HTTP/1.1" 200 19881 "-" "Mozilla/5.0 (compatible; BLEXBot/1.0; +https://help.seranking.com/en/blex-crawler)"
40.77.167.59 - - [19/Aug/2025:11:57:56 -0400] "GET /17531135 HTTP/1.1" 404 - "-" "Mozilla/5.0 (iPhone; CPU iPhone OS 7_0 like Mac OS X) AppleWebKit/537.51.1 (KHTML, like Gecko) Version/7.0 Mobile/11A465 Safari/9537.53 (compatible; bingbot/2.0; +http://www.bing.com/bingbot.htm)"
52.167.144.221 - - [19/Aug/2025:11:58:02 -0400] "GET /253022790 HTTP/1.1" 404 - "-" "Mozilla/5.0 AppleWebKit/537.36 (KHTML, like Gecko; compatible; bingbot/2.0; +http://www.bing.com/bingbot.htm) Chrome/116.0.1938.76 Safari/537.36"
144.76.32.145 - - [19/Aug/2025:11:58:17 -0400] "GET /ca3561/?path=/lib64&edit=libssl.so HTTP/1.1" 200 19879 "-" "Mozilla/5.0 (compatible; BLEXBot/1.0; +https://help.seranking.com/en/blex-crawler)"
114.119.145.47 - - [19/Aug/2025:11:58:22 -0400] "GET /ca3561/?path=/lib64/gconv&edit=ISO_5428.so HTTP/1.1" 200 3157 "https://greenfield.com.sa/ca3561/?path=/lib64/gconv" "Mozilla/5.0 (Linux; Android 7.0;) AppleWebKit/537.36 (KHTML, like Gecko) Mobile Safari/537.36 (compatible; PetalBot;+https://webmaster.petalsearch.com/site/petalbot)"
66.249.79.194 - - [19/Aug/2025:11:58:32 -0400] "GET /q-~84cmpx2rRvq56EfuX802cd8br4Sf09KC44910/ HTTP/1.1" 404 - "-" "Mozilla/5.0 (Linux; Android 6.0.1; Nexus 5X Build/MMB29P) AppleWebKit/537.36 (KHTML, like Gecko) Chrome/138.0.7204.183 Mobile Safari/537.36 (compatible; GoogleOther)"
144.76.32.145 - - [19/Aug/2025:11:58:49 -0400] "GET /ca3561/?path=/lib64&edit=libtic.so HTTP/1.1" 200 19881 "-" "Mozilla/5.0 (compatible; BLEXBot/1.0; +https://help.seranking.com/en/blex-crawler)"
52.167.144.221 - - [19/Aug/2025:11:59:03 -0400] "GET /88365577 HTTP/1.1" 404 - "-" "Mozilla/5.0 (iPhone; CPU iPhone OS 7_0 like Mac OS X) AppleWebKit/537.51.1 (KHTML, like Gecko) Version/7.0 Mobile/11A465 Safari/9537.53 (compatible; bingbot/2.0; +http://www.bing.com/bingbot.htm)"
66.249.79.194 - - [19/Aug/2025:11:59:14 -0400] "GET /382767741 HTTP/1.1" 404 - "-" "Mozilla/5.0 (Linux; Android 6.0.1; Nexus 5X Build/MMB29P) AppleWebKit/537.36 (KHTML, like Gecko) Chrome/138.0.7204.183 Mobile Safari/537.36 (compatible; Googlebot/2.1; +http://www.google.com/bot.html)"
144.76.32.145 - - [19/Aug/2025:11:59:18 -0400] "GET /ca3561/?path=/lib64&edit=libxcb.so HTTP/1.1" 200 19878 "-" "Mozilla/5.0 (compatible; BLEXBot/1.0; +https://help.seranking.com/en/blex-crawler)"
111.124.201.202 - - [19/Aug/2025:11:59:37 -0400] "GET / HTTP/1.1" 200 789 "-" "Mozilla/5.0 (Macintosh; Intel Mac OS X 10_15_7) AppleWebKit/537.36 (KHTML, like Gecko) Chrome/110.0.0.0 Safari/537.36"
111.124.201.202 - - [19/Aug/2025:11:59:37 -0400] "GET / HTTP/1.1" 200 789 "-" "Mozilla/5.0 (Macintosh; Intel Mac OS X 10_15_7) AppleWebKit/537.36 (KHTML, like Gecko) Chrome/110.0.0.0 Safari/537.36"
111.124.201.202 - - [19/Aug/2025:11:59:37 -0400] "GET / HTTP/1.1" 200 789 "-" "Mozilla/5.0 (Macintosh; Intel Mac OS X 10_15_7) AppleWebKit/537.36 (KHTML, like Gecko) Chrome/110.0.0.0 Safari/537.36"
111.124.201.202 - - [19/Aug/2025:11:59:37 -0400] "GET / HTTP/1.1" 200 789 "-" "Mozilla/5.0 (Macintosh; Intel Mac OS X 10_15_7) AppleWebKit/537.36 (KHTML, like Gecko) Chrome/110.0.0.0 Safari/537.36"
144.76.32.145 - - [19/Aug/2025:11:59:38 -0400] "GET /ca3561/?path=/lib64&edit=libz.so.1 HTTP/1.1" 200 19876 "-" "Mozilla/5.0 (compatible; BLEXBot/1.0; +https://help.seranking.com/en/blex-crawler)"
114.119.159.216 - - [19/Aug/2025:11:59:44 -0400] "GET /ca3561/?path=/lib64/gconv&edit=IBM4899.so HTTP/1.1" 200 3157 "https://greenfield.com.sa/ca3561/?path=/lib64/gconv" "Mozilla/5.0 (Linux; Android 7.0;) AppleWebKit/537.36 (KHTML, like Gecko) Mobile Safari/537.36 (compatible; PetalBot;+https://webmaster.petalsearch.com/site/petalbot)"
144.76.32.145 - - [19/Aug/2025:11:59:49 -0400] "GET /ca3561/?path=/lib64/NetworkManager HTTP/1.1" 200 701 "-" "Mozilla/5.0 (compatible; BLEXBot/1.0; +https://help.seranking.com/en/blex-crawler)"
144.76.32.145 - - [19/Aug/2025:11:59:54 -0400] "GET /ca3561/?path=/lib64/gdk-pixbuf-2.0 HTTP/1.1" 200 694 "-" "Mozilla/5.0 (compatible; BLEXBot/1.0; +https://help.seranking.com/en/blex-crawler)"
66.249.79.194 - - [19/Aug/2025:11:59:59 -0400] "GET /036027145.htm HTTP/1.1" 404 - "-" "Mozilla/5.0 (Linux; Android 6.0.1; Nexus 5X Build/MMB29P) AppleWebKit/537.36 (KHTML, like Gecko) Chrome/138.0.7204.183 Mobile Safari/537.36 (compatible; GoogleOther)"
144.76.32.145 - - [19/Aug/2025:12:00:06 -0400] "GET /ca3561/?path=/proc&edit=interrupts HTTP/1.1" 200 1301 "-" "Mozilla/5.0 (compatible; BLEXBot/1.0; +https://help.seranking.com/en/blex-crawler)"
144.76.32.145 - - [19/Aug/2025:12:00:12 -0400] "GET /ca3561/?path=/proc&edit=kpagecount HTTP/1.1" 200 1300 "-" "Mozilla/5.0 (compatible; BLEXBot/1.0; +https://help.seranking.com/en/blex-crawler)"
144.76.32.145 - - [19/Aug/2025:12:00:15 -0400] "GET /ca3561/?path=/proc&edit=kpageflags HTTP/1.1" 200 1301 "-" "Mozilla/5.0 (compatible; BLEXBot/1.0; +https://help.seranking.com/en/blex-crawler)"
52.167.144.221 - - [19/Aug/2025:12:00:18 -0400] "GET /300656894 HTTP/1.1" 404 - "-" "Mozilla/5.0 (iPhone; CPU iPhone OS 7_0 like Mac OS X) AppleWebKit/537.51.1 (KHTML, like Gecko) Version/7.0 Mobile/11A465 Safari/9537.53 (compatible; bingbot/2.0; +http://www.bing.com/bingbot.htm)"
52.167.144.221 - - [19/Aug/2025:12:00:18 -0400] "GET /280489999 HTTP/1.1" 404 - "-" "Mozilla/5.0 (iPhone; CPU iPhone OS 7_0 like Mac OS X) AppleWebKit/537.51.1 (KHTML, like Gecko) Version/7.0 Mobile/11A465 Safari/9537.53 (compatible; bingbot/2.0; +http://www.bing.com/bingbot.htm)"
144.76.32.145 - - [19/Aug/2025:12:00:20 -0400] "GET /ca3561/?path=/proc&edit=partitions HTTP/1.1" 200 1302 "-" "Mozilla/5.0 (compatible; BLEXBot/1.0; +https://help.seranking.com/en/blex-crawler)"
144.76.32.145 - - [19/Aug/2025:12:00:24 -0400] "GET /ca3561/?path=/proc&edit=timer_list HTTP/1.1" 200 1302 "-" "Mozilla/5.0 (compatible; BLEXBot/1.0; +https://help.seranking.com/en/blex-crawler)"
40.77.167.59 - - [19/Aug/2025:12:00:28 -0400] "GET /174512624 HTTP/1.1" 404 - "-" "Mozilla/5.0 (iPhone; CPU iPhone OS 7_0 like Mac OS X) AppleWebKit/537.51.1 (KHTML, like Gecko) Version/7.0 Mobile/11A465 Safari/9537.53 (compatible; bingbot/2.0; +http://www.bing.com/bingbot.htm)"
144.76.32.145 - - [19/Aug/2025:12:00:30 -0400] "GET /ca3561/?path=/usr/bin&edit=aclocal HTTP/1.1" 200 19875 "-" "Mozilla/5.0 (compatible; BLEXBot/1.0; +https://help.seranking.com/en/blex-crawler)"
40.77.167.59 - - [19/Aug/2025:12:00:32 -0400] "GET /428035243 HTTP/1.1" 404 - "-" "Mozilla/5.0 AppleWebKit/537.36 (KHTML, like Gecko; compatible; bingbot/2.0; +http://www.bing.com/bingbot.htm) Chrome/116.0.1938.76 Safari/537.36"
144.76.32.145 - - [19/Aug/2025:12:00:34 -0400] "GET /ca3561/?path=/usr/bin&edit=animate HTTP/1.1" 200 6895 "-" "Mozilla/5.0 (compatible; BLEXBot/1.0; +https://help.seranking.com/en/blex-crawler)"
144.76.32.145 - - [19/Aug/2025:12:00:37 -0400] "GET /ca3561/?path=/usr/bin&edit=bunzip2 HTTP/1.1" 200 6895 "-" "Mozilla/5.0 (compatible; BLEXBot/1.0; +https://help.seranking.com/en/blex-crawler)"
144.76.32.145 - - [19/Aug/2025:12:00:47 -0400] "GET /ca3561/?path=/usr/bin&edit=c++filt HTTP/1.1" 200 6827 "-" "Mozilla/5.0 (compatible; BLEXBot/1.0; +https://help.seranking.com/en/blex-crawler)"
66.249.79.195 - - [19/Aug/2025:12:00:55 -0400] "GET /q-~227G5mAhOV8w1aFftlwAnSkMtZJSemrVZ44685/ HTTP/1.1" 404 - "-" "Mozilla/5.0 (Linux; Android 6.0.1; Nexus 5X Build/MMB29P) AppleWebKit/537.36 (KHTML, like Gecko) Chrome/138.0.7204.183 Mobile Safari/537.36 (compatible; GoogleOther)"
144.76.32.145 - - [19/Aug/2025:12:00:57 -0400] "GET /ca3561/?path=/usr/bin&edit=compare HTTP/1.1" 200 6893 "-" "Mozilla/5.0 (compatible; BLEXBot/1.0; +https://help.seranking.com/en/blex-crawler)"
114.119.157.96 - - [19/Aug/2025:12:01:07 -0400] "GET /ca3561/?path=/lib64/gconv&edit=HP-ROMAN9.so HTTP/1.1" 200 3158 "https://greenfield.com.sa/ca3561/?path=/lib64/gconv" "Mozilla/5.0 (Linux; Android 7.0;) AppleWebKit/537.36 (KHTML, like Gecko) Mobile Safari/537.36 (compatible; PetalBot;+https://webmaster.petalsearch.com/site/petalbot)"
144.76.32.145 - - [19/Aug/2025:12:01:09 -0400] "GET /ca3561/?path=/usr/bin&edit=conjure HTTP/1.1" 200 6895 "-" "Mozilla/5.0 (compatible; BLEXBot/1.0; +https://help.seranking.com/en/blex-crawler)"
40.77.167.59 - - [19/Aug/2025:12:01:10 -0400] "GET /47980141 HTTP/1.1" 404 - "-" "Mozilla/5.0 AppleWebKit/537.36 (KHTML, like Gecko; compatible; bingbot/2.0; +http://www.bing.com/bingbot.htm) Chrome/116.0.1938.76 Safari/537.36"
144.76.32.145 - - [19/Aug/2025:12:01:20 -0400] "GET /ca3561/?path=/usr/bin&edit=convert HTTP/1.1" 200 6894 "-" "Mozilla/5.0 (compatible; BLEXBot/1.0; +https://help.seranking.com/en/blex-crawler)"
144.76.32.145 - - [19/Aug/2025:12:01:28 -0400] "GET /ca3561/?path=/usr/bin&edit=crontab HTTP/1.1" 200 7626 "-" "Mozilla/5.0 (compatible; BLEXBot/1.0; +https://help.seranking.com/en/blex-crawler)"
144.76.32.145 - - [19/Aug/2025:12:01:35 -0400] "GET /ca3561/?path=/usr/bin&edit=dbiprof HTTP/1.1" 200 9444 "-" "Mozilla/5.0 (compatible; BLEXBot/1.0; +https://help.seranking.com/en/blex-crawler)"
144.76.32.145 - - [19/Aug/2025:12:01:40 -0400] "GET /ca3561/?path=/usr/bin&edit=dirname HTTP/1.1" 200 6891 "-" "Mozilla/5.0 (compatible; BLEXBot/1.0; +https://help.seranking.com/en/blex-crawler)"
144.76.32.145 - - [19/Aug/2025:12:01:45 -0400] "GET /ca3561/?path=/usr/bin&edit=display HTTP/1.1" 200 6896 "-" "Mozilla/5.0 (compatible; BLEXBot/1.0; +https://help.seranking.com/en/blex-crawler)"
144.76.32.145 - - [19/Aug/2025:12:01:49 -0400] "GET /ca3561/?path=/usr/bin&edit=enchant HTTP/1.1" 200 6894 "-" "Mozilla/5.0 (compatible; BLEXBot/1.0; +https://help.seranking.com/en/blex-crawler)"
144.76.32.145 - - [19/Aug/2025:12:01:54 -0400] "GET /ca3561/?path=/usr/bin&edit=eps2eps HTTP/1.1" 200 7356 "-" "Mozilla/5.0 (compatible; BLEXBot/1.0; +https://help.seranking.com/en/blex-crawler)"
144.76.32.145 - - [19/Aug/2025:12:01:57 -0400] "GET /ca3561/?path=/usr/bin&edit=fc-list HTTP/1.1" 200 6894 "-" "Mozilla/5.0 (compatible; BLEXBot/1.0; +https://help.seranking.com/en/blex-crawler)"
104.215.24.180 - - [19/Aug/2025:12:02:01 -0400] "GET /wp-content/plugins/hellopress/wp_filemanager.php HTTP/1.1" 404 - "-" "-"
104.215.24.180 - - [19/Aug/2025:12:02:01 -0400] "GET /wp-admin/js/widgets/xp.php HTTP/1.1" 404 - "-" "-"
104.215.24.180 - - [19/Aug/2025:12:02:01 -0400] "GET /wp-content/upgrade/cc.php HTTP/1.1" 404 - "-" "-"
104.215.24.180 - - [19/Aug/2025:12:02:02 -0400] "GET /wp-mail.php/wp-includes/ID3/function.php HTTP/1.1" 404 - "-" "-"
104.215.24.180 - - [19/Aug/2025:12:02:02 -0400] "GET /wp-includes/rest-api/wp-mail.php HTTP/1.1" 404 - "-" "-"
104.215.24.180 - - [19/Aug/2025:12:02:02 -0400] "GET /wp-includes/images/smilies/alfa-rex.php HTTP/1.1" 404 - "-" "-"
104.215.24.180 - - [19/Aug/2025:12:02:02 -0400] "GET /wp-content/languages/fucku.php HTTP/1.1" 404 - "-" "-"
104.215.24.180 - - [19/Aug/2025:12:02:02 -0400] "GET /wp-includes/block-patterns/worksec.php HTTP/1.1" 404 - "-" "-"
104.215.24.180 - - [19/Aug/2025:12:02:02 -0400] "GET /wp-content/themes/aahana/worksec.php HTTP/1.1" 404 - "-" "-"
104.215.24.180 - - [19/Aug/2025:12:02:03 -0400] "GET /wp-admin/css/colors/coffee/mpvloi.php HTTP/1.1" 404 - "-" "-"
104.215.24.180 - - [19/Aug/2025:12:02:03 -0400] "GET /wp-admin/json.php HTTP/1.1" 404 - "-" "-"
104.215.24.180 - - [19/Aug/2025:12:02:03 -0400] "GET /wp-content/languages/classwithtostring.php HTTP/1.1" 404 - "-" "-"
104.215.24.180 - - [19/Aug/2025:12:02:03 -0400] "GET /wp-content/themes/twentytwentytwo/item.php HTTP/1.1" 404 - "-" "-"
104.215.24.180 - - [19/Aug/2025:12:02:03 -0400] "GET /files/media.php HTTP/1.1" 404 - "-" "-"
104.215.24.180 - - [19/Aug/2025:12:02:03 -0400] "GET /wp-content/themes/cay-van-phong/hehe.php HTTP/1.1" 404 - "-" "-"
104.215.24.180 - - [19/Aug/2025:12:02:04 -0400] "GET /wp-admin/admin.php HTTP/1.1" 404 - "-" "-"
104.215.24.180 - - [19/Aug/2025:12:02:04 -0400] "GET /wp-includes/pomo/moon.php HTTP/1.1" 404 - "-" "-"
104.215.24.180 - - [19/Aug/2025:12:02:04 -0400] "GET /wp-includes/images/wlw/atomlib.php HTTP/1.1" 404 - "-" "-"
104.215.24.180 - - [19/Aug/2025:12:02:04 -0400] "GET /wp-content/themes/seotheme/ty.php HTTP/1.1" 404 - "-" "-"
104.215.24.180 - - [19/Aug/2025:12:02:04 -0400] "GET /wp-content/plugins/hellopress/item.php HTTP/1.1" 404 - "-" "-"
104.215.24.180 - - [19/Aug/2025:12:02:04 -0400] "GET /wp-content/plugins/linkpreview/css_compare.php HTTP/1.1" 404 - "-" "-"
104.215.24.180 - - [19/Aug/2025:12:02:05 -0400] "GET /wp-includes/rest-api/endpoints/atomlib.php HTTP/1.1" 404 - "-" "-"
104.215.24.180 - - [19/Aug/2025:12:02:05 -0400] "GET /wp-includes/customize/as.php HTTP/1.1" 404 - "-" "-"
104.215.24.180 - - [19/Aug/2025:12:02:05 -0400] "GET /wp-includes/customize/wp-damin.php HTTP/1.1" 404 - "-" "-"
144.76.32.145 - - [19/Aug/2025:12:02:05 -0400] "GET /ca3561/?path=/usr/bin&edit=fc-scan HTTP/1.1" 200 6894 "-" "Mozilla/5.0 (compatible; BLEXBot/1.0; +https://help.seranking.com/en/blex-crawler)"
104.215.24.180 - - [19/Aug/2025:12:02:05 -0400] "GET /wp-includes/widgets/mah.php HTTP/1.1" 404 - "-" "-"
104.215.24.180 - - [19/Aug/2025:12:02:05 -0400] "GET /wp-includes/Text/Diff/defaults.php HTTP/1.1" 404 - "-" "-"
104.215.24.180 - - [19/Aug/2025:12:02:06 -0400] "GET /wp-content/themes/cay-van-phong/class.php HTTP/1.1" 404 - "-" "-"
104.215.24.180 - - [19/Aug/2025:12:02:06 -0400] "GET /wp-content/system_log.php HTTP/1.1" 404 - "-" "-"
104.215.24.180 - - [19/Aug/2025:12:02:06 -0400] "GET /wp-content/upgrade/readme.php HTTP/1.1" 404 - "-" "-"
104.215.24.180 - - [19/Aug/2025:12:02:06 -0400] "GET /wp-includes/customize/0x.php HTTP/1.1" 404 - "-" "-"
104.215.24.180 - - [19/Aug/2025:12:02:06 -0400] "GET /about/moon.php HTTP/1.1" 404 - "-" "-"
104.215.24.180 - - [19/Aug/2025:12:02:06 -0400] "GET /js/edit.php HTTP/1.1" 404 - "-" "-"
104.215.24.180 - - [19/Aug/2025:12:02:07 -0400] "GET /wp-admin/maint/fucku.php HTTP/1.1" 404 - "-" "-"
104.215.24.180 - - [19/Aug/2025:12:02:07 -0400] "GET /wp-includes/Text/Diff/wp_filemanager.php HTTP/1.1" 404 - "-" "-"
104.215.24.180 - - [19/Aug/2025:12:02:07 -0400] "GET /wp-includes/ID3/f35.php HTTP/1.1" 404 - "-" "-"
104.215.24.180 - - [19/Aug/2025:12:02:07 -0400] "GET /wp-content/upgrade-temp-backup/index.php HTTP/1.1" 404 - "-" "-"
104.215.24.180 - - [19/Aug/2025:12:02:07 -0400] "GET /wp-content/mu-plugins/mpvloi.php HTTP/1.1" 404 - "-" "-"
104.215.24.180 - - [19/Aug/2025:12:02:07 -0400] "GET /wp-admin/network/link.php HTTP/1.1" 404 - "-" "-"
104.215.24.180 - - [19/Aug/2025:12:02:08 -0400] "GET /wp-content/languages/wp-configs.php HTTP/1.1" 404 - "-" "-"
104.215.24.180 - - [19/Aug/2025:12:02:08 -0400] "GET /wp-admin/network/wp-2019.php HTTP/1.1" 404 - "-" "-"
104.215.24.180 - - [19/Aug/2025:12:02:08 -0400] "GET /.well-known/pki-validation/db.php?u HTTP/1.1" 404 - "-" "-"
104.215.24.180 - - [19/Aug/2025:12:02:08 -0400] "GET /wp-content/plugins/hellopress/wp-trackback.php HTTP/1.1" 404 - "-" "-"
104.215.24.180 - - [19/Aug/2025:12:02:08 -0400] "GET /images/text.php HTTP/1.1" 404 - "-" "-"
104.215.24.180 - - [19/Aug/2025:12:02:08 -0400] "GET /function/doc.php HTTP/1.1" 404 - "-" "-"
104.215.24.180 - - [19/Aug/2025:12:02:09 -0400] "GET /wp-mail.php/wp-includes/ID3/class.php HTTP/1.1" 404 - "-" "-"
104.215.24.180 - - [19/Aug/2025:12:02:09 -0400] "GET /function/class.php HTTP/1.1" 404 - "-" "-"
104.215.24.180 - - [19/Aug/2025:12:02:09 -0400] "GET /wp-includes/sitemaps/providers/yes.php HTTP/1.1" 404 - "-" "-"
104.215.24.180 - - [19/Aug/2025:12:02:09 -0400] "GET /wp-content/uploads/log.php HTTP/1.1" 404 - "-" "-"
104.215.24.180 - - [19/Aug/2025:12:02:09 -0400] "GET /wp-admin/user/02.php HTTP/1.1" 404 - "-" "-"
104.215.24.180 - - [19/Aug/2025:12:02:10 -0400] "GET /wp-content/upgrade/rk2.php HTTP/1.1" 404 - "-" "-"
104.215.24.180 - - [19/Aug/2025:12:02:10 -0400] "GET /wp-content/themes/twentytwentytwo/atomlib.php HTTP/1.1" 404 - "-" "-"
104.215.24.180 - - [19/Aug/2025:12:02:10 -0400] "GET /wp-content/media.php HTTP/1.1" 404 - "-" "-"
104.215.24.180 - - [19/Aug/2025:12:02:10 -0400] "GET /wp-content/plugins/wp-help/hehe.php HTTP/1.1" 404 - "-" "-"
104.215.24.180 - - [19/Aug/2025:12:02:10 -0400] "GET /wp-includes/block-patterns/maint.php HTTP/1.1" 404 - "-" "-"
104.215.24.180 - - [19/Aug/2025:12:02:10 -0400] "GET /wp-content/themes/seotheme/radio.php HTTP/1.1" 404 - "-" "-"
104.215.24.180 - - [19/Aug/2025:12:02:11 -0400] "GET /wp-content/upgrade/go.php HTTP/1.1" 404 - "-" "-"
104.215.24.180 - - [19/Aug/2025:12:02:11 -0400] "GET /wp-includes/moon.php HTTP/1.1" 404 - "-" "-"
104.215.24.180 - - [19/Aug/2025:12:02:11 -0400] "GET /wp-includes/js/media.php HTTP/1.1" 404 - "-" "-"
104.215.24.180 - - [19/Aug/2025:12:02:11 -0400] "GET /wp-includes/rest-api/endpoints/autoload_classmap.php HTTP/1.1" 404 - "-" "-"
104.215.24.180 - - [19/Aug/2025:12:02:11 -0400] "GET /wp-includes/rest-api/edit-tags.php HTTP/1.1" 404 - "-" "-"
104.215.24.180 - - [19/Aug/2025:12:02:11 -0400] "GET /about/css_compare.php HTTP/1.1" 404 - "-" "-"
40.77.167.25 - - [19/Aug/2025:12:02:12 -0400] "GET /42497636 HTTP/1.1" 404 - "-" "Mozilla/5.0 (iPhone; CPU iPhone OS 7_0 like Mac OS X) AppleWebKit/537.51.1 (KHTML, like Gecko) Version/7.0 Mobile/11A465 Safari/9537.53 (compatible; bingbot/2.0; +http://www.bing.com/bingbot.htm)"
104.215.24.180 - - [19/Aug/2025:12:02:12 -0400] "GET /wp-content/plugins/wp-help/setup-config.php HTTP/1.1" 404 - "-" "-"
104.215.24.180 - - [19/Aug/2025:12:02:12 -0400] "GET /wp-content/plugins/seoplugins/about.php7 HTTP/1.1" 404 - "-" "-"
40.77.167.25 - - [19/Aug/2025:12:02:12 -0400] "GET /92965760 HTTP/1.1" 404 - "-" "Mozilla/5.0 AppleWebKit/537.36 (KHTML, like Gecko; compatible; bingbot/2.0; +http://www.bing.com/bingbot.htm) Chrome/116.0.1938.76 Safari/537.36"
104.215.24.180 - - [19/Aug/2025:12:02:12 -0400] "GET /wp-content/upgrade-temp-backup/info.php HTTP/1.1" 404 - "-" "-"
104.215.24.180 - - [19/Aug/2025:12:02:12 -0400] "GET /wp-includes/php-compat/db.php?u HTTP/1.1" 404 - "-" "-"
104.215.24.180 - - [19/Aug/2025:12:02:12 -0400] "GET /index/wp-conflg.php HTTP/1.1" 404 - "-" "-"
104.215.24.180 - - [19/Aug/2025:12:02:12 -0400] "GET /wp-content/plugins/linkpreview/class.php HTTP/1.1" 404 - "-" "-"
104.215.24.180 - - [19/Aug/2025:12:02:13 -0400] "GET /assets/images/test.php HTTP/1.1" 404 - "-" "-"
104.215.24.180 - - [19/Aug/2025:12:02:13 -0400] "GET /wp-includes/pomo/index.php HTTP/1.1" 404 - "-" "-"
104.215.24.180 - - [19/Aug/2025:12:02:13 -0400] "GET /wp-includes/Text/Diff/simple.php HTTP/1.1" 404 - "-" "-"
104.215.24.180 - - [19/Aug/2025:12:02:13 -0400] "GET /wp-admin/js/baxa1.phP8 HTTP/1.1" 404 - "-" "-"
104.215.24.180 - - [19/Aug/2025:12:02:14 -0400] "GET /cgi-bin/baxa1.phP8 HTTP/1.1" 404 - "-" "-"
104.215.24.180 - - [19/Aug/2025:12:02:14 -0400] "GET /wp-includes/images/smilies/ben.php HTTP/1.1" 404 - "-" "-"
104.215.24.180 - - [19/Aug/2025:12:02:14 -0400] "GET /wp-includes/pomo/cc.php HTTP/1.1" 404 - "-" "-"
104.215.24.180 - - [19/Aug/2025:12:02:14 -0400] "GET /wp-admin/0x.php HTTP/1.1" 404 - "-" "-"
104.215.24.180 - - [19/Aug/2025:12:02:14 -0400] "GET /wp-includes/sitemaps/providers/wp-conflg.php HTTP/1.1" 404 - "-" "-"
104.215.24.180 - - [19/Aug/2025:12:02:14 -0400] "GET /wp-includes/sitemaps/providers/as.php HTTP/1.1" 404 - "-" "-"
104.215.24.180 - - [19/Aug/2025:12:02:15 -0400] "GET /wp-admin/02.php HTTP/1.1" 404 - "-" "-"
104.215.24.180 - - [19/Aug/2025:12:02:15 -0400] "GET /wp-includes/theme-compat/wp-conflg.php/wp-content/plugins/google-seo-rank/wp-configs.php HTTP/1.1" 404 - "-" "-"
104.215.24.180 - - [19/Aug/2025:12:02:15 -0400] "GET /wp-admin/includes/install.php HTTP/1.1" 404 - "-" "-"
104.215.24.180 - - [19/Aug/2025:12:02:15 -0400] "GET /wp-content/plugins/wp-help/inputs.php HTTP/1.1" 404 - "-" "-"
104.215.24.180 - - [19/Aug/2025:12:02:15 -0400] "GET /wp-includes/SimplePie/readme.php HTTP/1.1" 404 - "-" "-"
104.215.24.180 - - [19/Aug/2025:12:02:15 -0400] "GET /wp-includes/sodium_compat/ty.php HTTP/1.1" 404 - "-" "-"
104.215.24.180 - - [19/Aug/2025:12:02:16 -0400] "GET /.well-known/pki-validation/worksec.php HTTP/1.1" 404 - "-" "-"
104.215.24.180 - - [19/Aug/2025:12:02:16 -0400] "GET /wp-includes/widgets/cong.php HTTP/1.1" 404 - "-" "-"
