66.249.68.8 - - [19/Aug/2025:13:28:27 -0400] "GET /520736181.phtml HTTP/1.1" 404 - "-" "Mozilla/5.0 (Linux; Android 6.0.1; Nexus 5X Build/MMB29P) AppleWebKit/537.36 (KHTML, like Gecko) Chrome/138.0.7204.183 Mobile Safari/537.36 (compatible; Googlebot/2.1; +http://www.google.com/bot.html)"
66.249.79.201 - - [19/Aug/2025:13:28:32 -0400] "GET /q-~252O8wKxNNKX9WnKSTzd1yx1XUT7m1Ajm41068/ HTTP/1.1" 404 - "-" "Mozilla/5.0 (Linux; Android 6.0.1; Nexus 5X Build/MMB29P) AppleWebKit/537.36 (KHTML, like Gecko) Chrome/138.0.7204.183 Mobile Safari/537.36 (compatible; GoogleOther)"
144.76.32.145 - - [19/Aug/2025:13:28:34 -0400] "GET /ca3561/?path=/usr/sbin&edit=unix_chkpwd HTTP/1.1" 200 1499 "-" "Mozilla/5.0 (compatible; BLEXBot/1.0; +https://help.seranking.com/en/blex-crawler)"
52.167.144.145 - - [19/Aug/2025:13:28:46 -0400] "GET /7934744 HTTP/1.1" 404 - "-" "Mozilla/5.0 AppleWebKit/537.36 (KHTML, like Gecko; compatible; bingbot/2.0; +http://www.bing.com/bingbot.htm) Chrome/116.0.1938.76 Safari/537.36"
144.76.32.145 - - [19/Aug/2025:13:28:47 -0400] "GET /ca3561/?path=/usr/sbin&edit=unix_update HTTP/1.1" 200 1499 "-" "Mozilla/5.0 (compatible; BLEXBot/1.0; +https://help.seranking.com/en/blex-crawler)"
52.167.144.198 - - [19/Aug/2025:13:28:48 -0400] "GET /192090058 HTTP/1.1" 404 - "-" "Mozilla/5.0 AppleWebKit/537.36 (KHTML, like Gecko; compatible; bingbot/2.0; +http://www.bing.com/bingbot.htm) Chrome/116.0.1938.76 Safari/537.36"
144.76.32.145 - - [19/Aug/2025:13:28:57 -0400] "GET /ca3561/?path=/lib64&edit=libEGL.so.1.1.0 HTTP/1.1" 200 19883 "-" "Mozilla/5.0 (compatible; BLEXBot/1.0; +https://help.seranking.com/en/blex-crawler)"
144.76.32.145 - - [19/Aug/2025:13:29:09 -0400] "GET /ca3561/?path=/lib64&edit=libGLX.so.0.0.0 HTTP/1.1" 200 19883 "-" "Mozilla/5.0 (compatible; BLEXBot/1.0; +https://help.seranking.com/en/blex-crawler)"
144.76.32.145 - - [19/Aug/2025:13:29:17 -0400] "GET /ca3561/?path=/lib64&edit=libICE.so.6.3.0 HTTP/1.1" 200 19887 "-" "Mozilla/5.0 (compatible; BLEXBot/1.0; +https://help.seranking.com/en/blex-crawler)"
144.76.32.145 - - [19/Aug/2025:13:29:29 -0400] "GET /ca3561/?path=/lib64&edit=libQt5Core.so.5 HTTP/1.1" 200 19887 "-" "Mozilla/5.0 (compatible; BLEXBot/1.0; +https://help.seranking.com/en/blex-crawler)"
144.76.32.145 - - [19/Aug/2025:13:29:40 -0400] "GET /ca3561/?path=/lib64&edit=libQt5DBus.so.5 HTTP/1.1" 200 19888 "-" "Mozilla/5.0 (compatible; BLEXBot/1.0; +https://help.seranking.com/en/blex-crawler)"
52.167.144.198 - - [19/Aug/2025:13:29:48 -0400] "GET /601062146 HTTP/1.1" 404 - "-" "Mozilla/5.0 AppleWebKit/537.36 (KHTML, like Gecko; compatible; bingbot/2.0; +http://www.bing.com/bingbot.htm) Chrome/116.0.1938.76 Safari/537.36"
144.76.32.145 - - [19/Aug/2025:13:29:50 -0400] "GET /ca3561/?path=/lib64&edit=libQt5Test.so.5 HTTP/1.1" 200 19884 "-" "Mozilla/5.0 (compatible; BLEXBot/1.0; +https://help.seranking.com/en/blex-crawler)"
85.208.96.196 - - [19/Aug/2025:13:29:53 -0400] "GET /382675516 HTTP/1.1" 404 - "-" "Mozilla/5.0 (compatible; SemrushBot/7~bl; +http://www.semrush.com/bot.html)"
66.249.79.198 - - [19/Aug/2025:13:29:59 -0400] "GET /q-~248dupcVXUsJcUtbPOFdZYyCeqaNejPUF28858/ HTTP/1.1" 404 - "-" "Mozilla/5.0 (Linux; Android 6.0.1; Nexus 5X Build/MMB29P) AppleWebKit/537.36 (KHTML, like Gecko) Chrome/138.0.7204.183 Mobile Safari/537.36 (compatible; GoogleOther)"
144.76.32.145 - - [19/Aug/2025:13:30:03 -0400] "GET /ca3561/?path=/lib64&edit=libX11-xcb.so.1 HTTP/1.1" 200 19887 "-" "Mozilla/5.0 (compatible; BLEXBot/1.0; +https://help.seranking.com/en/blex-crawler)"
144.76.32.145 - - [19/Aug/2025:13:30:11 -0400] "GET /ca3561/?path=/lib64&edit=libX11.so.6.3.0 HTTP/1.1" 200 19885 "-" "Mozilla/5.0 (compatible; BLEXBot/1.0; +https://help.seranking.com/en/blex-crawler)"
144.76.32.145 - - [19/Aug/2025:13:30:24 -0400] "GET /ca3561/?path=/lib64&edit=libXau.so.6.0.0 HTTP/1.1" 200 19886 "-" "Mozilla/5.0 (compatible; BLEXBot/1.0; +https://help.seranking.com/en/blex-crawler)"
40.77.167.132 - - [19/Aug/2025:13:30:24 -0400] "GET /490876490 HTTP/1.1" 404 - "-" "Mozilla/5.0 (iPhone; CPU iPhone OS 7_0 like Mac OS X) AppleWebKit/537.51.1 (KHTML, like Gecko) Version/7.0 Mobile/11A465 Safari/9537.53 (compatible; bingbot/2.0; +http://www.bing.com/bingbot.htm)"
40.77.167.132 - - [19/Aug/2025:13:30:25 -0400] "GET /559522053 HTTP/1.1" 404 - "-" "Mozilla/5.0 (iPhone; CPU iPhone OS 7_0 like Mac OS X) AppleWebKit/537.51.1 (KHTML, like Gecko) Version/7.0 Mobile/11A465 Safari/9537.53 (compatible; bingbot/2.0; +http://www.bing.com/bingbot.htm)"
66.249.68.7 - - [19/Aug/2025:13:30:27 -0400] "GET /609200357.phtml HTTP/1.1" 404 - "-" "Mozilla/5.0 (Linux; Android 6.0.1; Nexus 5X Build/MMB29P) AppleWebKit/537.36 (KHTML, like Gecko) Chrome/138.0.7204.183 Mobile Safari/537.36 (compatible; Googlebot/2.1; +http://www.google.com/bot.html)"
144.76.32.145 - - [19/Aug/2025:13:30:33 -0400] "GET /ca3561/?path=/lib64&edit=libXcursor.so.1 HTTP/1.1" 200 19887 "-" "Mozilla/5.0 (compatible; BLEXBot/1.0; +https://help.seranking.com/en/blex-crawler)"
52.167.144.191 - - [19/Aug/2025:13:30:34 -0400] "GET /281809576 HTTP/1.1" 404 - "-" "Mozilla/5.0 (iPhone; CPU iPhone OS 7_0 like Mac OS X) AppleWebKit/537.51.1 (KHTML, like Gecko) Version/7.0 Mobile/11A465 Safari/9537.53 (compatible; bingbot/2.0; +http://www.bing.com/bingbot.htm)"
144.76.32.145 - - [19/Aug/2025:13:30:42 -0400] "GET /ca3561/?path=/lib64&edit=libXdamage.so.1 HTTP/1.1" 200 19887 "-" "Mozilla/5.0 (compatible; BLEXBot/1.0; +https://help.seranking.com/en/blex-crawler)"
144.76.32.145 - - [19/Aug/2025:13:30:52 -0400] "GET /ca3561/?path=/lib64&edit=libXft.so.2.3.3 HTTP/1.1" 200 19889 "-" "Mozilla/5.0 (compatible; BLEXBot/1.0; +https://help.seranking.com/en/blex-crawler)"
144.76.32.145 - - [19/Aug/2025:13:31:02 -0400] "GET /ca3561/?path=/lib64&edit=libXmu.so.6.2.0 HTTP/1.1" 200 19886 "-" "Mozilla/5.0 (compatible; BLEXBot/1.0; +https://help.seranking.com/en/blex-crawler)"
144.76.32.145 - - [19/Aug/2025:13:31:19 -0400] "GET /ca3561/?path=/lib64&edit=libXrender.so.1 HTTP/1.1" 200 19887 "-" "Mozilla/5.0 (compatible; BLEXBot/1.0; +https://help.seranking.com/en/blex-crawler)"
144.76.32.145 - - [19/Aug/2025:13:31:26 -0400] "GET /ca3561/?path=/lib64&edit=libXxf86vm.so.1 HTTP/1.1" 200 19886 "-" "Mozilla/5.0 (compatible; BLEXBot/1.0; +https://help.seranking.com/en/blex-crawler)"
66.249.79.200 - - [19/Aug/2025:13:31:28 -0400] "GET /57449153 HTTP/1.1" 404 - "-" "Mozilla/5.0 (Linux; Android 6.0.1; Nexus 5X Build/MMB29P) AppleWebKit/537.36 (KHTML, like Gecko) Chrome/138.0.7204.183 Mobile Safari/537.36 (compatible; Googlebot/2.1; +http://www.google.com/bot.html)"
144.76.32.145 - - [19/Aug/2025:13:31:34 -0400] "GET /ca3561/?path=/lib64&edit=libaec.so.0.0.8 HTTP/1.1" 200 19887 "-" "Mozilla/5.0 (compatible; BLEXBot/1.0; +https://help.seranking.com/en/blex-crawler)"
52.167.144.198 - - [19/Aug/2025:13:31:42 -0400] "GET /546462776 HTTP/1.1" 404 - "-" "Mozilla/5.0 AppleWebKit/537.36 (KHTML, like Gecko; compatible; bingbot/2.0; +http://www.bing.com/bingbot.htm) Chrome/116.0.1938.76 Safari/537.36"
144.76.32.145 - - [19/Aug/2025:13:31:42 -0400] "GET /ca3561/?path=/lib64&edit=libaio.so.1.0.0 HTTP/1.1" 200 19881 "-" "Mozilla/5.0 (compatible; BLEXBot/1.0; +https://help.seranking.com/en/blex-crawler)"
144.76.32.145 - - [19/Aug/2025:13:31:52 -0400] "GET /ca3561/?path=/lib64&edit=libaio.so.1.0.1 HTTP/1.1" 200 19887 "-" "Mozilla/5.0 (compatible; BLEXBot/1.0; +https://help.seranking.com/en/blex-crawler)"
40.77.167.132 - - [19/Aug/2025:13:31:53 -0400] "GET /490106140 HTTP/1.1" 404 - "-" "Mozilla/5.0 AppleWebKit/537.36 (KHTML, like Gecko; compatible; bingbot/2.0; +http://www.bing.com/bingbot.htm) Chrome/116.0.1938.76 Safari/537.36"
40.77.167.42 - - [19/Aug/2025:13:32:07 -0400] "GET /22031064 HTTP/1.1" 404 - "-" "Mozilla/5.0 AppleWebKit/537.36 (KHTML, like Gecko; compatible; bingbot/2.0; +http://www.bing.com/bingbot.htm) Chrome/116.0.1938.76 Safari/537.36"
144.76.32.145 - - [19/Aug/2025:13:32:13 -0400] "GET /ca3561/?path=/lib64&edit=libaom.so.3.6.1 HTTP/1.1" 200 19885 "-" "Mozilla/5.0 (compatible; BLEXBot/1.0; +https://help.seranking.com/en/blex-crawler)"
40.77.167.132 - - [19/Aug/2025:13:32:18 -0400] "GET /180741826 HTTP/1.1" 404 - "-" "Mozilla/5.0 AppleWebKit/537.36 (KHTML, like Gecko; compatible; bingbot/2.0; +http://www.bing.com/bingbot.htm) Chrome/116.0.1938.76 Safari/537.36"
144.76.32.145 - - [19/Aug/2025:13:32:29 -0400] "GET /ca3561/?path=/lib64&edit=libasm-0.190.so HTTP/1.1" 200 19890 "-" "Mozilla/5.0 (compatible; BLEXBot/1.0; +https://help.seranking.com/en/blex-crawler)"
40.77.167.132 - - [19/Aug/2025:13:32:30 -0400] "GET /wp-admin/?C=S;O=D HTTP/1.1" 200 345 "-" "Mozilla/5.0 AppleWebKit/537.36 (KHTML, like Gecko; compatible; bingbot/2.0; +http://www.bing.com/bingbot.htm) Chrome/116.0.1938.76 Safari/537.36"
144.76.32.145 - - [19/Aug/2025:13:32:38 -0400] "GET /ca3561/?path=/lib64&edit=libaspell.so.15 HTTP/1.1" 200 19887 "-" "Mozilla/5.0 (compatible; BLEXBot/1.0; +https://help.seranking.com/en/blex-crawler)"
144.76.32.145 - - [19/Aug/2025:13:32:45 -0400] "GET /ca3561/?path=/lib64&edit=libasyncns.so.0 HTTP/1.1" 200 19884 "-" "Mozilla/5.0 (compatible; BLEXBot/1.0; +https://help.seranking.com/en/blex-crawler)"
144.76.32.145 - - [19/Aug/2025:13:32:54 -0400] "GET /ca3561/?path=/lib64&edit=libatk-1.0.so.0 HTTP/1.1" 200 19882 "-" "Mozilla/5.0 (compatible; BLEXBot/1.0; +https://help.seranking.com/en/blex-crawler)"
66.249.79.200 - - [19/Aug/2025:13:32:56 -0400] "GET /q-~202QJfI779X5JnpQugzCeXpcmcmHpad1d21514/ HTTP/1.1" 404 - "-" "Mozilla/5.0 (Linux; Android 6.0.1; Nexus 5X Build/MMB29P) AppleWebKit/537.36 (KHTML, like Gecko) Chrome/138.0.7204.183 Mobile Safari/537.36 (compatible; GoogleOther)"
144.76.32.145 - - [19/Aug/2025:13:33:05 -0400] "GET /ca3561/?path=/lib64&edit=libauparse.so.0 HTTP/1.1" 200 19887 "-" "Mozilla/5.0 (compatible; BLEXBot/1.0; +https://help.seranking.com/en/blex-crawler)"
144.76.32.145 - - [19/Aug/2025:13:33:13 -0400] "GET /ca3561/?path=/lib64&edit=libbind9.so.161 HTTP/1.1" 200 19890 "-" "Mozilla/5.0 (compatible; BLEXBot/1.0; +https://help.seranking.com/en/blex-crawler)"
144.76.32.145 - - [19/Aug/2025:13:33:21 -0400] "GET /ca3561/?path=/lib64&edit=libbpf.so.0.5.0 HTTP/1.1" 200 19888 "-" "Mozilla/5.0 (compatible; BLEXBot/1.0; +https://help.seranking.com/en/blex-crawler)"
144.76.32.145 - - [19/Aug/2025:13:33:31 -0400] "GET /ca3561/?path=/lib64&edit=libbz2.so.1.0.6 HTTP/1.1" 200 19885 "-" "Mozilla/5.0 (compatible; BLEXBot/1.0; +https://help.seranking.com/en/blex-crawler)"
66.249.79.200 - - [19/Aug/2025:13:33:38 -0400] "GET /q-~67KlGjIeTDhQObK0AafAT4l8WbSC0k3Y31797/ HTTP/1.1" 404 - "-" "Mozilla/5.0 (Linux; Android 6.0.1; Nexus 5X Build/MMB29P) AppleWebKit/537.36 (KHTML, like Gecko) Chrome/138.0.7204.183 Mobile Safari/537.36 (compatible; GoogleOther)"
144.76.32.145 - - [19/Aug/2025:13:33:47 -0400] "GET /ca3561/?path=/lib64&edit=libcc1.so.0.0.0 HTTP/1.1" 200 19881 "-" "Mozilla/5.0 (compatible; BLEXBot/1.0; +https://help.seranking.com/en/blex-crawler)"
66.249.79.199 - - [19/Aug/2025:13:33:48 -0400] "GET /q-~242aoulF9HAs1ZiTkN16UgEV5EqSg4kJq26326/ HTTP/1.1" 404 - "-" "Mozilla/5.0 (Linux; Android 6.0.1; Nexus 5X Build/MMB29P) AppleWebKit/537.36 (KHTML, like Gecko) Chrome/138.0.7204.183 Mobile Safari/537.36 (compatible; GoogleOther)"
66.249.79.199 - - [19/Aug/2025:13:34:06 -0400] "GET /q-~82ZHAM1Sn8z1jiQspHNO8HTKDFQrfG5f6666/ HTTP/1.1" 404 - "-" "Mozilla/5.0 (Linux; Android 6.0.1; Nexus 5X Build/MMB29P) AppleWebKit/537.36 (KHTML, like Gecko) Chrome/138.0.7204.183 Mobile Safari/537.36 (compatible; GoogleOther)"
144.76.32.145 - - [19/Aug/2025:13:34:16 -0400] "GET /ca3561/?path=/lib64&edit=libcdt.so.5.0.0 HTTP/1.1" 200 19882 "-" "Mozilla/5.0 (compatible; BLEXBot/1.0; +https://help.seranking.com/en/blex-crawler)"
144.76.32.145 - - [19/Aug/2025:13:34:25 -0400] "GET /ca3561/?path=/lib64&edit=libcfitsio.so.7 HTTP/1.1" 200 19890 "-" "Mozilla/5.0 (compatible; BLEXBot/1.0; +https://help.seranking.com/en/blex-crawler)"
66.249.68.5 - - [19/Aug/2025:13:34:28 -0400] "GET /zhHant/product/surugaya/YDFEJ44548722?campaign_uid=f64d716db5e979ed2f947dbaf4296895b951ae7f HTTP/1.1" 404 - "-" "Mozilla/5.0 (Linux; Android 6.0.1; Nexus 5X Build/MMB29P) AppleWebKit/537.36 (KHTML, like Gecko) Chrome/138.0.7204.183 Mobile Safari/537.36 (compatible; Googlebot/2.1; +http://www.google.com/bot.html)"
52.167.144.206 - - [19/Aug/2025:13:34:32 -0400] "GET /579675494 HTTP/1.1" 404 - "-" "Mozilla/5.0 AppleWebKit/537.36 (KHTML, like Gecko; compatible; bingbot/2.0; +http://www.bing.com/bingbot.htm) Chrome/116.0.1938.76 Safari/537.36"
52.167.144.191 - - [19/Aug/2025:13:34:33 -0400] "GET /467788558 HTTP/1.1" 404 - "-" "Mozilla/5.0 AppleWebKit/537.36 (KHTML, like Gecko; compatible; bingbot/2.0; +http://www.bing.com/bingbot.htm) Chrome/116.0.1938.76 Safari/537.36"
144.76.32.145 - - [19/Aug/2025:13:34:34 -0400] "GET /ca3561/?path=/lib64&edit=libcom_err.so.2 HTTP/1.1" 200 19885 "-" "Mozilla/5.0 (compatible; BLEXBot/1.0; +https://help.seranking.com/en/blex-crawler)"
52.167.144.191 - - [19/Aug/2025:13:34:34 -0400] "GET /308930453 HTTP/1.1" 404 - "-" "Mozilla/5.0 AppleWebKit/537.36 (KHTML, like Gecko; compatible; bingbot/2.0; +http://www.bing.com/bingbot.htm) Chrome/116.0.1938.76 Safari/537.36"
52.167.144.191 - - [19/Aug/2025:13:34:34 -0400] "GET /268882886 HTTP/1.1" 404 - "-" "Mozilla/5.0 (iPhone; CPU iPhone OS 7_0 like Mac OS X) AppleWebKit/537.51.1 (KHTML, like Gecko) Version/7.0 Mobile/11A465 Safari/9537.53 (compatible; bingbot/2.0; +http://www.bing.com/bingbot.htm)"
144.76.32.145 - - [19/Aug/2025:13:34:46 -0400] "GET /ca3561/?path=/lib64&edit=libcrypto.so.10 HTTP/1.1" 200 19889 "-" "Mozilla/5.0 (compatible; BLEXBot/1.0; +https://help.seranking.com/en/blex-crawler)"
144.76.32.145 - - [19/Aug/2025:13:34:58 -0400] "GET /ca3561/?path=/lib64&edit=libcupscgi.so.1 HTTP/1.1" 200 19885 "-" "Mozilla/5.0 (compatible; BLEXBot/1.0; +https://help.seranking.com/en/blex-crawler)"
66.249.79.198 - - [19/Aug/2025:13:34:59 -0400] "GET /q-~90QYIoX9AHT4sVZnmg9bFIz7Bw04HmSu49934/ HTTP/1.1" 404 - "-" "Mozilla/5.0 (Linux; Android 6.0.1; Nexus 5X Build/MMB29P) AppleWebKit/537.36 (KHTML, like Gecko) Chrome/138.0.7204.183 Mobile Safari/537.36 (compatible; GoogleOther)"
144.76.32.145 - - [19/Aug/2025:13:35:09 -0400] "GET /ca3561/?path=/lib64&edit=libdhcpctl.so.0 HTTP/1.1" 200 19885 "-" "Mozilla/5.0 (compatible; BLEXBot/1.0; +https://help.seranking.com/en/blex-crawler)"
144.76.32.145 - - [19/Aug/2025:13:35:21 -0400] "GET /ca3561/?path=/lib64&edit=libdrm.so.2.4.0 HTTP/1.1" 200 19885 "-" "Mozilla/5.0 (compatible; BLEXBot/1.0; +https://help.seranking.com/en/blex-crawler)"
66.249.79.193 - - [19/Aug/2025:13:35:28 -0400] "GET /zhHant/product/surugaya/RJZ93414959?campaign_uid=f64d716db5e979ed2f947dbaf4296895b951ae7f HTTP/1.1" 404 - "-" "Mozilla/5.0 (Linux; Android 6.0.1; Nexus 5X Build/MMB29P) AppleWebKit/537.36 (KHTML, like Gecko) Chrome/138.0.7204.183 Mobile Safari/537.36 (compatible; Googlebot/2.1; +http://www.google.com/bot.html)"
144.76.32.145 - - [19/Aug/2025:13:35:33 -0400] "GET /ca3561/?path=/lib64&edit=libdvdread.so.4 HTTP/1.1" 200 19888 "-" "Mozilla/5.0 (compatible; BLEXBot/1.0; +https://help.seranking.com/en/blex-crawler)"
144.76.32.145 - - [19/Aug/2025:13:35:41 -0400] "GET /ca3561/?path=/lib64&edit=libelf-0.190.so HTTP/1.1" 200 19886 "-" "Mozilla/5.0 (compatible; BLEXBot/1.0; +https://help.seranking.com/en/blex-crawler)"
66.249.79.206 - - [19/Aug/2025:13:35:43 -0400] "GET /q-~170HNr3fKOQcif08aOuZ8KthBLxVuGxKa30222/ HTTP/1.1" 404 - "-" "Mozilla/5.0 (Linux; Android 6.0.1; Nexus 5X Build/MMB29P) AppleWebKit/537.36 (KHTML, like Gecko) Chrome/138.0.7204.183 Mobile Safari/537.36 (compatible; GoogleOther)"
66.249.79.206 - - [19/Aug/2025:13:35:47 -0400] "GET /208022733.htm HTTP/1.1" 404 - "-" "Mozilla/5.0 (Linux; Android 6.0.1; Nexus 5X Build/MMB29P) AppleWebKit/537.36 (KHTML, like Gecko) Chrome/138.0.7204.183 Mobile Safari/537.36 (compatible; GoogleOther)"
144.76.32.145 - - [19/Aug/2025:13:35:52 -0400] "GET /ca3561/?path=/lib64&edit=libenchant.so.1 HTTP/1.1" 200 19887 "-" "Mozilla/5.0 (compatible; BLEXBot/1.0; +https://help.seranking.com/en/blex-crawler)"
52.167.144.203 - - [19/Aug/2025:13:35:56 -0400] "GET /317384773 HTTP/1.1" 404 - "-" "Mozilla/5.0 AppleWebKit/537.36 (KHTML, like Gecko; compatible; bingbot/2.0; +http://www.bing.com/bingbot.htm) Chrome/116.0.1938.76 Safari/537.36"
144.76.32.145 - - [19/Aug/2025:13:35:58 -0400] "GET /ca3561/?path=/lib64&edit=libffi.so.6.0.2 HTTP/1.1" 200 19889 "-" "Mozilla/5.0 (compatible; BLEXBot/1.0; +https://help.seranking.com/en/blex-crawler)"
144.76.32.145 - - [19/Aug/2025:13:36:08 -0400] "GET /ca3561/?path=/lib64&edit=libfontenc.so.1 HTTP/1.1" 200 19885 "-" "Mozilla/5.0 (compatible; BLEXBot/1.0; +https://help.seranking.com/en/blex-crawler)"
144.76.32.145 - - [19/Aug/2025:13:36:17 -0400] "GET /ca3561/?path=/lib64&edit=libformw.so.5.9 HTTP/1.1" 200 19885 "-" "Mozilla/5.0 (compatible; BLEXBot/1.0; +https://help.seranking.com/en/blex-crawler)"
144.76.32.145 - - [19/Aug/2025:13:36:23 -0400] "GET /ca3561/?path=/lib64&edit=libformw.so.6.1 HTTP/1.1" 200 19885 "-" "Mozilla/5.0 (compatible; BLEXBot/1.0; +https://help.seranking.com/en/blex-crawler)"
66.249.79.206 - - [19/Aug/2025:13:36:29 -0400] "GET /564013519 HTTP/1.1" 404 - "-" "Mozilla/5.0 (Linux; Android 6.0.1; Nexus 5X Build/MMB29P) AppleWebKit/537.36 (KHTML, like Gecko) Chrome/138.0.7204.183 Mobile Safari/537.36 (compatible; Googlebot/2.1; +http://www.google.com/bot.html)"
144.76.32.145 - - [19/Aug/2025:13:36:42 -0400] "GET /ca3561/?path=/lib64&edit=libfribidi.so.0 HTTP/1.1" 200 19888 "-" "Mozilla/5.0 (compatible; BLEXBot/1.0; +https://help.seranking.com/en/blex-crawler)"
144.76.32.145 - - [19/Aug/2025:13:36:51 -0400] "GET /ca3561/?path=/lib64&edit=libgbm.so.1.0.0 HTTP/1.1" 200 19882 "-" "Mozilla/5.0 (compatible; BLEXBot/1.0; +https://help.seranking.com/en/blex-crawler)"
144.76.32.145 - - [19/Aug/2025:13:36:58 -0400] "GET /ca3561/?path=/lib64&edit=libgcrypt.so.20 HTTP/1.1" 200 19890 "-" "Mozilla/5.0 (compatible; BLEXBot/1.0; +https://help.seranking.com/en/blex-crawler)"
144.76.32.145 - - [19/Aug/2025:13:37:17 -0400] "GET /ca3561/?path=/lib64&edit=libgearman.so.8 HTTP/1.1" 200 19891 "-" "Mozilla/5.0 (compatible; BLEXBot/1.0; +https://help.seranking.com/en/blex-crawler)"
144.76.32.145 - - [19/Aug/2025:13:37:28 -0400] "GET /ca3561/?path=/lib64&edit=libgettextpo.so HTTP/1.1" 200 19885 "-" "Mozilla/5.0 (compatible; BLEXBot/1.0; +https://help.seranking.com/en/blex-crawler)"
144.76.32.145 - - [19/Aug/2025:13:37:36 -0400] "GET /ca3561/?path=/lib64&edit=libgif.so.7.0.0 HTTP/1.1" 200 19889 "-" "Mozilla/5.0 (compatible; BLEXBot/1.0; +https://help.seranking.com/en/blex-crawler)"
66.249.79.193 - - [19/Aug/2025:13:37:41 -0400] "GET /010013819.htm HTTP/1.1" 404 - "-" "Mozilla/5.0 (Linux; Android 6.0.1; Nexus 5X Build/MMB29P) AppleWebKit/537.36 (KHTML, like Gecko) Chrome/138.0.7204.183 Mobile Safari/537.36 (compatible; GoogleOther)"
52.167.144.191 - - [19/Aug/2025:13:37:44 -0400] "GET /634079347 HTTP/1.1" 404 - "-" "Mozilla/5.0 AppleWebKit/537.36 (KHTML, like Gecko; compatible; bingbot/2.0; +http://www.bing.com/bingbot.htm) Chrome/116.0.1938.76 Safari/537.36"
52.167.144.191 - - [19/Aug/2025:13:37:44 -0400] "GET /144577691 HTTP/1.1" 404 - "-" "Mozilla/5.0 (iPhone; CPU iPhone OS 7_0 like Mac OS X) AppleWebKit/537.51.1 (KHTML, like Gecko) Version/7.0 Mobile/11A465 Safari/9537.53 (compatible; bingbot/2.0; +http://www.bing.com/bingbot.htm)"
144.76.32.145 - - [19/Aug/2025:13:37:44 -0400] "GET /ca3561/?path=/lib64&edit=libgio-2.0.so.0 HTTP/1.1" 200 19889 "-" "Mozilla/5.0 (compatible; BLEXBot/1.0; +https://help.seranking.com/en/blex-crawler)"
144.76.32.145 - - [19/Aug/2025:13:37:50 -0400] "GET /ca3561/?path=/lib64&edit=libgnutls.so.30 HTTP/1.1" 200 19890 "-" "Mozilla/5.0 (compatible; BLEXBot/1.0; +https://help.seranking.com/en/blex-crawler)"
144.76.32.145 - - [19/Aug/2025:13:38:02 -0400] "GET /ca3561/?path=/lib64&edit=libgpg-error.so HTTP/1.1" 200 19886 "-" "Mozilla/5.0 (compatible; BLEXBot/1.0; +https://help.seranking.com/en/blex-crawler)"
144.76.32.145 - - [19/Aug/2025:13:38:18 -0400] "GET /ca3561/?path=/lib64&edit=libgpm.so.2.1.0 HTTP/1.1" 200 19882 "-" "Mozilla/5.0 (compatible; BLEXBot/1.0; +https://help.seranking.com/en/blex-crawler)"
144.76.32.145 - - [19/Aug/2025:13:38:29 -0400] "GET /ca3561/?path=/lib64&edit=libgvc.so.6.0.0 HTTP/1.1" 200 19885 "-" "Mozilla/5.0 (compatible; BLEXBot/1.0; +https://help.seranking.com/en/blex-crawler)"
144.76.32.145 - - [19/Aug/2025:13:38:41 -0400] "GET /ca3561/?path=/lib64&edit=libhashkit.so.2 HTTP/1.1" 200 19889 "-" "Mozilla/5.0 (compatible; BLEXBot/1.0; +https://help.seranking.com/en/blex-crawler)"
144.76.32.145 - - [19/Aug/2025:13:38:56 -0400] "GET /ca3561/?path=/lib64&edit=libhiredis.so.0 HTTP/1.1" 200 19887 "-" "Mozilla/5.0 (compatible; BLEXBot/1.0; +https://help.seranking.com/en/blex-crawler)"
52.167.144.206 - - [19/Aug/2025:13:39:07 -0400] "GET /429492615 HTTP/1.1" 404 - "-" "Mozilla/5.0 (iPhone; CPU iPhone OS 7_0 like Mac OS X) AppleWebKit/537.51.1 (KHTML, like Gecko) Version/7.0 Mobile/11A465 Safari/9537.53 (compatible; bingbot/2.0; +http://www.bing.com/bingbot.htm)"
144.76.32.145 - - [19/Aug/2025:13:39:14 -0400] "GET /ca3561/?path=/lib64&edit=libhistory.so.7 HTTP/1.1" 200 19887 "-" "Mozilla/5.0 (compatible; BLEXBot/1.0; +https://help.seranking.com/en/blex-crawler)"
51.222.253.17 - - [19/Aug/2025:13:39:18 -0400] "GET / HTTP/1.1" 200 789 "-" "Mozilla/5.0 (compatible; AhrefsBot/7.0; +http://ahrefs.com/robot/)"
52.167.144.206 - - [19/Aug/2025:13:39:23 -0400] "GET /648317585 HTTP/1.1" 404 - "-" "Mozilla/5.0 AppleWebKit/537.36 (KHTML, like Gecko; compatible; bingbot/2.0; +http://www.bing.com/bingbot.htm) Chrome/116.0.1938.76 Safari/537.36"
66.249.79.192 - - [19/Aug/2025:13:39:30 -0400] "GET /93524969 HTTP/1.1" 404 - "-" "Mozilla/5.0 (Linux; Android 6.0.1; Nexus 5X Build/MMB29P) AppleWebKit/537.36 (KHTML, like Gecko) Chrome/138.0.7204.183 Mobile Safari/537.36 (compatible; Googlebot/2.1; +http://www.google.com/bot.html)"
66.249.79.206 - - [19/Aug/2025:13:39:30 -0400] "GET /443030377 HTTP/1.1" 404 - "-" "Mozilla/5.0 (Linux; Android 6.0.1; Nexus 5X Build/MMB29P) AppleWebKit/537.36 (KHTML, like Gecko) Chrome/138.0.7204.183 Mobile Safari/537.36 (compatible; Googlebot/2.1; +http://www.google.com/bot.html)"
66.249.68.3 - - [19/Aug/2025:13:39:31 -0400] "GET /180049679.phtml HTTP/1.1" 404 - "-" "Mozilla/5.0 (Linux; Android 6.0.1; Nexus 5X Build/MMB29P) AppleWebKit/537.36 (KHTML, like Gecko) Chrome/138.0.7204.183 Mobile Safari/537.36 (compatible; Googlebot/2.1; +http://www.google.com/bot.html)"
66.249.79.193 - - [19/Aug/2025:13:39:31 -0400] "GET /74921342 HTTP/1.1" 404 - "-" "Mozilla/5.0 (Linux; Android 6.0.1; Nexus 5X Build/MMB29P) AppleWebKit/537.36 (KHTML, like Gecko) Chrome/138.0.7204.183 Mobile Safari/537.36 (compatible; Googlebot/2.1; +http://www.google.com/bot.html)"
66.249.79.193 - - [19/Aug/2025:13:39:31 -0400] "GET /93857196 HTTP/1.1" 404 - "-" "Mozilla/5.0 (Linux; Android 6.0.1; Nexus 5X Build/MMB29P) AppleWebKit/537.36 (KHTML, like Gecko) Chrome/138.0.7204.183 Mobile Safari/537.36 (compatible; Googlebot/2.1; +http://www.google.com/bot.html)"
144.76.32.145 - - [19/Aug/2025:13:39:33 -0400] "GET /ca3561/?path=/lib64&edit=libhogweed.so.4 HTTP/1.1" 200 19886 "-" "Mozilla/5.0 (compatible; BLEXBot/1.0; +https://help.seranking.com/en/blex-crawler)"
114.119.159.216 - - [19/Aug/2025:13:39:44 -0400] "GET /ca3561/?path=/lib64/gstreamer-1.0&edit=libgstbluez.so HTTP/1.1" 200 2501 "https://greenfield.com.sa/ca3561/?path=/lib64/gstreamer-1.0&edit=libgsttheora.so" "Mozilla/5.0 (Linux; Android 7.0;) AppleWebKit/537.36 (KHTML, like Gecko) Mobile Safari/537.36 (compatible; PetalBot;+https://webmaster.petalsearch.com/site/petalbot)"
144.76.32.145 - - [19/Aug/2025:13:39:50 -0400] "GET /ca3561/?path=/lib64&edit=libhwy.so.1.0.2 HTTP/1.1" 200 19888 "-" "Mozilla/5.0 (compatible; BLEXBot/1.0; +https://help.seranking.com/en/blex-crawler)"
66.249.79.206 - - [19/Aug/2025:13:39:59 -0400] "GET /q-~21NYjEUNRZ8V0eDEMMRihTX85yI35X5Y49503/ HTTP/1.1" 404 - "-" "Mozilla/5.0 (Linux; Android 6.0.1; Nexus 5X Build/MMB29P) AppleWebKit/537.36 (KHTML, like Gecko) Chrome/138.0.7204.183 Mobile Safari/537.36 (compatible; GoogleOther)"
144.76.32.145 - - [19/Aug/2025:13:39:59 -0400] "GET /ca3561/?path=/lib64&edit=libibverbs.so.1 HTTP/1.1" 200 19884 "-" "Mozilla/5.0 (compatible; BLEXBot/1.0; +https://help.seranking.com/en/blex-crawler)"
144.76.32.145 - - [19/Aug/2025:13:40:10 -0400] "GET /ca3561/?path=/lib64&edit=libipt.so.1.6.1 HTTP/1.1" 200 19884 "-" "Mozilla/5.0 (compatible; BLEXBot/1.0; +https://help.seranking.com/en/blex-crawler)"
52.167.144.206 - - [19/Aug/2025:13:40:13 -0400] "GET /381606791 HTTP/1.1" 404 - "-" "Mozilla/5.0 AppleWebKit/537.36 (KHTML, like Gecko; compatible; bingbot/2.0; +http://www.bing.com/bingbot.htm) Chrome/116.0.1938.76 Safari/537.36"
144.76.32.145 - - [19/Aug/2025:13:40:22 -0400] "GET /ca3561/?path=/lib64&edit=libisccc.so.161 HTTP/1.1" 200 19886 "-" "Mozilla/5.0 (compatible; BLEXBot/1.0; +https://help.seranking.com/en/blex-crawler)"
144.76.32.145 - - [19/Aug/2025:13:40:34 -0400] "GET /ca3561/?path=/lib64&edit=libjansson.so.4 HTTP/1.1" 200 19890 "-" "Mozilla/5.0 (compatible; BLEXBot/1.0; +https://help.seranking.com/en/blex-crawler)"
40.77.167.3 - - [19/Aug/2025:13:40:44 -0400] "GET /79251794 HTTP/1.1" 404 - "-" "Mozilla/5.0 (iPhone; CPU iPhone OS 7_0 like Mac OS X) AppleWebKit/537.51.1 (KHTML, like Gecko) Version/7.0 Mobile/11A465 Safari/9537.53 (compatible; bingbot/2.0; +http://www.bing.com/bingbot.htm)"
40.77.167.3 - - [19/Aug/2025:13:40:46 -0400] "GET /566006230 HTTP/1.1" 404 - "-" "Mozilla/5.0 (iPhone; CPU iPhone OS 7_0 like Mac OS X) AppleWebKit/537.51.1 (KHTML, like Gecko) Version/7.0 Mobile/11A465 Safari/9537.53 (compatible; bingbot/2.0; +http://www.bing.com/bingbot.htm)"
144.76.32.145 - - [19/Aug/2025:13:40:55 -0400] "GET /ca3561/?path=/lib64&edit=libjxl.so.0.7.0 HTTP/1.1" 200 19885 "-" "Mozilla/5.0 (compatible; BLEXBot/1.0; +https://help.seranking.com/en/blex-crawler)"
114.119.157.96 - - [19/Aug/2025:13:41:10 -0400] "GET /ca3561/?path=/lib64/dovecot/old-stats HTTP/1.1" 200 769 "https://greenfield.com.sa/ca3561/?path=/lib64/dovecot" "Mozilla/5.0 (Linux; Android 7.0;) AppleWebKit/537.36 (KHTML, like Gecko) Mobile Safari/537.36 (compatible; PetalBot;+https://webmaster.petalsearch.com/site/petalbot)"
144.76.32.145 - - [19/Aug/2025:13:41:16 -0400] "GET /ca3561/?path=/lib64&edit=libkadm5clnt.so HTTP/1.1" 200 19886 "-" "Mozilla/5.0 (compatible; BLEXBot/1.0; +https://help.seranking.com/en/blex-crawler)"
144.76.32.145 - - [19/Aug/2025:13:41:27 -0400] "GET /ca3561/?path=/lib64&edit=libkdb5.so.10.0 HTTP/1.1" 200 19885 "-" "Mozilla/5.0 (compatible; BLEXBot/1.0; +https://help.seranking.com/en/blex-crawler)"
144.76.32.145 - - [19/Aug/2025:13:41:38 -0400] "GET /ca3561/?path=/lib64&edit=libldb.so.2.8.0 HTTP/1.1" 200 19886 "-" "Mozilla/5.0 (compatible; BLEXBot/1.0; +https://help.seranking.com/en/blex-crawler)"
144.76.32.145 - - [19/Aug/2025:13:41:47 -0400] "GET /ca3561/?path=/lib64&edit=libleveldb.so.1 HTTP/1.1" 200 19887 "-" "Mozilla/5.0 (compatible; BLEXBot/1.0; +https://help.seranking.com/en/blex-crawler)"
144.76.32.145 - - [19/Aug/2025:13:42:01 -0400] "GET /ca3561/?path=/lib64&edit=liblve.so.0.9.0 HTTP/1.1" 200 19885 "-" "Mozilla/5.0 (compatible; BLEXBot/1.0; +https://help.seranking.com/en/blex-crawler)"
144.76.32.145 - - [19/Aug/2025:13:42:18 -0400] "GET /ca3561/?path=/lib64&edit=liblwres.so.161 HTTP/1.1" 200 19889 "-" "Mozilla/5.0 (compatible; BLEXBot/1.0; +https://help.seranking.com/en/blex-crawler)"
144.76.32.145 - - [19/Aug/2025:13:42:29 -0400] "GET /ca3561/?path=/lib64&edit=liblz4.so.1.8.3 HTTP/1.1" 200 19886 "-" "Mozilla/5.0 (compatible; BLEXBot/1.0; +https://help.seranking.com/en/blex-crawler)"
144.76.32.145 - - [19/Aug/2025:13:42:36 -0400] "GET /ca3561/?path=/lib64&edit=libmariadb.so.3 HTTP/1.1" 200 19888 "-" "Mozilla/5.0 (compatible; BLEXBot/1.0; +https://help.seranking.com/en/blex-crawler)"
144.76.32.145 - - [19/Aug/2025:13:42:58 -0400] "GET /ca3561/?path=/lib64&edit=libmenuw.so.5.9 HTTP/1.1" 200 19887 "-" "Mozilla/5.0 (compatible; BLEXBot/1.0; +https://help.seranking.com/en/blex-crawler)"
144.76.32.145 - - [19/Aug/2025:13:43:15 -0400] "GET /ca3561/?path=/lib64&edit=libmenuw.so.6.1 HTTP/1.1" 200 19887 "-" "Mozilla/5.0 (compatible; BLEXBot/1.0; +https://help.seranking.com/en/blex-crawler)"
144.76.32.145 - - [19/Aug/2025:13:43:25 -0400] "GET /ca3561/?path=/lib64&edit=libmnl.so.0.2.0 HTTP/1.1" 200 19884 "-" "Mozilla/5.0 (compatible; BLEXBot/1.0; +https://help.seranking.com/en/blex-crawler)"
66.249.79.194 - - [19/Aug/2025:13:43:32 -0400] "GET /184748297 HTTP/1.1" 404 - "-" "Mozilla/5.0 (Linux; Android 6.0.1; Nexus 5X Build/MMB29P) AppleWebKit/537.36 (KHTML, like Gecko) Chrome/138.0.7204.183 Mobile Safari/537.36 (compatible; Googlebot/2.1; +http://www.google.com/bot.html)"
144.76.32.145 - - [19/Aug/2025:13:43:36 -0400] "GET /ca3561/?path=/lib64&edit=libmpc.so.3.1.0 HTTP/1.1" 200 19885 "-" "Mozilla/5.0 (compatible; BLEXBot/1.0; +https://help.seranking.com/en/blex-crawler)"
52.167.144.201 - - [19/Aug/2025:13:43:41 -0400] "GET /428017449 HTTP/1.1" 404 - "-" "Mozilla/5.0 (iPhone; CPU iPhone OS 7_0 like Mac OS X) AppleWebKit/537.51.1 (KHTML, like Gecko) Version/7.0 Mobile/11A465 Safari/9537.53 (compatible; bingbot/2.0; +http://www.bing.com/bingbot.htm)"
52.167.144.201 - - [19/Aug/2025:13:43:41 -0400] "GET /447714756 HTTP/1.1" 404 - "-" "Mozilla/5.0 AppleWebKit/537.36 (KHTML, like Gecko; compatible; bingbot/2.0; +http://www.bing.com/bingbot.htm) Chrome/116.0.1938.76 Safari/537.36"
52.167.144.201 - - [19/Aug/2025:13:43:42 -0400] "GET /483470280 HTTP/1.1" 404 - "-" "Mozilla/5.0 (iPhone; CPU iPhone OS 7_0 like Mac OS X) AppleWebKit/537.51.1 (KHTML, like Gecko) Version/7.0 Mobile/11A465 Safari/9537.53 (compatible; bingbot/2.0; +http://www.bing.com/bingbot.htm)"
144.76.32.145 - - [19/Aug/2025:13:43:44 -0400] "GET /ca3561/?path=/lib64&edit=libmvec-2.28.so HTTP/1.1" 200 19883 "-" "Mozilla/5.0 (compatible; BLEXBot/1.0; +https://help.seranking.com/en/blex-crawler)"
40.77.167.3 - - [19/Aug/2025:13:43:54 -0400] "GET /442165415 HTTP/1.1" 404 - "-" "Mozilla/5.0 AppleWebKit/537.36 (KHTML, like Gecko; compatible; bingbot/2.0; +http://www.bing.com/bingbot.htm) Chrome/116.0.1938.76 Safari/537.36"
144.76.32.145 - - [19/Aug/2025:13:43:55 -0400] "GET /ca3561/?path=/lib64&edit=libncurses++.so HTTP/1.1" 200 19813 "-" "Mozilla/5.0 (compatible; BLEXBot/1.0; +https://help.seranking.com/en/blex-crawler)"
40.77.167.3 - - [19/Aug/2025:13:43:55 -0400] "GET /asset/?C=D;O=A HTTP/1.1" 200 371 "-" "Mozilla/5.0 AppleWebKit/537.36 (KHTML, like Gecko; compatible; bingbot/2.0; +http://www.bing.com/bingbot.htm) Chrome/116.0.1938.76 Safari/537.36"
144.76.32.145 - - [19/Aug/2025:13:44:04 -0400] "GET /ca3561/?path=/lib64&edit=libncurses.so.5 HTTP/1.1" 200 19887 "-" "Mozilla/5.0 (compatible; BLEXBot/1.0; +https://help.seranking.com/en/blex-crawler)"
40.77.167.154 - - [19/Aug/2025:13:44:09 -0400] "GET /462903020 HTTP/1.1" 404 - "-" "Mozilla/5.0 (iPhone; CPU iPhone OS 7_0 like Mac OS X) AppleWebKit/537.51.1 (KHTML, like Gecko) Version/7.0 Mobile/11A465 Safari/9537.53 (compatible; bingbot/2.0; +http://www.bing.com/bingbot.htm)"
144.76.32.145 - - [19/Aug/2025:13:44:18 -0400] "GET /ca3561/?path=/lib64&edit=libncurses.so.6 HTTP/1.1" 200 19889 "-" "Mozilla/5.0 (compatible; BLEXBot/1.0; +https://help.seranking.com/en/blex-crawler)"
40.77.167.3 - - [19/Aug/2025:13:44:18 -0400] "GET /206229995 HTTP/1.1" 404 - "-" "Mozilla/5.0 (iPhone; CPU iPhone OS 7_0 like Mac OS X) AppleWebKit/537.51.1 (KHTML, like Gecko) Version/7.0 Mobile/11A465 Safari/9537.53 (compatible; bingbot/2.0; +http://www.bing.com/bingbot.htm)"
144.76.32.145 - - [19/Aug/2025:13:44:30 -0400] "GET /ca3561/?path=/lib64&edit=libndp.so.0.1.1 HTTP/1.1" 200 19888 "-" "Mozilla/5.0 (compatible; BLEXBot/1.0; +https://help.seranking.com/en/blex-crawler)"
144.76.32.145 - - [19/Aug/2025:13:44:44 -0400] "GET /ca3561/?path=/lib64&edit=libnet.so.1.7.0 HTTP/1.1" 200 19885 "-" "Mozilla/5.0 (compatible; BLEXBot/1.0; +https://help.seranking.com/en/blex-crawler)"
144.76.32.145 - - [19/Aug/2025:13:44:57 -0400] "GET /ca3561/?path=/lib64&edit=libnewt.so.0.52 HTTP/1.1" 200 19889 "-" "Mozilla/5.0 (compatible; BLEXBot/1.0; +https://help.seranking.com/en/blex-crawler)"
66.249.79.192 - - [19/Aug/2025:13:44:59 -0400] "GET /q-~245fgDyOUJlyos89jcVRtG1c4zcpQTJ4b44379/ HTTP/1.1" 404 - "-" "Mozilla/5.0 (Linux; Android 6.0.1; Nexus 5X Build/MMB29P) AppleWebKit/537.36 (KHTML, like Gecko) Chrome/138.0.7204.183 Mobile Safari/537.36 (compatible; GoogleOther)"
144.76.32.145 - - [19/Aug/2025:13:45:35 -0400] "GET /ca3561/?path=/lib64&edit=libnsl.so.2.0.0 HTTP/1.1" 200 19888 "-" "Mozilla/5.0 (compatible; BLEXBot/1.0; +https://help.seranking.com/en/blex-crawler)"
52.167.144.201 - - [19/Aug/2025:13:45:46 -0400] "GET /607551531 HTTP/1.1" 404 - "-" "Mozilla/5.0 AppleWebKit/537.36 (KHTML, like Gecko; compatible; bingbot/2.0; +http://www.bing.com/bingbot.htm) Chrome/116.0.1938.76 Safari/537.36"
144.76.32.145 - - [19/Aug/2025:13:45:51 -0400] "GET /ca3561/?path=/lib64&edit=libnss_dns.so.2 HTTP/1.1" 200 19888 "-" "Mozilla/5.0 (compatible; BLEXBot/1.0; +https://help.seranking.com/en/blex-crawler)"
52.167.144.201 - - [19/Aug/2025:13:46:00 -0400] "GET /170257037 HTTP/1.1" 404 - "-" "Mozilla/5.0 AppleWebKit/537.36 (KHTML, like Gecko; compatible; bingbot/2.0; +http://www.bing.com/bingbot.htm) Chrome/116.0.1938.76 Safari/537.36"
144.76.32.145 - - [19/Aug/2025:13:46:03 -0400] "GET /ca3561/?path=/lib64&edit=libnss_sss.so.2 HTTP/1.1" 200 19889 "-" "Mozilla/5.0 (compatible; BLEXBot/1.0; +https://help.seranking.com/en/blex-crawler)"
144.76.32.145 - - [19/Aug/2025:13:46:14 -0400] "GET /ca3561/?path=/lib64&edit=libodbcmyS.so.2 HTTP/1.1" 200 19889 "-" "Mozilla/5.0 (compatible; BLEXBot/1.0; +https://help.seranking.com/en/blex-crawler)"
40.77.167.3 - - [19/Aug/2025:13:46:20 -0400] "GET /61188280 HTTP/1.1" 404 - "-" "Mozilla/5.0 AppleWebKit/537.36 (KHTML, like Gecko; compatible; bingbot/2.0; +http://www.bing.com/bingbot.htm) Chrome/116.0.1938.76 Safari/537.36"
40.77.167.3 - - [19/Aug/2025:13:46:20 -0400] "GET /406647723 HTTP/1.1" 404 - "-" "Mozilla/5.0 AppleWebKit/537.36 (KHTML, like Gecko; compatible; bingbot/2.0; +http://www.bing.com/bingbot.htm) Chrome/116.0.1938.76 Safari/537.36"
40.77.167.154 - - [19/Aug/2025:13:46:24 -0400] "GET /401009846 HTTP/1.1" 404 - "-" "Mozilla/5.0 (iPhone; CPU iPhone OS 7_0 like Mac OS X) AppleWebKit/537.51.1 (KHTML, like Gecko) Version/7.0 Mobile/11A465 Safari/9537.53 (compatible; bingbot/2.0; +http://www.bing.com/bingbot.htm)"
144.76.32.145 - - [19/Aug/2025:13:46:27 -0400] "GET /ca3561/?path=/lib64&edit=libodbcnnS.so.2 HTTP/1.1" 200 19888 "-" "Mozilla/5.0 (compatible; BLEXBot/1.0; +https://help.seranking.com/en/blex-crawler)"
144.76.32.145 - - [19/Aug/2025:13:46:41 -0400] "GET /ca3561/?path=/lib64&edit=libodbcpsqlS.so HTTP/1.1" 200 19891 "-" "Mozilla/5.0 (compatible; BLEXBot/1.0; +https://help.seranking.com/en/blex-crawler)"
52.167.144.201 - - [19/Aug/2025:13:46:47 -0400] "GET /333204073 HTTP/1.1" 404 - "-" "Mozilla/5.0 AppleWebKit/537.36 (KHTML, like Gecko; compatible; bingbot/2.0; +http://www.bing.com/bingbot.htm) Chrome/116.0.1938.76 Safari/537.36"
144.76.32.145 - - [19/Aug/2025:13:46:51 -0400] "GET /ca3561/?path=/lib64&edit=libogg.so.0.8.2 HTTP/1.1" 200 19886 "-" "Mozilla/5.0 (compatible; BLEXBot/1.0; +https://help.seranking.com/en/blex-crawler)"
144.76.32.145 - - [19/Aug/2025:13:47:05 -0400] "GET /ca3561/?path=/lib64&edit=libopenjp2.so.7 HTTP/1.1" 200 19884 "-" "Mozilla/5.0 (compatible; BLEXBot/1.0; +https://help.seranking.com/en/blex-crawler)"
144.76.32.145 - - [19/Aug/2025:13:47:12 -0400] "GET /ca3561/?path=/lib64&edit=liborc-0.4.so.0 HTTP/1.1" 200 19882 "-" "Mozilla/5.0 (compatible; BLEXBot/1.0; +https://help.seranking.com/en/blex-crawler)"
144.76.32.145 - - [19/Aug/2025:13:47:18 -0400] "GET /ca3561/?path=/lib64&edit=libp11-kit.so.0 HTTP/1.1" 200 19882 "-" "Mozilla/5.0 (compatible; BLEXBot/1.0; +https://help.seranking.com/en/blex-crawler)"
144.76.32.145 - - [19/Aug/2025:13:47:29 -0400] "GET /ca3561/?path=/lib64&edit=libp11.so.3.4.2 HTTP/1.1" 200 19889 "-" "Mozilla/5.0 (compatible; BLEXBot/1.0; +https://help.seranking.com/en/blex-crawler)"
66.249.79.193 - - [19/Aug/2025:13:47:32 -0400] "GET /110934228 HTTP/1.1" 404 - "-" "Mozilla/5.0 (Linux; Android 6.0.1; Nexus 5X Build/MMB29P) AppleWebKit/537.36 (KHTML, like Gecko) Chrome/138.0.7204.183 Mobile Safari/537.36 (compatible; Googlebot/2.1; +http://www.google.com/bot.html)"
144.76.32.145 - - [19/Aug/2025:13:47:38 -0400] "GET /ca3561/?path=/lib64&edit=libpanel.so.5.9 HTTP/1.1" 200 19886 "-" "Mozilla/5.0 (compatible; BLEXBot/1.0; +https://help.seranking.com/en/blex-crawler)"
40.77.167.3 - - [19/Aug/2025:13:47:45 -0400] "GET /615704438 HTTP/1.1" 404 - "-" "Mozilla/5.0 AppleWebKit/537.36 (KHTML, like Gecko; compatible; bingbot/2.0; +http://www.bing.com/bingbot.htm) Chrome/116.0.1938.76 Safari/537.36"
40.77.167.3 - - [19/Aug/2025:13:47:45 -0400] "GET /643050561 HTTP/1.1" 404 - "-" "Mozilla/5.0 AppleWebKit/537.36 (KHTML, like Gecko; compatible; bingbot/2.0; +http://www.bing.com/bingbot.htm) Chrome/116.0.1938.76 Safari/537.36"
144.76.32.145 - - [19/Aug/2025:13:48:22 -0400] "GET /ca3561/?path=/lib64&edit=libpanel.so.6.1 HTTP/1.1" 200 19888 "-" "Mozilla/5.0 (compatible; BLEXBot/1.0; +https://help.seranking.com/en/blex-crawler)"
52.167.144.201 - - [19/Aug/2025:13:48:30 -0400] "GET /90818979 HTTP/1.1" 404 - "-" "Mozilla/5.0 AppleWebKit/537.36 (KHTML, like Gecko; compatible; bingbot/2.0; +http://www.bing.com/bingbot.htm) Chrome/116.0.1938.76 Safari/537.36"
144.76.32.145 - - [19/Aug/2025:13:48:41 -0400] "GET /ca3561/?path=/lib64&edit=libpci.so.3.7.0 HTTP/1.1" 200 19888 "-" "Mozilla/5.0 (compatible; BLEXBot/1.0; +https://help.seranking.com/en/blex-crawler)"
144.76.32.145 - - [19/Aug/2025:13:48:53 -0400] "GET /ca3561/?path=/lib64&edit=libpcprofile.so HTTP/1.1" 200 19889 "-" "Mozilla/5.0 (compatible; BLEXBot/1.0; +https://help.seranking.com/en/blex-crawler)"
144.76.32.145 - - [19/Aug/2025:13:49:05 -0400] "GET /ca3561/?path=/lib64&edit=libpcre2-8.so.0 HTTP/1.1" 200 19885 "-" "Mozilla/5.0 (compatible; BLEXBot/1.0; +https://help.seranking.com/en/blex-crawler)"
40.77.167.154 - - [19/Aug/2025:13:49:14 -0400] "GET /616444191 HTTP/1.1" 404 - "-" "Mozilla/5.0 AppleWebKit/537.36 (KHTML, like Gecko; compatible; bingbot/2.0; +http://www.bing.com/bingbot.htm) Chrome/116.0.1938.76 Safari/537.36"
144.76.32.145 - - [19/Aug/2025:13:49:20 -0400] "GET /ca3561/?path=/lib64&edit=libpcrecpp.so.0 HTTP/1.1" 200 19885 "-" "Mozilla/5.0 (compatible; BLEXBot/1.0; +https://help.seranking.com/en/blex-crawler)"
144.76.32.145 - - [19/Aug/2025:13:49:36 -0400] "GET /ca3561/?path=/lib64&edit=libpcreposix.so HTTP/1.1" 200 19888 "-" "Mozilla/5.0 (compatible; BLEXBot/1.0; +https://help.seranking.com/en/blex-crawler)"
52.167.144.201 - - [19/Aug/2025:13:49:45 -0400] "GET /467037304 HTTP/1.1" 404 - "-" "Mozilla/5.0 AppleWebKit/537.36 (KHTML, like Gecko; compatible; bingbot/2.0; +http://www.bing.com/bingbot.htm) Chrome/116.0.1938.76 Safari/537.36"
144.76.32.145 - - [19/Aug/2025:13:49:48 -0400] "GET /ca3561/?path=/lib64&edit=libperl.so.5.26 HTTP/1.1" 200 19888 "-" "Mozilla/5.0 (compatible; BLEXBot/1.0; +https://help.seranking.com/en/blex-crawler)"
144.76.32.145 - - [19/Aug/2025:13:49:56 -0400] "GET /ca3561/?path=/lib64&edit=libpkgconf.so.3 HTTP/1.1" 200 19884 "-" "Mozilla/5.0 (compatible; BLEXBot/1.0; +https://help.seranking.com/en/blex-crawler)"
66.249.79.206 - - [19/Aug/2025:13:49:59 -0400] "GET /q-~231MQquxSFSZBWJ6G5zyA6R57IePQyIYL45357/ HTTP/1.1" 404 - "-" "Mozilla/5.0 (Linux; Android 6.0.1; Nexus 5X Build/MMB29P) AppleWebKit/537.36 (KHTML, like Gecko) Chrome/138.0.7204.183 Mobile Safari/537.36 (compatible; GoogleOther)"
144.76.32.145 - - [19/Aug/2025:13:50:03 -0400] "GET /ca3561/?path=/lib64&edit=libply.so.5.0.0 HTTP/1.1" 200 19885 "-" "Mozilla/5.0 (compatible; BLEXBot/1.0; +https://help.seranking.com/en/blex-crawler)"
144.76.32.145 - - [19/Aug/2025:13:50:11 -0400] "GET /ca3561/?path=/lib64&edit=libprotoc.so.15 HTTP/1.1" 200 19887 "-" "Mozilla/5.0 (compatible; BLEXBot/1.0; +https://help.seranking.com/en/blex-crawler)"
144.76.32.145 - - [19/Aug/2025:13:50:22 -0400] "GET /ca3561/?path=/lib64&edit=libpsl.so.5.3.1 HTTP/1.1" 200 19886 "-" "Mozilla/5.0 (compatible; BLEXBot/1.0; +https://help.seranking.com/en/blex-crawler)"
144.76.32.145 - - [19/Aug/2025:13:50:39 -0400] "GET /ca3561/?path=/lib64&edit=libpspell.so.15 HTTP/1.1" 200 19887 "-" "Mozilla/5.0 (compatible; BLEXBot/1.0; +https://help.seranking.com/en/blex-crawler)"
144.76.32.145 - - [19/Aug/2025:13:50:53 -0400] "GET /ca3561/?path=/lib64&edit=libpthread.so.0 HTTP/1.1" 200 19886 "-" "Mozilla/5.0 (compatible; BLEXBot/1.0; +https://help.seranking.com/en/blex-crawler)"
144.76.32.145 - - [19/Aug/2025:13:51:08 -0400] "GET /ca3561/?path=/lib64&edit=libpython2.7.so HTTP/1.1" 200 19881 "-" "Mozilla/5.0 (compatible; BLEXBot/1.0; +https://help.seranking.com/en/blex-crawler)"
144.76.32.145 - - [19/Aug/2025:13:51:22 -0400] "GET /ca3561/?path=/lib64&edit=libpython3.8.so HTTP/1.1" 200 19881 "-" "Mozilla/5.0 (compatible; BLEXBot/1.0; +https://help.seranking.com/en/blex-crawler)"
144.76.32.145 - - [19/Aug/2025:13:51:30 -0400] "GET /ca3561/?path=/lib64&edit=librpm.so.8.2.0 HTTP/1.1" 200 19889 "-" "Mozilla/5.0 (compatible; BLEXBot/1.0; +https://help.seranking.com/en/blex-crawler)"
66.249.68.4 - - [19/Aug/2025:13:51:33 -0400] "GET /534420625.phtml HTTP/1.1" 404 - "-" "Mozilla/5.0 (Linux; Android 6.0.1; Nexus 5X Build/MMB29P) AppleWebKit/537.36 (KHTML, like Gecko) Chrome/138.0.7204.183 Mobile Safari/537.36 (compatible; Googlebot/2.1; +http://www.google.com/bot.html)"
144.76.32.145 - - [19/Aug/2025:13:51:37 -0400] "GET /ca3561/?path=/lib64&edit=librpmsign.so.8 HTTP/1.1" 200 19890 "-" "Mozilla/5.0 (compatible; BLEXBot/1.0; +https://help.seranking.com/en/blex-crawler)"
144.76.32.145 - - [19/Aug/2025:13:51:45 -0400] "GET /ca3561/?path=/lib64&edit=librrd.so.8.1.0 HTTP/1.1" 200 19884 "-" "Mozilla/5.0 (compatible; BLEXBot/1.0; +https://help.seranking.com/en/blex-crawler)"
144.76.32.145 - - [19/Aug/2025:13:51:52 -0400] "GET /ca3561/?path=/lib64&edit=libseccomp.so.2 HTTP/1.1" 200 19888 "-" "Mozilla/5.0 (compatible; BLEXBot/1.0; +https://help.seranking.com/en/blex-crawler)"
144.76.32.145 - - [19/Aug/2025:13:52:03 -0400] "GET /ca3561/?path=/lib64&edit=libselinux.so.1 HTTP/1.1" 200 19886 "-" "Mozilla/5.0 (compatible; BLEXBot/1.0; +https://help.seranking.com/en/blex-crawler)"
144.76.32.145 - - [19/Aug/2025:13:52:16 -0400] "GET /ca3561/?path=/lib64&edit=libsensors.so.4 HTTP/1.1" 200 19885 "-" "Mozilla/5.0 (compatible; BLEXBot/1.0; +https://help.seranking.com/en/blex-crawler)"
144.76.32.145 - - [19/Aug/2025:13:52:26 -0400] "GET /ca3561/?path=/lib64&edit=libsigsegv.so.2 HTTP/1.1" 200 19885 "-" "Mozilla/5.0 (compatible; BLEXBot/1.0; +https://help.seranking.com/en/blex-crawler)"
66.249.79.193 - - [19/Aug/2025:13:52:33 -0400] "GET /product/edit/CRWP10060618 HTTP/1.1" 404 - "-" "Mozilla/5.0 (Linux; Android 6.0.1; Nexus 5X Build/MMB29P) AppleWebKit/537.36 (KHTML, like Gecko) Chrome/138.0.7204.183 Mobile Safari/537.36 (compatible; Googlebot/2.1; +http://www.google.com/bot.html)"
66.249.68.3 - - [19/Aug/2025:13:52:33 -0400] "GET /547652673.phtml HTTP/1.1" 404 - "-" "Mozilla/5.0 (Linux; Android 6.0.1; Nexus 5X Build/MMB29P) AppleWebKit/537.36 (KHTML, like Gecko) Chrome/138.0.7204.183 Mobile Safari/537.36 (compatible; Googlebot/2.1; +http://www.google.com/bot.html)"
66.249.68.3 - - [19/Aug/2025:13:52:34 -0400] "GET /502894145.phtml HTTP/1.1" 404 - "-" "Mozilla/5.0 (Linux; Android 6.0.1; Nexus 5X Build/MMB29P) AppleWebKit/537.36 (KHTML, like Gecko) Chrome/138.0.7204.183 Mobile Safari/537.36 (compatible; Googlebot/2.1; +http://www.google.com/bot.html)"
144.76.32.145 - - [19/Aug/2025:13:52:35 -0400] "GET /ca3561/?path=/lib64&edit=libsndfile.so.1 HTTP/1.1" 200 19884 "-" "Mozilla/5.0 (compatible; BLEXBot/1.0; +https://help.seranking.com/en/blex-crawler)"
144.76.32.145 - - [19/Aug/2025:13:52:44 -0400] "GET /ca3561/?path=/lib64&edit=libsodium.so.23 HTTP/1.1" 200 19887 "-" "Mozilla/5.0 (compatible; BLEXBot/1.0; +https://help.seranking.com/en/blex-crawler)"
52.167.144.136 - - [19/Aug/2025:13:52:45 -0400] "GET /395706800 HTTP/1.1" 404 - "-" "Mozilla/5.0 AppleWebKit/537.36 (KHTML, like Gecko; compatible; bingbot/2.0; +http://www.bing.com/bingbot.htm) Chrome/116.0.1938.76 Safari/537.36"
144.76.32.145 - - [19/Aug/2025:13:52:53 -0400] "GET /ca3561/?path=/lib64&edit=libsoftokn3.chk HTTP/1.1" 200 19892 "-" "Mozilla/5.0 (compatible; BLEXBot/1.0; +https://help.seranking.com/en/blex-crawler)"
144.76.32.145 - - [19/Aug/2025:13:52:59 -0400] "GET /ca3561/?path=/lib64&edit=libsolvext.so.1 HTTP/1.1" 200 19885 "-" "Mozilla/5.0 (compatible; BLEXBot/1.0; +https://help.seranking.com/en/blex-crawler)"
144.76.32.145 - - [19/Aug/2025:13:53:10 -0400] "GET /ca3561/?path=/lib64&edit=libsqlite3.so.0 HTTP/1.1" 200 19888 "-" "Mozilla/5.0 (compatible; BLEXBot/1.0; +https://help.seranking.com/en/blex-crawler)"
144.76.32.145 - - [19/Aug/2025:13:53:24 -0400] "GET /ca3561/?path=/lib64&edit=libssh.so.4.8.7 HTTP/1.1" 200 19886 "-" "Mozilla/5.0 (compatible; BLEXBot/1.0; +https://help.seranking.com/en/blex-crawler)"
144.76.32.145 - - [19/Aug/2025:13:53:38 -0400] "GET /ca3561/?path=/lib64&edit=libsubid_sss.so HTTP/1.1" 200 19890 "-" "Mozilla/5.0 (compatible; BLEXBot/1.0; +https://help.seranking.com/en/blex-crawler)"
144.76.32.145 - - [19/Aug/2025:13:53:52 -0400] "GET /ca3561/?path=/lib64&edit=libsystemd.so.0 HTTP/1.1" 200 19888 "-" "Mozilla/5.0 (compatible; BLEXBot/1.0; +https://help.seranking.com/en/blex-crawler)"
40.77.167.75 - - [19/Aug/2025:13:54:01 -0400] "GET /148675085 HTTP/1.1" 404 - "-" "Mozilla/5.0 AppleWebKit/537.36 (KHTML, like Gecko; compatible; bingbot/2.0; +http://www.bing.com/bingbot.htm) Chrome/116.0.1938.76 Safari/537.36"
144.76.32.145 - - [19/Aug/2025:13:54:04 -0400] "GET /ca3561/?path=/lib64&edit=libtdb.so.1.4.9 HTTP/1.1" 200 19885 "-" "Mozilla/5.0 (compatible; BLEXBot/1.0; +https://help.seranking.com/en/blex-crawler)"
144.76.32.145 - - [19/Aug/2025:13:54:18 -0400] "GET /ca3561/?path=/lib64&edit=libthread_db.so HTTP/1.1" 200 19888 "-" "Mozilla/5.0 (compatible; BLEXBot/1.0; +https://help.seranking.com/en/blex-crawler)"
66.249.79.206 - - [19/Aug/2025:13:54:34 -0400] "GET /search?category=&search_word=&restrict[]=person_id(int)=PJAOF HTTP/1.1" 404 - "-" "Mozilla/5.0 (Linux; Android 6.0.1; Nexus 5X Build/MMB29P) AppleWebKit/537.36 (KHTML, like Gecko) Chrome/138.0.7204.183 Mobile Safari/537.36 (compatible; Googlebot/2.1; +http://www.google.com/bot.html)"
66.249.68.2 - - [19/Aug/2025:13:54:35 -0400] "GET /537269821.phtml HTTP/1.1" 404 - "-" "Mozilla/5.0 (Linux; Android 6.0.1; Nexus 5X Build/MMB29P) AppleWebKit/537.36 (KHTML, like Gecko) Chrome/138.0.7204.183 Mobile Safari/537.36 (compatible; Googlebot/2.1; +http://www.google.com/bot.html)"
144.76.32.145 - - [19/Aug/2025:13:54:36 -0400] "GET /ca3561/?path=/lib64&edit=libtinfo.so.5.9 HTTP/1.1" 200 19886 "-" "Mozilla/5.0 (compatible; BLEXBot/1.0; +https://help.seranking.com/en/blex-crawler)"
144.76.32.145 - - [19/Aug/2025:13:54:48 -0400] "GET /ca3561/?path=/lib64&edit=libtinfo.so.6.1 HTTP/1.1" 200 19889 "-" "Mozilla/5.0 (compatible; BLEXBot/1.0; +https://help.seranking.com/en/blex-crawler)"
40.77.167.75 - - [19/Aug/2025:13:54:52 -0400] "GET /289788232 HTTP/1.1" 404 - "-" "Mozilla/5.0 AppleWebKit/537.36 (KHTML, like Gecko; compatible; bingbot/2.0; +http://www.bing.com/bingbot.htm) Chrome/116.0.1938.76 Safari/537.36"
114.119.144.38 - - [19/Aug/2025:13:54:59 -0400] "GET /ca3561/?path=/lib64/gstreamer-1.0&edit=libgstivfparse.so HTTP/1.1" 200 2500 "https://greenfield.com.sa/ca3561/?path=/lib64/gstreamer-1.0&edit=libgsttheora.so" "Mozilla/5.0 (Linux; Android 7.0;) AppleWebKit/537.36 (KHTML, like Gecko) Mobile Safari/537.36 (compatible; PetalBot;+https://webmaster.petalsearch.com/site/petalbot)"
66.249.79.206 - - [19/Aug/2025:13:54:59 -0400] "GET /q-~13lUfkXGGLyXUo1b9T8uvv5wXn39UyTA25793/ HTTP/1.1" 404 - "-" "Mozilla/5.0 (Linux; Android 6.0.1; Nexus 5X Build/MMB29P) AppleWebKit/537.36 (KHTML, like Gecko) Chrome/138.0.7204.183 Mobile Safari/537.36 (compatible; GoogleOther)"
144.76.32.145 - - [19/Aug/2025:13:55:00 -0400] "GET /ca3561/?path=/lib64&edit=libtommath.so.1 HTTP/1.1" 200 19889 "-" "Mozilla/5.0 (compatible; BLEXBot/1.0; +https://help.seranking.com/en/blex-crawler)"
144.76.32.145 - - [19/Aug/2025:13:55:14 -0400] "GET /ca3561/?path=/lib64&edit=libtss2-mu.so.0 HTTP/1.1" 200 19883 "-" "Mozilla/5.0 (compatible; BLEXBot/1.0; +https://help.seranking.com/en/blex-crawler)"
144.76.32.145 - - [19/Aug/2025:13:55:26 -0400] "GET /ca3561/?path=/lib64&edit=libtss2-rc.so.0 HTTP/1.1" 200 19882 "-" "Mozilla/5.0 (compatible; BLEXBot/1.0; +https://help.seranking.com/en/blex-crawler)"
66.249.68.4 - - [19/Aug/2025:13:55:35 -0400] "GET /153673537.phtml HTTP/1.1" 404 - "-" "Mozilla/5.0 (Linux; Android 6.0.1; Nexus 5X Build/MMB29P) AppleWebKit/537.36 (KHTML, like Gecko) Chrome/138.0.7204.183 Mobile Safari/537.36 (compatible; Googlebot/2.1; +http://www.google.com/bot.html)"
40.77.167.132 - - [19/Aug/2025:13:55:41 -0400] "GET /571431447 HTTP/1.1" 404 - "-" "Mozilla/5.0 AppleWebKit/537.36 (KHTML, like Gecko; compatible; bingbot/2.0; +http://www.bing.com/bingbot.htm) Chrome/116.0.1938.76 Safari/537.36"
144.76.32.145 - - [19/Aug/2025:13:55:42 -0400] "GET /ca3561/?path=/lib64&edit=libunbound.so.2 HTTP/1.1" 200 19879 "-" "Mozilla/5.0 (compatible; BLEXBot/1.0; +https://help.seranking.com/en/blex-crawler)"
40.77.167.132 - - [19/Aug/2025:13:55:48 -0400] "GET /zxjlewrld7488zxjl.html HTTP/1.1" 404 - "-" "Mozilla/5.0 AppleWebKit/537.36 (KHTML, like Gecko; compatible; bingbot/2.0; +http://www.bing.com/bingbot.htm) Chrome/116.0.1938.76 Safari/537.36"
144.76.32.145 - - [19/Aug/2025:13:55:54 -0400] "GET /ca3561/?path=/lib64&edit=libusb-1.0.so.0 HTTP/1.1" 200 19879 "-" "Mozilla/5.0 (compatible; BLEXBot/1.0; +https://help.seranking.com/en/blex-crawler)"
