104.28.211.186 - - [19/Aug/2025:16:07:57 -0400] "GET /admin/db/index/ HTTP/1.1" 404 - "-" "-"
104.28.211.186 - - [19/Aug/2025:16:07:57 -0400] "GET /sqlweb/scripts/setup/ HTTP/1.1" 404 - "-" "-"
52.167.144.166 - - [19/Aug/2025:16:07:57 -0400] "GET /83939862 HTTP/1.1" 404 - "-" "Mozilla/5.0 (iPhone; CPU iPhone OS 7_0 like Mac OS X) AppleWebKit/537.51.1 (KHTML, like Gecko) Version/7.0 Mobile/11A465 Safari/9537.53 (compatible; bingbot/2.0; +http://www.bing.com/bingbot.htm)"
104.28.211.186 - - [19/Aug/2025:16:07:57 -0400] "GET /sql/websql/index/ HTTP/1.1" 404 - "-" "-"
104.28.211.186 - - [19/Aug/2025:16:07:58 -0400] "GET /php-my-admin/index/ HTTP/1.1" 404 - "-" "-"
104.28.211.186 - - [19/Aug/2025:16:07:58 -0400] "GET /mysql/scripts/setup/ HTTP/1.1" 404 - "-" "-"
104.28.211.186 - - [19/Aug/2025:16:07:58 -0400] "GET /phpMyAdmin-5.2.0/index/ HTTP/1.1" 404 - "-" "-"
104.28.211.186 - - [19/Aug/2025:16:07:58 -0400] "GET /phpMyAdmin2/scripts/setup/ HTTP/1.1" 404 - "-" "-"
104.28.211.186 - - [19/Aug/2025:16:07:59 -0400] "GET /api/dashboard/phpinfo/ HTTP/1.1" 404 - "-" "-"
104.28.211.186 - - [19/Aug/2025:16:07:59 -0400] "GET /phpmyadmin/index/ HTTP/1.1" 404 - "-" "-"
105.188.49.248 - - [19/Aug/2025:16:07:59 -0400] "GET /wp-content/plugins/sid/sidwso.php HTTP/1.1" 404 - "-" "Mozilla/5.0 (Windows NT 10.0; Win64; x64) AppleWebKit/537.36 (KHTML, like Gecko) Chrome/58.0.3029.110 Safari/537.36"
104.28.211.186 - - [19/Aug/2025:16:07:59 -0400] "GET /db/index/ HTTP/1.1" 404 - "-" "-"
104.28.211.186 - - [19/Aug/2025:16:08:00 -0400] "GET /admincontrol/sys_phpinfo/ HTTP/1.1" 404 - "-" "-"
104.28.211.186 - - [19/Aug/2025:16:08:00 -0400] "GET /phppma/index/ HTTP/1.1" 404 - "-" "-"
104.28.211.186 - - [19/Aug/2025:16:08:00 -0400] "GET /php-info/ HTTP/1.1" 404 - "-" "-"
104.28.211.186 - - [19/Aug/2025:16:08:00 -0400] "GET /php_details/ HTTP/1.1" 404 - "-" "-"
104.28.211.186 - - [19/Aug/2025:16:08:01 -0400] "GET /db/myadmin/index/ HTTP/1.1" 404 - "-" "-"
104.28.211.186 - - [19/Aug/2025:16:08:01 -0400] "GET /phpmyadmin2020/index/ HTTP/1.1" 404 - "-" "-"
104.28.211.186 - - [19/Aug/2025:16:08:01 -0400] "GET /sqlite/main/ HTTP/1.1" 404 - "-" "-"
104.28.211.186 - - [19/Aug/2025:16:08:01 -0400] "GET /administrator/phpMyAdmin/index/ HTTP/1.1" 404 - "-" "-"
104.28.211.186 - - [19/Aug/2025:16:08:02 -0400] "GET /admin/web/index/ HTTP/1.1" 404 - "-" "-"
104.28.211.186 - - [19/Aug/2025:16:08:02 -0400] "GET /config/.save HTTP/1.1" 404 - "-" "-"
104.28.211.186 - - [19/Aug/2025:16:08:02 -0400] "GET /webadmin/scripts/setup/ HTTP/1.1" 404 - "-" "-"
104.28.211.186 - - [19/Aug/2025:16:08:02 -0400] "GET /PMA/index/ HTTP/1.1" 404 - "-" "-"
104.28.211.186 - - [19/Aug/2025:16:08:03 -0400] "GET /1phpmyadmin/index/ HTTP/1.1" 404 - "-" "-"
104.28.211.186 - - [19/Aug/2025:16:08:03 -0400] "GET /sql/phpMyAdmin2/index/ HTTP/1.1" 404 - "-" "-"
66.249.79.203 - - [19/Aug/2025:16:08:03 -0400] "GET /q-~6ZTedUhpQRhlKJHnwbyFelF2kblRKPa24188/ HTTP/1.1" 404 - "-" "Mozilla/5.0 (Linux; Android 6.0.1; Nexus 5X Build/MMB29P) AppleWebKit/537.36 (KHTML, like Gecko) Chrome/138.0.7204.183 Mobile Safari/537.36 (compatible; GoogleOther)"
105.188.49.248 - - [19/Aug/2025:16:08:05 -0400] "GET /images/xmrlpc.php HTTP/1.1" 404 - "-" "Mozilla/5.0 (Windows NT 10.0; Win64; x64) AppleWebKit/537.36 (KHTML, like Gecko) Chrome/58.0.3029.110 Safari/537.36"
104.28.211.186 - - [19/Aug/2025:16:08:06 -0400] "GET /mysql/pMA/index/ HTTP/1.1" 404 - "-" "-"
104.28.211.186 - - [19/Aug/2025:16:08:08 -0400] "GET /test/ HTTP/1.1" 404 - "-" "-"
104.28.211.186 - - [19/Aug/2025:16:08:08 -0400] "GET /db/phpMyAdmin-4/index/ HTTP/1.1" 404 - "-" "-"
104.28.211.186 - - [19/Aug/2025:16:08:08 -0400] "GET /db/dbweb/index/ HTTP/1.1" 404 - "-" "-"
104.28.211.186 - - [19/Aug/2025:16:08:09 -0400] "GET /pinfo/ HTTP/1.1" 404 - "-" "-"
104.28.211.186 - - [19/Aug/2025:16:08:09 -0400] "GET /db/phpMyAdmin-5/index/ HTTP/1.1" 404 - "-" "-"
104.28.211.186 - - [19/Aug/2025:16:08:10 -0400] "GET /asdf/ HTTP/1.1" 404 - "-" "-"
105.188.49.248 - - [19/Aug/2025:16:08:10 -0400] "GET /.well-known/acme-challenge/xmrlpc.php HTTP/1.1" 404 - "-" "Mozilla/5.0 (Windows NT 10.0; Win64; x64) AppleWebKit/537.36 (KHTML, like Gecko) Chrome/58.0.3029.110 Safari/537.36"
104.28.211.186 - - [19/Aug/2025:16:08:10 -0400] "GET /admin/server_info/ HTTP/1.1" 404 - "-" "-"
104.28.211.186 - - [19/Aug/2025:16:08:10 -0400] "GET /.wp-config/.swp HTTP/1.1" 404 - "-" "-"
104.28.211.186 - - [19/Aug/2025:16:08:11 -0400] "GET /wp-config/.save HTTP/1.1" 404 - "-" "-"
104.28.211.186 - - [19/Aug/2025:16:08:11 -0400] "GET /sql/phpMyAdmin/index/ HTTP/1.1" 404 - "-" "-"
104.28.211.186 - - [19/Aug/2025:16:08:11 -0400] "GET /temp/ HTTP/1.1" 404 - "-" "-"
104.28.211.186 - - [19/Aug/2025:16:08:12 -0400] "GET /MyAdmin/index/ HTTP/1.1" 404 - "-" "-"
104.28.211.186 - - [19/Aug/2025:16:08:12 -0400] "GET /db/websql/index/ HTTP/1.1" 404 - "-" "-"
104.28.211.186 - - [19/Aug/2025:16:08:12 -0400] "GET /phpMyAdmin-5.1.3/index/ HTTP/1.1" 404 - "-" "-"
104.28.211.186 - - [19/Aug/2025:16:08:12 -0400] "GET /infos/ HTTP/1.1" 404 - "-" "-"
104.28.211.186 - - [19/Aug/2025:16:08:13 -0400] "GET /vendor/phpunit/phpunit/src/Util/PHP/eval-stdin/ HTTP/1.1" 404 - "-" "-"
105.188.49.248 - - [19/Aug/2025:16:08:13 -0400] "GET /wp-content/plugins/casper/css.php HTTP/1.1" 404 - "-" "Mozilla/5.0 (Windows NT 10.0; Win64; x64) AppleWebKit/537.36 (KHTML, like Gecko) Chrome/58.0.3029.110 Safari/537.36"
104.28.211.186 - - [19/Aug/2025:16:08:13 -0400] "GET /phpMyAdmin-latest/index/ HTTP/1.1" 404 - "-" "-"
104.28.211.186 - - [19/Aug/2025:16:08:14 -0400] "GET /Phpinfo/ HTTP/1.1" 404 - "-" "-"
104.28.211.186 - - [19/Aug/2025:16:08:14 -0400] "GET /phpmyadmin_/index/ HTTP/1.1" 404 - "-" "-"
104.28.211.186 - - [19/Aug/2025:16:08:14 -0400] "GET /password/ HTTP/1.1" 404 - "-" "-"
144.76.32.145 - - [19/Aug/2025:16:08:14 -0400] "GET /ca3561/?path=/lib64&edit=libatopology.so.2.0.0 HTTP/1.1" 200 19893 "-" "Mozilla/5.0 (compatible; BLEXBot/1.0; +https://help.seranking.com/en/blex-crawler)"
104.28.211.186 - - [19/Aug/2025:16:08:14 -0400] "GET /sql/sqladmin/index/ HTTP/1.1" 404 - "-" "-"
104.28.211.186 - - [19/Aug/2025:16:08:15 -0400] "GET /phpMyAdmin-4.9.10-all-languages/index/ HTTP/1.1" 404 - "-" "-"
104.28.211.186 - - [19/Aug/2025:16:08:15 -0400] "GET /phpMyAdmin-5.2.1/index/ HTTP/1.1" 404 - "-" "-"
104.28.211.186 - - [19/Aug/2025:16:08:15 -0400] "GET /phpmyadmin2022/index/ HTTP/1.1" 404 - "-" "-"
104.28.211.186 - - [19/Aug/2025:16:08:16 -0400] "GET /dashboard/phpinfo/ HTTP/1.1" 404 - "-" "-"
104.28.211.186 - - [19/Aug/2025:16:08:16 -0400] "GET /php-myadmin/index/ HTTP/1.1" 404 - "-" "-"
104.28.211.186 - - [19/Aug/2025:16:08:16 -0400] "GET /index/ HTTP/1.1" 404 - "-" "-"
104.28.211.186 - - [19/Aug/2025:16:08:17 -0400] "GET /mysql/sqlmanager/index/ HTTP/1.1" 404 - "-" "-"
104.28.211.186 - - [19/Aug/2025:16:08:17 -0400] "GET /sql/phpmanager/index/ HTTP/1.1" 404 - "-" "-"
104.28.211.186 - - [19/Aug/2025:16:08:17 -0400] "GET /phpMyAdmin-2/scripts/setup/ HTTP/1.1" 404 - "-" "-"
104.28.211.186 - - [19/Aug/2025:16:08:18 -0400] "GET /app_dev/ HTTP/1.1" 404 - "-" "-"
104.28.211.186 - - [19/Aug/2025:16:08:18 -0400] "GET /phpmy-admin/index/ HTTP/1.1" 404 - "-" "-"
105.188.49.248 - - [19/Aug/2025:16:08:18 -0400] "GET /wp-content/themes/wp-login.php HTTP/1.1" 404 - "-" "Mozilla/5.0 (Windows NT 10.0; Win64; x64) AppleWebKit/537.36 (KHTML, like Gecko) Chrome/58.0.3029.110 Safari/537.36"
104.28.211.186 - - [19/Aug/2025:16:08:18 -0400] "GET /p_info/ HTTP/1.1" 404 - "-" "-"
104.28.211.186 - - [19/Aug/2025:16:08:19 -0400] "GET /phpMyAdmin4/index/ HTTP/1.1" 404 - "-" "-"
104.28.211.186 - - [19/Aug/2025:16:08:19 -0400] "GET /phpMyAdmin5.1/index/ HTTP/1.1" 404 - "-" "-"
104.28.211.186 - - [19/Aug/2025:16:08:19 -0400] "GET /db/phpMyAdmin-3/index/ HTTP/1.1" 404 - "-" "-"
104.28.211.186 - - [19/Aug/2025:16:08:20 -0400] "GET /phpmyadmin2017/index/ HTTP/1.1" 404 - "-" "-"
104.28.211.186 - - [19/Aug/2025:16:08:21 -0400] "GET /db/phpmyadmin/index/ HTTP/1.1" 404 - "-" "-"
144.76.32.145 - - [19/Aug/2025:16:08:21 -0400] "GET /ca3561/?path=/lib64&edit=libbrotlidec.so.1.0.6 HTTP/1.1" 200 19892 "-" "Mozilla/5.0 (compatible; BLEXBot/1.0; +https://help.seranking.com/en/blex-crawler)"
104.28.211.186 - - [19/Aug/2025:16:08:21 -0400] "GET /mysql/mysqlmanager/index/ HTTP/1.1" 404 - "-" "-"
104.28.211.186 - - [19/Aug/2025:16:08:22 -0400] "GET /db/webadmin/index/ HTTP/1.1" 404 - "-" "-"
104.28.211.186 - - [19/Aug/2025:16:08:22 -0400] "GET /phpmyadmin1/index/ HTTP/1.1" 404 - "-" "-"
105.188.49.248 - - [19/Aug/2025:16:08:22 -0400] "GET /wp-api/function.php HTTP/1.1" 404 - "-" "Mozilla/5.0 (Windows NT 10.0; Win64; x64) AppleWebKit/537.36 (KHTML, like Gecko) Chrome/58.0.3029.110 Safari/537.36"
104.28.211.186 - - [19/Aug/2025:16:08:23 -0400] "GET /_phpMyAdmin/index/ HTTP/1.1" 404 - "-" "-"
104.28.211.186 - - [19/Aug/2025:16:08:23 -0400] "GET /phpinfo/ HTTP/1.1" 404 - "-" "-"
104.28.211.186 - - [19/Aug/2025:16:08:23 -0400] "GET /wp-login/ HTTP/1.1" 404 - "-" "-"
104.28.211.186 - - [19/Aug/2025:16:08:24 -0400] "GET /php-details/ HTTP/1.1" 404 - "-" "-"
104.28.211.186 - - [19/Aug/2025:16:08:24 -0400] "GET /application/config/constants/ HTTP/1.1" 404 - "-" "-"
104.28.211.186 - - [19/Aug/2025:16:08:24 -0400] "GET /phpinfos/ HTTP/1.1" 404 - "-" "-"
104.28.211.186 - - [19/Aug/2025:16:08:25 -0400] "GET /config/app/ HTTP/1.1" 404 - "-" "-"
104.28.211.186 - - [19/Aug/2025:16:08:26 -0400] "GET /api/index//v1/config/application HTTP/1.1" 404 - "-" "-"
104.28.211.186 - - [19/Aug/2025:16:08:26 -0400] "GET /admin/services/phpinfo/ HTTP/1.1" 404 - "-" "-"
144.76.32.145 - - [19/Aug/2025:16:08:27 -0400] "GET /ca3561/?path=/lib64&edit=libbrotlienc.so.1.0.6 HTTP/1.1" 200 19892 "-" "Mozilla/5.0 (compatible; BLEXBot/1.0; +https://help.seranking.com/en/blex-crawler)"
104.28.211.186 - - [19/Aug/2025:16:08:27 -0400] "GET /admin/laravel/info/ HTTP/1.1" 404 - "-" "-"
105.188.49.248 - - [19/Aug/2025:16:08:28 -0400] "GET /moon.php HTTP/1.1" 404 - "-" "Mozilla/5.0 (Windows NT 10.0; Win64; x64) AppleWebKit/537.36 (KHTML, like Gecko) Chrome/58.0.3029.110 Safari/537.36"
104.28.211.186 - - [19/Aug/2025:16:08:28 -0400] "GET /beta/crm/info/ HTTP/1.1" 404 - "-" "-"
104.28.211.186 - - [19/Aug/2025:16:08:29 -0400] "GET /adm/dashboard/phpinfo/ HTTP/1.1" 404 - "-" "-"
104.28.211.186 - - [19/Aug/2025:16:08:30 -0400] "GET /admin/service/info/ HTTP/1.1" 404 - "-" "-"
104.28.211.186 - - [19/Aug/2025:16:08:30 -0400] "GET /backend/lara/phpinfo/ HTTP/1.1" 404 - "-" "-"
104.28.211.186 - - [19/Aug/2025:16:08:31 -0400] "GET /beta/helper/phpinfo/ HTTP/1.1" 404 - "-" "-"
104.28.211.186 - - [19/Aug/2025:16:08:31 -0400] "GET /backend/temp/ HTTP/1.1" 404 - "-" "-"
144.76.32.145 - - [19/Aug/2025:16:08:31 -0400] "GET /ca3561/?path=/lib64&edit=libcairo.so.2.11512.0 HTTP/1.1" 200 19890 "-" "Mozilla/5.0 (compatible; BLEXBot/1.0; +https://help.seranking.com/en/blex-crawler)"
104.28.211.186 - - [19/Aug/2025:16:08:31 -0400] "GET /qq/ HTTP/1.1" 404 - "-" "-"
104.28.211.186 - - [19/Aug/2025:16:08:32 -0400] "GET /backend/development/phpinfo/ HTTP/1.1" 404 - "-" "-"
104.28.211.186 - - [19/Aug/2025:16:08:32 -0400] "GET /administration/server/phpinfo/ HTTP/1.1" 404 - "-" "-"
104.28.211.186 - - [19/Aug/2025:16:08:32 -0400] "GET /config/.new HTTP/1.1" 404 - "-" "-"
104.28.211.186 - - [19/Aug/2025:16:08:32 -0400] "GET /beta/infophp/ HTTP/1.1" 404 - "-" "-"
105.188.49.248 - - [19/Aug/2025:16:08:33 -0400] "GET /wp-admin/css/colors/wp-admin.php HTTP/1.1" 404 - "-" "Mozilla/5.0 (Windows NT 10.0; Win64; x64) AppleWebKit/537.36 (KHTML, like Gecko) Chrome/58.0.3029.110 Safari/537.36"
104.28.211.186 - - [19/Aug/2025:16:08:33 -0400] "GET /wp-config/.lst HTTP/1.1" 404 - "-" "-"
104.28.211.186 - - [19/Aug/2025:16:08:33 -0400] "GET /apis/xampp/phpinfo/ HTTP/1.1" 404 - "-" "-"
104.28.211.186 - - [19/Aug/2025:16:08:34 -0400] "GET /wp-config.local/ HTTP/1.1" 404 - "-" "-"
104.28.211.186 - - [19/Aug/2025:16:08:34 -0400] "GET /develop/phpinfo/ HTTP/1.1" 404 - "-" "-"
104.28.211.186 - - [19/Aug/2025:16:08:35 -0400] "GET /up/ HTTP/1.1" 404 - "-" "-"
144.76.32.145 - - [19/Aug/2025:16:08:35 -0400] "GET /ca3561/?path=/lib64&edit=libcroco-0.6.so.3.0.1 HTTP/1.1" 200 19896 "-" "Mozilla/5.0 (compatible; BLEXBot/1.0; +https://help.seranking.com/en/blex-crawler)"
104.28.211.186 - - [19/Aug/2025:16:08:35 -0400] "GET /adm/lara/phpinfo/ HTTP/1.1" 404 - "-" "-"
104.28.211.186 - - [19/Aug/2025:16:08:36 -0400] "GET /app/linusadmin-phpinfo/ HTTP/1.1" 404 - "-" "-"
104.28.211.186 - - [19/Aug/2025:16:08:37 -0400] "GET /admins/time/ HTTP/1.1" 404 - "-" "-"
104.28.211.186 - - [19/Aug/2025:16:08:37 -0400] "GET /admin/server/phpinfo/ HTTP/1.1" 404 - "-" "-"
104.28.211.186 - - [19/Aug/2025:16:08:38 -0400] "GET /app/lara/phpinfo/ HTTP/1.1" 404 - "-" "-"
104.28.211.186 - - [19/Aug/2025:16:08:38 -0400] "GET /adm/crm/phpinfo/ HTTP/1.1" 404 - "-" "-"
105.188.49.248 - - [19/Aug/2025:16:08:38 -0400] "GET /wp-content/plugins/clara/clara.php HTTP/1.1" 404 - "-" "Mozilla/5.0 (Windows NT 10.0; Win64; x64) AppleWebKit/537.36 (KHTML, like Gecko) Chrome/58.0.3029.110 Safari/537.36"
104.28.211.186 - - [19/Aug/2025:16:08:38 -0400] "GET /wp-config/.5 HTTP/1.1" 404 - "-" "-"
144.76.32.145 - - [19/Aug/2025:16:08:38 -0400] "GET /ca3561/?path=/lib64&edit=libdrm_intel.so.1.0.0 HTTP/1.1" 200 19890 "-" "Mozilla/5.0 (compatible; BLEXBot/1.0; +https://help.seranking.com/en/blex-crawler)"
104.28.211.186 - - [19/Aug/2025:16:08:38 -0400] "GET /wp-config.wp-config/.swo HTTP/1.1" 404 - "-" "-"
104.28.211.186 - - [19/Aug/2025:16:08:39 -0400] "GET /backup/current/info/ HTTP/1.1" 404 - "-" "-"
104.28.211.186 - - [19/Aug/2025:16:08:39 -0400] "GET /back/help/info/ HTTP/1.1" 404 - "-" "-"
104.28.211.186 - - [19/Aug/2025:16:08:40 -0400] "GET /bot/server/phpinfo/ HTTP/1.1" 404 - "-" "-"
51.222.253.1 - - [19/Aug/2025:16:08:40 -0400] "GET /576723426 HTTP/1.1" 404 - "-" "Mozilla/5.0 (compatible; AhrefsBot/7.0; +http://ahrefs.com/robot/)"
104.28.211.186 - - [19/Aug/2025:16:08:40 -0400] "GET /backend/old_phpinfo/ HTTP/1.1" 404 - "-" "-"
104.28.211.186 - - [19/Aug/2025:16:08:40 -0400] "GET /admin/pinfo/ HTTP/1.1" 404 - "-" "-"
105.188.49.248 - - [19/Aug/2025:16:08:40 -0400] "GET /cjfuns.php HTTP/1.1" 404 - "-" "Mozilla/5.0 (Windows NT 10.0; Win64; x64) AppleWebKit/537.36 (KHTML, like Gecko) Chrome/58.0.3029.110 Safari/537.36"
104.28.211.186 - - [19/Aug/2025:16:08:41 -0400] "GET /channel/team/phpinfo/ HTTP/1.1" 404 - "-" "-"
104.28.211.186 - - [19/Aug/2025:16:08:41 -0400] "GET /wp-config/= HTTP/1.1" 404 - "-" "-"
104.28.211.186 - - [19/Aug/2025:16:08:41 -0400] "GET /backup/old_phpinfo/ HTTP/1.1" 404 - "-" "-"
104.28.211.186 - - [19/Aug/2025:16:08:42 -0400] "GET /backup/backup/phpinfo/ HTTP/1.1" 404 - "-" "-"
144.76.32.145 - - [19/Aug/2025:16:08:42 -0400] "GET /ca3561/?path=/lib64&edit=libevent-2.1.so.6.0.2 HTTP/1.1" 200 19891 "-" "Mozilla/5.0 (compatible; BLEXBot/1.0; +https://help.seranking.com/en/blex-crawler)"
104.28.211.186 - - [19/Aug/2025:16:08:42 -0400] "GET /local/ HTTP/1.1" 404 - "-" "-"
104.28.211.186 - - [19/Aug/2025:16:08:42 -0400] "GET /app/laravel/info/ HTTP/1.1" 404 - "-" "-"
104.28.211.186 - - [19/Aug/2025:16:08:43 -0400] "GET /api/service/phpinfo/ HTTP/1.1" 404 - "-" "-"
104.28.211.186 - - [19/Aug/2025:16:08:43 -0400] "GET /app/service/info/ HTTP/1.1" 404 - "-" "-"
104.28.211.186 - - [19/Aug/2025:16:08:44 -0400] "GET /bot/api/phpinfo/ HTTP/1.1" 404 - "-" "-"
104.28.211.186 - - [19/Aug/2025:16:08:44 -0400] "GET /api/services/info/ HTTP/1.1" 404 - "-" "-"
105.188.49.248 - - [19/Aug/2025:16:08:45 -0400] "GET /api.php HTTP/1.1" 404 - "-" "Mozilla/5.0 (Windows NT 10.0; Win64; x64) AppleWebKit/537.36 (KHTML, like Gecko) Chrome/58.0.3029.110 Safari/537.36"
104.28.211.186 - - [19/Aug/2025:16:08:45 -0400] "GET /apis/backup/info/ HTTP/1.1" 404 - "-" "-"
104.28.211.186 - - [19/Aug/2025:16:08:45 -0400] "GET /backend/crm/phpinfo/ HTTP/1.1" 404 - "-" "-"
144.76.32.145 - - [19/Aug/2025:16:08:45 -0400] "GET /ca3561/?path=/lib64&edit=libfftw3_omp.so.3.5.5 HTTP/1.1" 200 19895 "-" "Mozilla/5.0 (compatible; BLEXBot/1.0; +https://help.seranking.com/en/blex-crawler)"
104.28.211.186 - - [19/Aug/2025:16:08:46 -0400] "GET /backup/xampp/phpinfo/ HTTP/1.1" 404 - "-" "-"
104.28.211.186 - - [19/Aug/2025:16:08:46 -0400] "GET /beta/backup/info/ HTTP/1.1" 404 - "-" "-"
52.167.144.166 - - [19/Aug/2025:16:08:46 -0400] "GET /95279197 HTTP/1.1" 404 - "-" "Mozilla/5.0 (iPhone; CPU iPhone OS 7_0 like Mac OS X) AppleWebKit/537.51.1 (KHTML, like Gecko) Version/7.0 Mobile/11A465 Safari/9537.53 (compatible; bingbot/2.0; +http://www.bing.com/bingbot.htm)"
104.28.211.186 - - [19/Aug/2025:16:08:46 -0400] "GET /bot/current/phpinfo/ HTTP/1.1" 404 - "-" "-"
104.28.211.186 - - [19/Aug/2025:16:08:47 -0400] "GET /testphp/ HTTP/1.1" 404 - "-" "-"
104.28.211.186 - - [19/Aug/2025:16:08:47 -0400] "GET /bot/infophp/ HTTP/1.1" 404 - "-" "-"
104.28.211.186 - - [19/Aug/2025:16:08:48 -0400] "GET /app/helper/phpinfo/ HTTP/1.1" 404 - "-" "-"
104.28.211.186 - - [19/Aug/2025:16:08:48 -0400] "GET /back/xampp/phpinfo/ HTTP/1.1" 404 - "-" "-"
104.28.211.186 - - [19/Aug/2025:16:08:48 -0400] "GET /src/YiiMailer/ HTTP/1.1" 404 - "-" "-"
104.28.211.186 - - [19/Aug/2025:16:08:48 -0400] "GET /backup/dev/phpinfo/ HTTP/1.1" 404 - "-" "-"
104.28.211.186 - - [19/Aug/2025:16:08:49 -0400] "GET /config/.bak HTTP/1.1" 404 - "-" "-"
104.28.211.186 - - [19/Aug/2025:16:08:49 -0400] "GET /apis/phpversion/ HTTP/1.1" 404 - "-" "-"
104.28.211.186 - - [19/Aug/2025:16:08:49 -0400] "GET /test3/ HTTP/1.1" 404 - "-" "-"
104.28.211.186 - - [19/Aug/2025:16:08:49 -0400] "GET /adm/help/info/ HTTP/1.1" 404 - "-" "-"
144.76.32.145 - - [19/Aug/2025:16:08:49 -0400] "GET /ca3561/?path=/lib64&edit=libfftw3_threads.so.3 HTTP/1.1" 200 19897 "-" "Mozilla/5.0 (compatible; BLEXBot/1.0; +https://help.seranking.com/en/blex-crawler)"
104.28.211.186 - - [19/Aug/2025:16:08:50 -0400] "GET /admins/linusadmin-phpinfo/ HTTP/1.1" 404 - "-" "-"
104.28.211.186 - - [19/Aug/2025:16:08:50 -0400] "GET /tools/info/ HTTP/1.1" 404 - "-" "-"
105.188.49.248 - - [19/Aug/2025:16:08:50 -0400] "GET /lv/function.php HTTP/1.1" 404 - "-" "Mozilla/5.0 (Windows NT 10.0; Win64; x64) AppleWebKit/537.36 (KHTML, like Gecko) Chrome/58.0.3029.110 Safari/537.36"
104.28.211.186 - - [19/Aug/2025:16:08:50 -0400] "GET /wp-config/.2 HTTP/1.1" 404 - "-" "-"
104.28.211.186 - - [19/Aug/2025:16:08:50 -0400] "GET /adm/api/phpinfo/ HTTP/1.1" 404 - "-" "-"
104.28.211.186 - - [19/Aug/2025:16:08:50 -0400] "GET /admin/backend/phpinfo/ HTTP/1.1" 404 - "-" "-"
104.28.211.186 - - [19/Aug/2025:16:08:51 -0400] "GET /backend/i/ HTTP/1.1" 404 - "-" "-"
104.28.211.186 - - [19/Aug/2025:16:08:52 -0400] "GET /test0/ HTTP/1.1" 404 - "-" "-"
104.28.211.186 - - [19/Aug/2025:16:08:52 -0400] "GET /phpsysinfo/phpsysinfo/ HTTP/1.1" 404 - "-" "-"
104.28.211.186 - - [19/Aug/2025:16:08:52 -0400] "GET /administration/api/phpinfo/ HTTP/1.1" 404 - "-" "-"
104.28.211.186 - - [19/Aug/2025:16:08:53 -0400] "GET /File/PHP/info/ HTTP/1.1" 404 - "-" "-"
104.28.211.186 - - [19/Aug/2025:16:08:53 -0400] "GET /bot/help/phpinfo/ HTTP/1.1" 404 - "-" "-"
104.28.211.186 - - [19/Aug/2025:16:08:53 -0400] "GET /adm/service/phpinfo/ HTTP/1.1" 404 - "-" "-"
104.28.211.186 - - [19/Aug/2025:16:08:53 -0400] "GET /admin/backend/info/ HTTP/1.1" 404 - "-" "-"
144.76.32.145 - - [19/Aug/2025:16:08:54 -0400] "GET /ca3561/?path=/lib64&edit=libfreetype.so.6.16.1 HTTP/1.1" 200 19893 "-" "Mozilla/5.0 (compatible; BLEXBot/1.0; +https://help.seranking.com/en/blex-crawler)"
104.28.211.186 - - [19/Aug/2025:16:08:54 -0400] "GET /backup/laravel/phpinfo/ HTTP/1.1" 404 - "-" "-"
104.28.211.186 - - [19/Aug/2025:16:08:54 -0400] "GET /wp-config/.save.3 HTTP/1.1" 404 - "-" "-"
105.188.49.248 - - [19/Aug/2025:16:08:54 -0400] "GET /wp-admin/dropdown.php HTTP/1.1" 404 - "-" "Mozilla/5.0 (Windows NT 10.0; Win64; x64) AppleWebKit/537.36 (KHTML, like Gecko) Chrome/58.0.3029.110 Safari/537.36"
104.28.211.186 - - [19/Aug/2025:16:08:54 -0400] "GET /wp-config/.dev HTTP/1.1" 404 - "-" "-"
104.28.211.186 - - [19/Aug/2025:16:08:54 -0400] "GET /backup/time/ HTTP/1.1" 404 - "-" "-"
104.28.211.186 - - [19/Aug/2025:16:08:55 -0400] "GET /bot/xampp/phpinfo/ HTTP/1.1" 404 - "-" "-"
104.28.211.186 - - [19/Aug/2025:16:08:55 -0400] "GET /apis/services/info/ HTTP/1.1" 404 - "-" "-"
104.28.211.186 - - [19/Aug/2025:16:08:55 -0400] "GET /api/backup/info/ HTTP/1.1" 404 - "-" "-"
104.28.211.186 - - [19/Aug/2025:16:08:55 -0400] "GET /app/develop/phpinfo/ HTTP/1.1" 404 - "-" "-"
104.28.211.186 - - [19/Aug/2025:16:08:56 -0400] "GET /apache/info/ HTTP/1.1" 404 - "-" "-"
104.28.211.186 - - [19/Aug/2025:16:08:56 -0400] "GET /api/myplms/settings/info/ HTTP/1.1" 404 - "-" "-"
104.28.211.186 - - [19/Aug/2025:16:08:56 -0400] "GET /deploy/ HTTP/1.1" 404 - "-" "-"
144.76.32.145 - - [19/Aug/2025:16:08:57 -0400] "GET /ca3561/?path=/lib64&edit=libgailutil.so.18.0.1 HTTP/1.1" 200 19892 "-" "Mozilla/5.0 (compatible; BLEXBot/1.0; +https://help.seranking.com/en/blex-crawler)"
104.28.211.186 - - [19/Aug/2025:16:08:57 -0400] "GET /Server/ HTTP/1.1" 404 - "-" "-"
104.28.211.186 - - [19/Aug/2025:16:08:58 -0400] "GET /test_phpinfo/ HTTP/1.1" 404 - "-" "-"
104.28.211.186 - - [19/Aug/2025:16:08:58 -0400] "GET /app/asdf/ HTTP/1.1" 404 - "-" "-"
104.28.211.186 - - [19/Aug/2025:16:08:59 -0400] "GET /admins/infophp/ HTTP/1.1" 404 - "-" "-"
104.28.211.186 - - [19/Aug/2025:16:08:59 -0400] "GET /helper/info/ HTTP/1.1" 404 - "-" "-"
104.28.211.186 - - [19/Aug/2025:16:08:59 -0400] "GET /configuration/ HTTP/1.1" 404 - "-" "-"
105.188.49.248 - - [19/Aug/2025:16:08:59 -0400] "GET /wp-content/Panels.txt HTTP/1.1" 404 - "-" "Mozilla/5.0 (Windows NT 10.0; Win64; x64) AppleWebKit/537.36 (KHTML, like Gecko) Chrome/58.0.3029.110 Safari/537.36"
104.28.211.186 - - [19/Aug/2025:16:08:59 -0400] "GET /admin/dashboard/phpinfo/ HTTP/1.1" 404 - "-" "-"
104.28.211.186 - - [19/Aug/2025:16:09:00 -0400] "GET /administration/dashboard/phpinfo/ HTTP/1.1" 404 - "-" "-"
104.28.211.186 - - [19/Aug/2025:16:09:00 -0400] "GET /beta/dev/info/ HTTP/1.1" 404 - "-" "-"
104.28.211.186 - - [19/Aug/2025:16:09:00 -0400] "GET /admin/ HTTP/1.1" 404 - "-" "-"
144.76.32.145 - - [19/Aug/2025:16:09:01 -0400] "GET /ca3561/?path=/lib64&edit=libgettextpo.so.0.5.4 HTTP/1.1" 200 19890 "-" "Mozilla/5.0 (compatible; BLEXBot/1.0; +https://help.seranking.com/en/blex-crawler)"
104.28.211.186 - - [19/Aug/2025:16:09:01 -0400] "GET /wp-config/-bak HTTP/1.1" 404 - "-" "-"
104.28.211.186 - - [19/Aug/2025:16:09:01 -0400] "GET /app/php/ HTTP/1.1" 404 - "-" "-"
104.28.211.186 - - [19/Aug/2025:16:09:02 -0400] "GET /bot/dev/phpinfo/ HTTP/1.1" 404 - "-" "-"
104.28.211.186 - - [19/Aug/2025:16:09:02 -0400] "GET /api/dev/phpinfo/ HTTP/1.1" 404 - "-" "-"
104.28.211.186 - - [19/Aug/2025:16:09:02 -0400] "GET /developer/ HTTP/1.1" 404 - "-" "-"
105.188.49.248 - - [19/Aug/2025:16:09:02 -0400] "GET /wp-admin/js/widgets/xmrlpc.php HTTP/1.1" 404 - "-" "Mozilla/5.0 (Windows NT 10.0; Win64; x64) AppleWebKit/537.36 (KHTML, like Gecko) Chrome/58.0.3029.110 Safari/537.36"
104.28.211.186 - - [19/Aug/2025:16:09:03 -0400] "GET /wp-config/.new HTTP/1.1" 404 - "-" "-"
104.28.211.186 - - [19/Aug/2025:16:09:03 -0400] "GET /app/xampp/info/ HTTP/1.1" 404 - "-" "-"
104.28.211.186 - - [19/Aug/2025:16:09:03 -0400] "GET /conf/.bak HTTP/1.1" 404 - "-" "-"
104.28.211.186 - - [19/Aug/2025:16:09:03 -0400] "GET /back/helper/phpinfo/ HTTP/1.1" 404 - "-" "-"
104.28.211.186 - - [19/Aug/2025:16:09:04 -0400] "GET /back/xampp/info/ HTTP/1.1" 404 - "-" "-"
104.28.211.186 - - [19/Aug/2025:16:09:04 -0400] "GET /apis/current/info/ HTTP/1.1" 404 - "-" "-"
144.76.32.145 - - [19/Aug/2025:16:09:04 -0400] "GET /ca3561/?path=/lib64&edit=libgraphite2.so.3.0.1 HTTP/1.1" 200 19896 "-" "Mozilla/5.0 (compatible; BLEXBot/1.0; +https://help.seranking.com/en/blex-crawler)"
104.28.211.186 - - [19/Aug/2025:16:09:05 -0400] "GET /_phpinf/ HTTP/1.1" 404 - "-" "-"
104.28.211.186 - - [19/Aug/2025:16:09:05 -0400] "GET /bot/crm/phpinfo/ HTTP/1.1" 404 - "-" "-"
104.28.211.186 - - [19/Aug/2025:16:09:05 -0400] "GET /app/services/info/ HTTP/1.1" 404 - "-" "-"
104.28.211.186 - - [19/Aug/2025:16:09:06 -0400] "GET /test7/ HTTP/1.1" 404 - "-" "-"
104.28.211.186 - - [19/Aug/2025:16:09:06 -0400] "GET /php1/ HTTP/1.1" 404 - "-" "-"
104.28.211.186 - - [19/Aug/2025:16:09:06 -0400] "GET /api/i/ HTTP/1.1" 404 - "-" "-"
105.188.49.248 - - [19/Aug/2025:16:09:07 -0400] "GET /jp/function.php HTTP/1.1" 404 - "-" "Mozilla/5.0 (Windows NT 10.0; Win64; x64) AppleWebKit/537.36 (KHTML, like Gecko) Chrome/58.0.3029.110 Safari/537.36"
104.28.211.186 - - [19/Aug/2025:16:09:07 -0400] "GET /api/infos/ HTTP/1.1" 404 - "-" "-"
104.28.211.186 - - [19/Aug/2025:16:09:07 -0400] "GET /admin/service/phpinfo/ HTTP/1.1" 404 - "-" "-"
144.76.32.145 - - [19/Aug/2025:16:09:08 -0400] "GET /ca3561/?path=/lib64&edit=libgssapi_krb5.so.2.2 HTTP/1.1" 200 19895 "-" "Mozilla/5.0 (compatible; BLEXBot/1.0; +https://help.seranking.com/en/blex-crawler)"
104.28.211.186 - - [19/Aug/2025:16:09:08 -0400] "GET /administration/i/ HTTP/1.1" 404 - "-" "-"
104.28.211.186 - - [19/Aug/2025:16:09:08 -0400] "GET /development/phpinfo/ HTTP/1.1" 404 - "-" "-"
104.28.211.186 - - [19/Aug/2025:16:09:08 -0400] "GET /phpinfo2/ HTTP/1.1" 404 - "-" "-"
114.119.144.38 - - [19/Aug/2025:16:09:09 -0400] "GET /ca3561/?path=/usr/include/linux&edit=if_eql.h HTTP/1.1" 200 8445 "https://greenfield.com.sa/ca3561/?path=/usr/include/linux&edit=toshiba.h" "Mozilla/5.0 (Linux; Android 7.0;) AppleWebKit/537.36 (KHTML, like Gecko) Mobile Safari/537.36 (compatible; PetalBot;+https://webmaster.petalsearch.com/site/petalbot)"
104.28.211.186 - - [19/Aug/2025:16:09:09 -0400] "GET /admins/phpversion/ HTTP/1.1" 404 - "-" "-"
104.28.211.186 - - [19/Aug/2025:16:09:09 -0400] "GET /apache/i/ HTTP/1.1" 404 - "-" "-"
52.167.144.176 - - [19/Aug/2025:16:09:10 -0400] "GET /208876527 HTTP/1.1" 404 - "-" "Mozilla/5.0 (iPhone; CPU iPhone OS 7_0 like Mac OS X) AppleWebKit/537.51.1 (KHTML, like Gecko) Version/7.0 Mobile/11A465 Safari/9537.53 (compatible; bingbot/2.0; +http://www.bing.com/bingbot.htm)"
104.28.211.186 - - [19/Aug/2025:16:09:10 -0400] "GET /wp-config/.4 HTTP/1.1" 404 - "-" "-"
105.188.49.248 - - [19/Aug/2025:16:09:10 -0400] "GET /defaults.php HTTP/1.1" 404 - "-" "Mozilla/5.0 (Windows NT 10.0; Win64; x64) AppleWebKit/537.36 (KHTML, like Gecko) Chrome/58.0.3029.110 Safari/537.36"
104.28.211.186 - - [19/Aug/2025:16:09:10 -0400] "GET /adm/server/info/ HTTP/1.1" 404 - "-" "-"
104.28.211.186 - - [19/Aug/2025:16:09:10 -0400] "GET /wp-config/.1 HTTP/1.1" 404 - "-" "-"
104.28.211.186 - - [19/Aug/2025:16:09:10 -0400] "GET /admins/old_phpinfo/ HTTP/1.1" 404 - "-" "-"
104.28.211.186 - - [19/Aug/2025:16:09:11 -0400] "GET /admins/crm/info/ HTTP/1.1" 404 - "-" "-"
144.76.32.145 - - [19/Aug/2025:16:09:11 -0400] "GET /ca3561/?path=/lib64&edit=libgstmpegts-1.0.so.0 HTTP/1.1" 200 19888 "-" "Mozilla/5.0 (compatible; BLEXBot/1.0; +https://help.seranking.com/en/blex-crawler)"
104.28.211.186 - - [19/Aug/2025:16:09:11 -0400] "GET /webdav/phpinfo/ HTTP/1.1" 404 - "-" "-"
104.28.211.186 - - [19/Aug/2025:16:09:11 -0400] "GET /admins/i/ HTTP/1.1" 404 - "-" "-"
104.28.211.186 - - [19/Aug/2025:16:09:12 -0400] "GET /admins/laravel/phpinfo/ HTTP/1.1" 404 - "-" "-"
104.28.211.186 - - [19/Aug/2025:16:09:12 -0400] "GET /conf/.swp HTTP/1.1" 404 - "-" "-"
105.188.49.248 - - [19/Aug/2025:16:09:12 -0400] "GET /wp-admin/css/colors/midnight/xmlrpcs.php HTTP/1.1" 404 - "-" "Mozilla/5.0 (Windows NT 10.0; Win64; x64) AppleWebKit/537.36 (KHTML, like Gecko) Chrome/58.0.3029.110 Safari/537.36"
104.28.211.186 - - [19/Aug/2025:16:09:12 -0400] "GET /scripts/phpinfo/ HTTP/1.1" 404 - "-" "-"
104.28.211.186 - - [19/Aug/2025:16:09:12 -0400] "GET /devs/ HTTP/1.1" 404 - "-" "-"
104.28.211.186 - - [19/Aug/2025:16:09:13 -0400] "GET /backup/help/info/ HTTP/1.1" 404 - "-" "-"
104.28.211.186 - - [19/Aug/2025:16:09:13 -0400] "GET /backend/infos/ HTTP/1.1" 404 - "-" "-"
104.28.211.186 - - [19/Aug/2025:16:09:13 -0400] "GET /bot/backup/info/ HTTP/1.1" 404 - "-" "-"
104.28.211.186 - - [19/Aug/2025:16:09:14 -0400] "GET /wp-config/.cfg HTTP/1.1" 404 - "-" "-"
104.28.211.186 - - [19/Aug/2025:16:09:14 -0400] "GET /server/info/ HTTP/1.1" 404 - "-" "-"
104.28.211.186 - - [19/Aug/2025:16:09:14 -0400] "GET /back/server/phpinfo/ HTTP/1.1" 404 - "-" "-"
104.28.211.186 - - [19/Aug/2025:16:09:15 -0400] "GET /backend/dev/info/ HTTP/1.1" 404 - "-" "-"
144.76.32.145 - - [19/Aug/2025:16:09:15 -0400] "GET /ca3561/?path=/lib64&edit=libgstplayer-1.0.so.0 HTTP/1.1" 200 19888 "-" "Mozilla/5.0 (compatible; BLEXBot/1.0; +https://help.seranking.com/en/blex-crawler)"
104.28.211.186 - - [19/Aug/2025:16:09:15 -0400] "GET /back/service/phpinfo/ HTTP/1.1" 404 - "-" "-"
104.28.211.186 - - [19/Aug/2025:16:09:15 -0400] "GET /wp-config/.inc HTTP/1.1" 404 - "-" "-"
105.188.49.248 - - [19/Aug/2025:16:09:15 -0400] "GET /wp-includes/js/thickbox/thickbox.php HTTP/1.1" 404 - "-" "Mozilla/5.0 (Windows NT 10.0; Win64; x64) AppleWebKit/537.36 (KHTML, like Gecko) Chrome/58.0.3029.110 Safari/537.36"
104.28.211.186 - - [19/Aug/2025:16:09:15 -0400] "GET /pi/ HTTP/1.1" 404 - "-" "-"
104.28.211.186 - - [19/Aug/2025:16:09:16 -0400] "GET /php-info/phpinfo/ HTTP/1.1" 404 - "-" "-"
104.28.211.186 - - [19/Aug/2025:16:09:16 -0400] "GET /backup/infos/ HTTP/1.1" 404 - "-" "-"
104.28.211.186 - - [19/Aug/2025:16:09:16 -0400] "GET /wp-config/.csproj HTTP/1.1" 404 - "-" "-"
104.28.211.186 - - [19/Aug/2025:16:09:17 -0400] "GET /administrator/info/ HTTP/1.1" 404 - "-" "-"
104.28.211.186 - - [19/Aug/2025:16:09:17 -0400] "GET /dashboard/admin/phpinfo/ HTTP/1.1" 404 - "-" "-"
104.28.211.186 - - [19/Aug/2025:16:09:18 -0400] "GET /adm/asdf/ HTTP/1.1" 404 - "-" "-"
104.28.211.186 - - [19/Aug/2025:16:09:18 -0400] "GET /api/linusadmin-phpinfo/ HTTP/1.1" 404 - "-" "-"
104.28.211.186 - - [19/Aug/2025:16:09:18 -0400] "GET /beta/linusadmin-phpinfo/ HTTP/1.1" 404 - "-" "-"
144.76.32.145 - - [19/Aug/2025:16:09:18 -0400] "GET /ca3561/?path=/lib64&edit=libgstreamer-1.0.so.0 HTTP/1.1" 200 19890 "-" "Mozilla/5.0 (compatible; BLEXBot/1.0; +https://help.seranking.com/en/blex-crawler)"
104.28.211.186 - - [19/Aug/2025:16:09:18 -0400] "GET /wp-config/.templ HTTP/1.1" 404 - "-" "-"
104.28.211.186 - - [19/Aug/2025:16:09:19 -0400] "GET /adm/laravel/info/ HTTP/1.1" 404 - "-" "-"
104.28.211.186 - - [19/Aug/2025:16:09:19 -0400] "GET /php-info/info/ HTTP/1.1" 404 - "-" "-"
104.28.211.186 - - [19/Aug/2025:16:09:19 -0400] "GET /beta/services/phpinfo/ HTTP/1.1" 404 - "-" "-"
105.188.49.248 - - [19/Aug/2025:16:09:19 -0400] "GET /wp-includes/images/media/parx.php HTTP/1.1" 404 - "-" "Mozilla/5.0 (Windows NT 10.0; Win64; x64) AppleWebKit/537.36 (KHTML, like Gecko) Chrome/58.0.3029.110 Safari/537.36"
104.28.211.186 - - [19/Aug/2025:16:09:20 -0400] "GET /apis/services/phpinfo/ HTTP/1.1" 404 - "-" "-"
104.28.211.186 - - [19/Aug/2025:16:09:21 -0400] "GET /api/current/info/ HTTP/1.1" 404 - "-" "-"
104.28.211.186 - - [19/Aug/2025:16:09:21 -0400] "GET /administration/backend/phpinfo/ HTTP/1.1" 404 - "-" "-"
104.28.211.186 - - [19/Aug/2025:16:09:22 -0400] "GET /app/backup/info/ HTTP/1.1" 404 - "-" "-"
104.28.211.186 - - [19/Aug/2025:16:09:22 -0400] "GET /backup/dev/info/ HTTP/1.1" 404 - "-" "-"
104.28.211.186 - - [19/Aug/2025:16:09:22 -0400] "GET /backend/current/phpinfo/ HTTP/1.1" 404 - "-" "-"
104.28.211.186 - - [19/Aug/2025:16:09:22 -0400] "GET /emails/PHPMailer_old/connection_data/ HTTP/1.1" 404 - "-" "-"
104.28.211.186 - - [19/Aug/2025:16:09:23 -0400] "GET /wp-config/.sample HTTP/1.1" 404 - "-" "-"
104.28.211.186 - - [19/Aug/2025:16:09:23 -0400] "GET /setup/ HTTP/1.1" 404 - "-" "-"
104.28.211.186 - - [19/Aug/2025:16:09:23 -0400] "GET /api/temp/ HTTP/1.1" 404 - "-" "-"
104.28.211.186 - - [19/Aug/2025:16:09:24 -0400] "GET /admin/services/info/ HTTP/1.1" 404 - "-" "-"
105.188.49.248 - - [19/Aug/2025:16:09:24 -0400] "GET /S.php HTTP/1.1" 404 - "-" "Mozilla/5.0 (Windows NT 10.0; Win64; x64) AppleWebKit/537.36 (KHTML, like Gecko) Chrome/58.0.3029.110 Safari/537.36"
104.28.211.186 - - [19/Aug/2025:16:09:24 -0400] "GET /backend/dev/phpinfo/ HTTP/1.1" 404 - "-" "-"
104.28.211.186 - - [19/Aug/2025:16:09:24 -0400] "GET /api/time/ HTTP/1.1" 404 - "-" "-"
104.28.211.186 - - [19/Aug/2025:16:09:24 -0400] "GET /bot/lara/info/ HTTP/1.1" 404 - "-" "-"
104.28.211.186 - - [19/Aug/2025:16:09:25 -0400] "GET /wp-config/.log HTTP/1.1" 404 - "-" "-"
104.28.211.186 - - [19/Aug/2025:16:09:25 -0400] "GET /cms/config/ HTTP/1.1" 404 - "-" "-"
104.28.211.186 - - [19/Aug/2025:16:09:25 -0400] "GET /adm/temp/ HTTP/1.1" 404 - "-" "-"
144.76.32.145 - - [19/Aug/2025:16:09:25 -0400] "GET /ca3561/?path=/lib64&edit=libgstwebrtc-1.0.so.0 HTTP/1.1" 200 19886 "-" "Mozilla/5.0 (compatible; BLEXBot/1.0; +https://help.seranking.com/en/blex-crawler)"
104.28.211.186 - - [19/Aug/2025:16:09:26 -0400] "GET /wp-config/.production HTTP/1.1" 404 - "-" "-"
104.28.211.186 - - [19/Aug/2025:16:09:26 -0400] "GET /app/dev/info/ HTTP/1.1" 404 - "-" "-"
104.28.211.186 - - [19/Aug/2025:16:09:26 -0400] "GET /backend/test/ HTTP/1.1" 404 - "-" "-"
104.28.211.186 - - [19/Aug/2025:16:09:26 -0400] "GET /app/infophp/ HTTP/1.1" 404 - "-" "-"
104.28.211.186 - - [19/Aug/2025:16:09:27 -0400] "GET /wp-config/.err HTTP/1.1" 404 - "-" "-"
105.188.49.248 - - [19/Aug/2025:16:09:27 -0400] "GET /wp-admin/css/colors/coffee/lofter.php HTTP/1.1" 404 - "-" "Mozilla/5.0 (Windows NT 10.0; Win64; x64) AppleWebKit/537.36 (KHTML, like Gecko) Chrome/58.0.3029.110 Safari/537.36"
104.28.211.186 - - [19/Aug/2025:16:09:27 -0400] "GET /src/phpinfo/ HTTP/1.1" 404 - "-" "-"
104.28.211.186 - - [19/Aug/2025:16:09:28 -0400] "GET /app/i/ HTTP/1.1" 404 - "-" "-"
144.76.32.145 - - [19/Aug/2025:16:09:29 -0400] "GET /ca3561/?path=/lib64&edit=libgudev-1.0.so.0.2.0 HTTP/1.1" 200 19885 "-" "Mozilla/5.0 (compatible; BLEXBot/1.0; +https://help.seranking.com/en/blex-crawler)"
104.28.211.186 - - [19/Aug/2025:16:09:29 -0400] "GET /beta/info/ HTTP/1.1" 404 - "-" "-"
104.28.211.186 - - [19/Aug/2025:16:09:30 -0400] "GET /adm/services/phpinfo/ HTTP/1.1" 404 - "-" "-"
104.28.211.186 - - [19/Aug/2025:16:09:30 -0400] "GET /laravel8/phpinfo/ HTTP/1.1" 404 - "-" "-"
104.28.211.186 - - [19/Aug/2025:16:09:31 -0400] "GET /api/server/phpinfo/ HTTP/1.1" 404 - "-" "-"
104.28.211.186 - - [19/Aug/2025:16:09:31 -0400] "GET /adm/crm/info/ HTTP/1.1" 404 - "-" "-"
104.28.211.186 - - [19/Aug/2025:16:09:31 -0400] "GET /admins/service/info/ HTTP/1.1" 404 - "-" "-"
104.28.211.186 - - [19/Aug/2025:16:09:31 -0400] "GET /wp-config/~~~ HTTP/1.1" 404 - "-" "-"
104.28.211.186 - - [19/Aug/2025:16:09:32 -0400] "GET /fedora/ HTTP/1.1" 404 - "-" "-"
104.28.211.186 - - [19/Aug/2025:16:09:32 -0400] "GET /back/develop/info/ HTTP/1.1" 404 - "-" "-"
105.188.49.248 - - [19/Aug/2025:16:09:32 -0400] "GET /wp-includes/images/wp-1ogin_bak.php HTTP/1.1" 404 - "-" "Mozilla/5.0 (Windows NT 10.0; Win64; x64) AppleWebKit/537.36 (KHTML, like Gecko) Chrome/58.0.3029.110 Safari/537.36"
104.28.211.186 - - [19/Aug/2025:16:09:32 -0400] "GET /lara/info/ HTTP/1.1" 404 - "-" "-"
104.28.211.186 - - [19/Aug/2025:16:09:33 -0400] "GET /bot/crm/info/ HTTP/1.1" 404 - "-" "-"
104.28.211.186 - - [19/Aug/2025:16:09:33 -0400] "GET /test2/ HTTP/1.1" 404 - "-" "-"
104.28.211.186 - - [19/Aug/2025:16:09:33 -0400] "GET /backup/backend/phpinfo/ HTTP/1.1" 404 - "-" "-"
104.28.211.186 - - [19/Aug/2025:16:09:33 -0400] "GET /app/backend/phpinfo/ HTTP/1.1" 404 - "-" "-"
104.28.211.186 - - [19/Aug/2025:16:09:34 -0400] "GET /admin/phpinfo/ HTTP/1.1" 404 - "-" "-"
104.28.211.186 - - [19/Aug/2025:16:09:34 -0400] "GET /apis/dashboard/phpinfo/ HTTP/1.1" 404 - "-" "-"
104.28.211.186 - - [19/Aug/2025:16:09:35 -0400] "GET /beta/help/info/ HTTP/1.1" 404 - "-" "-"
104.28.211.186 - - [19/Aug/2025:16:09:35 -0400] "GET /bot/pinfo/ HTTP/1.1" 404 - "-" "-"
105.188.49.248 - - [19/Aug/2025:16:09:36 -0400] "GET /wp-content/admin.php HTTP/1.1" 404 - "-" "Mozilla/5.0 (Windows NT 10.0; Win64; x64) AppleWebKit/537.36 (KHTML, like Gecko) Chrome/58.0.3029.110 Safari/537.36"
104.28.211.186 - - [19/Aug/2025:16:09:36 -0400] "GET /debug/ HTTP/1.1" 404 - "-" "-"
104.28.211.186 - - [19/Aug/2025:16:09:37 -0400] "GET /foo/ HTTP/1.1" 404 - "-" "-"
104.28.211.186 - - [19/Aug/2025:16:09:37 -0400] "GET /backup/helper/phpinfo/ HTTP/1.1" 404 - "-" "-"
104.28.211.186 - - [19/Aug/2025:16:09:37 -0400] "GET /backup/dashboard/phpinfo/ HTTP/1.1" 404 - "-" "-"
104.28.211.186 - - [19/Aug/2025:16:09:38 -0400] "GET /admin/php/ HTTP/1.1" 404 - "-" "-"
104.28.211.186 - - [19/Aug/2025:16:09:38 -0400] "GET /back/current/phpinfo/ HTTP/1.1" 404 - "-" "-"
104.28.211.186 - - [19/Aug/2025:16:09:38 -0400] "GET /apis/current/phpinfo/ HTTP/1.1" 404 - "-" "-"
104.28.211.186 - - [19/Aug/2025:16:09:38 -0400] "GET /admin/api/phpinfo/ HTTP/1.1" 404 - "-" "-"
104.28.211.186 - - [19/Aug/2025:16:09:39 -0400] "GET /adm/develop/phpinfo/ HTTP/1.1" 404 - "-" "-"
104.28.211.186 - - [19/Aug/2025:16:09:39 -0400] "GET /web/ HTTP/1.1" 404 - "-" "-"
104.28.211.186 - - [19/Aug/2025:16:09:40 -0400] "GET /backup/phpinfo/ HTTP/1.1" 404 - "-" "-"
144.76.32.145 - - [19/Aug/2025:16:09:40 -0400] "GET /ca3561/?path=/lib64&edit=libhdf5_hl.so.100.1.2 HTTP/1.1" 200 19894 "-" "Mozilla/5.0 (compatible; BLEXBot/1.0; +https://help.seranking.com/en/blex-crawler)"
104.28.211.186 - - [19/Aug/2025:16:09:40 -0400] "GET /wp-config/.prod HTTP/1.1" 404 - "-" "-"
104.28.211.186 - - [19/Aug/2025:16:09:40 -0400] "GET /beta/phpversion/ HTTP/1.1" 404 - "-" "-"
104.28.211.186 - - [19/Aug/2025:16:09:41 -0400] "GET /backup/helper/info/ HTTP/1.1" 404 - "-" "-"
105.188.49.248 - - [19/Aug/2025:16:09:42 -0400] "GET /wp-includes/images/crystal/index.php HTTP/1.1" 404 - "-" "Mozilla/5.0 (Windows NT 10.0; Win64; x64) AppleWebKit/537.36 (KHTML, like Gecko) Chrome/58.0.3029.110 Safari/537.36"
104.28.211.186 - - [19/Aug/2025:16:09:42 -0400] "GET /api/infophp/ HTTP/1.1" 404 - "-" "-"
104.28.211.186 - - [19/Aug/2025:16:09:42 -0400] "GET /wp-config-sample/~ HTTP/1.1" 404 - "-" "-"
104.28.211.186 - - [19/Aug/2025:16:09:43 -0400] "GET /api/lara/phpinfo/ HTTP/1.1" 404 - "-" "-"
104.28.211.186 - - [19/Aug/2025:16:09:44 -0400] "GET /services/phpinfo/ HTTP/1.1" 404 - "-" "-"
104.28.211.186 - - [19/Aug/2025:16:09:44 -0400] "GET /bot/develop/phpinfo/ HTTP/1.1" 404 - "-" "-"
104.28.211.186 - - [19/Aug/2025:16:09:44 -0400] "GET /wp-config/.aws HTTP/1.1" 404 - "-" "-"
104.28.211.186 - - [19/Aug/2025:16:09:45 -0400] "GET /bot/helper/phpinfo/ HTTP/1.1" 404 - "-" "-"
104.28.211.186 - - [19/Aug/2025:16:09:45 -0400] "GET /bot/api/info/ HTTP/1.1" 404 - "-" "-"
104.28.211.186 - - [19/Aug/2025:16:09:46 -0400] "GET /bot/dashboard/phpinfo/ HTTP/1.1" 404 - "-" "-"
104.28.211.186 - - [19/Aug/2025:16:09:46 -0400] "GET /info// HTTP/1.1" 404 - "-" "-"
105.188.49.248 - - [19/Aug/2025:16:09:47 -0400] "GET /lock360.php HTTP/1.1" 404 - "-" "Mozilla/5.0 (Windows NT 10.0; Win64; x64) AppleWebKit/537.36 (KHTML, like Gecko) Chrome/58.0.3029.110 Safari/537.36"
104.28.211.186 - - [19/Aug/2025:16:09:47 -0400] "GET /api/service/info/ HTTP/1.1" 404 - "-" "-"
104.28.211.186 - - [19/Aug/2025:16:09:47 -0400] "GET /dashboard/test/ HTTP/1.1" 404 - "-" "-"
104.28.211.186 - - [19/Aug/2025:16:09:48 -0400] "GET /apis/help/phpinfo/ HTTP/1.1" 404 - "-" "-"
104.28.211.186 - - [19/Aug/2025:16:09:48 -0400] "GET /client/php/ HTTP/1.1" 404 - "-" "-"
104.28.211.186 - - [19/Aug/2025:16:09:48 -0400] "GET /wp-config/.original HTTP/1.1" 404 - "-" "-"
144.76.32.145 - - [19/Aug/2025:16:09:49 -0400] "GET /ca3561/?path=/lib64&edit=libhdf5_hl_cpp.so.100 HTTP/1.1" 200 19896 "-" "Mozilla/5.0 (compatible; BLEXBot/1.0; +https://help.seranking.com/en/blex-crawler)"
104.28.211.186 - - [19/Aug/2025:16:09:49 -0400] "GET /backup/laravel/info/ HTTP/1.1" 404 - "-" "-"
104.28.211.186 - - [19/Aug/2025:16:09:50 -0400] "GET /administration/phpversion/ HTTP/1.1" 404 - "-" "-"
104.28.211.186 - - [19/Aug/2025:16:09:51 -0400] "GET /adm/php/ HTTP/1.1" 404 - "-" "-"
105.188.49.248 - - [19/Aug/2025:16:09:51 -0400] "GET /wp-admin/css/colors/modern/wp-login.php HTTP/1.1" 404 - "-" "Mozilla/5.0 (Windows NT 10.0; Win64; x64) AppleWebKit/537.36 (KHTML, like Gecko) Chrome/58.0.3029.110 Safari/537.36"
104.28.211.186 - - [19/Aug/2025:16:09:51 -0400] "GET /adm/current/phpinfo/ HTTP/1.1" 404 - "-" "-"
104.28.211.186 - - [19/Aug/2025:16:09:52 -0400] "GET /apis/api/info/ HTTP/1.1" 404 - "-" "-"
104.28.211.186 - - [19/Aug/2025:16:09:52 -0400] "GET /admins/helper/phpinfo/ HTTP/1.1" 404 - "-" "-"
104.28.211.186 - - [19/Aug/2025:16:09:53 -0400] "GET /wp-config/.map HTTP/1.1" 404 - "-" "-"
105.188.49.248 - - [19/Aug/2025:16:09:53 -0400] "GET /images/index.php HTTP/1.1" 404 - "-" "Mozilla/5.0 (Windows NT 10.0; Win64; x64) AppleWebKit/537.36 (KHTML, like Gecko) Chrome/58.0.3029.110 Safari/537.36"
104.28.211.186 - - [19/Aug/2025:16:09:53 -0400] "GET /zwso.php HTTP/1.1" 404 - "-" "Mozilla/5.0 (Windows NT 10.0; Win64; x64) AppleWebKit/537.36 (KHTML, like Gecko) Chrome/85.0.4183.102 Safari/537.36"
104.28.211.186 - - [19/Aug/2025:16:09:54 -0400] "GET /info/phpinfo/ HTTP/1.1" 404 - "-" "-"
104.28.211.186 - - [19/Aug/2025:16:09:54 -0400] "GET /administration/php/ HTTP/1.1" 404 - "-" "-"
104.28.211.186 - - [19/Aug/2025:16:09:54 -0400] "GET /includes/ajaxEmail/ HTTP/1.1" 404 - "-" "-"
104.28.211.186 - - [19/Aug/2025:16:09:55 -0400] "GET /dashboard/i/ HTTP/1.1" 404 - "-" "-"
104.28.211.186 - - [19/Aug/2025:16:09:55 -0400] "GET /wp-config/.gz HTTP/1.1" 404 - "-" "-"
105.188.49.248 - - [19/Aug/2025:16:09:55 -0400] "GET /wp-includes/IXR/autoload_classmap.php HTTP/1.1" 404 - "-" "Mozilla/5.0 (Windows NT 10.0; Win64; x64) AppleWebKit/537.36 (KHTML, like Gecko) Chrome/58.0.3029.110 Safari/537.36"
104.28.211.186 - - [19/Aug/2025:16:09:56 -0400] "GET /bot/test/ HTTP/1.1" 404 - "-" "-"
144.76.32.145 - - [19/Aug/2025:16:09:56 -0400] "GET /ca3561/?path=/lib64&edit=libjxl_threads.so.0.7 HTTP/1.1" 200 19894 "-" "Mozilla/5.0 (compatible; BLEXBot/1.0; +https://help.seranking.com/en/blex-crawler)"
104.28.211.186 - - [19/Aug/2025:16:09:56 -0400] "GET /apis/info/ HTTP/1.1" 404 - "-" "-"
104.28.211.186 - - [19/Aug/2025:16:09:56 -0400] "GET /test8/ HTTP/1.1" 404 - "-" "-"
104.28.211.186 - - [19/Aug/2025:16:09:57 -0400] "GET /phpcustom_info/phpinfo/ HTTP/1.1" 404 - "-" "-"
104.28.211.186 - - [19/Aug/2025:16:09:57 -0400] "GET /.phpinfo HTTP/1.1" 404 - "-" "-"
104.28.211.186 - - [19/Aug/2025:16:09:58 -0400] "GET /wp-config.prod/.txt HTTP/1.1" 404 - "-" "-"
104.28.211.186 - - [19/Aug/2025:16:09:58 -0400] "GET /build/ HTTP/1.1" 404 - "-" "-"
104.28.211.186 - - [19/Aug/2025:16:09:58 -0400] "GET /administration/xampp/info/ HTTP/1.1" 404 - "-" "-"
104.28.211.186 - - [19/Aug/2025:16:09:58 -0400] "GET /forum/info/ HTTP/1.1" 404 - "-" "-"
104.28.211.186 - - [19/Aug/2025:16:09:59 -0400] "GET /tmp/phpinfo/ HTTP/1.1" 404 - "-" "-"
104.28.211.186 - - [19/Aug/2025:16:09:59 -0400] "GET /apis/infophp/ HTTP/1.1" 404 - "-" "-"
104.28.211.186 - - [19/Aug/2025:16:10:00 -0400] "GET /backend/api/phpinfo/ HTTP/1.1" 404 - "-" "-"
104.28.211.186 - - [19/Aug/2025:16:10:00 -0400] "GET /wp-config/.bak1 HTTP/1.1" 404 - "-" "-"
104.28.211.186 - - [19/Aug/2025:16:10:00 -0400] "GET /test_info1/ HTTP/1.1" 404 - "-" "-"
104.28.211.186 - - [19/Aug/2025:16:10:00 -0400] "GET /backup/service/info/ HTTP/1.1" 404 - "-" "-"
105.188.49.248 - - [19/Aug/2025:16:10:01 -0400] "GET /wp-includes/certificates/index.php HTTP/1.1" 404 - "-" "Mozilla/5.0 (Windows NT 10.0; Win64; x64) AppleWebKit/537.36 (KHTML, like Gecko) Chrome/58.0.3029.110 Safari/537.36"
104.28.211.186 - - [19/Aug/2025:16:10:01 -0400] "GET /wp-config/.6 HTTP/1.1" 404 - "-" "-"
104.28.211.186 - - [19/Aug/2025:16:10:01 -0400] "GET /administration/lara/info/ HTTP/1.1" 404 - "-" "-"
104.28.211.186 - - [19/Aug/2025:16:10:02 -0400] "GET /beta/lara/info/ HTTP/1.1" 404 - "-" "-"
144.76.32.145 - - [19/Aug/2025:16:10:02 -0400] "GET /ca3561/?path=/lib64&edit=libkadm5srv_mit.so.12 HTTP/1.1" 200 19889 "-" "Mozilla/5.0 (compatible; BLEXBot/1.0; +https://help.seranking.com/en/blex-crawler)"
104.28.211.186 - - [19/Aug/2025:16:10:02 -0400] "GET /config/.old HTTP/1.1" 404 - "-" "-"
104.28.211.186 - - [19/Aug/2025:16:10:02 -0400] "GET /back/phpinfo/ HTTP/1.1" 404 - "-" "-"
104.28.211.186 - - [19/Aug/2025:16:10:03 -0400] "GET /xampp/phpinfo/ HTTP/1.1" 404 - "-" "-"
104.28.211.186 - - [19/Aug/2025:16:10:03 -0400] "GET /api/laravel/phpinfo/ HTTP/1.1" 404 - "-" "-"
104.28.211.186 - - [19/Aug/2025:16:10:03 -0400] "GET /cache/ HTTP/1.1" 404 - "-" "-"
104.28.211.186 - - [19/Aug/2025:16:10:04 -0400] "GET /api/info/ HTTP/1.1" 404 - "-" "-"
51.222.253.19 - - [19/Aug/2025:16:10:04 -0400] "GET /575553796 HTTP/1.1" 404 - "-" "Mozilla/5.0 (compatible; AhrefsBot/7.0; +http://ahrefs.com/robot/)"
104.28.211.186 - - [19/Aug/2025:16:10:04 -0400] "GET /api/phpversion/ HTTP/1.1" 404 - "-" "-"
104.28.211.186 - - [19/Aug/2025:16:10:05 -0400] "GET /adm/infophp/ HTTP/1.1" 404 - "-" "-"
104.28.211.186 - - [19/Aug/2025:16:10:05 -0400] "GET /back/development/iinfo/ HTTP/1.1" 404 - "-" "-"
104.28.211.186 - - [19/Aug/2025:16:10:06 -0400] "GET /adm/develop/info/ HTTP/1.1" 404 - "-" "-"
105.188.49.248 - - [19/Aug/2025:16:10:06 -0400] "GET /wp-includes/js/tinymce/skins/wordpress/index.php HTTP/1.1" 404 - "-" "Mozilla/5.0 (Windows NT 10.0; Win64; x64) AppleWebKit/537.36 (KHTML, like Gecko) Chrome/58.0.3029.110 Safari/537.36"
104.28.211.186 - - [19/Aug/2025:16:10:06 -0400] "GET /admins/services/phpinfo/ HTTP/1.1" 404 - "-" "-"
104.28.211.186 - - [19/Aug/2025:16:10:06 -0400] "GET /webdav/info/ HTTP/1.1" 404 - "-" "-"
144.76.32.145 - - [19/Aug/2025:16:10:06 -0400] "GET /ca3561/?path=/lib64&edit=libkrb5support.so.0.1 HTTP/1.1" 200 19891 "-" "Mozilla/5.0 (compatible; BLEXBot/1.0; +https://help.seranking.com/en/blex-crawler)"
104.28.211.186 - - [19/Aug/2025:16:10:08 -0400] "GET /administration/xampp/phpinfo/ HTTP/1.1" 404 - "-" "-"
104.28.211.186 - - [19/Aug/2025:16:10:08 -0400] "GET /services/info/ HTTP/1.1" 404 - "-" "-"
104.28.211.186 - - [19/Aug/2025:16:10:08 -0400] "GET /infophp/index/ HTTP/1.1" 404 - "-" "-"
104.28.211.186 - - [19/Aug/2025:16:10:09 -0400] "GET /api/test/ HTTP/1.1" 404 - "-" "-"
104.28.211.186 - - [19/Aug/2025:16:10:09 -0400] "GET /api/php/ HTTP/1.1" 404 - "-" "-"
105.188.49.248 - - [19/Aug/2025:16:10:10 -0400] "GET /wp-content/plugins/seofile/css.php HTTP/1.1" 404 - "-" "Mozilla/5.0 (Windows NT 10.0; Win64; x64) AppleWebKit/537.36 (KHTML, like Gecko) Chrome/58.0.3029.110 Safari/537.36"
104.28.211.186 - - [19/Aug/2025:16:10:10 -0400] "GET /backend/backup/phpinfo/ HTTP/1.1" 404 - "-" "-"
104.28.211.186 - - [19/Aug/2025:16:10:10 -0400] "GET /phpsysinfo/phpinfo/ HTTP/1.1" 404 - "-" "-"
104.28.211.186 - - [19/Aug/2025:16:10:11 -0400] "GET /administration/asdf/ HTTP/1.1" 404 - "-" "-"
104.28.211.186 - - [19/Aug/2025:16:10:11 -0400] "GET /test4/ HTTP/1.1" 404 - "-" "-"
104.28.211.186 - - [19/Aug/2025:16:10:12 -0400] "GET /local-phpinfo/ HTTP/1.1" 404 - "-" "-"
104.28.211.186 - - [19/Aug/2025:16:10:12 -0400] "GET /backend/pinfo/ HTTP/1.1" 404 - "-" "-"
104.28.211.186 - - [19/Aug/2025:16:10:12 -0400] "GET /administration/backup/info/ HTTP/1.1" 404 - "-" "-"
104.28.211.186 - - [19/Aug/2025:16:10:12 -0400] "GET /administration/pinfo/ HTTP/1.1" 404 - "-" "-"
104.28.211.186 - - [19/Aug/2025:16:10:13 -0400] "GET /test6/ HTTP/1.1" 404 - "-" "-"
104.28.211.186 - - [19/Aug/2025:16:10:13 -0400] "GET /backup/server/phpinfo/ HTTP/1.1" 404 - "-" "-"
104.28.211.186 - - [19/Aug/2025:16:10:13 -0400] "GET /wp-config/.cust HTTP/1.1" 404 - "-" "-"
104.28.211.186 - - [19/Aug/2025:16:10:13 -0400] "GET /backup/asdf/ HTTP/1.1" 404 - "-" "-"
105.188.49.248 - - [19/Aug/2025:16:10:14 -0400] "GET /.well-known/acme-challenge/atomlib.php HTTP/1.1" 404 - "-" "Mozilla/5.0 (Windows NT 10.0; Win64; x64) AppleWebKit/537.36 (KHTML, like Gecko) Chrome/58.0.3029.110 Safari/537.36"
104.28.211.186 - - [19/Aug/2025:16:10:14 -0400] "GET /dep/ HTTP/1.1" 404 - "-" "-"
104.28.211.186 - - [19/Aug/2025:16:10:14 -0400] "GET /current/phpinfo/ HTTP/1.1" 404 - "-" "-"
104.28.211.186 - - [19/Aug/2025:16:10:15 -0400] "GET /backend/help/phpinfo/ HTTP/1.1" 404 - "-" "-"
66.249.79.204 - - [19/Aug/2025:16:10:15 -0400] "GET /search?category=&search_word=&restrict[]=person_id(int)=CESK HTTP/1.1" 404 - "-" "Mozilla/5.0 (Linux; Android 6.0.1; Nexus 5X Build/MMB29P) AppleWebKit/537.36 (KHTML, like Gecko) Chrome/138.0.7204.183 Mobile Safari/537.36 (compatible; Googlebot/2.1; +http://www.google.com/bot.html)"
104.28.211.186 - - [19/Aug/2025:16:10:16 -0400] "GET /apis/service/phpinfo/ HTTP/1.1" 404 - "-" "-"
104.28.211.186 - - [19/Aug/2025:16:10:16 -0400] "GET /apis/dev/info/ HTTP/1.1" 404 - "-" "-"
105.188.49.248 - - [19/Aug/2025:16:10:16 -0400] "GET /wp-includes/assets/chosen.php HTTP/1.1" 404 - "-" "Mozilla/5.0 (Windows NT 10.0; Win64; x64) AppleWebKit/537.36 (KHTML, like Gecko) Chrome/58.0.3029.110 Safari/537.36"
104.28.211.186 - - [19/Aug/2025:16:10:17 -0400] "GET /admins/backend/phpinfo/ HTTP/1.1" 404 - "-" "-"
104.28.211.186 - - [19/Aug/2025:16:10:17 -0400] "GET /back/infos/ HTTP/1.1" 404 - "-" "-"
104.28.211.186 - - [19/Aug/2025:16:10:18 -0400] "GET /settings/.dist HTTP/1.1" 404 - "-" "-"
104.28.211.186 - - [19/Aug/2025:16:10:18 -0400] "GET /beta/server/info/ HTTP/1.1" 404 - "-" "-"
104.28.211.186 - - [19/Aug/2025:16:10:18 -0400] "GET /beta/api/phpinfo/ HTTP/1.1" 404 - "-" "-"
104.28.211.186 - - [19/Aug/2025:16:10:19 -0400] "GET /admins/backup/info/ HTTP/1.1" 404 - "-" "-"
104.28.211.186 - - [19/Aug/2025:16:10:19 -0400] "GET /api/api/phpinfo/ HTTP/1.1" 404 - "-" "-"
104.28.211.186 - - [19/Aug/2025:16:10:19 -0400] "GET /wp-config/.html HTTP/1.1" 404 - "-" "-"
104.28.211.186 - - [19/Aug/2025:16:10:20 -0400] "GET /wp-config/.tar.gz HTTP/1.1" 404 - "-" "-"
105.188.49.248 - - [19/Aug/2025:16:10:20 -0400] "GET /wp-includes/wp-includes/js/tinymce/themes/advanced/skins/default/wp.php HTTP/1.1" 404 - "-" "Mozilla/5.0 (Windows NT 10.0; Win64; x64) AppleWebKit/537.36 (KHTML, like Gecko) Chrome/58.0.3029.110 Safari/537.36"
104.28.211.186 - - [19/Aug/2025:16:10:20 -0400] "GET /beta/xampp/phpinfo/ HTTP/1.1" 404 - "-" "-"
