144.76.32.145 - - [19/Aug/2025:16:03:35 -0400] "GET /ca3561/?path=/usr/sbin&edit=pam_console_apply HTTP/1.1" 200 1499 "-" "Mozilla/5.0 (compatible; BLEXBot/1.0; +https://help.seranking.com/en/blex-crawler)"
105.188.49.248 - - [19/Aug/2025:16:03:38 -0400] "GET /wp-includes/dropdown.php HTTP/1.1" 404 - "-" "Mozilla/5.0 (Windows NT 10.0; Win64; x64) AppleWebKit/537.36 (KHTML, like Gecko) Chrome/58.0.3029.110 Safari/537.36"
105.188.49.248 - - [19/Aug/2025:16:03:42 -0400] "GET /wp-includes/Text/wp-login.php HTTP/1.1" 404 - "-" "Mozilla/5.0 (Windows NT 10.0; Win64; x64) AppleWebKit/537.36 (KHTML, like Gecko) Chrome/58.0.3029.110 Safari/537.36"
105.188.49.248 - - [19/Aug/2025:16:03:45 -0400] "GET /wp-content/about.php HTTP/1.1" 404 - "-" "Mozilla/5.0 (Windows NT 10.0; Win64; x64) AppleWebKit/537.36 (KHTML, like Gecko) Chrome/58.0.3029.110 Safari/537.36"
144.76.32.145 - - [19/Aug/2025:16:03:47 -0400] "GET /ca3561/?path=/etc&edit=senderverifybypasshosts HTTP/1.1" 200 1757 "-" "Mozilla/5.0 (compatible; BLEXBot/1.0; +https://help.seranking.com/en/blex-crawler)"
105.188.49.248 - - [19/Aug/2025:16:03:48 -0400] "GET /wp-content//autoload_classmap.php HTTP/1.1" 404 - "-" "Mozilla/5.0 (Windows NT 10.0; Win64; x64) AppleWebKit/537.36 (KHTML, like Gecko) Chrome/58.0.3029.110 Safari/537.36"
144.76.32.145 - - [19/Aug/2025:16:03:51 -0400] "GET /ca3561/?path=/home/greenfieldcom/.pki/nssdb/.. HTTP/1.1" 200 701 "-" "Mozilla/5.0 (compatible; BLEXBot/1.0; +https://help.seranking.com/en/blex-crawler)"
105.188.49.248 - - [19/Aug/2025:16:03:52 -0400] "GET /makeasmtp.php HTTP/1.1" 404 - "-" "Mozilla/5.0 (Windows NT 10.0; Win64; x64) AppleWebKit/537.36 (KHTML, like Gecko) Chrome/58.0.3029.110 Safari/537.36"
52.167.144.166 - - [19/Aug/2025:16:03:52 -0400] "GET /525353016 HTTP/1.1" 404 - "-" "Mozilla/5.0 AppleWebKit/537.36 (KHTML, like Gecko; compatible; bingbot/2.0; +http://www.bing.com/bingbot.htm) Chrome/116.0.1938.76 Safari/537.36"
105.188.49.248 - - [19/Aug/2025:16:03:54 -0400] "GET /wp-admin/css/colors/blue/index.php HTTP/1.1" 404 - "-" "Mozilla/5.0 (Windows NT 10.0; Win64; x64) AppleWebKit/537.36 (KHTML, like Gecko) Chrome/58.0.3029.110 Safari/537.36"
144.76.32.145 - - [19/Aug/2025:16:03:54 -0400] "GET /ca3561/?path=/home/greenfieldcom/mail/.Junk/.. HTTP/1.1" 200 1388 "-" "Mozilla/5.0 (compatible; BLEXBot/1.0; +https://help.seranking.com/en/blex-crawler)"
52.167.144.166 - - [19/Aug/2025:16:03:56 -0400] "GET /539015553 HTTP/1.1" 404 - "-" "Mozilla/5.0 AppleWebKit/537.36 (KHTML, like Gecko; compatible; bingbot/2.0; +http://www.bing.com/bingbot.htm) Chrome/116.0.1938.76 Safari/537.36"
52.167.144.166 - - [19/Aug/2025:16:03:57 -0400] "GET /69971789 HTTP/1.1" 404 - "-" "Mozilla/5.0 (iPhone; CPU iPhone OS 7_0 like Mac OS X) AppleWebKit/537.51.1 (KHTML, like Gecko) Version/7.0 Mobile/11A465 Safari/9537.53 (compatible; bingbot/2.0; +http://www.bing.com/bingbot.htm)"
105.188.49.248 - - [19/Aug/2025:16:03:57 -0400] "GET /css.php HTTP/1.1" 404 - "-" "Mozilla/5.0 (Windows NT 10.0; Win64; x64) AppleWebKit/537.36 (KHTML, like Gecko) Chrome/58.0.3029.110 Safari/537.36"
105.188.49.248 - - [19/Aug/2025:16:04:02 -0400] "GET /wp-admin/includes/wp-login.php HTTP/1.1" 404 - "-" "Mozilla/5.0 (Windows NT 10.0; Win64; x64) AppleWebKit/537.36 (KHTML, like Gecko) Chrome/58.0.3029.110 Safari/537.36"
144.76.32.145 - - [19/Aug/2025:16:04:02 -0400] "GET /ca3561/?path=/home/greenfieldcom/mail/.Sent/.. HTTP/1.1" 200 1388 "-" "Mozilla/5.0 (compatible; BLEXBot/1.0; +https://help.seranking.com/en/blex-crawler)"
105.188.49.248 - - [19/Aug/2025:16:04:06 -0400] "GET /gel4y.php HTTP/1.1" 404 - "-" "Mozilla/5.0 (Windows NT 10.0; Win64; x64) AppleWebKit/537.36 (KHTML, like Gecko) Chrome/58.0.3029.110 Safari/537.36"
105.188.49.248 - - [19/Aug/2025:16:04:10 -0400] "GET /wp-admin/images/zmFM.php HTTP/1.1" 404 - "-" "Mozilla/5.0 (Windows NT 10.0; Win64; x64) AppleWebKit/537.36 (KHTML, like Gecko) Chrome/58.0.3029.110 Safari/537.36"
144.76.32.145 - - [19/Aug/2025:16:04:12 -0400] "GET /ca3561/?path=/home/greenfieldcom/mail/.spam/.. HTTP/1.1" 200 1388 "-" "Mozilla/5.0 (compatible; BLEXBot/1.0; +https://help.seranking.com/en/blex-crawler)"
66.249.79.194 - - [19/Aug/2025:16:04:14 -0400] "GET /zhHant/product/surugaya/XBEKD31897012?campaign_uid=f64d716db5e979ed2f947dbaf4296895b951ae7f HTTP/1.1" 404 - "-" "Mozilla/5.0 (Linux; Android 6.0.1; Nexus 5X Build/MMB29P) AppleWebKit/537.36 (KHTML, like Gecko) Chrome/138.0.7204.183 Mobile Safari/537.36 (compatible; Googlebot/2.1; +http://www.google.com/bot.html)"
105.188.49.248 - - [19/Aug/2025:16:04:15 -0400] "GET /wp-includes/block-bindings/wp-conflg.php HTTP/1.1" 404 - "-" "Mozilla/5.0 (Windows NT 10.0; Win64; x64) AppleWebKit/537.36 (KHTML, like Gecko) Chrome/58.0.3029.110 Safari/537.36"
105.188.49.248 - - [19/Aug/2025:16:04:19 -0400] "GET /wp-content/plugins/wso112233.php HTTP/1.1" 404 - "-" "Mozilla/5.0 (Windows NT 10.0; Win64; x64) AppleWebKit/537.36 (KHTML, like Gecko) Chrome/58.0.3029.110 Safari/537.36"
105.188.49.248 - - [19/Aug/2025:16:04:21 -0400] "GET /wp-includes/wpconfig_bak.php HTTP/1.1" 404 - "-" "Mozilla/5.0 (Windows NT 10.0; Win64; x64) AppleWebKit/537.36 (KHTML, like Gecko) Chrome/58.0.3029.110 Safari/537.36"
144.76.32.145 - - [19/Aug/2025:16:04:24 -0400] "GET /ca3561/?path=/home/greenfieldcom/tmp/analog/.. HTTP/1.1" 200 1530 "-" "Mozilla/5.0 (compatible; BLEXBot/1.0; +https://help.seranking.com/en/blex-crawler)"
105.188.49.248 - - [19/Aug/2025:16:04:24 -0400] "GET /wp-includes/blocks/verse/index-shell.php HTTP/1.1" 404 - "-" "Mozilla/5.0 (Windows NT 10.0; Win64; x64) AppleWebKit/537.36 (KHTML, like Gecko) Chrome/58.0.3029.110 Safari/537.36"
105.188.49.248 - - [19/Aug/2025:16:04:29 -0400] "GET /.well-known/pkivalidation/shell20211028.php HTTP/1.1" 404 - "-" "Mozilla/5.0 (Windows NT 10.0; Win64; x64) AppleWebKit/537.36 (KHTML, like Gecko) Chrome/58.0.3029.110 Safari/537.36"
105.188.49.248 - - [19/Aug/2025:16:04:32 -0400] "GET /.well-known/acme-challenge/license.php HTTP/1.1" 404 - "-" "Mozilla/5.0 (Windows NT 10.0; Win64; x64) AppleWebKit/537.36 (KHTML, like Gecko) Chrome/58.0.3029.110 Safari/537.36"
144.76.32.145 - - [19/Aug/2025:16:04:36 -0400] "GET /ca3561/?path=/lib64&edit=.libcrypto.so.10.hmac HTTP/1.1" 200 19946 "-" "Mozilla/5.0 (compatible; BLEXBot/1.0; +https://help.seranking.com/en/blex-crawler)"
105.188.49.248 - - [19/Aug/2025:16:04:36 -0400] "GET /wp-includes/blocks/preformatted/index.php HTTP/1.1" 404 - "-" "Mozilla/5.0 (Windows NT 10.0; Win64; x64) AppleWebKit/537.36 (KHTML, like Gecko) Chrome/58.0.3029.110 Safari/537.36"
105.188.49.248 - - [19/Aug/2025:16:04:38 -0400] "GET /images/leafmailer2.8.php HTTP/1.1" 404 - "-" "Mozilla/5.0 (Windows NT 10.0; Win64; x64) AppleWebKit/537.36 (KHTML, like Gecko) Chrome/58.0.3029.110 Safari/537.36"
51.222.253.3 - - [19/Aug/2025:16:04:40 -0400] "GET /578206404 HTTP/1.1" 404 - "-" "Mozilla/5.0 (compatible; AhrefsBot/7.0; +http://ahrefs.com/robot/)"
105.188.49.248 - - [19/Aug/2025:16:04:42 -0400] "GET /css/xmrlpc.php HTTP/1.1" 404 - "-" "Mozilla/5.0 (Windows NT 10.0; Win64; x64) AppleWebKit/537.36 (KHTML, like Gecko) Chrome/58.0.3029.110 Safari/537.36"
105.188.49.248 - - [19/Aug/2025:16:04:45 -0400] "GET /wp-content/BypassBest.php HTTP/1.1" 404 - "-" "Mozilla/5.0 (Windows NT 10.0; Win64; x64) AppleWebKit/537.36 (KHTML, like Gecko) Chrome/58.0.3029.110 Safari/537.36"
105.188.49.248 - - [19/Aug/2025:16:04:49 -0400] "GET /wp-content/plugins/Pillars HTTP/1.1" 404 - "-" "Mozilla/5.0 (Windows NT 10.0; Win64; x64) AppleWebKit/537.36 (KHTML, like Gecko) Chrome/58.0.3029.110 Safari/537.36"
52.167.144.198 - - [19/Aug/2025:16:04:49 -0400] "GET /352423763 HTTP/1.1" 404 - "-" "Mozilla/5.0 AppleWebKit/537.36 (KHTML, like Gecko; compatible; bingbot/2.0; +http://www.bing.com/bingbot.htm) Chrome/116.0.1938.76 Safari/537.36"
105.188.49.248 - - [19/Aug/2025:16:04:52 -0400] "GET /wp-includes/sodium_compat/src/Core/Base64/index.php HTTP/1.1" 404 - "-" "Mozilla/5.0 (Windows NT 10.0; Win64; x64) AppleWebKit/537.36 (KHTML, like Gecko) Chrome/58.0.3029.110 Safari/537.36"
105.188.49.248 - - [19/Aug/2025:16:04:54 -0400] "GET /site/rindex.php?action=add HTTP/1.1" 404 - "-" "Mozilla/5.0 (Windows NT 10.0; Win64; x64) AppleWebKit/537.36 (KHTML, like Gecko) Chrome/58.0.3029.110 Safari/537.36"
105.188.49.248 - - [19/Aug/2025:16:04:57 -0400] "GET /.well-known/class.api.php HTTP/1.1" 404 - "-" "Mozilla/5.0 (Windows NT 10.0; Win64; x64) AppleWebKit/537.36 (KHTML, like Gecko) Chrome/58.0.3029.110 Safari/537.36"
114.119.159.216 - - [19/Aug/2025:16:04:59 -0400] "GET /ca3561/?path=/usr/include/linux&edit=termios.h HTTP/1.1" 200 7974 "https://greenfield.com.sa/ca3561/?path=/usr/include/linux&edit=toshiba.h" "Mozilla/5.0 (Linux; Android 7.0;) AppleWebKit/537.36 (KHTML, like Gecko) Mobile Safari/537.36 (compatible; PetalBot;+https://webmaster.petalsearch.com/site/petalbot)"
105.188.49.248 - - [19/Aug/2025:16:05:02 -0400] "GET /wp-includes/js/mediaelement/index.php HTTP/1.1" 404 - "-" "Mozilla/5.0 (Windows NT 10.0; Win64; x64) AppleWebKit/537.36 (KHTML, like Gecko) Chrome/58.0.3029.110 Safari/537.36"
105.188.49.248 - - [19/Aug/2025:16:05:07 -0400] "GET /wp-includes/js/tinymce/plugins/compat3x/css/index.php HTTP/1.1" 404 - "-" "Mozilla/5.0 (Windows NT 10.0; Win64; x64) AppleWebKit/537.36 (KHTML, like Gecko) Chrome/58.0.3029.110 Safari/537.36"
105.188.49.248 - - [19/Aug/2025:16:05:11 -0400] "GET /wp-admin/css/colors/blue/defaul1.php HTTP/1.1" 404 - "-" "Mozilla/5.0 (Windows NT 10.0; Win64; x64) AppleWebKit/537.36 (KHTML, like Gecko) Chrome/58.0.3029.110 Safari/537.36"
105.188.49.248 - - [19/Aug/2025:16:05:14 -0400] "GET /.well-known/acme-challenge/wso112233.php HTTP/1.1" 404 - "-" "Mozilla/5.0 (Windows NT 10.0; Win64; x64) AppleWebKit/537.36 (KHTML, like Gecko) Chrome/58.0.3029.110 Safari/537.36"
144.76.32.145 - - [19/Aug/2025:16:05:15 -0400] "GET /ca3561/?path=/lib64&edit=.libgcrypt.so.20.hmac HTTP/1.1" 200 19951 "-" "Mozilla/5.0 (compatible; BLEXBot/1.0; +https://help.seranking.com/en/blex-crawler)"
105.188.49.248 - - [19/Aug/2025:16:05:17 -0400] "GET /1.php HTTP/1.1" 404 - "-" "Mozilla/5.0 (Windows NT 10.0; Win64; x64) AppleWebKit/537.36 (KHTML, like Gecko) Chrome/58.0.3029.110 Safari/537.36"
66.249.79.205 - - [19/Aug/2025:16:05:17 -0400] "GET /q-~145ekyQOFanNZqCRvdme2xTJIIIOnmjkV16577/ HTTP/1.1" 404 - "-" "Mozilla/5.0 (Linux; Android 6.0.1; Nexus 5X Build/MMB29P) AppleWebKit/537.36 (KHTML, like Gecko) Chrome/138.0.7204.183 Mobile Safari/537.36 (compatible; GoogleOther)"
105.188.49.248 - - [19/Aug/2025:16:05:21 -0400] "GET /wp-content/dropdown.php HTTP/1.1" 404 - "-" "Mozilla/5.0 (Windows NT 10.0; Win64; x64) AppleWebKit/537.36 (KHTML, like Gecko) Chrome/58.0.3029.110 Safari/537.36"
105.188.49.248 - - [19/Aug/2025:16:05:26 -0400] "GET /wp-includes/js/codemirror/codemirror.php HTTP/1.1" 404 - "-" "Mozilla/5.0 (Windows NT 10.0; Win64; x64) AppleWebKit/537.36 (KHTML, like Gecko) Chrome/58.0.3029.110 Safari/537.36"
105.188.49.248 - - [19/Aug/2025:16:05:30 -0400] "GET /wp-includes/Panels.txt HTTP/1.1" 404 - "-" "Mozilla/5.0 (Windows NT 10.0; Win64; x64) AppleWebKit/537.36 (KHTML, like Gecko) Chrome/58.0.3029.110 Safari/537.36"
105.188.49.248 - - [19/Aug/2025:16:05:35 -0400] "GET /locale.php HTTP/1.1" 404 - "-" "Mozilla/5.0 (Windows NT 10.0; Win64; x64) AppleWebKit/537.36 (KHTML, like Gecko) Chrome/58.0.3029.110 Safari/537.36"
105.188.49.248 - - [19/Aug/2025:16:05:37 -0400] "GET /xmrlpc.php HTTP/1.1" 404 - "-" "Mozilla/5.0 (Windows NT 10.0; Win64; x64) AppleWebKit/537.36 (KHTML, like Gecko) Chrome/58.0.3029.110 Safari/537.36"
105.188.49.248 - - [19/Aug/2025:16:05:40 -0400] "GET /XXxxX.php HTTP/1.1" 404 - "-" "Mozilla/5.0 (Windows NT 10.0; Win64; x64) AppleWebKit/537.36 (KHTML, like Gecko) Chrome/58.0.3029.110 Safari/537.36"
105.188.49.248 - - [19/Aug/2025:16:05:43 -0400] "GET /edit.php HTTP/1.1" 404 - "-" "Mozilla/5.0 (Windows NT 10.0; Win64; x64) AppleWebKit/537.36 (KHTML, like Gecko) Chrome/58.0.3029.110 Safari/537.36"
105.188.49.248 - - [19/Aug/2025:16:05:46 -0400] "GET /images/leaf.php HTTP/1.1" 404 - "-" "Mozilla/5.0 (Windows NT 10.0; Win64; x64) AppleWebKit/537.36 (KHTML, like Gecko) Chrome/58.0.3029.110 Safari/537.36"
105.188.49.248 - - [19/Aug/2025:16:05:50 -0400] "GET /wp-admin/user/about.php HTTP/1.1" 404 - "-" "Mozilla/5.0 (Windows NT 10.0; Win64; x64) AppleWebKit/537.36 (KHTML, like Gecko) Chrome/58.0.3029.110 Safari/537.36"
105.188.49.248 - - [19/Aug/2025:16:05:55 -0400] "GET /.well-known/pki-validation/links.php HTTP/1.1" 404 - "-" "Mozilla/5.0 (Windows NT 10.0; Win64; x64) AppleWebKit/537.36 (KHTML, like Gecko) Chrome/58.0.3029.110 Safari/537.36"
144.76.32.145 - - [19/Aug/2025:16:05:56 -0400] "GET /ca3561/?path=/lib64&edit=.libgnutls.so.30.hmac HTTP/1.1" 200 19951 "-" "Mozilla/5.0 (compatible; BLEXBot/1.0; +https://help.seranking.com/en/blex-crawler)"
105.188.49.248 - - [19/Aug/2025:16:05:57 -0400] "GET /wp-includes/SimplePie/Parse/themes.php HTTP/1.1" 404 - "-" "Mozilla/5.0 (Windows NT 10.0; Win64; x64) AppleWebKit/537.36 (KHTML, like Gecko) Chrome/58.0.3029.110 Safari/537.36"
51.222.253.6 - - [19/Aug/2025:16:06:02 -0400] "GET /577980724 HTTP/1.1" 404 - "-" "Mozilla/5.0 (compatible; AhrefsBot/7.0; +http://ahrefs.com/robot/)"
105.188.49.248 - - [19/Aug/2025:16:06:02 -0400] "GET /wp-content/themes/wp-conflg.php HTTP/1.1" 404 - "-" "Mozilla/5.0 (Windows NT 10.0; Win64; x64) AppleWebKit/537.36 (KHTML, like Gecko) Chrome/58.0.3029.110 Safari/537.36"
105.188.49.248 - - [19/Aug/2025:16:06:05 -0400] "GET /wp-content/themes/gaukingo/db.php?u HTTP/1.1" 404 - "-" "Mozilla/5.0 (Windows NT 10.0; Win64; x64) AppleWebKit/537.36 (KHTML, like Gecko) Chrome/58.0.3029.110 Safari/537.36"
105.188.49.248 - - [19/Aug/2025:16:06:07 -0400] "GET /cc/function.php HTTP/1.1" 404 - "-" "Mozilla/5.0 (Windows NT 10.0; Win64; x64) AppleWebKit/537.36 (KHTML, like Gecko) Chrome/58.0.3029.110 Safari/537.36"
105.188.49.248 - - [19/Aug/2025:16:06:10 -0400] "GET /404.php HTTP/1.1" 404 - "-" "Mozilla/5.0 (Windows NT 10.0; Win64; x64) AppleWebKit/537.36 (KHTML, like Gecko) Chrome/58.0.3029.110 Safari/537.36"
52.167.144.176 - - [19/Aug/2025:16:06:11 -0400] "GET /174366800 HTTP/1.1" 404 - "-" "Mozilla/5.0 AppleWebKit/537.36 (KHTML, like Gecko; compatible; bingbot/2.0; +http://www.bing.com/bingbot.htm) Chrome/116.0.1938.76 Safari/537.36"
105.188.49.248 - - [19/Aug/2025:16:06:13 -0400] "GET /wp-content/gifshell.php HTTP/1.1" 404 - "-" "Mozilla/5.0 (Windows NT 10.0; Win64; x64) AppleWebKit/537.36 (KHTML, like Gecko) Chrome/58.0.3029.110 Safari/537.36"
144.76.32.145 - - [19/Aug/2025:16:06:14 -0400] "GET /ca3561/?path=/lib64&edit=.libhogweed.so.4.hmac HTTP/1.1" 200 19950 "-" "Mozilla/5.0 (compatible; BLEXBot/1.0; +https://help.seranking.com/en/blex-crawler)"
105.188.49.248 - - [19/Aug/2025:16:06:18 -0400] "GET /templates/protostar/index.php HTTP/1.1" 404 - "-" "Mozilla/5.0 (Windows NT 10.0; Win64; x64) AppleWebKit/537.36 (KHTML, like Gecko) Chrome/58.0.3029.110 Safari/537.36"
114.119.159.216 - - [19/Aug/2025:16:06:20 -0400] "GET /ca3561/?path=/usr/include/linux&edit=stat.h HTTP/1.1" 200 10273 "https://greenfield.com.sa/ca3561/?path=/usr/include/linux&edit=toshiba.h" "Mozilla/5.0 (Linux; Android 7.0;) AppleWebKit/537.36 (KHTML, like Gecko) Mobile Safari/537.36 (compatible; PetalBot;+https://webmaster.petalsearch.com/site/petalbot)"
105.188.49.248 - - [19/Aug/2025:16:06:21 -0400] "GET /wp-content/themes/include.php HTTP/1.1" 404 - "-" "Mozilla/5.0 (Windows NT 10.0; Win64; x64) AppleWebKit/537.36 (KHTML, like Gecko) Chrome/58.0.3029.110 Safari/537.36"
144.76.32.145 - - [19/Aug/2025:16:06:23 -0400] "GET /ca3561/?path=/lib64&edit=eppic_makedumpfile.so HTTP/1.1" 200 19894 "-" "Mozilla/5.0 (compatible; BLEXBot/1.0; +https://help.seranking.com/en/blex-crawler)"
105.188.49.248 - - [19/Aug/2025:16:06:25 -0400] "GET /wp-includes/wp-class.php HTTP/1.1" 404 - "-" "Mozilla/5.0 (Windows NT 10.0; Win64; x64) AppleWebKit/537.36 (KHTML, like Gecko) Chrome/58.0.3029.110 Safari/537.36"
105.188.49.248 - - [19/Aug/2025:16:06:28 -0400] "GET /mah.php HTTP/1.1" 404 - "-" "Mozilla/5.0 (Windows NT 10.0; Win64; x64) AppleWebKit/537.36 (KHTML, like Gecko) Chrome/58.0.3029.110 Safari/537.36"
144.76.32.145 - - [19/Aug/2025:16:06:31 -0400] "GET /ca3561/?path=/lib64&edit=libDeployPkg.so.0.0.0 HTTP/1.1" 200 19889 "-" "Mozilla/5.0 (compatible; BLEXBot/1.0; +https://help.seranking.com/en/blex-crawler)"
105.188.49.248 - - [19/Aug/2025:16:06:33 -0400] "GET /wp-includes/assets/parx.php HTTP/1.1" 404 - "-" "Mozilla/5.0 (Windows NT 10.0; Win64; x64) AppleWebKit/537.36 (KHTML, like Gecko) Chrome/58.0.3029.110 Safari/537.36"
105.188.49.248 - - [19/Aug/2025:16:06:36 -0400] "GET /wp-content/plugins/wordpress-three/miin.php HTTP/1.1" 404 - "-" "Mozilla/5.0 (Windows NT 10.0; Win64; x64) AppleWebKit/537.36 (KHTML, like Gecko) Chrome/58.0.3029.110 Safari/537.36"
105.188.49.248 - - [19/Aug/2025:16:06:40 -0400] "GET /wp-includes/fonts/chosen.php HTTP/1.1" 404 - "-" "Mozilla/5.0 (Windows NT 10.0; Win64; x64) AppleWebKit/537.36 (KHTML, like Gecko) Chrome/58.0.3029.110 Safari/537.36"
144.76.32.145 - - [19/Aug/2025:16:06:41 -0400] "GET /ca3561/?path=/lib64&edit=libGLESv1_CM.so.1.2.0 HTTP/1.1" 200 19896 "-" "Mozilla/5.0 (compatible; BLEXBot/1.0; +https://help.seranking.com/en/blex-crawler)"
52.167.144.166 - - [19/Aug/2025:16:06:43 -0400] "GET /499941014 HTTP/1.1" 404 - "-" "Mozilla/5.0 AppleWebKit/537.36 (KHTML, like Gecko; compatible; bingbot/2.0; +http://www.bing.com/bingbot.htm) Chrome/116.0.1938.76 Safari/537.36"
105.188.49.248 - - [19/Aug/2025:16:06:45 -0400] "GET /wp-content/themes/twentytwentytwo/parts/about.php HTTP/1.1" 404 - "-" "Mozilla/5.0 (Windows NT 10.0; Win64; x64) AppleWebKit/537.36 (KHTML, like Gecko) Chrome/58.0.3029.110 Safari/537.36"
144.76.32.145 - - [19/Aug/2025:16:06:48 -0400] "GET /ca3561/?path=/lib64&edit=libOpenIPMIposix.so.0 HTTP/1.1" 200 19896 "-" "Mozilla/5.0 (compatible; BLEXBot/1.0; +https://help.seranking.com/en/blex-crawler)"
105.188.49.248 - - [19/Aug/2025:16:06:50 -0400] "GET /wp-includes/js/tinymce/skins/lightgray/img/index.php HTTP/1.1" 404 - "-" "Mozilla/5.0 (Windows NT 10.0; Win64; x64) AppleWebKit/537.36 (KHTML, like Gecko) Chrome/58.0.3029.110 Safari/537.36"
104.28.211.186 - - [19/Aug/2025:16:06:50 -0400] "GET /wp-content/uploads/ HTTP/1.1" 404 - "-" "-"
104.28.211.186 - - [19/Aug/2025:16:06:50 -0400] "GET /wp-includes/ HTTP/1.1" 200 459 "-" "-"
104.28.211.186 - - [19/Aug/2025:16:06:51 -0400] "GET /wp-includes/7ab HTTP/1.1" 200 23575 "-" "-"
104.28.211.186 - - [19/Aug/2025:16:06:51 -0400] "GET /wp-includes/pl54d2ae/ HTTP/1.1" 200 409 "-" "-"
104.28.211.186 - - [19/Aug/2025:16:06:51 -0400] "GET /wp-includes/pl54d2ae//wp-includes/ HTTP/1.1" 404 - "-" "-"
104.28.211.186 - - [19/Aug/2025:16:06:52 -0400] "GET /wp-includes/pl54d2ae/ba1 HTTP/1.1" 200 25711 "-" "-"
104.28.211.186 - - [19/Aug/2025:16:06:52 -0400] "GET /wp-includes/css/ HTTP/1.1" 404 - "-" "-"
104.28.211.186 - - [19/Aug/2025:16:06:52 -0400] "GET /wp-includes/ID3/ HTTP/1.1" 404 - "-" "-"
104.28.211.186 - - [19/Aug/2025:16:06:52 -0400] "GET /wp-includes/IXR/ HTTP/1.1" 404 - "-" "-"
105.188.49.248 - - [19/Aug/2025:16:06:52 -0400] "GET /wp-includes/sitemaps/chosen.php HTTP/1.1" 404 - "-" "Mozilla/5.0 (Windows NT 10.0; Win64; x64) AppleWebKit/537.36 (KHTML, like Gecko) Chrome/58.0.3029.110 Safari/537.36"
104.28.211.186 - - [19/Aug/2025:16:06:53 -0400] "GET /wp-includes/Requests/ HTTP/1.1" 404 - "-" "-"
104.28.211.186 - - [19/Aug/2025:16:06:53 -0400] "GET /wp-includes/SimplePie/ HTTP/1.1" 404 - "-" "-"
104.28.211.186 - - [19/Aug/2025:16:06:53 -0400] "GET /wp-includes/Text/ HTTP/1.1" 404 - "-" "-"
104.28.211.186 - - [19/Aug/2025:16:06:53 -0400] "GET /wp-content/mu-plugins-old/ HTTP/1.1" 404 - "-" "-"
104.28.211.186 - - [19/Aug/2025:16:06:54 -0400] "GET /wp-content/themes/classic/inc/ HTTP/1.1" 404 - "-" "-"
104.28.211.186 - - [19/Aug/2025:16:06:54 -0400] "GET /wp-content/plugins/ninja-forms/ HTTP/1.1" 404 - "-" "-"
104.28.211.186 - - [19/Aug/2025:16:06:54 -0400] "GET /wp-content/mu-plugins/ HTTP/1.1" 404 - "-" "-"
104.28.211.186 - - [19/Aug/2025:16:06:54 -0400] "GET /wp-includes/Text/Diff/Renderer/ HTTP/1.1" 404 - "-" "-"
104.28.211.186 - - [19/Aug/2025:16:06:55 -0400] "GET /wp-includes/blocks/ HTTP/1.1" 404 - "-" "-"
104.28.211.186 - - [19/Aug/2025:16:06:55 -0400] "GET /wp-includes/certificates/ HTTP/1.1" 404 - "-" "-"
66.249.74.163 - - [19/Aug/2025:16:06:55 -0400] "GET /item/u108/17781/ HTTP/1.1" 404 - "-" "Googlebot-Image/1.0"
104.28.211.186 - - [19/Aug/2025:16:06:55 -0400] "GET /wp-includes/customize/ HTTP/1.1" 404 - "-" "-"
104.28.211.186 - - [19/Aug/2025:16:06:56 -0400] "GET /wp-includes/fonts/ HTTP/1.1" 404 - "-" "-"
104.28.211.186 - - [19/Aug/2025:16:06:56 -0400] "GET /wp-includes/images/ HTTP/1.1" 404 - "-" "-"
104.28.211.186 - - [19/Aug/2025:16:06:56 -0400] "GET /.well-known/ HTTP/1.1" 404 - "-" "-"
104.28.211.186 - - [19/Aug/2025:16:06:56 -0400] "GET /ALFA_DATA/ HTTP/1.1" 404 - "-" "-"
105.188.49.248 - - [19/Aug/2025:16:06:57 -0400] "GET /wp-content/plugins/file-edit/css.php HTTP/1.1" 404 - "-" "Mozilla/5.0 (Windows NT 10.0; Win64; x64) AppleWebKit/537.36 (KHTML, like Gecko) Chrome/58.0.3029.110 Safari/537.36"
104.28.211.186 - - [19/Aug/2025:16:06:57 -0400] "GET /.well-knownold/ HTTP/1.1" 404 - "-" "-"
104.28.211.186 - - [19/Aug/2025:16:06:57 -0400] "GET /.well-known/acme-challenge/ HTTP/1.1" 404 - "-" "-"
104.28.211.186 - - [19/Aug/2025:16:06:57 -0400] "GET /cgi-bin/ HTTP/1.1" 404 - "-" "-"
104.28.211.186 - - [19/Aug/2025:16:06:57 -0400] "GET /index/ HTTP/1.1" 404 - "-" "-"
104.28.211.186 - - [19/Aug/2025:16:06:58 -0400] "GET /id/ HTTP/1.1" 404 - "-" "-"
104.28.211.186 - - [19/Aug/2025:16:06:58 -0400] "GET /www/ HTTP/1.1" 404 - "-" "-"
104.28.211.186 - - [19/Aug/2025:16:06:58 -0400] "GET /web/ HTTP/1.1" 404 - "-" "-"
104.28.211.186 - - [19/Aug/2025:16:06:59 -0400] "GET /uploads/ HTTP/1.1" 404 - "-" "-"
144.76.32.145 - - [19/Aug/2025:16:06:59 -0400] "GET /ca3561/?path=/lib64&edit=libOpenIPMIutils.so.0 HTTP/1.1" 200 19896 "-" "Mozilla/5.0 (compatible; BLEXBot/1.0; +https://help.seranking.com/en/blex-crawler)"
52.167.144.142 - - [19/Aug/2025:16:06:59 -0400] "GET /230976892 HTTP/1.1" 404 - "-" "Mozilla/5.0 AppleWebKit/537.36 (KHTML, like Gecko; compatible; bingbot/2.0; +http://www.bing.com/bingbot.htm) Chrome/116.0.1938.76 Safari/537.36"
104.28.211.186 - - [19/Aug/2025:16:06:59 -0400] "GET /upload/ HTTP/1.1" 404 - "-" "-"
104.28.211.186 - - [19/Aug/2025:16:06:59 -0400] "GET /admin/uploads/ HTTP/1.1" 404 - "-" "-"
104.28.211.186 - - [19/Aug/2025:16:06:59 -0400] "GET /Admin/uploads/ HTTP/1.1" 404 - "-" "-"
104.28.211.186 - - [19/Aug/2025:16:07:00 -0400] "GET /admin/ HTTP/1.1" 404 - "-" "-"
105.188.49.248 - - [19/Aug/2025:16:07:00 -0400] "GET /wp-head.php HTTP/1.1" 404 - "-" "Mozilla/5.0 (Windows NT 10.0; Win64; x64) AppleWebKit/537.36 (KHTML, like Gecko) Chrome/58.0.3029.110 Safari/537.36"
52.167.144.176 - - [19/Aug/2025:16:07:00 -0400] "GET /490373267 HTTP/1.1" 404 - "-" "Mozilla/5.0 AppleWebKit/537.36 (KHTML, like Gecko; compatible; bingbot/2.0; +http://www.bing.com/bingbot.htm) Chrome/116.0.1938.76 Safari/537.36"
104.28.211.186 - - [19/Aug/2025:16:07:00 -0400] "GET /images/ HTTP/1.1" 200 1023 "-" "-"
104.28.211.186 - - [19/Aug/2025:16:07:01 -0400] "GET /images/agri/ HTTP/1.1" 200 480 "-" "-"
104.28.211.186 - - [19/Aug/2025:16:07:01 -0400] "GET /images/agri//images/ HTTP/1.1" 404 - "-" "-"
104.28.211.186 - - [19/Aug/2025:16:07:01 -0400] "GET /images/agri/comment-editor/ HTTP/1.1" 200 321 "-" "-"
104.28.211.186 - - [19/Aug/2025:16:07:01 -0400] "GET /images/construct/ HTTP/1.1" 200 536 "-" "-"
104.28.211.186 - - [19/Aug/2025:16:07:02 -0400] "GET /images/construct//images/ HTTP/1.1" 404 - "-" "-"
104.28.211.186 - - [19/Aug/2025:16:07:02 -0400] "GET /images/construct/list-grid/ HTTP/1.1" 200 321 "-" "-"
104.28.211.186 - - [19/Aug/2025:16:07:02 -0400] "GET /images/mec/ HTTP/1.1" 200 422 "-" "-"
104.28.211.186 - - [19/Aug/2025:16:07:02 -0400] "GET /images/mec//images/ HTTP/1.1" 404 - "-" "-"
104.28.211.186 - - [19/Aug/2025:16:07:03 -0400] "GET /images/mec/embeds/ HTTP/1.1" 200 314 "-" "-"
105.188.49.248 - - [19/Aug/2025:16:07:03 -0400] "GET /.well-known/acme-challenge/index.php HTTP/1.1" 404 - "-" "Mozilla/5.0 (Windows NT 10.0; Win64; x64) AppleWebKit/537.36 (KHTML, like Gecko) Chrome/58.0.3029.110 Safari/537.36"
104.28.211.186 - - [19/Aug/2025:16:07:03 -0400] "GET /images/parallax/ HTTP/1.1" 200 426 "-" "-"
104.28.211.186 - - [19/Aug/2025:16:07:04 -0400] "GET /images/parallax//images/ HTTP/1.1" 404 - "-" "-"
104.28.211.186 - - [19/Aug/2025:16:07:04 -0400] "GET /images/parallax/photos/ HTTP/1.1" 200 318 "-" "-"
104.28.211.186 - - [19/Aug/2025:16:07:04 -0400] "GET /images/portfolio/ HTTP/1.1" 200 449 "-" "-"
104.28.211.186 - - [19/Aug/2025:16:07:04 -0400] "GET /images/portfolio//images/ HTTP/1.1" 404 - "-" "-"
104.28.211.186 - - [19/Aug/2025:16:07:05 -0400] "GET /images/testimonial/ HTTP/1.1" 200 452 "-" "-"
104.28.211.186 - - [19/Aug/2025:16:07:05 -0400] "GET /images/testimonial//images/ HTTP/1.1" 404 - "-" "-"
104.28.211.186 - - [19/Aug/2025:16:07:05 -0400] "GET /images/testimonial/comment-editor/ HTTP/1.1" 200 325 "-" "-"
105.188.49.248 - - [19/Aug/2025:16:07:05 -0400] "GET /wp-includes/images/include.php HTTP/1.1" 404 - "-" "Mozilla/5.0 (Windows NT 10.0; Win64; x64) AppleWebKit/537.36 (KHTML, like Gecko) Chrome/58.0.3029.110 Safari/537.36"
104.28.211.186 - - [19/Aug/2025:16:07:06 -0400] "GET /assets/ HTTP/1.1" 404 - "-" "-"
104.28.211.186 - - [19/Aug/2025:16:07:06 -0400] "GET /vendor/phpunit/phpunit/src/Util/PHP/ HTTP/1.1" 404 - "-" "-"
104.28.211.186 - - [19/Aug/2025:16:07:06 -0400] "GET /upload/image/ HTTP/1.1" 404 - "-" "-"
104.28.211.186 - - [19/Aug/2025:16:07:06 -0400] "GET /assets/images/ HTTP/1.1" 404 - "-" "-"
104.28.211.186 - - [19/Aug/2025:16:07:07 -0400] "GET /Public/ HTTP/1.1" 404 - "-" "-"
104.28.211.186 - - [19/Aug/2025:16:07:07 -0400] "GET /vendor/ HTTP/1.1" 404 - "-" "-"
104.28.211.186 - - [19/Aug/2025:16:07:07 -0400] "GET /local/ HTTP/1.1" 404 - "-" "-"
104.28.211.186 - - [19/Aug/2025:16:07:07 -0400] "GET /modules/ HTTP/1.1" 404 - "-" "-"
104.28.211.186 - - [19/Aug/2025:16:07:08 -0400] "GET /Site/ HTTP/1.1" 404 - "-" "-"
104.28.211.186 - - [19/Aug/2025:16:07:08 -0400] "GET /system/ HTTP/1.1" 404 - "-" "-"
104.28.211.186 - - [19/Aug/2025:16:07:08 -0400] "GET /template/ HTTP/1.1" 404 - "-" "-"
104.28.211.186 - - [19/Aug/2025:16:07:09 -0400] "GET /shop/ HTTP/1.1" 404 - "-" "-"
104.28.211.186 - - [19/Aug/2025:16:07:09 -0400] "GET /files/ HTTP/1.1" 404 - "-" "-"
104.28.211.186 - - [19/Aug/2025:16:07:09 -0400] "GET /admin/editor/ HTTP/1.1" 404 - "-" "-"
104.28.211.186 - - [19/Aug/2025:16:07:09 -0400] "GET /include/ HTTP/1.1" 404 - "-" "-"
104.28.211.186 - - [19/Aug/2025:16:07:10 -0400] "GET /Assets/ HTTP/1.1" 404 - "-" "-"
104.28.211.186 - - [19/Aug/2025:16:07:10 -0400] "GET /images/stories/ HTTP/1.1" 404 - "-" "-"
104.28.211.186 - - [19/Aug/2025:16:07:10 -0400] "GET /plugins/ HTTP/1.1" 404 - "-" "-"
104.28.211.186 - - [19/Aug/2025:16:07:10 -0400] "GET /php/ HTTP/1.1" 404 - "-" "-"
105.188.49.248 - - [19/Aug/2025:16:07:10 -0400] "GET /.well-knownold/wso112233.php HTTP/1.1" 404 - "-" "Mozilla/5.0 (Windows NT 10.0; Win64; x64) AppleWebKit/537.36 (KHTML, like Gecko) Chrome/58.0.3029.110 Safari/537.36"
104.28.211.186 - - [19/Aug/2025:16:07:11 -0400] "GET /wp-admin/css/ HTTP/1.1" 404 - "-" "-"
104.28.211.186 - - [19/Aug/2025:16:07:11 -0400] "GET /wp-content/themes/twentytwenty/ HTTP/1.1" 404 - "-" "-"
104.28.211.186 - - [19/Aug/2025:16:07:11 -0400] "GET /wp-content/cache/ HTTP/1.1" 404 - "-" "-"
104.28.211.186 - - [19/Aug/2025:16:07:12 -0400] "GET /wp-admin/maint/ HTTP/1.1" 404 - "-" "-"
104.28.211.186 - - [19/Aug/2025:16:07:12 -0400] "GET /wp-content/plugins/akismet/ HTTP/1.1" 404 - "-" "-"
104.28.211.186 - - [19/Aug/2025:16:07:12 -0400] "GET /wp-includes/assets/ HTTP/1.1" 404 - "-" "-"
104.28.211.186 - - [19/Aug/2025:16:07:12 -0400] "GET /wp-includes/block-patterns/ HTTP/1.1" 404 - "-" "-"
104.28.211.186 - - [19/Aug/2025:16:07:13 -0400] "GET /wp-includes/block-supports/ HTTP/1.1" 404 - "-" "-"
104.28.211.186 - - [19/Aug/2025:16:07:13 -0400] "GET /wp-includes/html-api/ HTTP/1.1" 404 - "-" "-"
104.28.211.186 - - [19/Aug/2025:16:07:13 -0400] "GET /wp-includes/js/ HTTP/1.1" 404 - "-" "-"
104.28.211.186 - - [19/Aug/2025:16:07:13 -0400] "GET /wp-includes/php-compat/ HTTP/1.1" 404 - "-" "-"
104.28.211.186 - - [19/Aug/2025:16:07:14 -0400] "GET /wp-includes/PHPMailer/ HTTP/1.1" 404 - "-" "-"
105.188.49.248 - - [19/Aug/2025:16:07:14 -0400] "GET /wp-admin/network/zmFM.php HTTP/1.1" 404 - "-" "Mozilla/5.0 (Windows NT 10.0; Win64; x64) AppleWebKit/537.36 (KHTML, like Gecko) Chrome/58.0.3029.110 Safari/537.36"
104.28.211.186 - - [19/Aug/2025:16:07:14 -0400] "GET /wp-includes/pomo/ HTTP/1.1" 404 - "-" "-"
104.28.211.186 - - [19/Aug/2025:16:07:14 -0400] "GET /wp-includes/random_compat/ HTTP/1.1" 404 - "-" "-"
104.28.211.186 - - [19/Aug/2025:16:07:14 -0400] "GET /wp-includes/rest-api/ HTTP/1.1" 404 - "-" "-"
104.28.211.186 - - [19/Aug/2025:16:07:15 -0400] "GET /wp-includes/sitemaps/ HTTP/1.1" 404 - "-" "-"
144.76.32.145 - - [19/Aug/2025:16:07:15 -0400] "GET /ca3561/?path=/lib64&edit=libQt5Concurrent.so.5 HTTP/1.1" 200 19892 "-" "Mozilla/5.0 (compatible; BLEXBot/1.0; +https://help.seranking.com/en/blex-crawler)"
66.249.79.205 - - [19/Aug/2025:16:07:15 -0400] "GET /zhHant/product/surugaya/DMCNF3852300?campaign_uid=f64d716db5e979ed2f947dbaf4296895b951ae7f HTTP/1.1" 404 - "-" "Mozilla/5.0 (Linux; Android 6.0.1; Nexus 5X Build/MMB29P) AppleWebKit/537.36 (KHTML, like Gecko) Chrome/138.0.7204.183 Mobile Safari/537.36 (compatible; Googlebot/2.1; +http://www.google.com/bot.html)"
104.28.211.186 - - [19/Aug/2025:16:07:15 -0400] "GET /wp-includes/sodium_compat/ HTTP/1.1" 404 - "-" "-"
104.28.211.186 - - [19/Aug/2025:16:07:15 -0400] "GET /wp-includes/style-engine/ HTTP/1.1" 404 - "-" "-"
104.28.211.186 - - [19/Aug/2025:16:07:16 -0400] "GET /wp-includes/theme-compat/ HTTP/1.1" 404 - "-" "-"
104.28.211.186 - - [19/Aug/2025:16:07:16 -0400] "GET /wp-includes/widgets/ HTTP/1.1" 404 - "-" "-"
105.188.49.248 - - [19/Aug/2025:16:07:16 -0400] "GET /wp-includes/sodium_compat/src/index.php HTTP/1.1" 404 - "-" "Mozilla/5.0 (Windows NT 10.0; Win64; x64) AppleWebKit/537.36 (KHTML, like Gecko) Chrome/58.0.3029.110 Safari/537.36"
104.28.211.186 - - [19/Aug/2025:16:07:16 -0400] "GET /wp-admin/css/colors/ectoplasm/ HTTP/1.1" 404 - "-" "-"
104.28.211.186 - - [19/Aug/2025:16:07:16 -0400] "GET /wp-admin/css/colors/ HTTP/1.1" 404 - "-" "-"
104.28.211.186 - - [19/Aug/2025:16:07:17 -0400] "GET /admin/images/slider/ HTTP/1.1" 404 - "-" "-"
104.28.211.186 - - [19/Aug/2025:16:07:17 -0400] "GET /admin/fckeditor/editor/filemanager/ HTTP/1.1" 404 - "-" "-"
104.28.211.186 - - [19/Aug/2025:16:07:17 -0400] "GET /sites/default/files/ HTTP/1.1" 404 - "-" "-"
104.28.211.186 - - [19/Aug/2025:16:07:18 -0400] "GET /admin/controller/extension/extension/ HTTP/1.1" 404 - "-" "-"
104.28.211.186 - - [19/Aug/2025:16:07:18 -0400] "GET /modules/mod_simplefileuploadv1.3/elements/ HTTP/1.1" 404 - "-" "-"
105.188.49.248 - - [19/Aug/2025:16:07:18 -0400] "GET /wp-admin/css/colors/modern/lofter.php HTTP/1.1" 404 - "-" "Mozilla/5.0 (Windows NT 10.0; Win64; x64) AppleWebKit/537.36 (KHTML, like Gecko) Chrome/58.0.3029.110 Safari/537.36"
104.28.211.186 - - [19/Aug/2025:16:07:18 -0400] "GET /components/ HTTP/1.1" 404 - "-" "-"
104.28.211.186 - - [19/Aug/2025:16:07:18 -0400] "GET /admin/uploads/images/ HTTP/1.1" 404 - "-" "-"
104.28.211.186 - - [19/Aug/2025:16:07:19 -0400] "GET /wp-content/plugins/classic-editor/ HTTP/1.1" 404 - "-" "-"
104.28.211.186 - - [19/Aug/2025:16:07:19 -0400] "GET /wp-content/fonts/ HTTP/1.1" 404 - "-" "-"
52.167.144.142 - - [19/Aug/2025:16:07:19 -0400] "GET /44999863 HTTP/1.1" 404 - "-" "Mozilla/5.0 AppleWebKit/537.36 (KHTML, like Gecko; compatible; bingbot/2.0; +http://www.bing.com/bingbot.htm) Chrome/116.0.1938.76 Safari/537.36"
104.28.211.186 - - [19/Aug/2025:16:07:19 -0400] "GET /wp-content/plugins/contact-form-7/admin/js/ HTTP/1.1" 404 - "-" "-"
104.28.211.186 - - [19/Aug/2025:16:07:20 -0400] "GET /wp-content/plugins/contact-form-7/ HTTP/1.1" 404 - "-" "-"
51.222.253.15 - - [19/Aug/2025:16:07:20 -0400] "GET /577180428 HTTP/1.1" 404 - "-" "Mozilla/5.0 (compatible; AhrefsBot/7.0; +http://ahrefs.com/robot/)"
104.28.211.186 - - [19/Aug/2025:16:07:20 -0400] "GET /wordpress/ HTTP/1.1" 404 - "-" "-"
52.167.144.142 - - [19/Aug/2025:16:07:20 -0400] "GET /631714264 HTTP/1.1" 404 - "-" "Mozilla/5.0 AppleWebKit/537.36 (KHTML, like Gecko; compatible; bingbot/2.0; +http://www.bing.com/bingbot.htm) Chrome/116.0.1938.76 Safari/537.36"
104.28.211.186 - - [19/Aug/2025:16:07:20 -0400] "GET /wp-admin/images/ HTTP/1.1" 404 - "-" "-"
104.28.211.186 - - [19/Aug/2025:16:07:20 -0400] "GET /wp-content/plugins/wordpress-seo/js/dist/ HTTP/1.1" 404 - "-" "-"
104.28.211.186 - - [19/Aug/2025:16:07:20 -0400] "GET /wp-content/plugins/wordpress-seo/ HTTP/1.1" 404 - "-" "-"
104.28.211.186 - - [19/Aug/2025:16:07:21 -0400] "GET /js/ HTTP/1.1" 200 722 "-" "-"
104.28.211.186 - - [19/Aug/2025:16:07:21 -0400] "GET /wp-content/plugins/woocommerce/assets/js/ HTTP/1.1" 404 - "-" "-"
104.28.211.186 - - [19/Aug/2025:16:07:21 -0400] "GET /wp-content/plugins/woocommerce/ HTTP/1.1" 404 - "-" "-"
104.28.211.186 - - [19/Aug/2025:16:07:22 -0400] "GET /wp-admin/meta/ HTTP/1.1" 404 - "-" "-"
104.28.211.186 - - [19/Aug/2025:16:07:22 -0400] "GET /wp-admin/network/ HTTP/1.1" 404 - "-" "-"
104.28.211.186 - - [19/Aug/2025:16:07:22 -0400] "GET /wp-admin/user/ HTTP/1.1" 404 - "-" "-"
105.188.49.248 - - [19/Aug/2025:16:07:22 -0400] "GET /.well-known/bala.php HTTP/1.1" 404 - "-" "Mozilla/5.0 (Windows NT 10.0; Win64; x64) AppleWebKit/537.36 (KHTML, like Gecko) Chrome/58.0.3029.110 Safari/537.36"
104.28.211.186 - - [19/Aug/2025:16:07:22 -0400] "GET /wp-content/ HTTP/1.1" 200 307 "-" "-"
104.28.211.186 - - [19/Aug/2025:16:07:23 -0400] "GET /wp-content/plugins/ HTTP/1.1" 404 - "-" "-"
104.28.211.186 - - [19/Aug/2025:16:07:23 -0400] "GET /wp-content/themes/ HTTP/1.1" 404 - "-" "-"
104.28.211.186 - - [19/Aug/2025:16:07:23 -0400] "GET /wp-admin/includes/ HTTP/1.1" 404 - "-" "-"
104.28.211.186 - - [19/Aug/2025:16:07:23 -0400] "GET /wp-admin/ HTTP/1.1" 200 347 "-" "-"
104.28.211.186 - - [19/Aug/2025:16:07:24 -0400] "GET /wp-admin/wp-admin.php HTTP/1.1" 200 - "-" "-"
104.28.211.186 - - [19/Aug/2025:16:07:24 -0400] "GET /wp-content/upgrade/ HTTP/1.1" 404 - "-" "-"
52.167.144.176 - - [19/Aug/2025:16:07:24 -0400] "GET /452817077 HTTP/1.1" 404 - "-" "Mozilla/5.0 AppleWebKit/537.36 (KHTML, like Gecko; compatible; bingbot/2.0; +http://www.bing.com/bingbot.htm) Chrome/116.0.1938.76 Safari/537.36"
104.28.211.186 - - [19/Aug/2025:16:07:24 -0400] "GET /proxies/check/ HTTP/1.1" 404 - "-" "-"
104.28.211.186 - - [19/Aug/2025:16:07:25 -0400] "GET /app_dev// HTTP/1.1" 404 - "-" "-"
104.28.211.186 - - [19/Aug/2025:16:07:25 -0400] "GET /admin/phpmyadmin/index/ HTTP/1.1" 404 - "-" "-"
104.28.211.186 - - [19/Aug/2025:16:07:25 -0400] "GET /phpmyadmin6/index/ HTTP/1.1" 404 - "-" "-"
104.28.211.186 - - [19/Aug/2025:16:07:26 -0400] "GET /.env/ HTTP/1.1" 404 - "-" "-"
104.28.211.186 - - [19/Aug/2025:16:07:26 -0400] "GET /phpMyAdmin5/index/ HTTP/1.1" 404 - "-" "-"
104.28.211.186 - - [19/Aug/2025:16:07:26 -0400] "GET /phpinformations/ HTTP/1.1" 404 - "-" "-"
104.28.211.186 - - [19/Aug/2025:16:07:26 -0400] "GET /phpMyAdmin2/index/ HTTP/1.1" 404 - "-" "-"
104.28.211.186 - - [19/Aug/2025:16:07:27 -0400] "GET /wp-content/plugins/portable-phpmyadmin/wp-pma-mod/index/ HTTP/1.1" 404 - "-" "-"
105.188.49.248 - - [19/Aug/2025:16:07:27 -0400] "GET /wp-includes/js/tinymce/utils/wp-config-samples.php HTTP/1.1" 404 - "-" "Mozilla/5.0 (Windows NT 10.0; Win64; x64) AppleWebKit/537.36 (KHTML, like Gecko) Chrome/58.0.3029.110 Safari/537.36"
104.28.211.186 - - [19/Aug/2025:16:07:27 -0400] "GET /settings/ HTTP/1.1" 404 - "-" "-"
104.28.211.186 - - [19/Aug/2025:16:07:27 -0400] "GET /phpmyadmin2021/index/ HTTP/1.1" 404 - "-" "-"
104.28.211.186 - - [19/Aug/2025:16:07:27 -0400] "GET /db/ HTTP/1.1" 404 - "-" "-"
144.76.32.145 - - [19/Aug/2025:16:07:27 -0400] "GET /ca3561/?path=/lib64&edit=libQt5Multimedia.so.5 HTTP/1.1" 200 19891 "-" "Mozilla/5.0 (compatible; BLEXBot/1.0; +https://help.seranking.com/en/blex-crawler)"
104.28.211.186 - - [19/Aug/2025:16:07:27 -0400] "GET /mysqladmin/index/ HTTP/1.1" 404 - "-" "-"
104.28.211.186 - - [19/Aug/2025:16:07:28 -0400] "GET /sql/sql/index/ HTTP/1.1" 404 - "-" "-"
104.28.211.186 - - [19/Aug/2025:16:07:28 -0400] "GET /database/index/ HTTP/1.1" 404 - "-" "-"
104.28.211.186 - - [19/Aug/2025:16:07:28 -0400] "GET /db/phpmyadmin4/index/ HTTP/1.1" 404 - "-" "-"
104.28.211.186 - - [19/Aug/2025:16:07:28 -0400] "GET /administrator/db/index/ HTTP/1.1" 404 - "-" "-"
104.28.211.186 - - [19/Aug/2025:16:07:29 -0400] "GET /db/phpMyAdmin3/index/ HTTP/1.1" 404 - "-" "-"
104.28.211.186 - - [19/Aug/2025:16:07:29 -0400] "GET /phpinfo.php4 HTTP/1.1" 404 - "-" "-"
104.28.211.186 - - [19/Aug/2025:16:07:29 -0400] "GET /phpMyAdmin-5.1.1/index/ HTTP/1.1" 404 - "-" "-"
104.28.211.186 - - [19/Aug/2025:16:07:29 -0400] "GET /database/ HTTP/1.1" 404 - "-" "-"
105.188.49.248 - - [19/Aug/2025:16:07:30 -0400] "GET /.well-known/wp-2019.php HTTP/1.1" 404 - "-" "Mozilla/5.0 (Windows NT 10.0; Win64; x64) AppleWebKit/537.36 (KHTML, like Gecko) Chrome/58.0.3029.110 Safari/537.36"
104.28.211.186 - - [19/Aug/2025:16:07:30 -0400] "GET /phpmyadmin2018/index/ HTTP/1.1" 404 - "-" "-"
104.28.211.186 - - [19/Aug/2025:16:07:30 -0400] "GET /wp-config/ HTTP/1.1" 404 - "-" "-"
104.28.211.186 - - [19/Aug/2025:16:07:30 -0400] "GET /infophp/ HTTP/1.1" 404 - "-" "-"
104.28.211.186 - - [19/Aug/2025:16:07:31 -0400] "GET /time/ HTTP/1.1" 404 - "-" "-"
104.28.211.186 - - [19/Aug/2025:16:07:31 -0400] "GET /dbadmin/index/ HTTP/1.1" 404 - "-" "-"
104.28.211.186 - - [19/Aug/2025:16:07:31 -0400] "GET /config/env/ HTTP/1.1" 404 - "-" "-"
104.28.211.186 - - [19/Aug/2025:16:07:31 -0400] "GET /PHPINFO/ HTTP/1.1" 404 - "-" "-"
104.28.211.186 - - [19/Aug/2025:16:07:32 -0400] "GET /phpinfo.php3 HTTP/1.1" 404 - "-" "-"
144.76.32.145 - - [19/Aug/2025:16:07:32 -0400] "GET /ca3561/?path=/lib64&edit=libQt5Network.so.5.15 HTTP/1.1" 200 19894 "-" "Mozilla/5.0 (compatible; BLEXBot/1.0; +https://help.seranking.com/en/blex-crawler)"
104.28.211.186 - - [19/Aug/2025:16:07:32 -0400] "GET /administrator/admin/index/ HTTP/1.1" 404 - "-" "-"
104.28.211.186 - - [19/Aug/2025:16:07:32 -0400] "GET /db/phpmyadmin3/index/ HTTP/1.1" 404 - "-" "-"
104.28.211.186 - - [19/Aug/2025:16:07:33 -0400] "GET /phpmyadmin2/index/ HTTP/1.1" 404 - "-" "-"
104.28.211.186 - - [19/Aug/2025:16:07:33 -0400] "GET /php_info/ HTTP/1.1" 404 - "-" "-"
104.28.211.186 - - [19/Aug/2025:16:07:33 -0400] "GET /phpMyAdmin6.0/index/ HTTP/1.1" 404 - "-" "-"
104.28.211.186 - - [19/Aug/2025:16:07:34 -0400] "GET /db/db-admin/index/ HTTP/1.1" 404 - "-" "-"
104.28.211.186 - - [19/Aug/2025:16:07:34 -0400] "GET /admin/sqladmin/index/ HTTP/1.1" 404 - "-" "-"
105.188.49.248 - - [19/Aug/2025:16:07:34 -0400] "GET /wp-admin/css/colors/midnight/wp-admin.php HTTP/1.1" 404 - "-" "Mozilla/5.0 (Windows NT 10.0; Win64; x64) AppleWebKit/537.36 (KHTML, like Gecko) Chrome/58.0.3029.110 Safari/537.36"
104.28.211.186 - - [19/Aug/2025:16:07:34 -0400] "GET /program/index/ HTTP/1.1" 404 - "-" "-"
104.28.211.186 - - [19/Aug/2025:16:07:34 -0400] "GET /mysql/admin/index/ HTTP/1.1" 404 - "-" "-"
104.28.211.186 - - [19/Aug/2025:16:07:35 -0400] "GET /mysql/pma/index/ HTTP/1.1" 404 - "-" "-"
104.28.211.186 - - [19/Aug/2025:16:07:35 -0400] "GET /SQLiteManager/main/ HTTP/1.1" 404 - "-" "-"
104.28.211.186 - - [19/Aug/2025:16:07:35 -0400] "GET /phpMyAdmin/index/ HTTP/1.1" 404 - "-" "-"
144.76.32.145 - - [19/Aug/2025:16:07:35 -0400] "GET /ca3561/?path=/lib64&edit=libQt5Quick.so.5.15.3 HTTP/1.1" 200 19893 "-" "Mozilla/5.0 (compatible; BLEXBot/1.0; +https://help.seranking.com/en/blex-crawler)"
104.28.211.186 - - [19/Aug/2025:16:07:35 -0400] "GET /phpMyAdmin-5.1.0/index/ HTTP/1.1" 404 - "-" "-"
104.28.211.186 - - [19/Aug/2025:16:07:36 -0400] "GET /phpMyAdmin-3/index/ HTTP/1.1" 404 - "-" "-"
104.28.211.186 - - [19/Aug/2025:16:07:36 -0400] "GET /dev/phpinfo/ HTTP/1.1" 404 - "-" "-"
104.28.211.186 - - [19/Aug/2025:16:07:36 -0400] "GET /administrator/pma/index/ HTTP/1.1" 404 - "-" "-"
104.28.211.186 - - [19/Aug/2025:16:07:37 -0400] "GET /phpmy/index/ HTTP/1.1" 404 - "-" "-"
104.28.211.186 - - [19/Aug/2025:16:07:37 -0400] "GET /phpmyadmin2019/index/ HTTP/1.1" 404 - "-" "-"
104.28.211.186 - - [19/Aug/2025:16:07:37 -0400] "GET /phpversion/ HTTP/1.1" 404 - "-" "-"
104.28.211.186 - - [19/Aug/2025:16:07:38 -0400] "GET /wp-config/.bak HTTP/1.1" 404 - "-" "-"
52.167.144.176 - - [19/Aug/2025:16:07:38 -0400] "GET /43425094 HTTP/1.1" 404 - "-" "Mozilla/5.0 (iPhone; CPU iPhone OS 7_0 like Mac OS X) AppleWebKit/537.51.1 (KHTML, like Gecko) Version/7.0 Mobile/11A465 Safari/9537.53 (compatible; bingbot/2.0; +http://www.bing.com/bingbot.htm)"
104.28.211.186 - - [19/Aug/2025:16:07:38 -0400] "GET /administrator/web/index/ HTTP/1.1" 404 - "-" "-"
104.28.211.186 - - [19/Aug/2025:16:07:38 -0400] "GET /config/ HTTP/1.1" 404 - "-" "-"
104.28.211.186 - - [19/Aug/2025:16:07:39 -0400] "GET /phpMyAdmin-4/index/ HTTP/1.1" 404 - "-" "-"
104.28.211.186 - - [19/Aug/2025:16:07:39 -0400] "GET /p/ HTTP/1.1" 404 - "-" "-"
144.76.32.145 - - [19/Aug/2025:16:07:39 -0400] "GET /ca3561/?path=/lib64&edit=libQt5Widgets.so.5.15 HTTP/1.1" 200 19893 "-" "Mozilla/5.0 (compatible; BLEXBot/1.0; +https://help.seranking.com/en/blex-crawler)"
104.28.211.186 - - [19/Aug/2025:16:07:39 -0400] "GET /1/ HTTP/1.1" 404 - "-" "-"
105.188.49.248 - - [19/Aug/2025:16:07:39 -0400] "GET /wp-includes/certificates/bless.php HTTP/1.1" 404 - "-" "Mozilla/5.0 (Windows NT 10.0; Win64; x64) AppleWebKit/537.36 (KHTML, like Gecko) Chrome/58.0.3029.110 Safari/537.36"
104.28.211.186 - - [19/Aug/2025:16:07:39 -0400] "GET /phpMyAdmin6/index/ HTTP/1.1" 404 - "-" "-"
104.28.211.186 - - [19/Aug/2025:16:07:40 -0400] "GET /phpMyAdmin_/index/ HTTP/1.1" 404 - "-" "-"
104.28.211.186 - - [19/Aug/2025:16:07:40 -0400] "GET /shopdb/index/ HTTP/1.1" 404 - "-" "-"
104.28.211.186 - - [19/Aug/2025:16:07:40 -0400] "GET /stalker_portal/server/tools/auth_simple/ HTTP/1.1" 404 - "-" "-"
104.28.211.186 - - [19/Aug/2025:16:07:41 -0400] "GET /sql/phpmyadmin4/index/ HTTP/1.1" 404 - "-" "-"
104.28.211.186 - - [19/Aug/2025:16:07:41 -0400] "GET /phpMyAdmin3/index/ HTTP/1.1" 404 - "-" "-"
104.28.211.186 - - [19/Aug/2025:16:07:41 -0400] "GET /test/sqlite/SQLiteManager-1.2.0/SQLiteManager-1.2.0/main/ HTTP/1.1" 404 - "-" "-"
105.188.49.248 - - [19/Aug/2025:16:07:41 -0400] "GET /wp-content/themes/themes.php HTTP/1.1" 404 - "-" "Mozilla/5.0 (Windows NT 10.0; Win64; x64) AppleWebKit/537.36 (KHTML, like Gecko) Chrome/58.0.3029.110 Safari/537.36"
104.28.211.186 - - [19/Aug/2025:16:07:41 -0400] "GET /phpmyadmin4/index/ HTTP/1.1" 404 - "-" "-"
104.28.211.186 - - [19/Aug/2025:16:07:42 -0400] "GET /sql/sql-admin/index/ HTTP/1.1" 404 - "-" "-"
104.28.211.186 - - [19/Aug/2025:16:07:42 -0400] "GET /admin/scripts/setup/ HTTP/1.1" 404 - "-" "-"
104.28.211.186 - - [19/Aug/2025:16:07:42 -0400] "GET /admin/index/ HTTP/1.1" 404 - "-" "-"
104.28.211.186 - - [19/Aug/2025:16:07:43 -0400] "GET /db_config/ HTTP/1.1" 404 - "-" "-"
104.28.211.186 - - [19/Aug/2025:16:07:43 -0400] "GET /sql/webadmin/index/ HTTP/1.1" 404 - "-" "-"
104.28.211.186 - - [19/Aug/2025:16:07:43 -0400] "GET /phpMyAdmin1/index/ HTTP/1.1" 404 - "-" "-"
144.76.32.145 - - [19/Aug/2025:16:07:43 -0400] "GET /ca3561/?path=/lib64&edit=libSvtAv1Dec.so.0.8.7 HTTP/1.1" 200 19896 "-" "Mozilla/5.0 (compatible; BLEXBot/1.0; +https://help.seranking.com/en/blex-crawler)"
104.28.211.186 - - [19/Aug/2025:16:07:43 -0400] "GET /db/phpmyadmin5/index/ HTTP/1.1" 404 - "-" "-"
104.28.211.186 - - [19/Aug/2025:16:07:44 -0400] "GET /phpdetails/ HTTP/1.1" 404 - "-" "-"
104.28.211.186 - - [19/Aug/2025:16:07:44 -0400] "GET /phpMyAdmin-latest-all-languages/index/ HTTP/1.1" 404 - "-" "-"
114.119.145.47 - - [19/Aug/2025:16:07:44 -0400] "GET /ca3561/?path=/usr/include/linux&edit=in6.h HTTP/1.1" 200 10666 "https://greenfield.com.sa/ca3561/?path=/usr/include/linux&edit=toshiba.h" "Mozilla/5.0 (Linux; Android 7.0;) AppleWebKit/537.36 (KHTML, like Gecko) Mobile Safari/537.36 (compatible; PetalBot;+https://webmaster.petalsearch.com/site/petalbot)"
104.28.211.186 - - [19/Aug/2025:16:07:45 -0400] "GET /phpmyadmin3/index/ HTTP/1.1" 404 - "-" "-"
105.188.49.248 - - [19/Aug/2025:16:07:45 -0400] "GET /wp-content/upgrade/wp-conflg.php HTTP/1.1" 404 - "-" "Mozilla/5.0 (Windows NT 10.0; Win64; x64) AppleWebKit/537.36 (KHTML, like Gecko) Chrome/58.0.3029.110 Safari/537.36"
104.28.211.186 - - [19/Aug/2025:16:07:45 -0400] "GET /old_phpinfo/ HTTP/1.1" 404 - "-" "-"
104.28.211.186 - - [19/Aug/2025:16:07:45 -0400] "GET /_phpmyadmin/index/ HTTP/1.1" 404 - "-" "-"
104.28.211.186 - - [19/Aug/2025:16:07:46 -0400] "GET /phpMyAdmin-5.2/index/ HTTP/1.1" 404 - "-" "-"
104.28.211.186 - - [19/Aug/2025:16:07:46 -0400] "GET /app_dev//_profiler/phpinfo HTTP/1.1" 404 - "-" "-"
104.28.211.186 - - [19/Aug/2025:16:07:46 -0400] "GET /sql/phpmyadmin5/index/ HTTP/1.1" 404 - "-" "-"
104.28.211.186 - - [19/Aug/2025:16:07:46 -0400] "GET /phpMyadmin/index/ HTTP/1.1" 404 - "-" "-"
104.28.211.186 - - [19/Aug/2025:16:07:47 -0400] "GET /phpMyAdmin-5.2.0-all-languages/index/ HTTP/1.1" 404 - "-" "-"
105.188.49.248 - - [19/Aug/2025:16:07:47 -0400] "GET /wp-admin/includes/class.api.php HTTP/1.1" 404 - "-" "Mozilla/5.0 (Windows NT 10.0; Win64; x64) AppleWebKit/537.36 (KHTML, like Gecko) Chrome/58.0.3029.110 Safari/537.36"
104.28.211.186 - - [19/Aug/2025:16:07:47 -0400] "GET /info/ HTTP/1.1" 404 - "-" "-"
104.28.211.186 - - [19/Aug/2025:16:07:47 -0400] "GET /api/app_dev//_profiler/phpinfo HTTP/1.1" 404 - "-" "-"
144.76.32.145 - - [19/Aug/2025:16:07:47 -0400] "GET /ca3561/?path=/lib64&edit=libSvtAv1Enc.so.0.8.7 HTTP/1.1" 200 19896 "-" "Mozilla/5.0 (compatible; BLEXBot/1.0; +https://help.seranking.com/en/blex-crawler)"
104.28.211.186 - - [19/Aug/2025:16:07:48 -0400] "GET /configuration/.zip HTTP/1.1" 404 - "-" "-"
104.28.211.186 - - [19/Aug/2025:16:07:48 -0400] "GET /_profiler/phpinfo/ HTTP/1.1" 404 - "-" "-"
104.28.211.186 - - [19/Aug/2025:16:07:48 -0400] "GET /php/ HTTP/1.1" 404 - "-" "-"
104.28.211.186 - - [19/Aug/2025:16:07:48 -0400] "GET /admin/pma/scripts/setup/ HTTP/1.1" 404 - "-" "-"
104.28.211.186 - - [19/Aug/2025:16:07:49 -0400] "GET /administrator/PMA/index/ HTTP/1.1" 404 - "-" "-"
104.28.211.186 - - [19/Aug/2025:16:07:49 -0400] "GET /pma/index/ HTTP/1.1" 404 - "-" "-"
104.28.211.186 - - [19/Aug/2025:16:07:49 -0400] "GET /sql/phpmyadmin3/index/ HTTP/1.1" 404 - "-" "-"
104.28.211.186 - - [19/Aug/2025:16:07:50 -0400] "GET /db/.bak HTTP/1.1" 404 - "-" "-"
104.28.211.186 - - [19/Aug/2025:16:07:50 -0400] "GET /web/app_dev/ HTTP/1.1" 404 - "-" "-"
104.28.211.186 - - [19/Aug/2025:16:07:50 -0400] "GET /__phpmyadmin/index/ HTTP/1.1" 404 - "-" "-"
104.28.211.186 - - [19/Aug/2025:16:07:50 -0400] "GET /mysql/web/index/ HTTP/1.1" 404 - "-" "-"
104.28.211.186 - - [19/Aug/2025:16:07:51 -0400] "GET /administrator/phpmyadmin/index/ HTTP/1.1" 404 - "-" "-"
144.76.32.145 - - [19/Aug/2025:16:07:51 -0400] "GET /ca3561/?path=/lib64&edit=libXxf86misc.so.1.1.0 HTTP/1.1" 200 19888 "-" "Mozilla/5.0 (compatible; BLEXBot/1.0; +https://help.seranking.com/en/blex-crawler)"
104.28.211.186 - - [19/Aug/2025:16:07:51 -0400] "GET /linusadmin-phpinfo/ HTTP/1.1" 404 - "-" "-"
104.28.211.186 - - [19/Aug/2025:16:07:51 -0400] "GET /phpinformation/ HTTP/1.1" 404 - "-" "-"
104.28.211.186 - - [19/Aug/2025:16:07:52 -0400] "GET /admin/pma/index/ HTTP/1.1" 404 - "-" "-"
104.28.211.186 - - [19/Aug/2025:16:07:52 -0400] "GET /phpMyAdmin-5.2.1-all-languages/index/ HTTP/1.1" 404 - "-" "-"
105.188.49.248 - - [19/Aug/2025:16:07:52 -0400] "GET /wp-includes/ID3/vp.php HTTP/1.1" 404 - "-" "Mozilla/5.0 (Windows NT 10.0; Win64; x64) AppleWebKit/537.36 (KHTML, like Gecko) Chrome/58.0.3029.110 Safari/537.36"
104.28.211.186 - - [19/Aug/2025:16:07:52 -0400] "GET /phpMyAdmin5.2/index/ HTTP/1.1" 404 - "-" "-"
104.28.211.186 - - [19/Aug/2025:16:07:52 -0400] "GET /mysql/index/ HTTP/1.1" 404 - "-" "-"
104.28.211.186 - - [19/Aug/2025:16:07:53 -0400] "GET /wp-config/.old HTTP/1.1" 404 - "-" "-"
104.28.211.186 - - [19/Aug/2025:16:07:53 -0400] "GET /myadmin/index/ HTTP/1.1" 404 - "-" "-"
104.28.211.186 - - [19/Aug/2025:16:07:53 -0400] "GET /phpMyAdmin-5.2.1-english/index/ HTTP/1.1" 404 - "-" "-"
104.28.211.186 - - [19/Aug/2025:16:07:53 -0400] "GET /phpmyadmin5/index/ HTTP/1.1" 404 - "-" "-"
104.28.211.186 - - [19/Aug/2025:16:07:54 -0400] "GET /mysqlmanager/index/ HTTP/1.1" 404 - "-" "-"
104.28.211.186 - - [19/Aug/2025:16:07:54 -0400] "GET /sql/php-myadmin/index/ HTTP/1.1" 404 - "-" "-"
104.28.211.186 - - [19/Aug/2025:16:07:54 -0400] "GET /admin/phpMyAdmin/index/ HTTP/1.1" 404 - "-" "-"
104.28.211.186 - - [19/Aug/2025:16:07:54 -0400] "GET /phpMyAdmin-5/index/ HTTP/1.1" 404 - "-" "-"
104.28.211.186 - - [19/Aug/2025:16:07:55 -0400] "GET /mysql-admin/index/ HTTP/1.1" 404 - "-" "-"
104.28.211.186 - - [19/Aug/2025:16:07:55 -0400] "GET /phpMyAdmin-2.5.7-pl1/scripts/setup/ HTTP/1.1" 404 - "-" "-"
105.188.49.248 - - [19/Aug/2025:16:07:55 -0400] "GET /zmFM.php HTTP/1.1" 404 - "-" "Mozilla/5.0 (Windows NT 10.0; Win64; x64) AppleWebKit/537.36 (KHTML, like Gecko) Chrome/58.0.3029.110 Safari/537.36"
104.28.211.186 - - [19/Aug/2025:16:07:55 -0400] "GET /upl/ HTTP/1.1" 404 - "-" "-"
104.28.211.186 - - [19/Aug/2025:16:07:56 -0400] "GET /wp-config/.zip HTTP/1.1" 404 - "-" "-"
144.76.32.145 - - [19/Aug/2025:16:07:56 -0400] "GET /ca3561/?path=/lib64&edit=libaprutil-1.so.0.6.1 HTTP/1.1" 200 19889 "-" "Mozilla/5.0 (compatible; BLEXBot/1.0; +https://help.seranking.com/en/blex-crawler)"
104.28.211.186 - - [19/Aug/2025:16:07:56 -0400] "GET /db/webdb/index/ HTTP/1.1" 404 - "-" "-"
104.28.211.186 - - [19/Aug/2025:16:07:56 -0400] "GET /db/phpMyAdmin/index/ HTTP/1.1" 404 - "-" "-"
