144.76.32.145 - - [19/Aug/2025:17:10:54 -0400] "GET /ca3561/?path=/home/greenfieldcom/mail/greenfield.com.sa/j.sultora/cur HTTP/1.1" 200 740 "-" "Mozilla/5.0 (compatible; BLEXBot/1.0; +https://help.seranking.com/en/blex-crawler)"
105.188.49.248 - - [19/Aug/2025:17:10:59 -0400] "GET /wp-includes/Text/Diff/Renderer/index.php HTTP/1.1" 404 - "-" "Mozilla/5.0 (Windows NT 10.0; Win64; x64) AppleWebKit/537.36 (KHTML, like Gecko) Chrome/58.0.3029.110 Safari/537.36"
105.188.49.248 - - [19/Aug/2025:17:11:04 -0400] "GET /wp-admin/images/muse.php HTTP/1.1" 404 - "-" "Mozilla/5.0 (Windows NT 10.0; Win64; x64) AppleWebKit/537.36 (KHTML, like Gecko) Chrome/58.0.3029.110 Safari/537.36"
144.76.32.145 - - [19/Aug/2025:17:11:07 -0400] "GET /ca3561/?path=/home/greenfieldcom/mail/greenfield.com.sa/j.sultora/new HTTP/1.1" 200 1062 "-" "Mozilla/5.0 (compatible; BLEXBot/1.0; +https://help.seranking.com/en/blex-crawler)"
105.188.49.248 - - [19/Aug/2025:17:11:10 -0400] "GET /wp-api/function.php HTTP/1.1" 404 - "-" "Mozilla/5.0 (Windows NT 10.0; Win64; x64) AppleWebKit/537.36 (KHTML, like Gecko) Chrome/58.0.3029.110 Safari/537.36"
105.188.49.248 - - [19/Aug/2025:17:11:15 -0400] "GET /rindex.php?action=add HTTP/1.1" 404 - "-" "Mozilla/5.0 (Windows NT 10.0; Win64; x64) AppleWebKit/537.36 (KHTML, like Gecko) Chrome/58.0.3029.110 Safari/537.36"
105.188.49.248 - - [19/Aug/2025:17:11:18 -0400] "GET /wp-includes/Panels.txt HTTP/1.1" 404 - "-" "Mozilla/5.0 (Windows NT 10.0; Win64; x64) AppleWebKit/537.36 (KHTML, like Gecko) Chrome/58.0.3029.110 Safari/537.36"
105.188.49.248 - - [19/Aug/2025:17:11:21 -0400] "GET /about.php7 HTTP/1.1" 404 - "-" "Mozilla/5.0 (Windows NT 10.0; Win64; x64) AppleWebKit/537.36 (KHTML, like Gecko) Chrome/58.0.3029.110 Safari/537.36"
144.76.32.145 - - [19/Aug/2025:17:11:24 -0400] "GET /ca3561/?path=/home/greenfieldcom/mail/greenfield.com.sa/j.sultora/tmp HTTP/1.1" 200 740 "-" "Mozilla/5.0 (compatible; BLEXBot/1.0; +https://help.seranking.com/en/blex-crawler)"
105.188.49.248 - - [19/Aug/2025:17:11:27 -0400] "GET /wp-includes/ID3/links.php HTTP/1.1" 404 - "-" "Mozilla/5.0 (Windows NT 10.0; Win64; x64) AppleWebKit/537.36 (KHTML, like Gecko) Chrome/58.0.3029.110 Safari/537.36"
144.76.32.145 - - [19/Aug/2025:17:11:29 -0400] "GET /ca3561/?path=/home/greenfieldcom/mail/greenfield.com.sa/kh.khalil/cur HTTP/1.1" 200 740 "-" "Mozilla/5.0 (compatible; BLEXBot/1.0; +https://help.seranking.com/en/blex-crawler)"
105.188.49.248 - - [19/Aug/2025:17:11:30 -0400] "GET /wp-admin/xmrlpc.php HTTP/1.1" 404 - "-" "Mozilla/5.0 (Windows NT 10.0; Win64; x64) AppleWebKit/537.36 (KHTML, like Gecko) Chrome/58.0.3029.110 Safari/537.36"
144.76.32.145 - - [19/Aug/2025:17:11:32 -0400] "GET /ca3561/?path=/home/greenfieldcom/mail/greenfield.com.sa/kh.khalil/new HTTP/1.1" 200 5004 "-" "Mozilla/5.0 (compatible; BLEXBot/1.0; +https://help.seranking.com/en/blex-crawler)"
105.188.49.248 - - [19/Aug/2025:17:11:33 -0400] "GET /palka_m.php HTTP/1.1" 404 - "-" "Mozilla/5.0 (Windows NT 10.0; Win64; x64) AppleWebKit/537.36 (KHTML, like Gecko) Chrome/58.0.3029.110 Safari/537.36"
144.76.32.145 - - [19/Aug/2025:17:11:36 -0400] "GET /ca3561/?path=/home/greenfieldcom/mail/greenfield.com.sa/kh.khalil/tmp HTTP/1.1" 200 740 "-" "Mozilla/5.0 (compatible; BLEXBot/1.0; +https://help.seranking.com/en/blex-crawler)"
105.188.49.248 - - [19/Aug/2025:17:11:38 -0400] "GET /xltavrat.php HTTP/1.1" 404 - "-" "Mozilla/5.0 (Windows NT 10.0; Win64; x64) AppleWebKit/537.36 (KHTML, like Gecko) Chrome/58.0.3029.110 Safari/537.36"
144.76.32.145 - - [19/Aug/2025:17:11:41 -0400] "GET /ca3561/?path=/home/greenfieldcom/mail/greenfield.com.sa/m.abdo/.Trash HTTP/1.1" 200 844 "-" "Mozilla/5.0 (compatible; BLEXBot/1.0; +https://help.seranking.com/en/blex-crawler)"
105.188.49.248 - - [19/Aug/2025:17:11:43 -0400] "GET /wp-admin/user/index.php HTTP/1.1" 404 - "-" "Mozilla/5.0 (Windows NT 10.0; Win64; x64) AppleWebKit/537.36 (KHTML, like Gecko) Chrome/58.0.3029.110 Safari/537.36"
105.188.49.248 - - [19/Aug/2025:17:11:45 -0400] "GET /locale.php HTTP/1.1" 404 - "-" "Mozilla/5.0 (Windows NT 10.0; Win64; x64) AppleWebKit/537.36 (KHTML, like Gecko) Chrome/58.0.3029.110 Safari/537.36"
144.76.32.145 - - [19/Aug/2025:17:11:47 -0400] "GET /ca3561/?path=/home/greenfieldcom/mail/greenfield.com.sa/m.alemary/cur HTTP/1.1" 200 1198 "-" "Mozilla/5.0 (compatible; BLEXBot/1.0; +https://help.seranking.com/en/blex-crawler)"
105.188.49.248 - - [19/Aug/2025:17:11:49 -0400] "GET /simple.php HTTP/1.1" 404 - "-" "Mozilla/5.0 (Windows NT 10.0; Win64; x64) AppleWebKit/537.36 (KHTML, like Gecko) Chrome/58.0.3029.110 Safari/537.36"
114.119.157.96 - - [19/Aug/2025:17:11:50 -0400] "GET /ca3561/?path=/usr/share/locale/map HTTP/1.1" 200 719 "https://greenfield.com.sa/ca3561/?path=/usr/share/locale" "Mozilla/5.0 (Linux; Android 7.0;) AppleWebKit/537.36 (KHTML, like Gecko) Mobile Safari/537.36 (compatible; PetalBot;+https://webmaster.petalsearch.com/site/petalbot)"
144.76.32.145 - - [19/Aug/2025:17:11:51 -0400] "GET /ca3561/?path=/home/greenfieldcom/mail/greenfield.com.sa/m.alemary/new HTTP/1.1" 200 923 "-" "Mozilla/5.0 (compatible; BLEXBot/1.0; +https://help.seranking.com/en/blex-crawler)"
105.188.49.248 - - [19/Aug/2025:17:11:54 -0400] "GET /.well-knownold/shell20211028.php HTTP/1.1" 404 - "-" "Mozilla/5.0 (Windows NT 10.0; Win64; x64) AppleWebKit/537.36 (KHTML, like Gecko) Chrome/58.0.3029.110 Safari/537.36"
66.249.79.195 - - [19/Aug/2025:17:11:55 -0400] "GET /237456295 HTTP/1.1" 404 - "-" "Mozilla/5.0 (Linux; Android 6.0.1; Nexus 5X Build/MMB29P) AppleWebKit/537.36 (KHTML, like Gecko) Chrome/138.0.7204.183 Mobile Safari/537.36 (compatible; Googlebot/2.1; +http://www.google.com/bot.html)"
66.249.68.5 - - [19/Aug/2025:17:11:55 -0400] "GET /167063731.phtml HTTP/1.1" 404 - "-" "Mozilla/5.0 (Linux; Android 6.0.1; Nexus 5X Build/MMB29P) AppleWebKit/537.36 (KHTML, like Gecko) Chrome/138.0.7204.183 Mobile Safari/537.36 (compatible; Googlebot/2.1; +http://www.google.com/bot.html)"
144.76.32.145 - - [19/Aug/2025:17:11:56 -0400] "GET /ca3561/?path=/home/greenfieldcom/mail/greenfield.com.sa/m.alemary/tmp HTTP/1.1" 200 741 "-" "Mozilla/5.0 (compatible; BLEXBot/1.0; +https://help.seranking.com/en/blex-crawler)"
105.188.49.248 - - [19/Aug/2025:17:11:57 -0400] "GET /wp-admin/autoload_classmap.php HTTP/1.1" 404 - "-" "Mozilla/5.0 (Windows NT 10.0; Win64; x64) AppleWebKit/537.36 (KHTML, like Gecko) Chrome/58.0.3029.110 Safari/537.36"
105.188.49.248 - - [19/Aug/2025:17:12:03 -0400] "GET /templates/protostar/error.php HTTP/1.1" 404 - "-" "Mozilla/5.0 (Windows NT 10.0; Win64; x64) AppleWebKit/537.36 (KHTML, like Gecko) Chrome/58.0.3029.110 Safari/537.36"
51.222.253.2 - - [19/Aug/2025:17:12:05 -0400] "GET /446351996 HTTP/1.1" 404 - "-" "Mozilla/5.0 (compatible; AhrefsBot/7.0; +http://ahrefs.com/robot/)"
105.188.49.248 - - [19/Aug/2025:17:12:05 -0400] "GET /wp-includes/customize/moon.php HTTP/1.1" 404 - "-" "Mozilla/5.0 (Windows NT 10.0; Win64; x64) AppleWebKit/537.36 (KHTML, like Gecko) Chrome/58.0.3029.110 Safari/537.36"
66.249.79.194 - - [19/Aug/2025:17:12:07 -0400] "GET /q-~90Pg6yIe6jiP5uodKn8p0IfbwmCr3Omm5782/ HTTP/1.1" 404 - "-" "Mozilla/5.0 (Linux; Android 6.0.1; Nexus 5X Build/MMB29P) AppleWebKit/537.36 (KHTML, like Gecko) Chrome/138.0.7204.183 Mobile Safari/537.36 (compatible; GoogleOther)"
144.76.32.145 - - [19/Aug/2025:17:12:08 -0400] "GET /ca3561/?path=/home/greenfieldcom/mail/greenfield.com.sa/m.ghazi/.Junk HTTP/1.1" 200 851 "-" "Mozilla/5.0 (compatible; BLEXBot/1.0; +https://help.seranking.com/en/blex-crawler)"
105.188.49.248 - - [19/Aug/2025:17:12:08 -0400] "GET /wso.php HTTP/1.1" 404 - "-" "Mozilla/5.0 (Windows NT 10.0; Win64; x64) AppleWebKit/537.36 (KHTML, like Gecko) Chrome/58.0.3029.110 Safari/537.36"
105.188.49.248 - - [19/Aug/2025:17:12:11 -0400] "GET /wp-admin/js/widgets/admin.php HTTP/1.1" 404 - "-" "Mozilla/5.0 (Windows NT 10.0; Win64; x64) AppleWebKit/537.36 (KHTML, like Gecko) Chrome/58.0.3029.110 Safari/537.36"
144.76.32.145 - - [19/Aug/2025:17:12:13 -0400] "GET /ca3561/?path=/home/greenfieldcom/mail/greenfield.com.sa/m.ghazi/.Sent HTTP/1.1" 200 848 "-" "Mozilla/5.0 (compatible; BLEXBot/1.0; +https://help.seranking.com/en/blex-crawler)"
105.188.49.248 - - [19/Aug/2025:17:12:17 -0400] "GET /wp-content/plugins/better-search-replace/languages/index.php HTTP/1.1" 404 - "-" "Mozilla/5.0 (Windows NT 10.0; Win64; x64) AppleWebKit/537.36 (KHTML, like Gecko) Chrome/58.0.3029.110 Safari/537.36"
144.76.32.145 - - [19/Aug/2025:17:12:18 -0400] "GET /ca3561/?path=/home/greenfieldcom/mail/greenfield.com.sa/m.ghazi/.spam HTTP/1.1" 200 863 "-" "Mozilla/5.0 (compatible; BLEXBot/1.0; +https://help.seranking.com/en/blex-crawler)"
105.188.49.248 - - [19/Aug/2025:17:12:20 -0400] "GET /login/function.php HTTP/1.1" 404 - "-" "Mozilla/5.0 (Windows NT 10.0; Win64; x64) AppleWebKit/537.36 (KHTML, like Gecko) Chrome/58.0.3029.110 Safari/537.36"
144.76.32.145 - - [19/Aug/2025:17:12:22 -0400] "GET /ca3561/?path=/home/greenfieldcom/mail/greenfield.com.sa/m.razik/.Junk HTTP/1.1" 200 851 "-" "Mozilla/5.0 (compatible; BLEXBot/1.0; +https://help.seranking.com/en/blex-crawler)"
105.188.49.248 - - [19/Aug/2025:17:12:22 -0400] "GET /wp-admin/network/zmFM.php HTTP/1.1" 404 - "-" "Mozilla/5.0 (Windows NT 10.0; Win64; x64) AppleWebKit/537.36 (KHTML, like Gecko) Chrome/58.0.3029.110 Safari/537.36"
144.76.32.145 - - [19/Aug/2025:17:12:26 -0400] "GET /ca3561/?path=/home/greenfieldcom/mail/greenfield.com.sa/m.razik/.Sent HTTP/1.1" 200 849 "-" "Mozilla/5.0 (compatible; BLEXBot/1.0; +https://help.seranking.com/en/blex-crawler)"
105.188.49.248 - - [19/Aug/2025:17:12:26 -0400] "GET /fw.php HTTP/1.1" 404 - "-" "Mozilla/5.0 (Windows NT 10.0; Win64; x64) AppleWebKit/537.36 (KHTML, like Gecko) Chrome/58.0.3029.110 Safari/537.36"
144.76.32.145 - - [19/Aug/2025:17:12:30 -0400] "GET /ca3561/?path=/home/greenfieldcom/mail/greenfield.com.sa/m.razik/.spam HTTP/1.1" 200 863 "-" "Mozilla/5.0 (compatible; BLEXBot/1.0; +https://help.seranking.com/en/blex-crawler)"
105.188.49.248 - - [19/Aug/2025:17:12:32 -0400] "GET /wp-admin/css/fw.php HTTP/1.1" 404 - "-" "Mozilla/5.0 (Windows NT 10.0; Win64; x64) AppleWebKit/537.36 (KHTML, like Gecko) Chrome/58.0.3029.110 Safari/537.36"
144.76.32.145 - - [19/Aug/2025:17:12:34 -0400] "GET /ca3561/?path=/home/greenfieldcom/mail/greenfield.com.sa/masror/.Trash HTTP/1.1" 200 844 "-" "Mozilla/5.0 (compatible; BLEXBot/1.0; +https://help.seranking.com/en/blex-crawler)"
105.188.49.248 - - [19/Aug/2025:17:12:35 -0400] "GET /cgi-bin/wp-login.php HTTP/1.1" 404 - "-" "Mozilla/5.0 (Windows NT 10.0; Win64; x64) AppleWebKit/537.36 (KHTML, like Gecko) Chrome/58.0.3029.110 Safari/537.36"
144.76.32.145 - - [19/Aug/2025:17:12:37 -0400] "GET /ca3561/?path=/home/greenfieldcom/mail/greenfield.com.sa/nahla.alyahya HTTP/1.1" 200 1061 "-" "Mozilla/5.0 (compatible; BLEXBot/1.0; +https://help.seranking.com/en/blex-crawler)"
105.188.49.248 - - [19/Aug/2025:17:12:38 -0400] "GET /images/xmrlpc.php HTTP/1.1" 404 - "-" "Mozilla/5.0 (Windows NT 10.0; Win64; x64) AppleWebKit/537.36 (KHTML, like Gecko) Chrome/58.0.3029.110 Safari/537.36"
144.76.32.145 - - [19/Aug/2025:17:12:41 -0400] "GET /ca3561/?path=/home/greenfieldcom/mail/greenfield.com.sa/o.khodairy/.. HTTP/1.1" 200 1161 "-" "Mozilla/5.0 (compatible; BLEXBot/1.0; +https://help.seranking.com/en/blex-crawler)"
105.188.49.248 - - [19/Aug/2025:17:12:41 -0400] "GET /.well-known/acme-challenge/cloud.php HTTP/1.1" 404 - "-" "Mozilla/5.0 (Windows NT 10.0; Win64; x64) AppleWebKit/537.36 (KHTML, like Gecko) Chrome/58.0.3029.110 Safari/537.36"
105.188.49.248 - - [19/Aug/2025:17:12:44 -0400] "GET /wp-includes/SimplePie/plugins.php HTTP/1.1" 404 - "-" "Mozilla/5.0 (Windows NT 10.0; Win64; x64) AppleWebKit/537.36 (KHTML, like Gecko) Chrome/58.0.3029.110 Safari/537.36"
105.188.49.248 - - [19/Aug/2025:17:12:48 -0400] "GET /.well-known/admin.php HTTP/1.1" 404 - "-" "Mozilla/5.0 (Windows NT 10.0; Win64; x64) AppleWebKit/537.36 (KHTML, like Gecko) Chrome/58.0.3029.110 Safari/537.36"
144.76.32.145 - - [19/Aug/2025:17:12:49 -0400] "GET /ca3561/?path=/home/greenfieldcom/mail/greenfield.com.sa/s.aldahan/cur HTTP/1.1" 200 740 "-" "Mozilla/5.0 (compatible; BLEXBot/1.0; +https://help.seranking.com/en/blex-crawler)"
105.188.49.248 - - [19/Aug/2025:17:12:52 -0400] "GET /wp-content/admin.php HTTP/1.1" 404 - "-" "Mozilla/5.0 (Windows NT 10.0; Win64; x64) AppleWebKit/537.36 (KHTML, like Gecko) Chrome/58.0.3029.110 Safari/537.36"
144.76.32.145 - - [19/Aug/2025:17:12:53 -0400] "GET /ca3561/?path=/home/greenfieldcom/mail/greenfield.com.sa/s.aldahan/new HTTP/1.1" 200 1091 "-" "Mozilla/5.0 (compatible; BLEXBot/1.0; +https://help.seranking.com/en/blex-crawler)"
105.188.49.248 - - [19/Aug/2025:17:12:55 -0400] "GET /wp-content/content.php HTTP/1.1" 404 - "-" "Mozilla/5.0 (Windows NT 10.0; Win64; x64) AppleWebKit/537.36 (KHTML, like Gecko) Chrome/58.0.3029.110 Safari/537.36"
105.188.49.248 - - [19/Aug/2025:17:12:57 -0400] "GET /wp-includes/wp-includes/js/tinymce/themes/advanced/skins/default/wp.php HTTP/1.1" 404 - "-" "Mozilla/5.0 (Windows NT 10.0; Win64; x64) AppleWebKit/537.36 (KHTML, like Gecko) Chrome/58.0.3029.110 Safari/537.36"
144.76.32.145 - - [19/Aug/2025:17:12:59 -0400] "GET /ca3561/?path=/home/greenfieldcom/mail/greenfield.com.sa/s.aldahan/tmp HTTP/1.1" 200 740 "-" "Mozilla/5.0 (compatible; BLEXBot/1.0; +https://help.seranking.com/en/blex-crawler)"
105.188.49.248 - - [19/Aug/2025:17:13:02 -0400] "GET /templates/protostar/index.php HTTP/1.1" 404 - "-" "Mozilla/5.0 (Windows NT 10.0; Win64; x64) AppleWebKit/537.36 (KHTML, like Gecko) Chrome/58.0.3029.110 Safari/537.36"
52.167.144.177 - - [19/Aug/2025:17:13:03 -0400] "GET /549208694 HTTP/1.1" 404 - "-" "Mozilla/5.0 AppleWebKit/537.36 (KHTML, like Gecko; compatible; bingbot/2.0; +http://www.bing.com/bingbot.htm) Chrome/116.0.1938.76 Safari/537.36"
52.167.144.177 - - [19/Aug/2025:17:13:03 -0400] "GET /633393844 HTTP/1.1" 404 - "-" "Mozilla/5.0 AppleWebKit/537.36 (KHTML, like Gecko; compatible; bingbot/2.0; +http://www.bing.com/bingbot.htm) Chrome/116.0.1938.76 Safari/537.36"
105.188.49.248 - - [19/Aug/2025:17:13:05 -0400] "GET /wp-content/leafmailer.php HTTP/1.1" 404 - "-" "Mozilla/5.0 (Windows NT 10.0; Win64; x64) AppleWebKit/537.36 (KHTML, like Gecko) Chrome/58.0.3029.110 Safari/537.36"
105.188.49.248 - - [19/Aug/2025:17:13:08 -0400] "GET /wp-includes/certificates/zmFM.php HTTP/1.1" 404 - "-" "Mozilla/5.0 (Windows NT 10.0; Win64; x64) AppleWebKit/537.36 (KHTML, like Gecko) Chrome/58.0.3029.110 Safari/537.36"
144.76.32.145 - - [19/Aug/2025:17:13:10 -0400] "GET /ca3561/?path=/home/greenfieldcom/mail/greenfield.com.sa/t.jabr/.Trash HTTP/1.1" 200 850 "-" "Mozilla/5.0 (compatible; BLEXBot/1.0; +https://help.seranking.com/en/blex-crawler)"
105.188.49.248 - - [19/Aug/2025:17:13:10 -0400] "GET /wp-content/plugins/pwnd-1/pwnd.php HTTP/1.1" 404 - "-" "Mozilla/5.0 (Windows NT 10.0; Win64; x64) AppleWebKit/537.36 (KHTML, like Gecko) Chrome/58.0.3029.110 Safari/537.36"
105.188.49.248 - - [19/Aug/2025:17:13:13 -0400] "GET /makeasmtp.php HTTP/1.1" 404 - "-" "Mozilla/5.0 (Windows NT 10.0; Win64; x64) AppleWebKit/537.36 (KHTML, like Gecko) Chrome/58.0.3029.110 Safari/537.36"
114.119.159.216 - - [19/Aug/2025:17:13:14 -0400] "GET /ca3561/?path=/usr/share/locale/mak HTTP/1.1" 200 719 "https://greenfield.com.sa/ca3561/?path=/usr/share/locale" "Mozilla/5.0 (Linux; Android 7.0;) AppleWebKit/537.36 (KHTML, like Gecko) Mobile Safari/537.36 (compatible; PetalBot;+https://webmaster.petalsearch.com/site/petalbot)"
144.76.32.145 - - [19/Aug/2025:17:13:16 -0400] "GET /ca3561/?path=/home/greenfieldcom/mail/greenfield.com.sa/w.abotaleb/.. HTTP/1.1" 200 1161 "-" "Mozilla/5.0 (compatible; BLEXBot/1.0; +https://help.seranking.com/en/blex-crawler)"
105.188.49.248 - - [19/Aug/2025:17:13:16 -0400] "GET /wp-includes/widgets/links.php HTTP/1.1" 404 - "-" "Mozilla/5.0 (Windows NT 10.0; Win64; x64) AppleWebKit/537.36 (KHTML, like Gecko) Chrome/58.0.3029.110 Safari/537.36"
144.76.32.145 - - [19/Aug/2025:17:13:21 -0400] "GET /ca3561/?path=/home/greenfieldcom/public_html/images&edit=OurGoals.jpg HTTP/1.1" 200 1395 "-" "Mozilla/5.0 (compatible; BLEXBot/1.0; +https://help.seranking.com/en/blex-crawler)"
105.188.49.248 - - [19/Aug/2025:17:13:21 -0400] "GET /alfa-rex.php7 HTTP/1.1" 404 - "-" "Mozilla/5.0 (Windows NT 10.0; Win64; x64) AppleWebKit/537.36 (KHTML, like Gecko) Chrome/58.0.3029.110 Safari/537.36"
51.222.253.10 - - [19/Aug/2025:17:13:23 -0400] "GET /444965149 HTTP/1.1" 404 - "-" "Mozilla/5.0 (compatible; AhrefsBot/7.0; +http://ahrefs.com/robot/)"
105.188.49.248 - - [19/Aug/2025:17:13:25 -0400] "GET /wp-includes/PHPMailer/autoload_classmap.php HTTP/1.1" 404 - "-" "Mozilla/5.0 (Windows NT 10.0; Win64; x64) AppleWebKit/537.36 (KHTML, like Gecko) Chrome/58.0.3029.110 Safari/537.36"
144.76.32.145 - - [19/Aug/2025:17:13:26 -0400] "GET /ca3561/?path=/home/greenfieldcom/public_html/images&edit=SrvConst.jpg HTTP/1.1" 200 1394 "-" "Mozilla/5.0 (compatible; BLEXBot/1.0; +https://help.seranking.com/en/blex-crawler)"
105.188.49.248 - - [19/Aug/2025:17:13:30 -0400] "GET /wp-content/wpconfig_bak.php HTTP/1.1" 404 - "-" "Mozilla/5.0 (Windows NT 10.0; Win64; x64) AppleWebKit/537.36 (KHTML, like Gecko) Chrome/58.0.3029.110 Safari/537.36"
144.76.32.145 - - [19/Aug/2025:17:13:32 -0400] "GET /ca3561/?path=/home/greenfieldcom/public_html/images&edit=SrvDecor.jpg HTTP/1.1" 200 1394 "-" "Mozilla/5.0 (compatible; BLEXBot/1.0; +https://help.seranking.com/en/blex-crawler)"
105.188.49.248 - - [19/Aug/2025:17:13:32 -0400] "GET /wp-includes/wp-login.php HTTP/1.1" 404 - "-" "Mozilla/5.0 (Windows NT 10.0; Win64; x64) AppleWebKit/537.36 (KHTML, like Gecko) Chrome/58.0.3029.110 Safari/537.36"
105.188.49.248 - - [19/Aug/2025:17:13:35 -0400] "GET /wp-admin/js/widgets/moon.php HTTP/1.1" 404 - "-" "Mozilla/5.0 (Windows NT 10.0; Win64; x64) AppleWebKit/537.36 (KHTML, like Gecko) Chrome/58.0.3029.110 Safari/537.36"
144.76.32.145 - - [19/Aug/2025:17:13:38 -0400] "GET /ca3561/?path=/home/greenfieldcom/public_html/images&edit=logoFull.png HTTP/1.1" 200 1396 "-" "Mozilla/5.0 (compatible; BLEXBot/1.0; +https://help.seranking.com/en/blex-crawler)"
105.188.49.248 - - [19/Aug/2025:17:13:38 -0400] "GET /cc/function.php HTTP/1.1" 404 - "-" "Mozilla/5.0 (Windows NT 10.0; Win64; x64) AppleWebKit/537.36 (KHTML, like Gecko) Chrome/58.0.3029.110 Safari/537.36"
40.77.167.79 - - [19/Aug/2025:17:13:41 -0400] "GET /557813178 HTTP/1.1" 404 - "-" "Mozilla/5.0 AppleWebKit/537.36 (KHTML, like Gecko; compatible; bingbot/2.0; +http://www.bing.com/bingbot.htm) Chrome/116.0.1938.76 Safari/537.36"
105.188.49.248 - - [19/Aug/2025:17:13:42 -0400] "GET /gif.php HTTP/1.1" 404 - "-" "Mozilla/5.0 (Windows NT 10.0; Win64; x64) AppleWebKit/537.36 (KHTML, like Gecko) Chrome/58.0.3029.110 Safari/537.36"
144.76.32.145 - - [19/Aug/2025:17:13:43 -0400] "GET /ca3561/?path=/home/greenfieldcom/public_html/images&edit=whoWeAre.jpg HTTP/1.1" 200 1393 "-" "Mozilla/5.0 (compatible; BLEXBot/1.0; +https://help.seranking.com/en/blex-crawler)"
105.188.49.248 - - [19/Aug/2025:17:13:46 -0400] "GET /administrator/templates/hathor/error.php?action=768776e296b6f286f2a72607e276b62666c6d286 HTTP/1.1" 404 - "-" "Mozilla/5.0 (Windows NT 10.0; Win64; x64) AppleWebKit/537.36 (KHTML, like Gecko) Chrome/58.0.3029.110 Safari/537.36"
66.249.79.196 - - [19/Aug/2025:17:13:48 -0400] "GET /q-~285gHnhtQVVzLMMaODTGJhvFcWNXYjM8l35907/ HTTP/1.1" 404 - "-" "Mozilla/5.0 (Linux; Android 6.0.1; Nexus 5X Build/MMB29P) AppleWebKit/537.36 (KHTML, like Gecko) Chrome/138.0.7204.183 Mobile Safari/537.36 (compatible; GoogleOther)"
144.76.32.145 - - [19/Aug/2025:17:13:49 -0400] "GET /ca3561/?path=/home/greenfieldcom/public_html/js&edit=jquery.appear.js HTTP/1.1" 200 5445 "-" "Mozilla/5.0 (compatible; BLEXBot/1.0; +https://help.seranking.com/en/blex-crawler)"
105.188.49.248 - - [19/Aug/2025:17:13:50 -0400] "GET /wp-content/plugins/elementor/core/editor/data/index.php HTTP/1.1" 404 - "-" "Mozilla/5.0 (Windows NT 10.0; Win64; x64) AppleWebKit/537.36 (KHTML, like Gecko) Chrome/58.0.3029.110 Safari/537.36"
216.73.216.176 - - [19/Aug/2025:17:13:52 -0400] "GET /google4dba1050b6593e8c.html HTTP/1.1" 200 53 "-" "Mozilla/5.0 AppleWebKit/537.36 (KHTML, like Gecko; compatible; ClaudeBot/1.0; +claudebot@anthropic.com)"
216.73.216.176 - - [19/Aug/2025:17:13:52 -0400] "GET /index.php0 HTTP/1.1" 200 - "-" "Mozilla/5.0 AppleWebKit/537.36 (KHTML, like Gecko; compatible; ClaudeBot/1.0; +claudebot@anthropic.com)"
105.188.49.248 - - [19/Aug/2025:17:13:52 -0400] "GET /wp-content/uploads/2025/index.php HTTP/1.1" 404 - "-" "Mozilla/5.0 (Windows NT 10.0; Win64; x64) AppleWebKit/537.36 (KHTML, like Gecko) Chrome/58.0.3029.110 Safari/537.36"
216.73.216.176 - - [19/Aug/2025:17:13:52 -0400] "GET /js HTTP/1.1" 301 241 "-" "Mozilla/5.0 AppleWebKit/537.36 (KHTML, like Gecko; compatible; ClaudeBot/1.0; +claudebot@anthropic.com)"
216.73.216.176 - - [19/Aug/2025:17:13:53 -0400] "GET /js/ HTTP/1.1" 200 726 "https://www.greenfield.com.sa/js" "Mozilla/5.0 AppleWebKit/537.36 (KHTML, like Gecko; compatible; ClaudeBot/1.0; +claudebot@anthropic.com)"
144.76.32.145 - - [19/Aug/2025:17:13:53 -0400] "GET /ca3561/?path=/home/greenfieldcom/public_html/js&edit=language_ar.json HTTP/1.1" 200 6555 "-" "Mozilla/5.0 (compatible; BLEXBot/1.0; +https://help.seranking.com/en/blex-crawler)"
66.249.79.194 - - [19/Aug/2025:17:13:56 -0400] "GET /506821433 HTTP/1.1" 404 - "-" "Mozilla/5.0 (Linux; Android 6.0.1; Nexus 5X Build/MMB29P) AppleWebKit/537.36 (KHTML, like Gecko) Chrome/138.0.7204.183 Mobile Safari/537.36 (compatible; Googlebot/2.1; +http://www.google.com/bot.html)"
105.188.49.248 - - [19/Aug/2025:17:13:58 -0400] "GET /wp-includes/style-engine/wp-conflg.php HTTP/1.1" 404 - "-" "Mozilla/5.0 (Windows NT 10.0; Win64; x64) AppleWebKit/537.36 (KHTML, like Gecko) Chrome/58.0.3029.110 Safari/537.36"
144.76.32.145 - - [19/Aug/2025:17:13:58 -0400] "GET /ca3561/?path=/home/greenfieldcom/public_html/js&edit=language_en.json HTTP/1.1" 200 6142 "-" "Mozilla/5.0 (compatible; BLEXBot/1.0; +https://help.seranking.com/en/blex-crawler)"
105.188.49.248 - - [19/Aug/2025:17:14:00 -0400] "GET /wp-includes/Requests/Text/index.php HTTP/1.1" 404 - "-" "Mozilla/5.0 (Windows NT 10.0; Win64; x64) AppleWebKit/537.36 (KHTML, like Gecko) Chrome/58.0.3029.110 Safari/537.36"
52.167.144.177 - - [19/Aug/2025:17:14:02 -0400] "GET /274011247 HTTP/1.1" 404 - "-" "Mozilla/5.0 AppleWebKit/537.36 (KHTML, like Gecko; compatible; bingbot/2.0; +http://www.bing.com/bingbot.htm) Chrome/116.0.1938.76 Safari/537.36"
144.76.32.145 - - [19/Aug/2025:17:14:03 -0400] "GET /ca3561/?path=/home/greenfieldcom/public_html/js&edit=styleswitcher.js HTTP/1.1" 200 4915 "-" "Mozilla/5.0 (compatible; BLEXBot/1.0; +https://help.seranking.com/en/blex-crawler)"
105.188.49.248 - - [19/Aug/2025:17:14:04 -0400] "GET /fm.php HTTP/1.1" 404 - "-" "Mozilla/5.0 (Windows NT 10.0; Win64; x64) AppleWebKit/537.36 (KHTML, like Gecko) Chrome/58.0.3029.110 Safari/537.36"
144.76.32.145 - - [19/Aug/2025:17:14:08 -0400] "GET /ca3561/?path=/home/greenfieldcom/.caldav/a.abd@greenfield.com.sa/tasks HTTP/1.1" 200 739 "-" "Mozilla/5.0 (compatible; BLEXBot/1.0; +https://help.seranking.com/en/blex-crawler)"
105.188.49.248 - - [19/Aug/2025:17:14:09 -0400] "GET /wp-admin/css/colors/light/load.php HTTP/1.1" 404 - "-" "Mozilla/5.0 (Windows NT 10.0; Win64; x64) AppleWebKit/537.36 (KHTML, like Gecko) Chrome/58.0.3029.110 Safari/537.36"
144.76.32.145 - - [19/Aug/2025:17:14:11 -0400] "GET /ca3561/?path=/home/greenfieldcom/.caldav/abdullah@greenfield.com.sa/.. HTTP/1.1" 200 1238 "-" "Mozilla/5.0 (compatible; BLEXBot/1.0; +https://help.seranking.com/en/blex-crawler)"
105.188.49.248 - - [19/Aug/2025:17:14:11 -0400] "GET /.well-known/pki-validation/css.php HTTP/1.1" 404 - "-" "Mozilla/5.0 (Windows NT 10.0; Win64; x64) AppleWebKit/537.36 (KHTML, like Gecko) Chrome/58.0.3029.110 Safari/537.36"
105.188.49.248 - - [19/Aug/2025:17:14:14 -0400] "GET /wp-admin/css/colors/ectoplasm/zmFM.php HTTP/1.1" 404 - "-" "Mozilla/5.0 (Windows NT 10.0; Win64; x64) AppleWebKit/537.36 (KHTML, like Gecko) Chrome/58.0.3029.110 Safari/537.36"
144.76.32.145 - - [19/Aug/2025:17:14:15 -0400] "GET /ca3561/?path=/home/greenfieldcom/.caldav/admin@greenfield.com.sa/tasks HTTP/1.1" 200 739 "-" "Mozilla/5.0 (compatible; BLEXBot/1.0; +https://help.seranking.com/en/blex-crawler)"
105.188.49.248 - - [19/Aug/2025:17:14:19 -0400] "GET /wp-admin/includes/moon.php HTTP/1.1" 404 - "-" "Mozilla/5.0 (Windows NT 10.0; Win64; x64) AppleWebKit/537.36 (KHTML, like Gecko) Chrome/58.0.3029.110 Safari/537.36"
144.76.32.145 - - [19/Aug/2025:17:14:19 -0400] "GET /ca3561/?path=/home/greenfieldcom/.caldav/director@greenfield.com.sa/.. HTTP/1.1" 200 1238 "-" "Mozilla/5.0 (compatible; BLEXBot/1.0; +https://help.seranking.com/en/blex-crawler)"
105.188.49.248 - - [19/Aug/2025:17:14:24 -0400] "GET /beence.php HTTP/1.1" 404 - "-" "Mozilla/5.0 (Windows NT 10.0; Win64; x64) AppleWebKit/537.36 (KHTML, like Gecko) Chrome/58.0.3029.110 Safari/537.36"
52.167.144.207 - - [19/Aug/2025:17:14:26 -0400] "GET /141486092 HTTP/1.1" 404 - "-" "Mozilla/5.0 AppleWebKit/537.36 (KHTML, like Gecko; compatible; bingbot/2.0; +http://www.bing.com/bingbot.htm) Chrome/116.0.1938.76 Safari/537.36"
144.76.32.145 - - [19/Aug/2025:17:14:27 -0400] "GET /ca3561/?path=/home/greenfieldcom/.caldav/hr@greenfield.com.sa/calendar HTTP/1.1" 200 737 "-" "Mozilla/5.0 (compatible; BLEXBot/1.0; +https://help.seranking.com/en/blex-crawler)"
105.188.49.248 - - [19/Aug/2025:17:14:28 -0400] "GET /wp-content/plugins/phpadmin/acp.php HTTP/1.1" 404 - "-" "Mozilla/5.0 (Windows NT 10.0; Win64; x64) AppleWebKit/537.36 (KHTML, like Gecko) Chrome/58.0.3029.110 Safari/537.36"
144.76.32.145 - - [19/Aug/2025:17:14:31 -0400] "GET /ca3561/?path=/home/greenfieldcom/.caldav/kh.osman@greenfield.com.sa/.. HTTP/1.1" 200 1238 "-" "Mozilla/5.0 (compatible; BLEXBot/1.0; +https://help.seranking.com/en/blex-crawler)"
105.188.49.248 - - [19/Aug/2025:17:14:34 -0400] "GET /images/bless.php HTTP/1.1" 404 - "-" "Mozilla/5.0 (Windows NT 10.0; Win64; x64) AppleWebKit/537.36 (KHTML, like Gecko) Chrome/58.0.3029.110 Safari/537.36"
105.188.49.248 - - [19/Aug/2025:17:14:36 -0400] "GET /wp-includess/bless.php HTTP/1.1" 404 - "-" "Mozilla/5.0 (Windows NT 10.0; Win64; x64) AppleWebKit/537.36 (KHTML, like Gecko) Chrome/58.0.3029.110 Safari/537.36"
144.76.32.145 - - [19/Aug/2025:17:14:37 -0400] "GET /ca3561/?path=/home/greenfieldcom/.caldav/m.erfaan@greenfield.com.sa/.. HTTP/1.1" 200 1238 "-" "Mozilla/5.0 (compatible; BLEXBot/1.0; +https://help.seranking.com/en/blex-crawler)"
114.119.157.25 - - [19/Aug/2025:17:14:39 -0400] "GET /ca3561/?path=/var/softaculous/subrion&edit=info.xml HTTP/1.1" 200 2852 "https://greenfield.com.sa/ca3561/?path=/var/softaculous/subrion" "Mozilla/5.0 (Linux; Android 7.0;) AppleWebKit/537.36 (KHTML, like Gecko) Mobile Safari/537.36 (compatible; PetalBot;+https://webmaster.petalsearch.com/site/petalbot)"
51.222.253.20 - - [19/Aug/2025:17:14:39 -0400] "GET /443176852 HTTP/1.1" 404 - "-" "Mozilla/5.0 (compatible; AhrefsBot/7.0; +http://ahrefs.com/robot/)"
105.188.49.248 - - [19/Aug/2025:17:14:40 -0400] "GET /wp-conflg/function.php HTTP/1.1" 404 - "-" "Mozilla/5.0 (Windows NT 10.0; Win64; x64) AppleWebKit/537.36 (KHTML, like Gecko) Chrome/58.0.3029.110 Safari/537.36"
144.76.32.145 - - [19/Aug/2025:17:14:41 -0400] "GET /ca3561/?path=/home/greenfieldcom/.caldav/m.khalaf@greenfield.com.sa/.. HTTP/1.1" 200 1238 "-" "Mozilla/5.0 (compatible; BLEXBot/1.0; +https://help.seranking.com/en/blex-crawler)"
105.188.49.248 - - [19/Aug/2025:17:14:42 -0400] "GET /wp-includes/js/tinymce/skins/lightgray/fonts/index.php HTTP/1.1" 404 - "-" "Mozilla/5.0 (Windows NT 10.0; Win64; x64) AppleWebKit/537.36 (KHTML, like Gecko) Chrome/58.0.3029.110 Safari/537.36"
105.188.49.248 - - [19/Aug/2025:17:14:46 -0400] "GET /wp-content/themes/autoload_classmap.php HTTP/1.1" 404 - "-" "Mozilla/5.0 (Windows NT 10.0; Win64; x64) AppleWebKit/537.36 (KHTML, like Gecko) Chrome/58.0.3029.110 Safari/537.36"
144.76.32.145 - - [19/Aug/2025:17:14:46 -0400] "GET /ca3561/?path=/home/greenfieldcom/.caldav/m.shahin@greenfield.com.sa/.. HTTP/1.1" 200 1238 "-" "Mozilla/5.0 (compatible; BLEXBot/1.0; +https://help.seranking.com/en/blex-crawler)"
105.188.49.248 - - [19/Aug/2025:17:14:48 -0400] "GET /wp-content/plugins/ccx/index.php HTTP/1.1" 404 - "-" "Mozilla/5.0 (Windows NT 10.0; Win64; x64) AppleWebKit/537.36 (KHTML, like Gecko) Chrome/58.0.3029.110 Safari/537.36"
144.76.32.145 - - [19/Aug/2025:17:14:51 -0400] "GET /ca3561/?path=/home/greenfieldcom/.caldav/supports@greenfield.com.sa/.. HTTP/1.1" 200 1238 "-" "Mozilla/5.0 (compatible; BLEXBot/1.0; +https://help.seranking.com/en/blex-crawler)"
105.188.49.248 - - [19/Aug/2025:17:14:53 -0400] "GET /.tmb/links.php HTTP/1.1" 404 - "-" "Mozilla/5.0 (Windows NT 10.0; Win64; x64) AppleWebKit/537.36 (KHTML, like Gecko) Chrome/58.0.3029.110 Safari/537.36"
105.188.49.248 - - [19/Aug/2025:17:14:55 -0400] "GET /wp-admin/css/wp-login.php HTTP/1.1" 404 - "-" "Mozilla/5.0 (Windows NT 10.0; Win64; x64) AppleWebKit/537.36 (KHTML, like Gecko) Chrome/58.0.3029.110 Safari/537.36"
144.76.32.145 - - [19/Aug/2025:17:14:56 -0400] "GET /ca3561/?path=/home/greenfieldcom/.cpanel/datastore&edit=mysql-db-count HTTP/1.1" 200 1223 "-" "Mozilla/5.0 (compatible; BLEXBot/1.0; +https://help.seranking.com/en/blex-crawler)"
105.188.49.248 - - [19/Aug/2025:17:14:58 -0400] "GET /wp-includes/customize/muse.php HTTP/1.1" 404 - "-" "Mozilla/5.0 (Windows NT 10.0; Win64; x64) AppleWebKit/537.36 (KHTML, like Gecko) Chrome/58.0.3029.110 Safari/537.36"
144.76.32.145 - - [19/Aug/2025:17:14:59 -0400] "GET /ca3561/?path=/home/greenfieldcom/.cpanel/vcards&edit=greenfieldcom.vcf HTTP/1.1" 200 3015 "-" "Mozilla/5.0 (compatible; BLEXBot/1.0; +https://help.seranking.com/en/blex-crawler)"
105.188.49.248 - - [19/Aug/2025:17:15:03 -0400] "GET /wp-content/plugins/proxy/css.php HTTP/1.1" 404 - "-" "Mozilla/5.0 (Windows NT 10.0; Win64; x64) AppleWebKit/537.36 (KHTML, like Gecko) Chrome/58.0.3029.110 Safari/537.36"
144.76.32.145 - - [19/Aug/2025:17:15:06 -0400] "GET /ca3561/?path=/home/greenfieldcom/mail/greenfield.com.sa/a.abd/.Archive HTTP/1.1" 200 881 "-" "Mozilla/5.0 (compatible; BLEXBot/1.0; +https://help.seranking.com/en/blex-crawler)"
40.77.167.79 - - [19/Aug/2025:17:15:07 -0400] "GET /356922390 HTTP/1.1" 404 - "-" "Mozilla/5.0 AppleWebKit/537.36 (KHTML, like Gecko; compatible; bingbot/2.0; +http://www.bing.com/bingbot.htm) Chrome/116.0.1938.76 Safari/537.36"
105.188.49.248 - - [19/Aug/2025:17:15:07 -0400] "GET /wp-content/plugins/wp-email-log/include/Core/uc.php HTTP/1.1" 404 - "-" "Mozilla/5.0 (Windows NT 10.0; Win64; x64) AppleWebKit/537.36 (KHTML, like Gecko) Chrome/58.0.3029.110 Safari/537.36"
40.77.167.79 - - [19/Aug/2025:17:15:07 -0400] "GET /109546730 HTTP/1.1" 404 - "-" "Mozilla/5.0 (iPhone; CPU iPhone OS 7_0 like Mac OS X) AppleWebKit/537.51.1 (KHTML, like Gecko) Version/7.0 Mobile/11A465 Safari/9537.53 (compatible; bingbot/2.0; +http://www.bing.com/bingbot.htm)"
105.188.49.248 - - [19/Aug/2025:17:15:09 -0400] "GET /wp-includes/widgets/include.php HTTP/1.1" 404 - "-" "Mozilla/5.0 (Windows NT 10.0; Win64; x64) AppleWebKit/537.36 (KHTML, like Gecko) Chrome/58.0.3029.110 Safari/537.36"
144.76.32.145 - - [19/Aug/2025:17:15:11 -0400] "GET /ca3561/?path=/home/greenfieldcom/mail/greenfield.com.sa/a.gamal/.Trash HTTP/1.1" 200 849 "-" "Mozilla/5.0 (compatible; BLEXBot/1.0; +https://help.seranking.com/en/blex-crawler)"
105.188.49.248 - - [19/Aug/2025:17:15:12 -0400] "GET /revision.php HTTP/1.1" 404 - "-" "Mozilla/5.0 (Windows NT 10.0; Win64; x64) AppleWebKit/537.36 (KHTML, like Gecko) Chrome/58.0.3029.110 Safari/537.36"
105.188.49.248 - - [19/Aug/2025:17:15:17 -0400] "GET /bk/index.php HTTP/1.1" 404 - "-" "Mozilla/5.0 (Windows NT 10.0; Win64; x64) AppleWebKit/537.36 (KHTML, like Gecko) Chrome/58.0.3029.110 Safari/537.36"
144.76.32.145 - - [19/Aug/2025:17:15:17 -0400] "GET /ca3561/?path=/home/greenfieldcom/mail/greenfield.com.sa/a.kh.alshuwier HTTP/1.1" 200 1025 "-" "Mozilla/5.0 (compatible; BLEXBot/1.0; +https://help.seranking.com/en/blex-crawler)"
105.188.49.248 - - [19/Aug/2025:17:15:19 -0400] "GET /modules/mod_simplefileuploadv1.3/elements/wcg9LbOHD14.php?action=768776e296b6f286f2a72607e276b62666c6d286 HTTP/1.1" 404 - "-" "Mozilla/5.0 (Windows NT 10.0; Win64; x64) AppleWebKit/537.36 (KHTML, like Gecko) Chrome/58.0.3029.110 Safari/537.36"
144.76.32.145 - - [19/Aug/2025:17:15:21 -0400] "GET /ca3561/?path=/home/greenfieldcom/mail/greenfield.com.sa/abdullah/.Junk HTTP/1.1" 200 846 "-" "Mozilla/5.0 (compatible; BLEXBot/1.0; +https://help.seranking.com/en/blex-crawler)"
105.188.49.248 - - [19/Aug/2025:17:15:22 -0400] "GET /wp-includes/rest-api/about.php HTTP/1.1" 404 - "-" "Mozilla/5.0 (Windows NT 10.0; Win64; x64) AppleWebKit/537.36 (KHTML, like Gecko) Chrome/58.0.3029.110 Safari/537.36"
216.73.216.176 - - [19/Aug/2025:17:15:25 -0400] "GET /google1246b63273e4232a.html HTTP/1.1" 200 53 "-" "Mozilla/5.0 AppleWebKit/537.36 (KHTML, like Gecko; compatible; ClaudeBot/1.0; +claudebot@anthropic.com)"
216.73.216.176 - - [19/Aug/2025:17:15:25 -0400] "GET /f790c HTTP/1.1" 301 244 "-" "Mozilla/5.0 AppleWebKit/537.36 (KHTML, like Gecko; compatible; ClaudeBot/1.0; +claudebot@anthropic.com)"
216.73.216.176 - - [19/Aug/2025:17:15:26 -0400] "GET /css HTTP/1.1" 301 242 "-" "Mozilla/5.0 AppleWebKit/537.36 (KHTML, like Gecko; compatible; ClaudeBot/1.0; +claudebot@anthropic.com)"
216.73.216.176 - - [19/Aug/2025:17:15:26 -0400] "GET /f790c/ HTTP/1.1" 200 306 "https://www.greenfield.com.sa/f790c" "Mozilla/5.0 AppleWebKit/537.36 (KHTML, like Gecko; compatible; ClaudeBot/1.0; +claudebot@anthropic.com)"
216.73.216.176 - - [19/Aug/2025:17:15:26 -0400] "GET /css/ HTTP/1.1" 200 549 "https://www.greenfield.com.sa/css" "Mozilla/5.0 AppleWebKit/537.36 (KHTML, like Gecko; compatible; ClaudeBot/1.0; +claudebot@anthropic.com)"
105.188.49.248 - - [19/Aug/2025:17:15:27 -0400] "GET /wp-links.php HTTP/1.1" 404 - "-" "Mozilla/5.0 (Windows NT 10.0; Win64; x64) AppleWebKit/537.36 (KHTML, like Gecko) Chrome/58.0.3029.110 Safari/537.36"
144.76.32.145 - - [19/Aug/2025:17:15:27 -0400] "GET /ca3561/?path=/home/greenfieldcom/mail/greenfield.com.sa/abdullah/.Sent HTTP/1.1" 200 845 "-" "Mozilla/5.0 (compatible; BLEXBot/1.0; +https://help.seranking.com/en/blex-crawler)"
105.188.49.248 - - [19/Aug/2025:17:15:29 -0400] "GET /wp-includes/Text/plugins.php HTTP/1.1" 404 - "-" "Mozilla/5.0 (Windows NT 10.0; Win64; x64) AppleWebKit/537.36 (KHTML, like Gecko) Chrome/58.0.3029.110 Safari/537.36"
66.249.79.206 - - [19/Aug/2025:17:15:30 -0400] "GET /q-~76buMc0DEFPw9y2jQebpVZMWwczJ8UPK38534/ HTTP/1.1" 404 - "-" "Mozilla/5.0 (Linux; Android 6.0.1; Nexus 5X Build/MMB29P) AppleWebKit/537.36 (KHTML, like Gecko) Chrome/138.0.7204.183 Mobile Safari/537.36 (compatible; GoogleOther)"
144.76.32.145 - - [19/Aug/2025:17:15:33 -0400] "GET /ca3561/?path=/home/greenfieldcom/mail/greenfield.com.sa/abdullah/.spam HTTP/1.1" 200 864 "-" "Mozilla/5.0 (compatible; BLEXBot/1.0; +https://help.seranking.com/en/blex-crawler)"
105.188.49.248 - - [19/Aug/2025:17:15:34 -0400] "GET /wp-includes/images/wp-1ogin_bak.php HTTP/1.1" 404 - "-" "Mozilla/5.0 (Windows NT 10.0; Win64; x64) AppleWebKit/537.36 (KHTML, like Gecko) Chrome/58.0.3029.110 Safari/537.36"
105.188.49.248 - - [19/Aug/2025:17:15:38 -0400] "GET /luuf.php HTTP/1.1" 404 - "-" "Mozilla/5.0 (Windows NT 10.0; Win64; x64) AppleWebKit/537.36 (KHTML, like Gecko) Chrome/58.0.3029.110 Safari/537.36"
144.76.32.145 - - [19/Aug/2025:17:15:39 -0400] "GET /ca3561/?path=/home/greenfieldcom/mail/greenfield.com.sa/admin/.Archive HTTP/1.1" 200 879 "-" "Mozilla/5.0 (compatible; BLEXBot/1.0; +https://help.seranking.com/en/blex-crawler)"
105.188.49.248 - - [19/Aug/2025:17:15:41 -0400] "GET /wp-includes/js/tinymce/plugins/compat3x/index.php HTTP/1.1" 404 - "-" "Mozilla/5.0 (Windows NT 10.0; Win64; x64) AppleWebKit/537.36 (KHTML, like Gecko) Chrome/58.0.3029.110 Safari/537.36"
216.73.216.176 - - [19/Aug/2025:17:15:42 -0400] "GET /wp-content HTTP/1.1" 301 249 "-" "Mozilla/5.0 AppleWebKit/537.36 (KHTML, like Gecko; compatible; ClaudeBot/1.0; +claudebot@anthropic.com)"
216.73.216.176 - - [19/Aug/2025:17:15:42 -0400] "GET /wp-content/ HTTP/1.1" 200 307 "https://www.greenfield.com.sa/wp-content" "Mozilla/5.0 AppleWebKit/537.36 (KHTML, like Gecko; compatible; ClaudeBot/1.0; +claudebot@anthropic.com)"
105.188.49.248 - - [19/Aug/2025:17:15:44 -0400] "GET /wp-content/gifshell.php HTTP/1.1" 404 - "-" "Mozilla/5.0 (Windows NT 10.0; Win64; x64) AppleWebKit/537.36 (KHTML, like Gecko) Chrome/58.0.3029.110 Safari/537.36"
144.76.32.145 - - [19/Aug/2025:17:15:44 -0400] "GET /ca3561/?path=/home/greenfieldcom/mail/greenfield.com.sa/e.shwayeer/cur HTTP/1.1" 200 743 "-" "Mozilla/5.0 (compatible; BLEXBot/1.0; +https://help.seranking.com/en/blex-crawler)"
216.73.216.176 - - [19/Aug/2025:17:15:44 -0400] "GET / HTTP/1.1" 200 790 "-" "Mozilla/5.0 AppleWebKit/537.36 (KHTML, like Gecko; compatible; ClaudeBot/1.0; +claudebot@anthropic.com)"
51.222.253.8 - - [19/Aug/2025:17:15:46 -0400] "GET /439789482 HTTP/1.1" 404 - "-" "Mozilla/5.0 (compatible; AhrefsBot/7.0; +http://ahrefs.com/robot/)"
105.188.49.248 - - [19/Aug/2025:17:15:47 -0400] "GET /moon.php HTTP/1.1" 404 - "-" "Mozilla/5.0 (Windows NT 10.0; Win64; x64) AppleWebKit/537.36 (KHTML, like Gecko) Chrome/58.0.3029.110 Safari/537.36"
144.76.32.145 - - [19/Aug/2025:17:15:49 -0400] "GET /ca3561/?path=/home/greenfieldcom/mail/greenfield.com.sa/e.shwayeer/new HTTP/1.1" 200 1238 "-" "Mozilla/5.0 (compatible; BLEXBot/1.0; +https://help.seranking.com/en/blex-crawler)"
105.188.49.248 - - [19/Aug/2025:17:15:50 -0400] "GET /wp-includes/sodium_compat/src/index.php HTTP/1.1" 404 - "-" "Mozilla/5.0 (Windows NT 10.0; Win64; x64) AppleWebKit/537.36 (KHTML, like Gecko) Chrome/58.0.3029.110 Safari/537.36"
105.188.49.248 - - [19/Aug/2025:17:15:55 -0400] "GET /modules/mod_simplefileuploadv1.3/elements/filemanager.php HTTP/1.1" 404 - "-" "Mozilla/5.0 (Windows NT 10.0; Win64; x64) AppleWebKit/537.36 (KHTML, like Gecko) Chrome/58.0.3029.110 Safari/537.36"
144.76.32.145 - - [19/Aug/2025:17:15:55 -0400] "GET /ca3561/?path=/home/greenfieldcom/mail/greenfield.com.sa/e.shwayeer/tmp HTTP/1.1" 200 743 "-" "Mozilla/5.0 (compatible; BLEXBot/1.0; +https://help.seranking.com/en/blex-crawler)"
66.249.79.192 - - [19/Aug/2025:17:15:56 -0400] "GET /512161803 HTTP/1.1" 404 - "-" "Mozilla/5.0 (Linux; Android 6.0.1; Nexus 5X Build/MMB29P) AppleWebKit/537.36 (KHTML, like Gecko) Chrome/138.0.7204.183 Mobile Safari/537.36 (compatible; Googlebot/2.1; +http://www.google.com/bot.html)"
105.188.49.248 - - [19/Aug/2025:17:16:01 -0400] "GET /cgi-bin/wp-conflg.php HTTP/1.1" 404 - "-" "Mozilla/5.0 (Windows NT 10.0; Win64; x64) AppleWebKit/537.36 (KHTML, like Gecko) Chrome/58.0.3029.110 Safari/537.36"
114.119.159.145 - - [19/Aug/2025:17:16:01 -0400] "GET /ca3561/?path=/usr/share/zoneinfo/Pacific&edit=Noumea HTTP/1.1" 200 1380 "https://greenfield.com.sa/ca3561/?path=/usr/share/zoneinfo/Pacific" "Mozilla/5.0 (Linux; Android 7.0;) AppleWebKit/537.36 (KHTML, like Gecko) Mobile Safari/537.36 (compatible; PetalBot;+https://webmaster.petalsearch.com/site/petalbot)"
144.76.32.145 - - [19/Aug/2025:17:16:03 -0400] "GET /ca3561/?path=/home/greenfieldcom/mail/greenfield.com.sa/i.alshuwier/.. HTTP/1.1" 200 1161 "-" "Mozilla/5.0 (compatible; BLEXBot/1.0; +https://help.seranking.com/en/blex-crawler)"
105.188.49.248 - - [19/Aug/2025:17:16:06 -0400] "GET /wp-includes/Requests/plugins.php HTTP/1.1" 404 - "-" "Mozilla/5.0 (Windows NT 10.0; Win64; x64) AppleWebKit/537.36 (KHTML, like Gecko) Chrome/58.0.3029.110 Safari/537.36"
144.76.32.145 - - [19/Aug/2025:17:16:07 -0400] "GET /ca3561/?path=/home/greenfieldcom/mail/greenfield.com.sa/kh.osman/.Junk HTTP/1.1" 200 852 "-" "Mozilla/5.0 (compatible; BLEXBot/1.0; +https://help.seranking.com/en/blex-crawler)"
105.188.49.248 - - [19/Aug/2025:17:16:08 -0400] "GET /tyasd.php HTTP/1.1" 404 - "-" "Mozilla/5.0 (Windows NT 10.0; Win64; x64) AppleWebKit/537.36 (KHTML, like Gecko) Chrome/58.0.3029.110 Safari/537.36"
105.188.49.248 - - [19/Aug/2025:17:16:10 -0400] "GET /wp-includes/Requests/Text/footer.php HTTP/1.1" 404 - "-" "Mozilla/5.0 (Windows NT 10.0; Win64; x64) AppleWebKit/537.36 (KHTML, like Gecko) Chrome/58.0.3029.110 Safari/537.36"
105.188.49.248 - - [19/Aug/2025:17:16:13 -0400] "GET /wp-admin/css/colors/ocean/lofter.php HTTP/1.1" 404 - "-" "Mozilla/5.0 (Windows NT 10.0; Win64; x64) AppleWebKit/537.36 (KHTML, like Gecko) Chrome/58.0.3029.110 Safari/537.36"
144.76.32.145 - - [19/Aug/2025:17:16:13 -0400] "GET /ca3561/?path=/home/greenfieldcom/mail/greenfield.com.sa/kh.osman/.Sent HTTP/1.1" 200 851 "-" "Mozilla/5.0 (compatible; BLEXBot/1.0; +https://help.seranking.com/en/blex-crawler)"
144.76.32.145 - - [19/Aug/2025:17:16:17 -0400] "GET /ca3561/?path=/home/greenfieldcom/mail/greenfield.com.sa/kh.osman/.spam HTTP/1.1" 200 864 "-" "Mozilla/5.0 (compatible; BLEXBot/1.0; +https://help.seranking.com/en/blex-crawler)"
105.188.49.248 - - [19/Aug/2025:17:16:18 -0400] "GET /wp-content/x/index.php HTTP/1.1" 404 - "-" "Mozilla/5.0 (Windows NT 10.0; Win64; x64) AppleWebKit/537.36 (KHTML, like Gecko) Chrome/58.0.3029.110 Safari/537.36"
144.76.32.145 - - [19/Aug/2025:17:16:21 -0400] "GET /ca3561/?path=/home/greenfieldcom/mail/greenfield.com.sa/m.abdo/.Drafts HTTP/1.1" 200 846 "-" "Mozilla/5.0 (compatible; BLEXBot/1.0; +https://help.seranking.com/en/blex-crawler)"
105.188.49.248 - - [19/Aug/2025:17:16:23 -0400] "GET /wp-admin/includes/file.php HTTP/1.1" 404 - "-" "Mozilla/5.0 (Windows NT 10.0; Win64; x64) AppleWebKit/537.36 (KHTML, like Gecko) Chrome/58.0.3029.110 Safari/537.36"
144.76.32.145 - - [19/Aug/2025:17:16:25 -0400] "GET /ca3561/?path=/home/greenfieldcom/mail/greenfield.com.sa/m.alshuwier/.. HTTP/1.1" 200 1161 "-" "Mozilla/5.0 (compatible; BLEXBot/1.0; +https://help.seranking.com/en/blex-crawler)"
105.188.49.248 - - [19/Aug/2025:17:16:25 -0400] "GET /theme-inshpvx.php HTTP/1.1" 404 - "-" "Mozilla/5.0 (Windows NT 10.0; Win64; x64) AppleWebKit/537.36 (KHTML, like Gecko) Chrome/58.0.3029.110 Safari/537.36"
40.77.167.79 - - [19/Aug/2025:17:16:27 -0400] "GET /584967907 HTTP/1.1" 404 - "-" "Mozilla/5.0 (iPhone; CPU iPhone OS 7_0 like Mac OS X) AppleWebKit/537.51.1 (KHTML, like Gecko) Version/7.0 Mobile/11A465 Safari/9537.53 (compatible; bingbot/2.0; +http://www.bing.com/bingbot.htm)"
105.188.49.248 - - [19/Aug/2025:17:16:27 -0400] "GET /wp-admin/maint/wp-login.php HTTP/1.1" 404 - "-" "Mozilla/5.0 (Windows NT 10.0; Win64; x64) AppleWebKit/537.36 (KHTML, like Gecko) Chrome/58.0.3029.110 Safari/537.36"
144.76.32.145 - - [19/Aug/2025:17:16:28 -0400] "GET /ca3561/?path=/home/greenfieldcom/mail/greenfield.com.sa/m.erfaan/.Junk HTTP/1.1" 200 853 "-" "Mozilla/5.0 (compatible; BLEXBot/1.0; +https://help.seranking.com/en/blex-crawler)"
105.188.49.248 - - [19/Aug/2025:17:16:33 -0400] "GET /wp-includes/rest-api/chosen.php HTTP/1.1" 404 - "-" "Mozilla/5.0 (Windows NT 10.0; Win64; x64) AppleWebKit/537.36 (KHTML, like Gecko) Chrome/58.0.3029.110 Safari/537.36"
144.76.32.145 - - [19/Aug/2025:17:16:34 -0400] "GET /ca3561/?path=/home/greenfieldcom/mail/greenfield.com.sa/m.erfaan/.Sent HTTP/1.1" 200 851 "-" "Mozilla/5.0 (compatible; BLEXBot/1.0; +https://help.seranking.com/en/blex-crawler)"
105.188.49.248 - - [19/Aug/2025:17:16:37 -0400] "GET /nf_tracking.php HTTP/1.1" 404 - "-" "Mozilla/5.0 (Windows NT 10.0; Win64; x64) AppleWebKit/537.36 (KHTML, like Gecko) Chrome/58.0.3029.110 Safari/537.36"
144.76.32.145 - - [19/Aug/2025:17:16:40 -0400] "GET /ca3561/?path=/home/greenfieldcom/mail/greenfield.com.sa/m.erfaan/.spam HTTP/1.1" 200 864 "-" "Mozilla/5.0 (compatible; BLEXBot/1.0; +https://help.seranking.com/en/blex-crawler)"
105.188.49.248 - - [19/Aug/2025:17:16:42 -0400] "GET /.well-known/acme-challenge/moon.php HTTP/1.1" 404 - "-" "Mozilla/5.0 (Windows NT 10.0; Win64; x64) AppleWebKit/537.36 (KHTML, like Gecko) Chrome/58.0.3029.110 Safari/537.36"
40.77.167.79 - - [19/Aug/2025:17:16:45 -0400] "GET /194063456 HTTP/1.1" 404 - "-" "Mozilla/5.0 AppleWebKit/537.36 (KHTML, like Gecko; compatible; bingbot/2.0; +http://www.bing.com/bingbot.htm) Chrome/116.0.1938.76 Safari/537.36"
105.188.49.248 - - [19/Aug/2025:17:16:46 -0400] "GET /wp-admin/css/colors/sunrise/admin.php HTTP/1.1" 404 - "-" "Mozilla/5.0 (Windows NT 10.0; Win64; x64) AppleWebKit/537.36 (KHTML, like Gecko) Chrome/58.0.3029.110 Safari/537.36"
144.76.32.145 - - [19/Aug/2025:17:16:48 -0400] "GET /ca3561/?path=/home/greenfieldcom/mail/greenfield.com.sa/m.ghazi/.Trash HTTP/1.1" 200 851 "-" "Mozilla/5.0 (compatible; BLEXBot/1.0; +https://help.seranking.com/en/blex-crawler)"
40.77.167.79 - - [19/Aug/2025:17:16:49 -0400] "GET /387437147 HTTP/1.1" 404 - "-" "Mozilla/5.0 (iPhone; CPU iPhone OS 7_0 like Mac OS X) AppleWebKit/537.51.1 (KHTML, like Gecko) Version/7.0 Mobile/11A465 Safari/9537.53 (compatible; bingbot/2.0; +http://www.bing.com/bingbot.htm)"
105.188.49.248 - - [19/Aug/2025:17:16:49 -0400] "GET /wp-includes/block-patterns/autoload_classmap.php HTTP/1.1" 404 - "-" "Mozilla/5.0 (Windows NT 10.0; Win64; x64) AppleWebKit/537.36 (KHTML, like Gecko) Chrome/58.0.3029.110 Safari/537.36"
144.76.32.145 - - [19/Aug/2025:17:16:53 -0400] "GET /ca3561/?path=/home/greenfieldcom/mail/greenfield.com.sa/m.khalaf/.Junk HTTP/1.1" 200 853 "-" "Mozilla/5.0 (compatible; BLEXBot/1.0; +https://help.seranking.com/en/blex-crawler)"
105.188.49.248 - - [19/Aug/2025:17:16:53 -0400] "GET /wp-includes/sodium_compat/wp-conflg.php HTTP/1.1" 404 - "-" "Mozilla/5.0 (Windows NT 10.0; Win64; x64) AppleWebKit/537.36 (KHTML, like Gecko) Chrome/58.0.3029.110 Safari/537.36"
105.188.49.248 - - [19/Aug/2025:17:16:55 -0400] "GET /checkbox.php HTTP/1.1" 404 - "-" "Mozilla/5.0 (Windows NT 10.0; Win64; x64) AppleWebKit/537.36 (KHTML, like Gecko) Chrome/58.0.3029.110 Safari/537.36"
144.76.32.145 - - [19/Aug/2025:17:16:59 -0400] "GET /ca3561/?path=/home/greenfieldcom/mail/greenfield.com.sa/m.khalaf/.Sent HTTP/1.1" 200 851 "-" "Mozilla/5.0 (compatible; BLEXBot/1.0; +https://help.seranking.com/en/blex-crawler)"
105.188.49.248 - - [19/Aug/2025:17:16:59 -0400] "GET /.well-known/pkivalidation/wso112233.php HTTP/1.1" 404 - "-" "Mozilla/5.0 (Windows NT 10.0; Win64; x64) AppleWebKit/537.36 (KHTML, like Gecko) Chrome/58.0.3029.110 Safari/537.36"
105.188.49.248 - - [19/Aug/2025:17:17:01 -0400] "GET /wp-includes/block-patterns/index.php HTTP/1.1" 404 - "-" "Mozilla/5.0 (Windows NT 10.0; Win64; x64) AppleWebKit/537.36 (KHTML, like Gecko) Chrome/58.0.3029.110 Safari/537.36"
144.76.32.145 - - [19/Aug/2025:17:17:02 -0400] "GET /ca3561/?path=/home/greenfieldcom/mail/greenfield.com.sa/m.khalaf/.spam HTTP/1.1" 200 865 "-" "Mozilla/5.0 (compatible; BLEXBot/1.0; +https://help.seranking.com/en/blex-crawler)"
51.222.253.2 - - [19/Aug/2025:17:17:03 -0400] "GET /439446622 HTTP/1.1" 404 - "-" "Mozilla/5.0 (compatible; AhrefsBot/7.0; +http://ahrefs.com/robot/)"
105.188.49.248 - - [19/Aug/2025:17:17:05 -0400] "GET /file5.php HTTP/1.1" 404 - "-" "Mozilla/5.0 (Windows NT 10.0; Win64; x64) AppleWebKit/537.36 (KHTML, like Gecko) Chrome/58.0.3029.110 Safari/537.36"
144.76.32.145 - - [19/Aug/2025:17:17:06 -0400] "GET /ca3561/?path=/home/greenfieldcom/mail/greenfield.com.sa/m.razik/.Trash HTTP/1.1" 200 851 "-" "Mozilla/5.0 (compatible; BLEXBot/1.0; +https://help.seranking.com/en/blex-crawler)"
216.73.216.176 - - [19/Aug/2025:17:17:07 -0400] "GET /QA911.html HTTP/1.1" 200 557 "-" "Mozilla/5.0 AppleWebKit/537.36 (KHTML, like Gecko; compatible; ClaudeBot/1.0; +claudebot@anthropic.com)"
216.73.216.176 - - [19/Aug/2025:17:17:08 -0400] "GET /12cc0 HTTP/1.1" 301 244 "-" "Mozilla/5.0 AppleWebKit/537.36 (KHTML, like Gecko; compatible; ClaudeBot/1.0; +claudebot@anthropic.com)"
216.73.216.176 - - [19/Aug/2025:17:17:08 -0400] "GET /google46f316969b4b796e.html HTTP/1.1" 200 53 "-" "Mozilla/5.0 AppleWebKit/537.36 (KHTML, like Gecko; compatible; ClaudeBot/1.0; +claudebot@anthropic.com)"
216.73.216.176 - - [19/Aug/2025:17:17:08 -0400] "GET /12cc0/ HTTP/1.1" 200 - "https://www.greenfield.com.sa/12cc0" "Mozilla/5.0 AppleWebKit/537.36 (KHTML, like Gecko; compatible; ClaudeBot/1.0; +claudebot@anthropic.com)"
105.188.49.248 - - [19/Aug/2025:17:17:09 -0400] "GET /wp-admin/js/widgets/about.php HTTP/1.1" 404 - "-" "Mozilla/5.0 (Windows NT 10.0; Win64; x64) AppleWebKit/537.36 (KHTML, like Gecko) Chrome/58.0.3029.110 Safari/537.36"
144.76.32.145 - - [19/Aug/2025:17:17:10 -0400] "GET /ca3561/?path=/home/greenfieldcom/mail/greenfield.com.sa/m.shahin/.Junk HTTP/1.1" 200 846 "-" "Mozilla/5.0 (compatible; BLEXBot/1.0; +https://help.seranking.com/en/blex-crawler)"
66.249.79.192 - - [19/Aug/2025:17:17:12 -0400] "GET /q-~137SXkk7tJE9IEAEDFY68HPJ7utHhOjIj14051/ HTTP/1.1" 404 - "-" "Mozilla/5.0 (Linux; Android 6.0.1; Nexus 5X Build/MMB29P) AppleWebKit/537.36 (KHTML, like Gecko) Chrome/138.0.7204.183 Mobile Safari/537.36 (compatible; GoogleOther)"
105.188.49.248 - - [19/Aug/2025:17:17:14 -0400] "GET /plugins/background-image-cropper/ups.php HTTP/1.1" 404 - "-" "Mozilla/5.0 (Windows NT 10.0; Win64; x64) AppleWebKit/537.36 (KHTML, like Gecko) Chrome/58.0.3029.110 Safari/537.36"
144.76.32.145 - - [19/Aug/2025:17:17:15 -0400] "GET /ca3561/?path=/home/greenfieldcom/mail/greenfield.com.sa/m.shahin/.Sent HTTP/1.1" 200 845 "-" "Mozilla/5.0 (compatible; BLEXBot/1.0; +https://help.seranking.com/en/blex-crawler)"
144.76.32.145 - - [19/Aug/2025:17:17:18 -0400] "GET /ca3561/?path=/home/greenfieldcom/mail/greenfield.com.sa/m.shahin/.spam HTTP/1.1" 200 864 "-" "Mozilla/5.0 (compatible; BLEXBot/1.0; +https://help.seranking.com/en/blex-crawler)"
105.188.49.248 - - [19/Aug/2025:17:17:19 -0400] "GET /wp-admin/network/file.php HTTP/1.1" 404 - "-" "Mozilla/5.0 (Windows NT 10.0; Win64; x64) AppleWebKit/537.36 (KHTML, like Gecko) Chrome/58.0.3029.110 Safari/537.36"
105.188.49.248 - - [19/Aug/2025:17:17:22 -0400] "GET /wp-includes/fonts/moon.php HTTP/1.1" 404 - "-" "Mozilla/5.0 (Windows NT 10.0; Win64; x64) AppleWebKit/537.36 (KHTML, like Gecko) Chrome/58.0.3029.110 Safari/537.36"
