66.249.74.169 - - [19/Aug/2025:18:33:19 -0400] "GET /item/u272/41495/ HTTP/1.1" 404 - "-" "Mozilla/5.0 (Linux; Android 6.0.1; Nexus 5X Build/MMB29P) AppleWebKit/537.36 (KHTML, like Gecko) Chrome/138.0.7204.183 Mobile Safari/537.36 (compatible; Googlebot/2.1; +http://www.google.com/bot.html)"
66.249.74.160 - - [19/Aug/2025:18:34:25 -0400] "GET /q-~50r0YH2o001cxcQsOvarM5Icpc1MAglo14750/ HTTP/1.1" 404 - "-" "Mozilla/5.0 (Linux; Android 6.0.1; Nexus 5X Build/MMB29P) AppleWebKit/537.36 (KHTML, like Gecko) Chrome/138.0.7204.183 Mobile Safari/537.36 (compatible; GoogleOther)"
66.249.74.161 - - [19/Aug/2025:18:36:00 -0400] "GET /q-~300DebzUhOFXannkhi0uqwbpyjHLzNSnA15422/ HTTP/1.1" 404 - "-" "Mozilla/5.0 (Linux; Android 6.0.1; Nexus 5X Build/MMB29P) AppleWebKit/537.36 (KHTML, like Gecko) Chrome/138.0.7204.183 Mobile Safari/537.36 (compatible; GoogleOther)"
66.249.74.161 - - [19/Aug/2025:18:37:36 -0400] "GET /q-~256rnGha2a54WQZaIACkHOc46xySnpIWn15746/ HTTP/1.1" 404 - "-" "Mozilla/5.0 (Linux; Android 6.0.1; Nexus 5X Build/MMB29P) AppleWebKit/537.36 (KHTML, like Gecko) Chrome/138.0.7204.183 Mobile Safari/537.36 (compatible; GoogleOther)"
66.249.74.160 - - [19/Aug/2025:18:39:07 -0400] "GET /280035519.htm HTTP/1.1" 404 - "-" "Mozilla/5.0 (Linux; Android 6.0.1; Nexus 5X Build/MMB29P) AppleWebKit/537.36 (KHTML, like Gecko) Chrome/138.0.7204.183 Mobile Safari/537.36 (compatible; GoogleOther)"
66.249.74.169 - - [19/Aug/2025:18:39:33 -0400] "GET /247001120.htm HTTP/1.1" 404 - "-" "Mozilla/5.0 (Linux; Android 6.0.1; Nexus 5X Build/MMB29P) AppleWebKit/537.36 (KHTML, like Gecko) Chrome/138.0.7204.183 Mobile Safari/537.36 (compatible; GoogleOther)"
66.249.74.169 - - [19/Aug/2025:18:39:37 -0400] "GET /q-~217VG5lPJcFMGRts5xYbtwUErCCsXBGxN46289/ HTTP/1.1" 404 - "-" "Mozilla/5.0 (Linux; Android 6.0.1; Nexus 5X Build/MMB29P) AppleWebKit/537.36 (KHTML, like Gecko) Chrome/138.0.7204.183 Mobile Safari/537.36 (compatible; GoogleOther)"
66.249.74.169 - - [19/Aug/2025:18:39:40 -0400] "GET /q-~87xX5Vq6arZ8JJtkwiBXdaHOwtjUblTQ17363/ HTTP/1.1" 404 - "-" "Mozilla/5.0 (Linux; Android 6.0.1; Nexus 5X Build/MMB29P) AppleWebKit/537.36 (KHTML, like Gecko) Chrome/138.0.7204.183 Mobile Safari/537.36 (compatible; GoogleOther)"
66.249.74.169 - - [19/Aug/2025:18:39:45 -0400] "GET /q-~21xxtor774hRxV3GllA9Prtajeb0VYVA46049/ HTTP/1.1" 404 - "-" "Mozilla/5.0 (Linux; Android 6.0.1; Nexus 5X Build/MMB29P) AppleWebKit/537.36 (KHTML, like Gecko) Chrome/138.0.7204.183 Mobile Safari/537.36 (compatible; GoogleOther)"
66.249.74.169 - - [19/Aug/2025:18:39:54 -0400] "GET /160018863.htm HTTP/1.1" 404 - "-" "Mozilla/5.0 (Linux; Android 6.0.1; Nexus 5X Build/MMB29P) AppleWebKit/537.36 (KHTML, like Gecko) Chrome/138.0.7204.183 Mobile Safari/537.36 (compatible; GoogleOther)"
66.249.74.169 - - [19/Aug/2025:18:39:55 -0400] "GET /q-~45ifSowR8BT7sLIorMIOCvlbXER8AXAS24541/ HTTP/1.1" 404 - "-" "Mozilla/5.0 (Linux; Android 6.0.1; Nexus 5X Build/MMB29P) AppleWebKit/537.36 (KHTML, like Gecko) Chrome/138.0.7204.183 Mobile Safari/537.36 (compatible; GoogleOther)"
66.249.74.169 - - [19/Aug/2025:18:39:56 -0400] "GET /q-~89CZZj7ESFDA8ca1JldZ7228gYcG9b5Z37899/ HTTP/1.1" 404 - "-" "Mozilla/5.0 (Linux; Android 6.0.1; Nexus 5X Build/MMB29P) AppleWebKit/537.36 (KHTML, like Gecko) Chrome/138.0.7204.183 Mobile Safari/537.36 (compatible; GoogleOther)"
66.249.74.169 - - [19/Aug/2025:18:39:57 -0400] "GET /121032610.htm HTTP/1.1" 404 - "-" "Mozilla/5.0 (Linux; Android 6.0.1; Nexus 5X Build/MMB29P) AppleWebKit/537.36 (KHTML, like Gecko) Chrome/138.0.7204.183 Mobile Safari/537.36 (compatible; GoogleOther)"
66.249.74.169 - - [19/Aug/2025:18:39:58 -0400] "GET /q-~287bLlpLd5c2cAMNjdx5NyCgxIPK7PKQx49441/ HTTP/1.1" 404 - "-" "Mozilla/5.0 (Linux; Android 6.0.1; Nexus 5X Build/MMB29P) AppleWebKit/537.36 (KHTML, like Gecko) Chrome/138.0.7204.183 Mobile Safari/537.36 (compatible; GoogleOther)"
66.249.74.169 - - [19/Aug/2025:18:39:59 -0400] "GET /028029163.htm HTTP/1.1" 404 - "-" "Mozilla/5.0 (Linux; Android 6.0.1; Nexus 5X Build/MMB29P) AppleWebKit/537.36 (KHTML, like Gecko) Chrome/138.0.7204.183 Mobile Safari/537.36 (compatible; GoogleOther)"
66.249.74.169 - - [19/Aug/2025:18:40:47 -0400] "GET /q-~293gE1wZAJohqMGN5AFLokUZ6Ud36mW2B1851/ HTTP/1.1" 404 - "-" "Mozilla/5.0 (Linux; Android 6.0.1; Nexus 5X Build/MMB29P) AppleWebKit/537.36 (KHTML, like Gecko) Chrome/138.0.7204.183 Mobile Safari/537.36 (compatible; GoogleOther)"
66.249.74.160 - - [19/Aug/2025:18:42:22 -0400] "GET /q-~200AvDleldueXVeLJoT2uW7KG5qQx6M5S17576/ HTTP/1.1" 404 - "-" "Mozilla/5.0 (Linux; Android 6.0.1; Nexus 5X Build/MMB29P) AppleWebKit/537.36 (KHTML, like Gecko) Chrome/138.0.7204.183 Mobile Safari/537.36 (compatible; GoogleOther)"
66.249.74.169 - - [19/Aug/2025:18:43:58 -0400] "GET /q-~263hg4lh9opLlZeGtAg61tTqQuylnyj8u6653/ HTTP/1.1" 404 - "-" "Mozilla/5.0 (Linux; Android 6.0.1; Nexus 5X Build/MMB29P) AppleWebKit/537.36 (KHTML, like Gecko) Chrome/138.0.7204.183 Mobile Safari/537.36 (compatible; GoogleOther)"
66.249.74.161 - - [19/Aug/2025:18:45:36 -0400] "GET /q-~186FPAYh4p9nZOnkASE1oKFnegWOl6Qjg3218/ HTTP/1.1" 404 - "-" "Mozilla/5.0 (Linux; Android 6.0.1; Nexus 5X Build/MMB29P) AppleWebKit/537.36 (KHTML, like Gecko) Chrome/138.0.7204.183 Mobile Safari/537.36 (compatible; GoogleOther)"
66.249.74.160 - - [19/Aug/2025:18:47:09 -0400] "GET /q-~267mhJqnVIW8vzhG12G4t3Fd7GO22bCaP41693/ HTTP/1.1" 404 - "-" "Mozilla/5.0 (Linux; Android 6.0.1; Nexus 5X Build/MMB29P) AppleWebKit/537.36 (KHTML, like Gecko) Chrome/138.0.7204.183 Mobile Safari/537.36 (compatible; GoogleOther)"
104.28.211.186 - - [19/Aug/2025:18:48:03 -0400] "GET /.well-known/acme-challenge/new/ HTTP/1.1" 404 - "-" "-"
69.197.149.90 - - [19/Aug/2025:18:48:37 -0400] "GET /wp-includes/wp-configs.php HTTP/1.1" 404 - "http://mail.greenfield.com.sa/wp-includes/wp-configs.php" "Mozilla/5.0 (Windows NT 10.0; Win64; x64) AppleWebKit/537.36 (KHTML, like Gecko) Chrome/58.0.3029.110 Safari/537.3"
66.249.74.161 - - [19/Aug/2025:18:48:45 -0400] "GET /q-~207WZ0oSQ31sAXCJOtGHRpRxWjYaqd88z6043/ HTTP/1.1" 404 - "-" "Mozilla/5.0 (Linux; Android 6.0.1; Nexus 5X Build/MMB29P) AppleWebKit/537.36 (KHTML, like Gecko) Chrome/138.0.7204.183 Mobile Safari/537.36 (compatible; GoogleOther)"
66.249.74.161 - - [19/Aug/2025:18:49:18 -0400] "GET /item/u163/29356/ HTTP/1.1" 404 - "-" "Mozilla/5.0 (Linux; Android 6.0.1; Nexus 5X Build/MMB29P) AppleWebKit/537.36 (KHTML, like Gecko) Chrome/138.0.7204.183 Mobile Safari/537.36 (compatible; Googlebot/2.1; +http://www.google.com/bot.html)"
45.227.253.15 - - [19/Aug/2025:18:49:56 -0400] "GET /index.php/jk HTTP/1.1" 404 - "-" "Mozilla/5.0 (Macintosh; Intel Mac OS X 10.11; rv:103.0) Gecko/20100101 Firefox/101.0"
66.249.74.169 - - [19/Aug/2025:18:50:21 -0400] "GET /q-~113c2wEE1sVPHzjQrB70bbljd2KhHpioT29935/ HTTP/1.1" 404 - "-" "Mozilla/5.0 (Linux; Android 6.0.1; Nexus 5X Build/MMB29P) AppleWebKit/537.36 (KHTML, like Gecko) Chrome/138.0.7204.183 Mobile Safari/537.36 (compatible; GoogleOther)"
66.249.74.161 - - [19/Aug/2025:18:51:56 -0400] "GET /q-~239TUC0cXoBM1d4awNG5mucBKkkGQ1M8r16769/ HTTP/1.1" 404 - "-" "Mozilla/5.0 (Linux; Android 6.0.1; Nexus 5X Build/MMB29P) AppleWebKit/537.36 (KHTML, like Gecko) Chrome/138.0.7204.183 Mobile Safari/537.36 (compatible; GoogleOther)"
66.249.74.161 - - [19/Aug/2025:18:53:31 -0400] "GET /q-~51JSnyCFptCTIWoQDyCl1gzu8R8oQcBo44479/ HTTP/1.1" 404 - "-" "Mozilla/5.0 (Linux; Android 6.0.1; Nexus 5X Build/MMB29P) AppleWebKit/537.36 (KHTML, like Gecko) Chrome/138.0.7204.183 Mobile Safari/537.36 (compatible; GoogleOther)"
66.249.74.161 - - [19/Aug/2025:18:55:07 -0400] "GET /q-~137Z5nZ7BYOt5XrBFOmMmsCxdn7IQvXKO22305/ HTTP/1.1" 404 - "-" "Mozilla/5.0 (Linux; Android 6.0.1; Nexus 5X Build/MMB29P) AppleWebKit/537.36 (KHTML, like Gecko) Chrome/138.0.7204.183 Mobile Safari/537.36 (compatible; GoogleOther)"
66.249.74.160 - - [19/Aug/2025:18:58:18 -0400] "GET /q-~233LFhfUcqG41UTxCbtolAl0BbIlKikxq9657/ HTTP/1.1" 404 - "-" "Mozilla/5.0 (Linux; Android 6.0.1; Nexus 5X Build/MMB29P) AppleWebKit/537.36 (KHTML, like Gecko) Chrome/138.0.7204.183 Mobile Safari/537.36 (compatible; GoogleOther)"
66.249.74.160 - - [19/Aug/2025:18:59:54 -0400] "GET /q-~248agPP95FJ9wfR1DYgyDKQ7QhLMKQG8B10232/ HTTP/1.1" 404 - "-" "Mozilla/5.0 (Linux; Android 6.0.1; Nexus 5X Build/MMB29P) AppleWebKit/537.36 (KHTML, like Gecko) Chrome/138.0.7204.183 Mobile Safari/537.36 (compatible; GoogleOther)"
66.249.74.161 - - [19/Aug/2025:19:01:30 -0400] "GET /q-~245XhyGQ9MTt44EVbfwZhj6h0tgYqQ5My44401/ HTTP/1.1" 404 - "-" "Mozilla/5.0 (Linux; Android 6.0.1; Nexus 5X Build/MMB29P) AppleWebKit/537.36 (KHTML, like Gecko) Chrome/138.0.7204.183 Mobile Safari/537.36 (compatible; GoogleOther)"
66.249.74.160 - - [19/Aug/2025:19:03:05 -0400] "GET /q-~94kRRcfSVBf2XqLNLaiKTnHK7GjvK8PT9568/ HTTP/1.1" 404 - "-" "Mozilla/5.0 (Linux; Android 6.0.1; Nexus 5X Build/MMB29P) AppleWebKit/537.36 (KHTML, like Gecko) Chrome/138.0.7204.183 Mobile Safari/537.36 (compatible; GoogleOther)"
66.249.74.161 - - [19/Aug/2025:19:04:40 -0400] "GET /q-~165QzXMEMNBb8Yyw5Cz91KifbPEgG6ARh31263/ HTTP/1.1" 404 - "-" "Mozilla/5.0 (Linux; Android 6.0.1; Nexus 5X Build/MMB29P) AppleWebKit/537.36 (KHTML, like Gecko) Chrome/138.0.7204.183 Mobile Safari/537.36 (compatible; GoogleOther)"
66.249.74.161 - - [19/Aug/2025:19:06:16 -0400] "GET /q-~236BjXlUq6rjflyUEPGdWQnMOC33Sa1Xg43598/ HTTP/1.1" 404 - "-" "Mozilla/5.0 (Linux; Android 6.0.1; Nexus 5X Build/MMB29P) AppleWebKit/537.36 (KHTML, like Gecko) Chrome/138.0.7204.183 Mobile Safari/537.36 (compatible; GoogleOther)"
66.249.74.169 - - [19/Aug/2025:19:07:51 -0400] "GET /q-~196Fa3fMMTgSOQRSHXESbh8Y5Bt7SCWem38940/ HTTP/1.1" 404 - "-" "Mozilla/5.0 (Linux; Android 6.0.1; Nexus 5X Build/MMB29P) AppleWebKit/537.36 (KHTML, like Gecko) Chrome/138.0.7204.183 Mobile Safari/537.36 (compatible; GoogleOther)"
69.197.149.90 - - [19/Aug/2025:19:08:40 -0400] "GET /wp-includes/wp-configs.php HTTP/1.1" 404 - "http://mail.greenfield.com.sa/wp-includes/wp-configs.php" "Mozilla/5.0 (Windows NT 10.0; Win64; x64) AppleWebKit/537.36 (KHTML, like Gecko) Chrome/58.0.3029.110 Safari/537.3"
66.249.74.160 - - [19/Aug/2025:19:09:27 -0400] "GET /q-~153Lx870YbSpqcOlYaleWvL3BZ3Fro6aQ48411/ HTTP/1.1" 404 - "-" "Mozilla/5.0 (Linux; Android 6.0.1; Nexus 5X Build/MMB29P) AppleWebKit/537.36 (KHTML, like Gecko) Chrome/138.0.7204.183 Mobile Safari/537.36 (compatible; GoogleOther)"
66.249.74.160 - - [19/Aug/2025:19:11:03 -0400] "GET /q-~169F8FtEPAqbMCewytjFFoBvNYNvZGLbd7849/ HTTP/1.1" 404 - "-" "Mozilla/5.0 (Linux; Android 6.0.1; Nexus 5X Build/MMB29P) AppleWebKit/537.36 (KHTML, like Gecko) Chrome/138.0.7204.183 Mobile Safari/537.36 (compatible; GoogleOther)"
66.249.74.161 - - [19/Aug/2025:19:12:40 -0400] "GET /q-~189iUSt4f5gRk39AbtBe6VWLByyuLnlPH33025/ HTTP/1.1" 404 - "-" "Mozilla/5.0 (Linux; Android 6.0.1; Nexus 5X Build/MMB29P) AppleWebKit/537.36 (KHTML, like Gecko) Chrome/138.0.7204.183 Mobile Safari/537.36 (compatible; GoogleOther)"
66.249.74.160 - - [19/Aug/2025:19:14:14 -0400] "GET /q-~20Em8w1OOscj5lJB9MX0dxfKWK4i0X6q17060/ HTTP/1.1" 404 - "-" "Mozilla/5.0 (Linux; Android 6.0.1; Nexus 5X Build/MMB29P) AppleWebKit/537.36 (KHTML, like Gecko) Chrome/138.0.7204.183 Mobile Safari/537.36 (compatible; GoogleOther)"
66.249.74.169 - - [19/Aug/2025:19:15:06 -0400] "GET /q-~164hNjco6IwglUMxLkP2CkNwxA49o2Vdl2936/ HTTP/1.1" 404 - "-" "Mozilla/5.0 (Linux; Android 6.0.1; Nexus 5X Build/MMB29P) AppleWebKit/537.36 (KHTML, like Gecko) Chrome/138.0.7204.183 Mobile Safari/537.36 (compatible; GoogleOther)"
66.249.74.169 - - [19/Aug/2025:19:15:07 -0400] "GET /292007379.htm HTTP/1.1" 404 - "-" "Mozilla/5.0 (Linux; Android 6.0.1; Nexus 5X Build/MMB29P) AppleWebKit/537.36 (KHTML, like Gecko) Chrome/138.0.7204.183 Mobile Safari/537.36 (compatible; GoogleOther)"
66.249.74.161 - - [19/Aug/2025:19:15:08 -0400] "GET /q-~106GxHkODEr3vJuRgjhKhXXNRdW8foo8A17618/ HTTP/1.1" 404 - "-" "Mozilla/5.0 (Linux; Android 6.0.1; Nexus 5X Build/MMB29P) AppleWebKit/537.36 (KHTML, like Gecko) Chrome/138.0.7204.183 Mobile Safari/537.36 (compatible; GoogleOther)"
66.249.74.169 - - [19/Aug/2025:19:15:09 -0400] "GET /q-~23HYFrs2gQMSpDVPIYRHjb7A6FcckwAJ4317/ HTTP/1.1" 404 - "-" "Mozilla/5.0 (Linux; Android 6.0.1; Nexus 5X Build/MMB29P) AppleWebKit/537.36 (KHTML, like Gecko) Chrome/138.0.7204.183 Mobile Safari/537.36 (compatible; GoogleOther)"
66.249.74.161 - - [19/Aug/2025:19:15:10 -0400] "GET /025000104.htm HTTP/1.1" 404 - "-" "Mozilla/5.0 (Linux; Android 6.0.1; Nexus 5X Build/MMB29P) AppleWebKit/537.36 (KHTML, like Gecko) Chrome/138.0.7204.183 Mobile Safari/537.36 (compatible; GoogleOther)"
66.249.74.160 - - [19/Aug/2025:19:15:10 -0400] "GET /292006045.htm HTTP/1.1" 404 - "-" "Mozilla/5.0 (Linux; Android 6.0.1; Nexus 5X Build/MMB29P) AppleWebKit/537.36 (KHTML, like Gecko) Chrome/138.0.7204.183 Mobile Safari/537.36 (compatible; GoogleOther)"
66.249.74.169 - - [19/Aug/2025:19:15:11 -0400] "GET /157017224.htm HTTP/1.1" 404 - "-" "Mozilla/5.0 (Linux; Android 6.0.1; Nexus 5X Build/MMB29P) AppleWebKit/537.36 (KHTML, like Gecko) Chrome/138.0.7204.183 Mobile Safari/537.36 (compatible; GoogleOther)"
66.249.74.169 - - [19/Aug/2025:19:15:12 -0400] "GET /297021026.htm HTTP/1.1" 404 - "-" "Mozilla/5.0 (Linux; Android 6.0.1; Nexus 5X Build/MMB29P) AppleWebKit/537.36 (KHTML, like Gecko) Chrome/138.0.7204.183 Mobile Safari/537.36 (compatible; GoogleOther)"
66.249.74.169 - - [19/Aug/2025:19:15:13 -0400] "GET /q-~38FyOLkQ1MFX366hGdC6wnoEuIF96CGd162/ HTTP/1.1" 404 - "-" "Mozilla/5.0 (Linux; Android 6.0.1; Nexus 5X Build/MMB29P) AppleWebKit/537.36 (KHTML, like Gecko) Chrome/138.0.7204.183 Mobile Safari/537.36 (compatible; GoogleOther)"
66.249.74.169 - - [19/Aug/2025:19:15:15 -0400] "GET /q-~170pWinXqgxJHTv6HZfK9ugwlJBzwiRNv16020/ HTTP/1.1" 404 - "-" "Mozilla/5.0 (Linux; Android 6.0.1; Nexus 5X Build/MMB29P) AppleWebKit/537.36 (KHTML, like Gecko) Chrome/138.0.7204.183 Mobile Safari/537.36 (compatible; GoogleOther)"
66.249.74.169 - - [19/Aug/2025:19:15:16 -0400] "GET /q-~297MuMZHbiEalp68WIveH936AB6SrqwYo26407/ HTTP/1.1" 404 - "-" "Mozilla/5.0 (Linux; Android 6.0.1; Nexus 5X Build/MMB29P) AppleWebKit/537.36 (KHTML, like Gecko) Chrome/138.0.7204.183 Mobile Safari/537.36 (compatible; GoogleOther)"
66.249.74.169 - - [19/Aug/2025:19:15:37 -0400] "GET /163019024.htm HTTP/1.1" 404 - "-" "Mozilla/5.0 (Linux; Android 6.0.1; Nexus 5X Build/MMB29P) AppleWebKit/537.36 (KHTML, like Gecko) Chrome/138.0.7204.183 Mobile Safari/537.36 (compatible; GoogleOther)"
66.249.74.169 - - [19/Aug/2025:19:15:49 -0400] "GET /144005869.htm HTTP/1.1" 404 - "-" "Mozilla/5.0 (Linux; Android 6.0.1; Nexus 5X Build/MMB29P) AppleWebKit/537.36 (KHTML, like Gecko) Chrome/138.0.7204.183 Mobile Safari/537.36 (compatible; GoogleOther)"
66.249.74.169 - - [19/Aug/2025:19:15:51 -0400] "GET /139005142.htm HTTP/1.1" 404 - "-" "Mozilla/5.0 (Linux; Android 6.0.1; Nexus 5X Build/MMB29P) AppleWebKit/537.36 (KHTML, like Gecko) Chrome/138.0.7204.183 Mobile Safari/537.36 (compatible; GoogleOther)"
66.249.74.169 - - [19/Aug/2025:19:15:53 -0400] "GET /q-~126w6iEW9OaCuxCURs1RqdQ3CzPLcKlqA29546/ HTTP/1.1" 404 - "-" "Mozilla/5.0 (Linux; Android 6.0.1; Nexus 5X Build/MMB29P) AppleWebKit/537.36 (KHTML, like Gecko) Chrome/138.0.7204.183 Mobile Safari/537.36 (compatible; GoogleOther)"
66.249.74.161 - - [19/Aug/2025:19:17:29 -0400] "GET /q-~283UWtIvUAddVauxQJ6fRNZV4QBI8B9ZF13821/ HTTP/1.1" 404 - "-" "Mozilla/5.0 (Linux; Android 6.0.1; Nexus 5X Build/MMB29P) AppleWebKit/537.36 (KHTML, like Gecko) Chrome/138.0.7204.183 Mobile Safari/537.36 (compatible; GoogleOther)"
66.249.74.169 - - [19/Aug/2025:19:19:01 -0400] "GET /q-~137XGZBW8F9TKKDB1P7NIemFKY8U1KWil25271/ HTTP/1.1" 404 - "-" "Mozilla/5.0 (Linux; Android 6.0.1; Nexus 5X Build/MMB29P) AppleWebKit/537.36 (KHTML, like Gecko) Chrome/138.0.7204.183 Mobile Safari/537.36 (compatible; GoogleOther)"
216.73.216.176 - - [19/Aug/2025:19:19:30 -0400] "GET /robots.txt HTTP/1.1" 200 131 "-" "Mozilla/5.0 AppleWebKit/537.36 (KHTML, like Gecko; compatible; ClaudeBot/1.0; +claudebot@anthropic.com)"
216.73.216.176 - - [19/Aug/2025:19:19:30 -0400] "GET / HTTP/1.1" 200 790 "-" "Mozilla/5.0 AppleWebKit/537.36 (KHTML, like Gecko; compatible; ClaudeBot/1.0; +claudebot@anthropic.com)"
66.249.74.161 - - [19/Aug/2025:19:20:36 -0400] "GET /q-~188vDATo0NYWcs7VMulhPBXoKAb9cBqgc40796/ HTTP/1.1" 404 - "-" "Mozilla/5.0 (Linux; Android 6.0.1; Nexus 5X Build/MMB29P) AppleWebKit/537.36 (KHTML, like Gecko) Chrome/138.0.7204.183 Mobile Safari/537.36 (compatible; GoogleOther)"
66.249.74.169 - - [19/Aug/2025:19:22:12 -0400] "GET /q-~223wY3OvQSutwf1tB67E7pV0VXok7pe3J18635/ HTTP/1.1" 404 - "-" "Mozilla/5.0 (Linux; Android 6.0.1; Nexus 5X Build/MMB29P) AppleWebKit/537.36 (KHTML, like Gecko) Chrome/138.0.7204.183 Mobile Safari/537.36 (compatible; GoogleOther)"
66.249.74.160 - - [19/Aug/2025:19:23:47 -0400] "GET /q-~179SUA7F5sd9MA71iIYgnEsBotJYxGrEG19579/ HTTP/1.1" 404 - "-" "Mozilla/5.0 (Linux; Android 6.0.1; Nexus 5X Build/MMB29P) AppleWebKit/537.36 (KHTML, like Gecko) Chrome/138.0.7204.183 Mobile Safari/537.36 (compatible; GoogleOther)"
66.249.74.160 - - [19/Aug/2025:19:25:23 -0400] "GET /q-~79xK9Xlii4bxTfo8yKOyClCG01jVHJqc14165/ HTTP/1.1" 404 - "-" "Mozilla/5.0 (Linux; Android 6.0.1; Nexus 5X Build/MMB29P) AppleWebKit/537.36 (KHTML, like Gecko) Chrome/138.0.7204.183 Mobile Safari/537.36 (compatible; GoogleOther)"
66.249.74.169 - - [19/Aug/2025:19:26:59 -0400] "GET /q-~231QNg6bvJojrTJHQo9j3SWMsU9MNy5ao35075/ HTTP/1.1" 404 - "-" "Mozilla/5.0 (Linux; Android 6.0.1; Nexus 5X Build/MMB29P) AppleWebKit/537.36 (KHTML, like Gecko) Chrome/138.0.7204.183 Mobile Safari/537.36 (compatible; GoogleOther)"
66.249.74.161 - - [19/Aug/2025:19:28:35 -0400] "GET /q-~294JzhtubTMf5ObnfqSzwjZcasq2sv3WV11520/ HTTP/1.1" 404 - "-" "Mozilla/5.0 (Linux; Android 6.0.1; Nexus 5X Build/MMB29P) AppleWebKit/537.36 (KHTML, like Gecko) Chrome/138.0.7204.183 Mobile Safari/537.36 (compatible; GoogleOther)"
69.197.149.90 - - [19/Aug/2025:19:28:36 -0400] "GET /wp-includes/wp-configs.php HTTP/1.1" 404 - "http://mail.greenfield.com.sa/wp-includes/wp-configs.php" "Mozilla/5.0 (Windows NT 10.0; Win64; x64) AppleWebKit/537.36 (KHTML, like Gecko) Chrome/58.0.3029.110 Safari/537.3"
66.249.74.160 - - [19/Aug/2025:19:30:11 -0400] "GET /q-~122Iok66qOrOeZxBpjv4yXu0C1hLA3XTT47260/ HTTP/1.1" 404 - "-" "Mozilla/5.0 (Linux; Android 6.0.1; Nexus 5X Build/MMB29P) AppleWebKit/537.36 (KHTML, like Gecko) Chrome/138.0.7204.183 Mobile Safari/537.36 (compatible; GoogleOther)"
66.249.74.161 - - [19/Aug/2025:19:31:46 -0400] "GET /q-~212EN44m3sP1cofsO2ylm8eFvMKEO7R5e11642/ HTTP/1.1" 404 - "-" "Mozilla/5.0 (Linux; Android 6.0.1; Nexus 5X Build/MMB29P) AppleWebKit/537.36 (KHTML, like Gecko) Chrome/138.0.7204.183 Mobile Safari/537.36 (compatible; GoogleOther)"
66.249.74.161 - - [19/Aug/2025:19:33:22 -0400] "GET /q-~128TLU3GUFQvQflkyctYl4EQHYqmdMYFo4672/ HTTP/1.1" 404 - "-" "Mozilla/5.0 (Linux; Android 6.0.1; Nexus 5X Build/MMB29P) AppleWebKit/537.36 (KHTML, like Gecko) Chrome/138.0.7204.183 Mobile Safari/537.36 (compatible; GoogleOther)"
66.249.74.169 - - [19/Aug/2025:19:34:56 -0400] "GET /q-~203J7XzQOzHBq5eFymQkvj7pY0Xd5lrdE46029/ HTTP/1.1" 404 - "-" "Mozilla/5.0 (Linux; Android 6.0.1; Nexus 5X Build/MMB29P) AppleWebKit/537.36 (KHTML, like Gecko) Chrome/138.0.7204.183 Mobile Safari/537.36 (compatible; GoogleOther)"
66.249.74.160 - - [19/Aug/2025:19:36:32 -0400] "GET /q-~14nMWlNhq6JKSYwGKczJ83WPzRq8jYIQ13870/ HTTP/1.1" 404 - "-" "Mozilla/5.0 (Linux; Android 6.0.1; Nexus 5X Build/MMB29P) AppleWebKit/537.36 (KHTML, like Gecko) Chrome/138.0.7204.183 Mobile Safari/537.36 (compatible; GoogleOther)"
66.249.74.161 - - [19/Aug/2025:19:38:08 -0400] "GET /q-~272gQMZA0phtAOv1avDOGQlGJSAHGBInv1712/ HTTP/1.1" 404 - "-" "Mozilla/5.0 (Linux; Android 6.0.1; Nexus 5X Build/MMB29P) AppleWebKit/537.36 (KHTML, like Gecko) Chrome/138.0.7204.183 Mobile Safari/537.36 (compatible; GoogleOther)"
66.249.74.169 - - [19/Aug/2025:19:39:44 -0400] "GET /q-~13pgjWmDFpRTBznD6Vrz5Yesern6yADH30245/ HTTP/1.1" 404 - "-" "Mozilla/5.0 (Linux; Android 6.0.1; Nexus 5X Build/MMB29P) AppleWebKit/537.36 (KHTML, like Gecko) Chrome/138.0.7204.183 Mobile Safari/537.36 (compatible; GoogleOther)"
104.28.211.186 - - [19/Aug/2025:19:40:29 -0400] "GET /.well-known/acme-challenge/content/ HTTP/1.1" 404 - "-" "-"
66.249.74.169 - - [19/Aug/2025:19:41:19 -0400] "GET /q-~212lbu2r5OelpXL0udON2ci9nWBOy2coi23200/ HTTP/1.1" 404 - "-" "Mozilla/5.0 (Linux; Android 6.0.1; Nexus 5X Build/MMB29P) AppleWebKit/537.36 (KHTML, like Gecko) Chrome/138.0.7204.183 Mobile Safari/537.36 (compatible; GoogleOther)"
66.249.74.160 - - [19/Aug/2025:19:42:54 -0400] "GET /q-~30SaaBsRlz4asRg4VWLMF7Wz4duONdOf29708/ HTTP/1.1" 404 - "-" "Mozilla/5.0 (Linux; Android 6.0.1; Nexus 5X Build/MMB29P) AppleWebKit/537.36 (KHTML, like Gecko) Chrome/138.0.7204.183 Mobile Safari/537.36 (compatible; GoogleOther)"
66.249.74.160 - - [19/Aug/2025:19:44:30 -0400] "GET /q-~64T3yrKq5b0YFXxlBxWszM28Q8FmYYNU45018/ HTTP/1.1" 404 - "-" "Mozilla/5.0 (Linux; Android 6.0.1; Nexus 5X Build/MMB29P) AppleWebKit/537.36 (KHTML, like Gecko) Chrome/138.0.7204.183 Mobile Safari/537.36 (compatible; GoogleOther)"
66.249.74.160 - - [19/Aug/2025:19:46:05 -0400] "GET /q-~273Ywmyi2iJfOxqdDyLTZgeyJH9QzgX3K40039/ HTTP/1.1" 404 - "-" "Mozilla/5.0 (Linux; Android 6.0.1; Nexus 5X Build/MMB29P) AppleWebKit/537.36 (KHTML, like Gecko) Chrome/138.0.7204.183 Mobile Safari/537.36 (compatible; GoogleOther)"
66.249.74.161 - - [19/Aug/2025:19:47:41 -0400] "GET /q-~284aVfSNL2elmyNvMr9ldhsIekxtr4jMA12302/ HTTP/1.1" 404 - "-" "Mozilla/5.0 (Linux; Android 6.0.1; Nexus 5X Build/MMB29P) AppleWebKit/537.36 (KHTML, like Gecko) Chrome/138.0.7204.183 Mobile Safari/537.36 (compatible; GoogleOther)"
69.197.149.90 - - [19/Aug/2025:19:48:35 -0400] "GET /wp-includes/wp-configs.php HTTP/1.1" 404 - "http://mail.greenfield.com.sa/wp-includes/wp-configs.php" "Mozilla/5.0 (Windows NT 10.0; Win64; x64) AppleWebKit/537.36 (KHTML, like Gecko) Chrome/58.0.3029.110 Safari/537.3"
66.249.74.169 - - [19/Aug/2025:19:50:52 -0400] "GET /q-~174WAnULb6GkQz8ew5VIPWc2NynKf4roE11998/ HTTP/1.1" 404 - "-" "Mozilla/5.0 (Linux; Android 6.0.1; Nexus 5X Build/MMB29P) AppleWebKit/537.36 (KHTML, like Gecko) Chrome/138.0.7204.183 Mobile Safari/537.36 (compatible; GoogleOther)"
66.249.74.161 - - [19/Aug/2025:19:51:06 -0400] "GET /q-~56shcLcgBTjqfaVAlrgMs0g5KEfnw5Xp34606/ HTTP/1.1" 404 - "-" "Mozilla/5.0 (Linux; Android 6.0.1; Nexus 5X Build/MMB29P) AppleWebKit/537.36 (KHTML, like Gecko) Chrome/138.0.7204.183 Mobile Safari/537.36 (compatible; GoogleOther)"
66.249.74.161 - - [19/Aug/2025:19:51:09 -0400] "GET /138012175.htm HTTP/1.1" 404 - "-" "Mozilla/5.0 (Linux; Android 6.0.1; Nexus 5X Build/MMB29P) AppleWebKit/537.36 (KHTML, like Gecko) Chrome/138.0.7204.183 Mobile Safari/537.36 (compatible; GoogleOther)"
66.249.74.161 - - [19/Aug/2025:19:51:10 -0400] "GET /q-~12InfFhFY2VWzPaVZnb6ede5sEBaXd9L21574/ HTTP/1.1" 404 - "-" "Mozilla/5.0 (Linux; Android 6.0.1; Nexus 5X Build/MMB29P) AppleWebKit/537.36 (KHTML, like Gecko) Chrome/138.0.7204.183 Mobile Safari/537.36 (compatible; GoogleOther)"
66.249.74.160 - - [19/Aug/2025:19:51:11 -0400] "GET /q-~67NXG5g9aXycs7DSnBprcIuFP7iXZYUt2637/ HTTP/1.1" 404 - "-" "Mozilla/5.0 (Linux; Android 6.0.1; Nexus 5X Build/MMB29P) AppleWebKit/537.36 (KHTML, like Gecko) Chrome/138.0.7204.183 Mobile Safari/537.36 (compatible; GoogleOther)"
66.249.74.169 - - [19/Aug/2025:19:51:11 -0400] "GET /158029275.htm HTTP/1.1" 404 - "-" "Mozilla/5.0 (Linux; Android 6.0.1; Nexus 5X Build/MMB29P) AppleWebKit/537.36 (KHTML, like Gecko) Chrome/138.0.7204.183 Mobile Safari/537.36 (compatible; GoogleOther)"
66.249.74.169 - - [19/Aug/2025:19:51:12 -0400] "GET /q-~139HNr3fKOQcif08aOuZ8KthBLxVuGxKa30253/ HTTP/1.1" 404 - "-" "Mozilla/5.0 (Linux; Android 6.0.1; Nexus 5X Build/MMB29P) AppleWebKit/537.36 (KHTML, like Gecko) Chrome/138.0.7204.183 Mobile Safari/537.36 (compatible; GoogleOther)"
66.249.74.169 - - [19/Aug/2025:19:51:15 -0400] "GET /216016557.htm HTTP/1.1" 404 - "-" "Mozilla/5.0 (Linux; Android 6.0.1; Nexus 5X Build/MMB29P) AppleWebKit/537.36 (KHTML, like Gecko) Chrome/138.0.7204.183 Mobile Safari/537.36 (compatible; GoogleOther)"
66.249.74.169 - - [19/Aug/2025:19:51:16 -0400] "GET /255032494.htm HTTP/1.1" 404 - "-" "Mozilla/5.0 (Linux; Android 6.0.1; Nexus 5X Build/MMB29P) AppleWebKit/537.36 (KHTML, like Gecko) Chrome/138.0.7204.183 Mobile Safari/537.36 (compatible; GoogleOther)"
66.249.74.169 - - [19/Aug/2025:19:51:37 -0400] "GET /060004103.htm HTTP/1.1" 404 - "-" "Mozilla/5.0 (Linux; Android 6.0.1; Nexus 5X Build/MMB29P) AppleWebKit/537.36 (KHTML, like Gecko) Chrome/138.0.7204.183 Mobile Safari/537.36 (compatible; GoogleOther)"
66.249.74.169 - - [19/Aug/2025:19:51:49 -0400] "GET /288017083.htm HTTP/1.1" 404 - "-" "Mozilla/5.0 (Linux; Android 6.0.1; Nexus 5X Build/MMB29P) AppleWebKit/537.36 (KHTML, like Gecko) Chrome/138.0.7204.183 Mobile Safari/537.36 (compatible; GoogleOther)"
66.249.74.169 - - [19/Aug/2025:19:51:49 -0400] "GET /238021575.htm HTTP/1.1" 404 - "-" "Mozilla/5.0 (Linux; Android 6.0.1; Nexus 5X Build/MMB29P) AppleWebKit/537.36 (KHTML, like Gecko) Chrome/138.0.7204.183 Mobile Safari/537.36 (compatible; GoogleOther)"
66.249.74.161 - - [19/Aug/2025:19:52:28 -0400] "GET /q-~134vLJQ495Hy4Fp3mqbFRkaYY8C6JCgSi5458/ HTTP/1.1" 404 - "-" "Mozilla/5.0 (Linux; Android 6.0.1; Nexus 5X Build/MMB29P) AppleWebKit/537.36 (KHTML, like Gecko) Chrome/138.0.7204.183 Mobile Safari/537.36 (compatible; GoogleOther)"
66.249.74.169 - - [19/Aug/2025:19:53:06 -0400] "GET /271030858.htm HTTP/1.1" 404 - "-" "Mozilla/5.0 (Linux; Android 6.0.1; Nexus 5X Build/MMB29P) AppleWebKit/537.36 (KHTML, like Gecko) Chrome/138.0.7204.183 Mobile Safari/537.36 (compatible; GoogleOther)"
66.249.74.169 - - [19/Aug/2025:19:54:03 -0400] "GET /q-~247XY0RKrFneaO94yfkc0OuBeEdhiABol8125/ HTTP/1.1" 404 - "-" "Mozilla/5.0 (Linux; Android 6.0.1; Nexus 5X Build/MMB29P) AppleWebKit/537.36 (KHTML, like Gecko) Chrome/138.0.7204.183 Mobile Safari/537.36 (compatible; GoogleOther)"
66.249.74.160 - - [19/Aug/2025:19:55:39 -0400] "GET /q-~72GSJC3tqNr1wLNMTDFze7GERNfJVPRC25350/ HTTP/1.1" 404 - "-" "Mozilla/5.0 (Linux; Android 6.0.1; Nexus 5X Build/MMB29P) AppleWebKit/537.36 (KHTML, like Gecko) Chrome/138.0.7204.183 Mobile Safari/537.36 (compatible; GoogleOther)"
66.249.74.160 - - [19/Aug/2025:19:57:14 -0400] "GET /q-~96Udd8jhqOhQNCVj7fba2F3qzhf2hZNC34144/ HTTP/1.1" 404 - "-" "Mozilla/5.0 (Linux; Android 6.0.1; Nexus 5X Build/MMB29P) AppleWebKit/537.36 (KHTML, like Gecko) Chrome/138.0.7204.183 Mobile Safari/537.36 (compatible; GoogleOther)"
66.249.74.169 - - [19/Aug/2025:19:58:50 -0400] "GET /q-~236Rr9NSi5hOUzrWHUAbfM3X275ygbLov7920/ HTTP/1.1" 404 - "-" "Mozilla/5.0 (Linux; Android 6.0.1; Nexus 5X Build/MMB29P) AppleWebKit/537.36 (KHTML, like Gecko) Chrome/138.0.7204.183 Mobile Safari/537.36 (compatible; GoogleOther)"
104.28.211.186 - - [19/Aug/2025:20:00:21 -0400] "GET /.well-known/acme-challenge/xBrain/ HTTP/1.1" 404 - "-" "-"
104.28.211.186 - - [19/Aug/2025:20:01:46 -0400] "GET /.well-known/acme-challenge/classwithtostring/ HTTP/1.1" 404 - "-" "-"
66.249.74.160 - - [19/Aug/2025:20:02:15 -0400] "GET /q-~258bcRIZ0rNZnfF5sfe5xYa1p0Jtz5v4D21692/ HTTP/1.1" 404 - "-" "Mozilla/5.0 (Linux; Android 6.0.1; Nexus 5X Build/MMB29P) AppleWebKit/537.36 (KHTML, like Gecko) Chrome/138.0.7204.183 Mobile Safari/537.36 (compatible; GoogleOther)"
104.28.211.186 - - [19/Aug/2025:20:06:30 -0400] "GET /.well-known/acme-challenge/wso112233/ HTTP/1.1" 404 - "-" "-"
104.28.211.186 - - [19/Aug/2025:20:06:36 -0400] "GET /.well-known/acme-challenge/about/ HTTP/1.1" 404 - "-" "-"
69.197.149.90 - - [19/Aug/2025:20:08:37 -0400] "GET /wp-includes/wp-configs.php HTTP/1.1" 404 - "http://mail.greenfield.com.sa/wp-includes/wp-configs.php" "Mozilla/5.0 (Windows NT 10.0; Win64; x64) AppleWebKit/537.36 (KHTML, like Gecko) Chrome/58.0.3029.110 Safari/537.3"
4.197.236.174 - - [19/Aug/2025:20:09:09 -0400] "GET /.well-known/acme-challenge/turbo.php HTTP/1.1" 404 - "-" "-"
4.197.236.174 - - [19/Aug/2025:20:09:10 -0400] "GET /.well-known/acme-challenge/aboud.php HTTP/1.1" 404 - "-" "-"
66.249.74.161 - - [19/Aug/2025:20:27:06 -0400] "GET /228032405.htm HTTP/1.1" 404 - "-" "Mozilla/5.0 (Linux; Android 6.0.1; Nexus 5X Build/MMB29P) AppleWebKit/537.36 (KHTML, like Gecko) Chrome/138.0.7204.183 Mobile Safari/537.36 (compatible; GoogleOther)"
66.249.74.161 - - [19/Aug/2025:20:27:07 -0400] "GET /279047258.htm HTTP/1.1" 404 - "-" "Mozilla/5.0 (Linux; Android 6.0.1; Nexus 5X Build/MMB29P) AppleWebKit/537.36 (KHTML, like Gecko) Chrome/138.0.7204.183 Mobile Safari/537.36 (compatible; GoogleOther)"
66.249.74.161 - - [19/Aug/2025:20:27:07 -0400] "GET /q-~87vZMimY69d57OZGYsrgstODjdWFQnKW14025/ HTTP/1.1" 404 - "-" "Mozilla/5.0 (Linux; Android 6.0.1; Nexus 5X Build/MMB29P) AppleWebKit/537.36 (KHTML, like Gecko) Chrome/138.0.7204.183 Mobile Safari/537.36 (compatible; GoogleOther)"
66.249.74.160 - - [19/Aug/2025:20:27:08 -0400] "GET /q-~294LseP0kwfquh17W9BVfYJYMun1bO2zZ45110/ HTTP/1.1" 404 - "-" "Mozilla/5.0 (Linux; Android 6.0.1; Nexus 5X Build/MMB29P) AppleWebKit/537.36 (KHTML, like Gecko) Chrome/138.0.7204.183 Mobile Safari/537.36 (compatible; GoogleOther)"
66.249.74.161 - - [19/Aug/2025:20:27:10 -0400] "GET /q-~63ehsdobUDCHJCalvUFEeEzLNQYMYrJs46967/ HTTP/1.1" 404 - "-" "Mozilla/5.0 (Linux; Android 6.0.1; Nexus 5X Build/MMB29P) AppleWebKit/537.36 (KHTML, like Gecko) Chrome/138.0.7204.183 Mobile Safari/537.36 (compatible; GoogleOther)"
66.249.74.169 - - [19/Aug/2025:20:27:10 -0400] "GET /q-~296c9y8mIlK9s9INhDgEmI1UIaMbAGgrg44848/ HTTP/1.1" 404 - "-" "Mozilla/5.0 (Linux; Android 6.0.1; Nexus 5X Build/MMB29P) AppleWebKit/537.36 (KHTML, like Gecko) Chrome/138.0.7204.183 Mobile Safari/537.36 (compatible; GoogleOther)"
66.249.74.160 - - [19/Aug/2025:20:27:13 -0400] "GET /q-~255xOiVLUqwfnrogrb0UDemnko9vHr5Vy47787/ HTTP/1.1" 404 - "-" "Mozilla/5.0 (Linux; Android 6.0.1; Nexus 5X Build/MMB29P) AppleWebKit/537.36 (KHTML, like Gecko) Chrome/138.0.7204.183 Mobile Safari/537.36 (compatible; GoogleOther)"
2a03:2880:f800:1b:: - - [19/Aug/2025:20:27:13 -0400] "GET /ca3561/?path=%2Fopt%2Falt%2Fpython33%2Flib64%2Fpython3.3&edit=aifc.py HTTP/1.1" 200 10365 "-" "meta-externalagent/1.1 (+https://developers.facebook.com/docs/sharing/webmasters/crawler)"
66.249.74.169 - - [19/Aug/2025:20:27:20 -0400] "GET /205030160.htm HTTP/1.1" 404 - "-" "Mozilla/5.0 (Linux; Android 6.0.1; Nexus 5X Build/MMB29P) AppleWebKit/537.36 (KHTML, like Gecko) Chrome/138.0.7204.183 Mobile Safari/537.36 (compatible; GoogleOther)"
66.249.74.169 - - [19/Aug/2025:20:27:37 -0400] "GET /048008771.htm HTTP/1.1" 404 - "-" "Mozilla/5.0 (Linux; Android 6.0.1; Nexus 5X Build/MMB29P) AppleWebKit/537.36 (KHTML, like Gecko) Chrome/138.0.7204.183 Mobile Safari/537.36 (compatible; GoogleOther)"
66.249.74.169 - - [19/Aug/2025:20:27:50 -0400] "GET /112040519.htm HTTP/1.1" 404 - "-" "Mozilla/5.0 (Linux; Android 6.0.1; Nexus 5X Build/MMB29P) AppleWebKit/537.36 (KHTML, like Gecko) Chrome/138.0.7204.183 Mobile Safari/537.36 (compatible; GoogleOther)"
69.197.149.90 - - [19/Aug/2025:20:28:36 -0400] "GET /wp-includes/wp-configs.php HTTP/1.1" 404 - "http://mail.greenfield.com.sa/wp-includes/wp-configs.php" "Mozilla/5.0 (Windows NT 10.0; Win64; x64) AppleWebKit/537.36 (KHTML, like Gecko) Chrome/58.0.3029.110 Safari/537.3"
104.28.211.186 - - [19/Aug/2025:20:33:37 -0400] "GET /.well-known/acme-challenge/atomlib/ HTTP/1.1" 404 - "-" "-"
104.28.211.186 - - [19/Aug/2025:20:33:48 -0400] "GET /.well-known/acme-challenge/parx/ HTTP/1.1" 404 - "-" "-"
104.28.211.186 - - [19/Aug/2025:20:35:15 -0400] "GET /.well-known/acme-challenge/xl2023/ HTTP/1.1" 404 - "-" "-"
104.28.211.186 - - [19/Aug/2025:20:35:46 -0400] "GET /.well-known/acme-challenge/worksec/ HTTP/1.1" 404 - "-" "-"
104.28.211.186 - - [19/Aug/2025:20:35:46 -0400] "GET /.well-known/acme-challenge/autoload_classmap/ HTTP/1.1" 404 - "-" "-"
104.28.211.186 - - [19/Aug/2025:20:35:53 -0400] "GET /.well-known/acme-challenge/zmFM/ HTTP/1.1" 404 - "-" "-"
69.197.149.90 - - [19/Aug/2025:20:47:37 -0400] "GET /wp-includes/wp-configs.php HTTP/1.1" 404 - "http://mail.greenfield.com.sa/wp-includes/wp-configs.php" "Mozilla/5.0 (Windows NT 10.0; Win64; x64) AppleWebKit/537.36 (KHTML, like Gecko) Chrome/58.0.3029.110 Safari/537.3"
66.249.74.169 - - [19/Aug/2025:20:52:12 -0400] "GET /item/u248/21415/ HTTP/1.1" 404 - "-" "Mozilla/5.0 (Linux; Android 6.0.1; Nexus 5X Build/MMB29P) AppleWebKit/537.36 (KHTML, like Gecko) Chrome/138.0.7204.183 Mobile Safari/537.36 (compatible; Googlebot/2.1; +http://www.google.com/bot.html)"
66.249.74.169 - - [19/Aug/2025:21:03:08 -0400] "GET /q-~34FEyibpsVDCMxGgZBdwCbIvIHvTcUoZ34694/ HTTP/1.1" 404 - "-" "Mozilla/5.0 (Linux; Android 6.0.1; Nexus 5X Build/MMB29P) AppleWebKit/537.36 (KHTML, like Gecko) Chrome/138.0.7204.183 Mobile Safari/537.36 (compatible; GoogleOther)"
66.249.74.161 - - [19/Aug/2025:21:03:09 -0400] "GET /202032533.htm HTTP/1.1" 404 - "-" "Mozilla/5.0 (Linux; Android 6.0.1; Nexus 5X Build/MMB29P) AppleWebKit/537.36 (KHTML, like Gecko) Chrome/138.0.7204.183 Mobile Safari/537.36 (compatible; GoogleOther)"
66.249.74.169 - - [19/Aug/2025:21:03:09 -0400] "GET /114015095.htm HTTP/1.1" 404 - "-" "Mozilla/5.0 (Linux; Android 6.0.1; Nexus 5X Build/MMB29P) AppleWebKit/537.36 (KHTML, like Gecko) Chrome/138.0.7204.183 Mobile Safari/537.36 (compatible; GoogleOther)"
66.249.74.160 - - [19/Aug/2025:21:03:11 -0400] "GET /q-~72qSX7IY8iPNBfB0I0IcKpvluIO164ds33410/ HTTP/1.1" 404 - "-" "Mozilla/5.0 (Linux; Android 6.0.1; Nexus 5X Build/MMB29P) AppleWebKit/537.36 (KHTML, like Gecko) Chrome/138.0.7204.183 Mobile Safari/537.36 (compatible; GoogleOther)"
66.249.74.160 - - [19/Aug/2025:21:03:12 -0400] "GET /q-~152B2EsTNdPpZN6QmnDmTXmxM5KhrAOCh22532/ HTTP/1.1" 404 - "-" "Mozilla/5.0 (Linux; Android 6.0.1; Nexus 5X Build/MMB29P) AppleWebKit/537.36 (KHTML, like Gecko) Chrome/138.0.7204.183 Mobile Safari/537.36 (compatible; GoogleOther)"
66.249.74.160 - - [19/Aug/2025:21:03:13 -0400] "GET /256017557.htm HTTP/1.1" 404 - "-" "Mozilla/5.0 (Linux; Android 6.0.1; Nexus 5X Build/MMB29P) AppleWebKit/537.36 (KHTML, like Gecko) Chrome/138.0.7204.183 Mobile Safari/537.36 (compatible; GoogleOther)"
66.249.74.169 - - [19/Aug/2025:21:03:14 -0400] "GET /006034009.htm HTTP/1.1" 404 - "-" "Mozilla/5.0 (Linux; Android 6.0.1; Nexus 5X Build/MMB29P) AppleWebKit/537.36 (KHTML, like Gecko) Chrome/138.0.7204.183 Mobile Safari/537.36 (compatible; GoogleOther)"
66.249.74.160 - - [19/Aug/2025:21:03:15 -0400] "GET /049048234.htm HTTP/1.1" 404 - "-" "Mozilla/5.0 (Linux; Android 6.0.1; Nexus 5X Build/MMB29P) AppleWebKit/537.36 (KHTML, like Gecko) Chrome/138.0.7204.183 Mobile Safari/537.36 (compatible; GoogleOther)"
66.249.74.169 - - [19/Aug/2025:21:03:17 -0400] "GET /074017759.htm HTTP/1.1" 404 - "-" "Mozilla/5.0 (Linux; Android 6.0.1; Nexus 5X Build/MMB29P) AppleWebKit/537.36 (KHTML, like Gecko) Chrome/138.0.7204.183 Mobile Safari/537.36 (compatible; GoogleOther)"
66.249.74.169 - - [19/Aug/2025:21:03:18 -0400] "GET /176010107.htm HTTP/1.1" 404 - "-" "Mozilla/5.0 (Linux; Android 6.0.1; Nexus 5X Build/MMB29P) AppleWebKit/537.36 (KHTML, like Gecko) Chrome/138.0.7204.183 Mobile Safari/537.36 (compatible; GoogleOther)"
66.249.74.169 - - [19/Aug/2025:21:03:19 -0400] "GET /039021054.htm HTTP/1.1" 404 - "-" "Mozilla/5.0 (Linux; Android 6.0.1; Nexus 5X Build/MMB29P) AppleWebKit/537.36 (KHTML, like Gecko) Chrome/138.0.7204.183 Mobile Safari/537.36 (compatible; GoogleOther)"
66.249.74.169 - - [19/Aug/2025:21:03:39 -0400] "GET /q-~124XU3XWLIcTbOd8aIK72J2v8yfaVTMvP32976/ HTTP/1.1" 404 - "-" "Mozilla/5.0 (Linux; Android 6.0.1; Nexus 5X Build/MMB29P) AppleWebKit/537.36 (KHTML, like Gecko) Chrome/138.0.7204.183 Mobile Safari/537.36 (compatible; GoogleOther)"
66.249.74.169 - - [19/Aug/2025:21:03:49 -0400] "GET /273041870.htm HTTP/1.1" 404 - "-" "Mozilla/5.0 (Linux; Android 6.0.1; Nexus 5X Build/MMB29P) AppleWebKit/537.36 (KHTML, like Gecko) Chrome/138.0.7204.183 Mobile Safari/537.36 (compatible; GoogleOther)"
66.249.74.169 - - [19/Aug/2025:21:03:49 -0400] "GET /q-~36hz8YE4QBJm4tfxX1O20LD5WzBVnoUM23052/ HTTP/1.1" 404 - "-" "Mozilla/5.0 (Linux; Android 6.0.1; Nexus 5X Build/MMB29P) AppleWebKit/537.36 (KHTML, like Gecko) Chrome/138.0.7204.183 Mobile Safari/537.36 (compatible; GoogleOther)"
69.197.149.90 - - [19/Aug/2025:21:06:37 -0400] "GET /wp-includes/wp-configs.php HTTP/1.1" 404 - "http://mail.greenfield.com.sa/wp-includes/wp-configs.php" "Mozilla/5.0 (Windows NT 10.0; Win64; x64) AppleWebKit/537.36 (KHTML, like Gecko) Chrome/58.0.3029.110 Safari/537.3"
45.227.253.15 - - [19/Aug/2025:21:20:01 -0400] "GET /index.php/jk HTTP/1.1" 404 - "-" "Mozilla/5.0 (Macintosh; Intel Mac OS X 10.11; rv:103.0) Gecko/20100101 Firefox/103.0"
69.197.149.90 - - [19/Aug/2025:21:25:40 -0400] "GET /wp-includes/wp-configs.php HTTP/1.1" 404 - "http://mail.greenfield.com.sa/wp-includes/wp-configs.php" "Mozilla/5.0 (Windows NT 10.0; Win64; x64) AppleWebKit/537.36 (KHTML, like Gecko) Chrome/58.0.3029.110 Safari/537.3"
66.249.74.161 - - [19/Aug/2025:21:39:07 -0400] "GET /189016432.htm HTTP/1.1" 404 - "-" "Mozilla/5.0 (Linux; Android 6.0.1; Nexus 5X Build/MMB29P) AppleWebKit/537.36 (KHTML, like Gecko) Chrome/138.0.7204.183 Mobile Safari/537.36 (compatible; GoogleOther)"
66.249.74.160 - - [19/Aug/2025:21:39:08 -0400] "GET /102019151.htm HTTP/1.1" 404 - "-" "Mozilla/5.0 (Linux; Android 6.0.1; Nexus 5X Build/MMB29P) AppleWebKit/537.36 (KHTML, like Gecko) Chrome/138.0.7204.183 Mobile Safari/537.36 (compatible; GoogleOther)"
66.249.74.169 - - [19/Aug/2025:21:39:09 -0400] "GET /216008635.htm HTTP/1.1" 404 - "-" "Mozilla/5.0 (Linux; Android 6.0.1; Nexus 5X Build/MMB29P) AppleWebKit/537.36 (KHTML, like Gecko) Chrome/138.0.7204.183 Mobile Safari/537.36 (compatible; GoogleOther)"
66.249.74.169 - - [19/Aug/2025:21:39:09 -0400] "GET /256045233.htm HTTP/1.1" 404 - "-" "Mozilla/5.0 (Linux; Android 6.0.1; Nexus 5X Build/MMB29P) AppleWebKit/537.36 (KHTML, like Gecko) Chrome/138.0.7204.183 Mobile Safari/537.36 (compatible; GoogleOther)"
66.249.74.161 - - [19/Aug/2025:21:39:10 -0400] "GET /274038865.htm HTTP/1.1" 404 - "-" "Mozilla/5.0 (Linux; Android 6.0.1; Nexus 5X Build/MMB29P) AppleWebKit/537.36 (KHTML, like Gecko) Chrome/138.0.7204.183 Mobile Safari/537.36 (compatible; GoogleOther)"
66.249.74.160 - - [19/Aug/2025:21:39:11 -0400] "GET /136016255.htm HTTP/1.1" 404 - "-" "Mozilla/5.0 (Linux; Android 6.0.1; Nexus 5X Build/MMB29P) AppleWebKit/537.36 (KHTML, like Gecko) Chrome/138.0.7204.183 Mobile Safari/537.36 (compatible; GoogleOther)"
66.249.74.169 - - [19/Aug/2025:21:39:12 -0400] "GET /q-~234XZwJ6sBe2BLmlHrzf3tuyLGOmUnlqr20480/ HTTP/1.1" 404 - "-" "Mozilla/5.0 (Linux; Android 6.0.1; Nexus 5X Build/MMB29P) AppleWebKit/537.36 (KHTML, like Gecko) Chrome/138.0.7204.183 Mobile Safari/537.36 (compatible; GoogleOther)"
66.249.74.160 - - [19/Aug/2025:21:39:15 -0400] "GET /173028898.htm HTTP/1.1" 404 - "-" "Mozilla/5.0 (Linux; Android 6.0.1; Nexus 5X Build/MMB29P) AppleWebKit/537.36 (KHTML, like Gecko) Chrome/138.0.7204.183 Mobile Safari/537.36 (compatible; GoogleOther)"
66.249.74.169 - - [19/Aug/2025:21:39:16 -0400] "GET /q-~65qDDWbRRFetR2aaef98nxLnjHTd7Zpz845/ HTTP/1.1" 404 - "-" "Mozilla/5.0 (Linux; Android 6.0.1; Nexus 5X Build/MMB29P) AppleWebKit/537.36 (KHTML, like Gecko) Chrome/138.0.7204.183 Mobile Safari/537.36 (compatible; GoogleOther)"
66.249.74.169 - - [19/Aug/2025:21:39:17 -0400] "GET /260009863.htm HTTP/1.1" 404 - "-" "Mozilla/5.0 (Linux; Android 6.0.1; Nexus 5X Build/MMB29P) AppleWebKit/537.36 (KHTML, like Gecko) Chrome/138.0.7204.183 Mobile Safari/537.36 (compatible; GoogleOther)"
66.249.74.169 - - [19/Aug/2025:21:39:37 -0400] "GET /098048821.htm HTTP/1.1" 404 - "-" "Mozilla/5.0 (Linux; Android 6.0.1; Nexus 5X Build/MMB29P) AppleWebKit/537.36 (KHTML, like Gecko) Chrome/138.0.7204.183 Mobile Safari/537.36 (compatible; GoogleOther)"
66.249.74.169 - - [19/Aug/2025:21:39:49 -0400] "GET /052004387.htm HTTP/1.1" 404 - "-" "Mozilla/5.0 (Linux; Android 6.0.1; Nexus 5X Build/MMB29P) AppleWebKit/537.36 (KHTML, like Gecko) Chrome/138.0.7204.183 Mobile Safari/537.36 (compatible; GoogleOther)"
69.197.149.90 - - [19/Aug/2025:21:45:36 -0400] "GET /wp-includes/wp-configs.php HTTP/1.1" 404 - "http://mail.greenfield.com.sa/wp-includes/wp-configs.php" "Mozilla/5.0 (Windows NT 10.0; Win64; x64) AppleWebKit/537.36 (KHTML, like Gecko) Chrome/58.0.3029.110 Safari/537.3"
104.28.211.186 - - [19/Aug/2025:22:00:26 -0400] "GET /.well-known/acme-challenge/class.api/ HTTP/1.1" 404 - "-" "-"
104.28.211.186 - - [19/Aug/2025:22:02:52 -0400] "GET /.well-known/acme-challenge/github/ HTTP/1.1" 404 - "-" "-"
104.28.211.186 - - [19/Aug/2025:22:03:43 -0400] "GET /.well-known/acme-challenge/mariju/ HTTP/1.1" 404 - "-" "-"
104.28.211.186 - - [19/Aug/2025:22:04:17 -0400] "GET /.well-known/acme-challenge/my1/ HTTP/1.1" 404 - "-" "-"
104.28.211.186 - - [19/Aug/2025:22:04:18 -0400] "GET /.well-known/acme-challenge/moon/ HTTP/1.1" 404 - "-" "-"
69.197.149.90 - - [19/Aug/2025:22:04:34 -0400] "GET /wp-includes/wp-configs.php HTTP/1.1" 404 - "http://mail.greenfield.com.sa/wp-includes/wp-configs.php" "Mozilla/5.0 (Windows NT 10.0; Win64; x64) AppleWebKit/537.36 (KHTML, like Gecko) Chrome/58.0.3029.110 Safari/537.3"
66.249.74.160 - - [19/Aug/2025:22:15:06 -0400] "GET /146034375.htm HTTP/1.1" 404 - "-" "Mozilla/5.0 (Linux; Android 6.0.1; Nexus 5X Build/MMB29P) AppleWebKit/537.36 (KHTML, like Gecko) Chrome/138.0.7204.183 Mobile Safari/537.36 (compatible; GoogleOther)"
66.249.74.161 - - [19/Aug/2025:22:15:07 -0400] "GET /q-~106E9lwycZfKW3xVdaV2HiU7874oESlFz12702/ HTTP/1.1" 404 - "-" "Mozilla/5.0 (Linux; Android 6.0.1; Nexus 5X Build/MMB29P) AppleWebKit/537.36 (KHTML, like Gecko) Chrome/138.0.7204.183 Mobile Safari/537.36 (compatible; GoogleOther)"
66.249.74.169 - - [19/Aug/2025:22:15:07 -0400] "GET /q-~16Z7aOmLpqHZIcKJfN8aNJ18S8ndHe8J9448/ HTTP/1.1" 404 - "-" "Mozilla/5.0 (Linux; Android 6.0.1; Nexus 5X Build/MMB29P) AppleWebKit/537.36 (KHTML, like Gecko) Chrome/138.0.7204.183 Mobile Safari/537.36 (compatible; GoogleOther)"
66.249.74.169 - - [19/Aug/2025:22:15:08 -0400] "GET /177008752.htm HTTP/1.1" 404 - "-" "Mozilla/5.0 (Linux; Android 6.0.1; Nexus 5X Build/MMB29P) AppleWebKit/537.36 (KHTML, like Gecko) Chrome/138.0.7204.183 Mobile Safari/537.36 (compatible; GoogleOther)"
66.249.74.169 - - [19/Aug/2025:22:15:09 -0400] "GET /189034364.htm HTTP/1.1" 404 - "-" "Mozilla/5.0 (Linux; Android 6.0.1; Nexus 5X Build/MMB29P) AppleWebKit/537.36 (KHTML, like Gecko) Chrome/138.0.7204.183 Mobile Safari/537.36 (compatible; GoogleOther)"
66.249.74.160 - - [19/Aug/2025:22:15:10 -0400] "GET /044019243.htm HTTP/1.1" 404 - "-" "Mozilla/5.0 (Linux; Android 6.0.1; Nexus 5X Build/MMB29P) AppleWebKit/537.36 (KHTML, like Gecko) Chrome/138.0.7204.183 Mobile Safari/537.36 (compatible; GoogleOther)"
66.249.74.169 - - [19/Aug/2025:22:15:11 -0400] "GET /261028468.htm HTTP/1.1" 404 - "-" "Mozilla/5.0 (Linux; Android 6.0.1; Nexus 5X Build/MMB29P) AppleWebKit/537.36 (KHTML, like Gecko) Chrome/138.0.7204.183 Mobile Safari/537.36 (compatible; GoogleOther)"
66.249.74.169 - - [19/Aug/2025:22:15:12 -0400] "GET /194029355.htm HTTP/1.1" 404 - "-" "Mozilla/5.0 (Linux; Android 6.0.1; Nexus 5X Build/MMB29P) AppleWebKit/537.36 (KHTML, like Gecko) Chrome/138.0.7204.183 Mobile Safari/537.36 (compatible; GoogleOther)"
66.249.74.160 - - [19/Aug/2025:22:15:13 -0400] "GET /q-~61bHL2C6LjGgVjOVtCEsoKmwiIpWJxHA20441/ HTTP/1.1" 404 - "-" "Mozilla/5.0 (Linux; Android 6.0.1; Nexus 5X Build/MMB29P) AppleWebKit/537.36 (KHTML, like Gecko) Chrome/138.0.7204.183 Mobile Safari/537.36 (compatible; GoogleOther)"
66.249.74.160 - - [19/Aug/2025:22:15:14 -0400] "GET /114046837.htm HTTP/1.1" 404 - "-" "Mozilla/5.0 (Linux; Android 6.0.1; Nexus 5X Build/MMB29P) AppleWebKit/537.36 (KHTML, like Gecko) Chrome/138.0.7204.183 Mobile Safari/537.36 (compatible; GoogleOther)"
66.249.74.169 - - [19/Aug/2025:22:15:15 -0400] "GET /040023665.htm HTTP/1.1" 404 - "-" "Mozilla/5.0 (Linux; Android 6.0.1; Nexus 5X Build/MMB29P) AppleWebKit/537.36 (KHTML, like Gecko) Chrome/138.0.7204.183 Mobile Safari/537.36 (compatible; GoogleOther)"
66.249.74.169 - - [19/Aug/2025:22:15:37 -0400] "GET /q-~75fudtI0CmxUY78787AzrRiNYmnpAxya43643/ HTTP/1.1" 404 - "-" "Mozilla/5.0 (Linux; Android 6.0.1; Nexus 5X Build/MMB29P) AppleWebKit/537.36 (KHTML, like Gecko) Chrome/138.0.7204.183 Mobile Safari/537.36 (compatible; GoogleOther)"
66.249.74.169 - - [19/Aug/2025:22:15:48 -0400] "GET /227045344.htm HTTP/1.1" 404 - "-" "Mozilla/5.0 (Linux; Android 6.0.1; Nexus 5X Build/MMB29P) AppleWebKit/537.36 (KHTML, like Gecko) Chrome/138.0.7204.183 Mobile Safari/537.36 (compatible; GoogleOther)"
206.237.100.109 - - [19/Aug/2025:22:19:35 -0400] "GET /.well-known/acme-challenge/about.php HTTP/1.1" 404 - "-" "Mozlila/5.0 (Linux; Android 7.0; SM-G892A Bulid/NRD90M; wv) AppleWebKit/537.36 (KHTML, like Gecko) Version/4.0 Chrome/60.0.3112.107 Moblie Safari/537.36"
206.237.100.109 - - [19/Aug/2025:22:19:36 -0400] "GET /.well-known/acme-challenge/admin.php HTTP/1.1" 404 - "-" "Mozlila/5.0 (Linux; Android 7.0; SM-G892A Bulid/NRD90M; wv) AppleWebKit/537.36 (KHTML, like Gecko) Version/4.0 Chrome/60.0.3112.107 Moblie Safari/537.36"
206.237.100.109 - - [19/Aug/2025:22:20:31 -0400] "GET /.well-known/acme-challenge/index.php HTTP/1.1" 404 - "-" "Mozlila/5.0 (Linux; Android 7.0; SM-G892A Bulid/NRD90M; wv) AppleWebKit/537.36 (KHTML, like Gecko) Version/4.0 Chrome/60.0.3112.107 Moblie Safari/537.36"
118.137.171.48 - - [19/Aug/2025:22:20:31 -0400] "GET /test/ HTTP/1.1" 404 - "-" "Mozilla/5.0 (Windows NT 10.0; Win64; x64) AppleWebKit/537.36 (KHTML, like Gecko) Chrome/91.0.4472.124 Safari/537.36"
69.197.149.90 - - [19/Aug/2025:22:23:36 -0400] "GET /wp-includes/wp-configs.php HTTP/1.1" 404 - "http://mail.greenfield.com.sa/wp-includes/wp-configs.php" "Mozilla/5.0 (Windows NT 10.0; Win64; x64) AppleWebKit/537.36 (KHTML, like Gecko) Chrome/58.0.3029.110 Safari/537.3"
206.237.100.109 - - [19/Aug/2025:22:30:30 -0400] "GET /.well-known/acme-challenge/about.php HTTP/1.1" 404 - "-" "Mozlila/5.0 (Linux; Android 7.0; SM-G892A Bulid/NRD90M; wv) AppleWebKit/537.36 (KHTML, like Gecko) Version/4.0 Chrome/60.0.3112.107 Moblie Safari/537.36"
206.237.100.109 - - [19/Aug/2025:22:30:32 -0400] "GET /.well-known/acme-challenge/admin.php HTTP/1.1" 404 - "-" "Mozlila/5.0 (Linux; Android 7.0; SM-G892A Bulid/NRD90M; wv) AppleWebKit/537.36 (KHTML, like Gecko) Version/4.0 Chrome/60.0.3112.107 Moblie Safari/537.36"
206.237.100.109 - - [19/Aug/2025:22:31:29 -0400] "GET /.well-known/acme-challenge/index.php HTTP/1.1" 404 - "-" "Mozlila/5.0 (Linux; Android 7.0; SM-G892A Bulid/NRD90M; wv) AppleWebKit/537.36 (KHTML, like Gecko) Version/4.0 Chrome/60.0.3112.107 Moblie Safari/537.36"
45.227.253.15 - - [19/Aug/2025:22:33:42 -0400] "GET /671435-juejiang/?ARRAY=7o2230223n313735353636303934362p2231223n22687474703n5p2s5p2s3230342r31322r3233382r37345p2s3s6p633q7068705s636s64655s6n6326743q313735353635373334362q6332393337303033613738663863316365346538643530613537366364626161222p2232223n226138396461653834356330303433353232653737306138636639663931383838222p2233223n223032623832383666613964616438643064623861303630393930663139393437222p2262696r675s70617373223n2232382q33392q35312q36352q37322q38342q3838227q HTTP/1.1" 404 - "-" "Mozilla/5.0 (Macintosh; Intel Mac OS X 10.14; rv:103.0) Gecko/20100101 Firefox/101.0"
69.197.149.90 - - [19/Aug/2025:22:43:40 -0400] "GET /wp-includes/wp-configs.php HTTP/1.1" 404 - "http://mail.greenfield.com.sa/wp-includes/wp-configs.php" "Mozilla/5.0 (Windows NT 10.0; Win64; x64) AppleWebKit/537.36 (KHTML, like Gecko) Chrome/58.0.3029.110 Safari/537.3"
66.249.74.169 - - [19/Aug/2025:22:51:09 -0400] "GET /q-~238E9TVigbEVNeOuFVfX73Plzw8vtxHFB21916/ HTTP/1.1" 404 - "-" "Mozilla/5.0 (Linux; Android 6.0.1; Nexus 5X Build/MMB29P) AppleWebKit/537.36 (KHTML, like Gecko) Chrome/138.0.7204.183 Mobile Safari/537.36 (compatible; GoogleOther)"
206.237.100.109 - - [19/Aug/2025:22:51:10 -0400] "GET /wp-content/plugins/36.php?https://greenfield.com.sa//wp-content/plugins/36.php HTTP/1.1" 404 - "www.google.com" "Mozlila/5.0 (Linux; Android 7.0; SM-G892A Bulid/NRD90M; wv) AppleWebKit/537.36 (KHTML, like Gecko) Version/4.0 Chrome/60.0.3112.107 Moblie Safari/537.36"
66.249.74.169 - - [19/Aug/2025:22:51:10 -0400] "GET /070046593.htm HTTP/1.1" 404 - "-" "Mozilla/5.0 (Linux; Android 6.0.1; Nexus 5X Build/MMB29P) AppleWebKit/537.36 (KHTML, like Gecko) Chrome/138.0.7204.183 Mobile Safari/537.36 (compatible; GoogleOther)"
66.249.74.160 - - [19/Aug/2025:22:51:11 -0400] "GET /144031237.htm HTTP/1.1" 404 - "-" "Mozilla/5.0 (Linux; Android 6.0.1; Nexus 5X Build/MMB29P) AppleWebKit/537.36 (KHTML, like Gecko) Chrome/138.0.7204.183 Mobile Safari/537.36 (compatible; GoogleOther)"
66.249.74.160 - - [19/Aug/2025:22:51:13 -0400] "GET /138038577.htm HTTP/1.1" 404 - "-" "Mozilla/5.0 (Linux; Android 6.0.1; Nexus 5X Build/MMB29P) AppleWebKit/537.36 (KHTML, like Gecko) Chrome/138.0.7204.183 Mobile Safari/537.36 (compatible; GoogleOther)"
66.249.74.169 - - [19/Aug/2025:22:51:18 -0400] "GET /089043460.htm HTTP/1.1" 404 - "-" "Mozilla/5.0 (Linux; Android 6.0.1; Nexus 5X Build/MMB29P) AppleWebKit/537.36 (KHTML, like Gecko) Chrome/138.0.7204.183 Mobile Safari/537.36 (compatible; GoogleOther)"
66.249.74.169 - - [19/Aug/2025:22:51:20 -0400] "GET /q-~155fBe7neVXvyxwDMmdubZshBTqiy8pLw949/ HTTP/1.1" 404 - "-" "Mozilla/5.0 (Linux; Android 6.0.1; Nexus 5X Build/MMB29P) AppleWebKit/537.36 (KHTML, like Gecko) Chrome/138.0.7204.183 Mobile Safari/537.36 (compatible; GoogleOther)"
66.249.74.169 - - [19/Aug/2025:22:51:21 -0400] "GET /020043455.htm HTTP/1.1" 404 - "-" "Mozilla/5.0 (Linux; Android 6.0.1; Nexus 5X Build/MMB29P) AppleWebKit/537.36 (KHTML, like Gecko) Chrome/138.0.7204.183 Mobile Safari/537.36 (compatible; GoogleOther)"
66.249.74.169 - - [19/Aug/2025:22:51:37 -0400] "GET /q-~169JKwsHopsHnXkEhc8AJZ3yGqM4i3RlL4431/ HTTP/1.1" 404 - "-" "Mozilla/5.0 (Linux; Android 6.0.1; Nexus 5X Build/MMB29P) AppleWebKit/537.36 (KHTML, like Gecko) Chrome/138.0.7204.183 Mobile Safari/537.36 (compatible; GoogleOther)"
