66.249.74.169 - - [19/Aug/2025:15:48:54 -0400] "GET /215039652.htm HTTP/1.1" 404 - "-" "Mozilla/5.0 (Linux; Android 6.0.1; Nexus 5X Build/MMB29P) AppleWebKit/537.36 (KHTML, like Gecko) Chrome/138.0.7204.183 Mobile Safari/537.36 (compatible; GoogleOther)"
66.249.74.161 - - [19/Aug/2025:15:49:15 -0400] "GET /q-~190UaYxZtMin2F5pAoHo8UpKEAbRCjgSM29610/ HTTP/1.1" 404 - "-" "Mozilla/5.0 (Linux; Android 6.0.1; Nexus 5X Build/MMB29P) AppleWebKit/537.36 (KHTML, like Gecko) Chrome/138.0.7204.183 Mobile Safari/537.36 (compatible; GoogleOther)"
66.249.74.161 - - [19/Aug/2025:15:53:26 -0400] "GET /q-~212QZJZz8kGyMEldBe4XMjhV3DrRRt18F46576/ HTTP/1.1" 404 - "-" "Mozilla/5.0 (Linux; Android 6.0.1; Nexus 5X Build/MMB29P) AppleWebKit/537.36 (KHTML, like Gecko) Chrome/138.0.7204.183 Mobile Safari/537.36 (compatible; GoogleOther)"
66.249.74.161 - - [19/Aug/2025:15:55:02 -0400] "GET /q-~277d9WnukiJkxyMNm4aBz7X7K2ml4dxbW28149/ HTTP/1.1" 404 - "-" "Mozilla/5.0 (Linux; Android 6.0.1; Nexus 5X Build/MMB29P) AppleWebKit/537.36 (KHTML, like Gecko) Chrome/138.0.7204.183 Mobile Safari/537.36 (compatible; GoogleOther)"
66.249.74.169 - - [19/Aug/2025:15:55:05 -0400] "GET /q-~138H2bdcf1nvird8winWgZcRSNygEaZwx32836/ HTTP/1.1" 404 - "-" "Mozilla/5.0 (Linux; Android 6.0.1; Nexus 5X Build/MMB29P) AppleWebKit/537.36 (KHTML, like Gecko) Chrome/138.0.7204.183 Mobile Safari/537.36 (compatible; GoogleOther)"
66.249.74.161 - - [19/Aug/2025:15:56:36 -0400] "GET /q-~155j92kFq84ycXef6LoqUCVL3WoWM5lzn199/ HTTP/1.1" 404 - "-" "Mozilla/5.0 (Linux; Android 6.0.1; Nexus 5X Build/MMB29P) AppleWebKit/537.36 (KHTML, like Gecko) Chrome/138.0.7204.183 Mobile Safari/537.36 (compatible; GoogleOther)"
66.249.74.160 - - [19/Aug/2025:15:58:12 -0400] "GET /q-~87zihEQCHE4Jo7iIhuInJcjAGMrVr4pg26403/ HTTP/1.1" 404 - "-" "Mozilla/5.0 (Linux; Android 6.0.1; Nexus 5X Build/MMB29P) AppleWebKit/537.36 (KHTML, like Gecko) Chrome/138.0.7204.183 Mobile Safari/537.36 (compatible; GoogleOther)"
66.249.74.160 - - [19/Aug/2025:15:59:48 -0400] "GET /q-~294RQP7idgegS6gKyORZbfx0uKLRXboJV4736/ HTTP/1.1" 404 - "-" "Mozilla/5.0 (Linux; Android 6.0.1; Nexus 5X Build/MMB29P) AppleWebKit/537.36 (KHTML, like Gecko) Chrome/138.0.7204.183 Mobile Safari/537.36 (compatible; GoogleOther)"
66.249.74.169 - - [19/Aug/2025:16:01:23 -0400] "GET /q-~94Az31SgJUFX1DE0DW8KpfkMTQuKiGPI1754/ HTTP/1.1" 404 - "-" "Mozilla/5.0 (Linux; Android 6.0.1; Nexus 5X Build/MMB29P) AppleWebKit/537.36 (KHTML, like Gecko) Chrome/138.0.7204.183 Mobile Safari/537.36 (compatible; GoogleOther)"
69.197.149.90 - - [19/Aug/2025:16:02:46 -0400] "GET /wp-includes/wp-configs.php HTTP/1.1" 404 - "http://mail.greenfield.com.sa/wp-includes/wp-configs.php" "Mozilla/5.0 (Windows NT 10.0; Win64; x64) AppleWebKit/537.36 (KHTML, like Gecko) Chrome/58.0.3029.110 Safari/537.3"
66.249.74.161 - - [19/Aug/2025:16:02:59 -0400] "GET /q-~180VP3Gm4tmYQ7ilU2dH4zb62UFtzWgtt14032/ HTTP/1.1" 404 - "-" "Mozilla/5.0 (Linux; Android 6.0.1; Nexus 5X Build/MMB29P) AppleWebKit/537.36 (KHTML, like Gecko) Chrome/138.0.7204.183 Mobile Safari/537.36 (compatible; GoogleOther)"
66.249.74.161 - - [19/Aug/2025:16:04:35 -0400] "GET /q-~188B1q1ka9n7Dcur8jLnCdo9D5mPv7q9v32484/ HTTP/1.1" 404 - "-" "Mozilla/5.0 (Linux; Android 6.0.1; Nexus 5X Build/MMB29P) AppleWebKit/537.36 (KHTML, like Gecko) Chrome/138.0.7204.183 Mobile Safari/537.36 (compatible; GoogleOther)"
66.249.74.160 - - [19/Aug/2025:16:07:51 -0400] "GET /q-~264VoFDLIRemOfoYyROVBQIOnthkNObrG21878/ HTTP/1.1" 404 - "-" "Mozilla/5.0 (Linux; Android 6.0.1; Nexus 5X Build/MMB29P) AppleWebKit/537.36 (KHTML, like Gecko) Chrome/138.0.7204.183 Mobile Safari/537.36 (compatible; GoogleOther)"
66.249.74.169 - - [19/Aug/2025:16:09:21 -0400] "GET /q-~205oZguhjPgAw8OPu23EUp1nxycbyLeBG31761/ HTTP/1.1" 404 - "-" "Mozilla/5.0 (Linux; Android 6.0.1; Nexus 5X Build/MMB29P) AppleWebKit/537.36 (KHTML, like Gecko) Chrome/138.0.7204.183 Mobile Safari/537.36 (compatible; GoogleOther)"
66.249.74.161 - - [19/Aug/2025:16:10:57 -0400] "GET /q-~27OFtrAZXdNW68OowaaPpJ1VYB0QsJEr24423/ HTTP/1.1" 404 - "-" "Mozilla/5.0 (Linux; Android 6.0.1; Nexus 5X Build/MMB29P) AppleWebKit/537.36 (KHTML, like Gecko) Chrome/138.0.7204.183 Mobile Safari/537.36 (compatible; GoogleOther)"
66.249.74.169 - - [19/Aug/2025:16:12:30 -0400] "GET /240041171.htm HTTP/1.1" 404 - "-" "Mozilla/5.0 (Linux; Android 6.0.1; Nexus 5X Build/MMB29P) AppleWebKit/537.36 (KHTML, like Gecko) Chrome/138.0.7204.183 Mobile Safari/537.36 (compatible; GoogleOther)"
66.249.74.160 - - [19/Aug/2025:16:12:34 -0400] "GET /q-~261SUeAShPFVvpVJXoExAXdh6dGLCRp3O3739/ HTTP/1.1" 404 - "-" "Mozilla/5.0 (Linux; Android 6.0.1; Nexus 5X Build/MMB29P) AppleWebKit/537.36 (KHTML, like Gecko) Chrome/138.0.7204.183 Mobile Safari/537.36 (compatible; GoogleOther)"
66.249.74.161 - - [19/Aug/2025:16:13:52 -0400] "GET /269014052.htm HTTP/1.1" 404 - "-" "Mozilla/5.0 (Linux; Android 6.0.1; Nexus 5X Build/MMB29P) AppleWebKit/537.36 (KHTML, like Gecko) Chrome/138.0.7204.183 Mobile Safari/537.36 (compatible; GoogleOther)"
66.249.74.160 - - [19/Aug/2025:16:14:08 -0400] "GET /q-~43pDzKh5RLTLTBOH0I3xytaCNhCTzPFo49839/ HTTP/1.1" 404 - "-" "Mozilla/5.0 (Linux; Android 6.0.1; Nexus 5X Build/MMB29P) AppleWebKit/537.36 (KHTML, like Gecko) Chrome/138.0.7204.183 Mobile Safari/537.36 (compatible; GoogleOther)"
66.249.74.169 - - [19/Aug/2025:16:15:38 -0400] "GET /186002541.htm HTTP/1.1" 404 - "-" "Mozilla/5.0 (Linux; Android 6.0.1; Nexus 5X Build/MMB29P) AppleWebKit/537.36 (KHTML, like Gecko) Chrome/138.0.7204.183 Mobile Safari/537.36 (compatible; GoogleOther)"
66.249.74.160 - - [19/Aug/2025:16:15:43 -0400] "GET /q-~139EqIIuSk4x6OLoTX5Qz8RtGUPtj5Guz39283/ HTTP/1.1" 404 - "-" "Mozilla/5.0 (Linux; Android 6.0.1; Nexus 5X Build/MMB29P) AppleWebKit/537.36 (KHTML, like Gecko) Chrome/138.0.7204.183 Mobile Safari/537.36 (compatible; GoogleOther)"
66.249.74.169 - - [19/Aug/2025:16:15:47 -0400] "GET /240019171.htm HTTP/1.1" 404 - "-" "Mozilla/5.0 (Linux; Android 6.0.1; Nexus 5X Build/MMB29P) AppleWebKit/537.36 (KHTML, like Gecko) Chrome/138.0.7204.183 Mobile Safari/537.36 (compatible; GoogleOther)"
66.249.74.169 - - [19/Aug/2025:16:17:19 -0400] "GET /q-~206zzEb8DaUR9YRqmiCSvmAm6d2snwlGm18348/ HTTP/1.1" 404 - "-" "Mozilla/5.0 (Linux; Android 6.0.1; Nexus 5X Build/MMB29P) AppleWebKit/537.36 (KHTML, like Gecko) Chrome/138.0.7204.183 Mobile Safari/537.36 (compatible; GoogleOther)"
66.249.74.160 - - [19/Aug/2025:16:18:55 -0400] "GET /q-~28lDLWEAd5SkYbF1h06ypHWmJoze8A1L43132/ HTTP/1.1" 404 - "-" "Mozilla/5.0 (Linux; Android 6.0.1; Nexus 5X Build/MMB29P) AppleWebKit/537.36 (KHTML, like Gecko) Chrome/138.0.7204.183 Mobile Safari/537.36 (compatible; GoogleOther)"
66.249.74.161 - - [19/Aug/2025:16:20:30 -0400] "GET /q-~176KnGSZDhyTfYlV7bmagfgvWdJcTVulB3518/ HTTP/1.1" 404 - "-" "Mozilla/5.0 (Linux; Android 6.0.1; Nexus 5X Build/MMB29P) AppleWebKit/537.36 (KHTML, like Gecko) Chrome/138.0.7204.183 Mobile Safari/537.36 (compatible; GoogleOther)"
66.249.74.160 - - [19/Aug/2025:16:21:46 -0400] "GET /104002921.htm HTTP/1.1" 404 - "-" "Mozilla/5.0 (Linux; Android 6.0.1; Nexus 5X Build/MMB29P) AppleWebKit/537.36 (KHTML, like Gecko) Chrome/138.0.7204.183 Mobile Safari/537.36 (compatible; GoogleOther)"
66.249.74.160 - - [19/Aug/2025:16:21:52 -0400] "GET /q-~115rDtSe6WdW5kuR5oQ0looQELbWKrL9C13709/ HTTP/1.1" 404 - "-" "Mozilla/5.0 (Linux; Android 6.0.1; Nexus 5X Build/MMB29P) AppleWebKit/537.36 (KHTML, like Gecko) Chrome/138.0.7204.183 Mobile Safari/537.36 (compatible; GoogleOther)"
66.249.74.161 - - [19/Aug/2025:16:22:06 -0400] "GET /q-~31Y135iZgnEZbkRWmHf2E7TwtDZlFTQw15661/ HTTP/1.1" 404 - "-" "Mozilla/5.0 (Linux; Android 6.0.1; Nexus 5X Build/MMB29P) AppleWebKit/537.36 (KHTML, like Gecko) Chrome/138.0.7204.183 Mobile Safari/537.36 (compatible; GoogleOther)"
66.249.74.169 - - [19/Aug/2025:16:23:23 -0400] "GET /221003790.htm HTTP/1.1" 404 - "-" "Mozilla/5.0 (Linux; Android 6.0.1; Nexus 5X Build/MMB29P) AppleWebKit/537.36 (KHTML, like Gecko) Chrome/138.0.7204.183 Mobile Safari/537.36 (compatible; GoogleOther)"
66.249.74.161 - - [19/Aug/2025:16:23:26 -0400] "GET /039043314.htm HTTP/1.1" 404 - "-" "Mozilla/5.0 (Linux; Android 6.0.1; Nexus 5X Build/MMB29P) AppleWebKit/537.36 (KHTML, like Gecko) Chrome/138.0.7204.183 Mobile Safari/537.36 (compatible; GoogleOther)"
66.249.74.169 - - [19/Aug/2025:16:23:30 -0400] "GET /026030069.htm HTTP/1.1" 404 - "-" "Mozilla/5.0 (Linux; Android 6.0.1; Nexus 5X Build/MMB29P) AppleWebKit/537.36 (KHTML, like Gecko) Chrome/138.0.7204.183 Mobile Safari/537.36 (compatible; GoogleOther)"
66.249.74.169 - - [19/Aug/2025:16:23:39 -0400] "GET /q-~167B6M4TJed8p2503ToVSp3RQKlzHe0JL13813/ HTTP/1.1" 404 - "-" "Mozilla/5.0 (Linux; Android 6.0.1; Nexus 5X Build/MMB29P) AppleWebKit/537.36 (KHTML, like Gecko) Chrome/138.0.7204.183 Mobile Safari/537.36 (compatible; GoogleOther)"
66.249.74.169 - - [19/Aug/2025:16:23:41 -0400] "GET /q-~162sqr9mpAZEF762B1EyivqsQxED438et34320/ HTTP/1.1" 404 - "-" "Mozilla/5.0 (Linux; Android 6.0.1; Nexus 5X Build/MMB29P) AppleWebKit/537.36 (KHTML, like Gecko) Chrome/138.0.7204.183 Mobile Safari/537.36 (compatible; GoogleOther)"
69.197.149.90 - - [19/Aug/2025:16:23:44 -0400] "GET /wp-includes/wp-configs.php HTTP/1.1" 404 - "http://mail.greenfield.com.sa/wp-includes/wp-configs.php" "Mozilla/5.0 (Windows NT 10.0; Win64; x64) AppleWebKit/537.36 (KHTML, like Gecko) Chrome/58.0.3029.110 Safari/537.3"
66.249.74.169 - - [19/Aug/2025:16:24:02 -0400] "GET /240044025.htm HTTP/1.1" 404 - "-" "Mozilla/5.0 (Linux; Android 6.0.1; Nexus 5X Build/MMB29P) AppleWebKit/537.36 (KHTML, like Gecko) Chrome/138.0.7204.183 Mobile Safari/537.36 (compatible; GoogleOther)"
66.249.74.160 - - [19/Aug/2025:16:24:29 -0400] "GET /199029212.htm HTTP/1.1" 404 - "-" "Mozilla/5.0 (Linux; Android 6.0.1; Nexus 5X Build/MMB29P) AppleWebKit/537.36 (KHTML, like Gecko) Chrome/138.0.7204.183 Mobile Safari/537.36 (compatible; GoogleOther)"
66.249.74.169 - - [19/Aug/2025:16:25:10 -0400] "GET /152037989.htm HTTP/1.1" 404 - "-" "Mozilla/5.0 (Linux; Android 6.0.1; Nexus 5X Build/MMB29P) AppleWebKit/537.36 (KHTML, like Gecko) Chrome/138.0.7204.183 Mobile Safari/537.36 (compatible; GoogleOther)"
66.249.74.169 - - [19/Aug/2025:16:25:47 -0400] "GET /q-~145cdmnMhuWeEmyeIOqKHGdVq6GqRklck8447/ HTTP/1.1" 404 - "-" "Mozilla/5.0 (Linux; Android 6.0.1; Nexus 5X Build/MMB29P) AppleWebKit/537.36 (KHTML, like Gecko) Chrome/138.0.7204.183 Mobile Safari/537.36 (compatible; GoogleOther)"
66.249.74.160 - - [19/Aug/2025:16:26:53 -0400] "GET /q-~150SKcsC3l5gnmbdrWgPdDTTkgKXiSDhC36532/ HTTP/1.1" 404 - "-" "Mozilla/5.0 (Linux; Android 6.0.1; Nexus 5X Build/MMB29P) AppleWebKit/537.36 (KHTML, like Gecko) Chrome/138.0.7204.183 Mobile Safari/537.36 (compatible; GoogleOther)"
66.249.74.160 - - [19/Aug/2025:16:28:28 -0400] "GET /q-~228cRf22lgC24aCDLIXRXZcQcOiCZs4zd37248/ HTTP/1.1" 404 - "-" "Mozilla/5.0 (Linux; Android 6.0.1; Nexus 5X Build/MMB29P) AppleWebKit/537.36 (KHTML, like Gecko) Chrome/138.0.7204.183 Mobile Safari/537.36 (compatible; GoogleOther)"
66.249.74.160 - - [19/Aug/2025:16:30:04 -0400] "GET /q-~245D4r5smwzYZsWsMmGDpDtuuKffaAFkL8411/ HTTP/1.1" 404 - "-" "Mozilla/5.0 (Linux; Android 6.0.1; Nexus 5X Build/MMB29P) AppleWebKit/537.36 (KHTML, like Gecko) Chrome/138.0.7204.183 Mobile Safari/537.36 (compatible; GoogleOther)"
66.249.74.160 - - [19/Aug/2025:16:31:39 -0400] "GET /q-~282KCXJUJ9IZ8ppQ48PfcpFj0hu77SsiP38406/ HTTP/1.1" 404 - "-" "Mozilla/5.0 (Linux; Android 6.0.1; Nexus 5X Build/MMB29P) AppleWebKit/537.36 (KHTML, like Gecko) Chrome/138.0.7204.183 Mobile Safari/537.36 (compatible; GoogleOther)"
66.249.74.161 - - [19/Aug/2025:16:33:15 -0400] "GET /q-~168Zt17AqlkY7QTcabLv86BFtF5AQxfFS15022/ HTTP/1.1" 404 - "-" "Mozilla/5.0 (Linux; Android 6.0.1; Nexus 5X Build/MMB29P) AppleWebKit/537.36 (KHTML, like Gecko) Chrome/138.0.7204.183 Mobile Safari/537.36 (compatible; GoogleOther)"
66.249.74.169 - - [19/Aug/2025:16:34:50 -0400] "GET /q-~223v21NYvJ0dkzU9kPSlovrza5CLEWmJf22323/ HTTP/1.1" 404 - "-" "Mozilla/5.0 (Linux; Android 6.0.1; Nexus 5X Build/MMB29P) AppleWebKit/537.36 (KHTML, like Gecko) Chrome/138.0.7204.183 Mobile Safari/537.36 (compatible; GoogleOther)"
66.249.74.160 - - [19/Aug/2025:16:38:01 -0400] "GET /q-~5kc9WR0GMXlzHyl62dsUcQigwuM63HK17179/ HTTP/1.1" 404 - "-" "Mozilla/5.0 (Linux; Android 6.0.1; Nexus 5X Build/MMB29P) AppleWebKit/537.36 (KHTML, like Gecko) Chrome/138.0.7204.183 Mobile Safari/537.36 (compatible; GoogleOther)"
66.249.74.160 - - [19/Aug/2025:16:39:37 -0400] "GET /q-~9ZTBGwq9OqZEOlpSVpTmpCP4vNVC6gf5525/ HTTP/1.1" 404 - "-" "Mozilla/5.0 (Linux; Android 6.0.1; Nexus 5X Build/MMB29P) AppleWebKit/537.36 (KHTML, like Gecko) Chrome/138.0.7204.183 Mobile Safari/537.36 (compatible; GoogleOther)"
104.28.211.186 - - [19/Aug/2025:16:40:36 -0400] "GET /.well-known/acme-challenge/cloud/ HTTP/1.1" 404 - "-" "-"
104.28.211.186 - - [19/Aug/2025:16:40:53 -0400] "GET /.well-known/acme-challenge/xmrlpc/ HTTP/1.1" 404 - "-" "-"
66.249.74.160 - - [19/Aug/2025:16:41:13 -0400] "GET /q-~262PVT23ciFJolIP7kZzercgDmiaTFqUD7920/ HTTP/1.1" 404 - "-" "Mozilla/5.0 (Linux; Android 6.0.1; Nexus 5X Build/MMB29P) AppleWebKit/537.36 (KHTML, like Gecko) Chrome/138.0.7204.183 Mobile Safari/537.36 (compatible; GoogleOther)"
104.28.211.186 - - [19/Aug/2025:16:41:38 -0400] "GET /.well-known/acme-challenge/index/ HTTP/1.1" 404 - "-" "-"
69.197.149.90 - - [19/Aug/2025:16:42:39 -0400] "GET /wp-includes/wp-configs.php HTTP/1.1" 404 - "http://mail.greenfield.com.sa/wp-includes/wp-configs.php" "Mozilla/5.0 (Windows NT 10.0; Win64; x64) AppleWebKit/537.36 (KHTML, like Gecko) Chrome/58.0.3029.110 Safari/537.3"
66.249.74.160 - - [19/Aug/2025:16:42:48 -0400] "GET /q-~257TwxsLTKN3riMq7Vt1VaTXsa1LZ7Yot12131/ HTTP/1.1" 404 - "-" "Mozilla/5.0 (Linux; Android 6.0.1; Nexus 5X Build/MMB29P) AppleWebKit/537.36 (KHTML, like Gecko) Chrome/138.0.7204.183 Mobile Safari/537.36 (compatible; GoogleOther)"
66.249.74.160 - - [19/Aug/2025:16:44:27 -0400] "GET /q-~150uD5mqugHnja6KTcDzF7oPcE0fehH5d44168/ HTTP/1.1" 404 - "-" "Mozilla/5.0 (Linux; Android 6.0.1; Nexus 5X Build/MMB29P) AppleWebKit/537.36 (KHTML, like Gecko) Chrome/138.0.7204.183 Mobile Safari/537.36 (compatible; GoogleOther)"
66.249.74.161 - - [19/Aug/2025:16:45:59 -0400] "GET /q-~39cvK7Eswx88wVMldEo0eZTxcQJ32o6f33663/ HTTP/1.1" 404 - "-" "Mozilla/5.0 (Linux; Android 6.0.1; Nexus 5X Build/MMB29P) AppleWebKit/537.36 (KHTML, like Gecko) Chrome/138.0.7204.183 Mobile Safari/537.36 (compatible; GoogleOther)"
66.249.74.161 - - [19/Aug/2025:16:47:35 -0400] "GET /q-~173uDrE6Ip00rJH3VtB7O7uEKwWZp4kZD2623/ HTTP/1.1" 404 - "-" "Mozilla/5.0 (Linux; Android 6.0.1; Nexus 5X Build/MMB29P) AppleWebKit/537.36 (KHTML, like Gecko) Chrome/138.0.7204.183 Mobile Safari/537.36 (compatible; GoogleOther)"
66.249.74.169 - - [19/Aug/2025:16:48:30 -0400] "GET /217013852.htm HTTP/1.1" 404 - "-" "Mozilla/5.0 (Linux; Android 6.0.1; Nexus 5X Build/MMB29P) AppleWebKit/537.36 (KHTML, like Gecko) Chrome/138.0.7204.183 Mobile Safari/537.36 (compatible; GoogleOther)"
66.249.74.161 - - [19/Aug/2025:16:49:10 -0400] "GET /q-~229DsNnOahzGmiCOsQxLefSIN3r7klRIX24461/ HTTP/1.1" 404 - "-" "Mozilla/5.0 (Linux; Android 6.0.1; Nexus 5X Build/MMB29P) AppleWebKit/537.36 (KHTML, like Gecko) Chrome/138.0.7204.183 Mobile Safari/537.36 (compatible; GoogleOther)"
104.28.211.186 - - [19/Aug/2025:16:50:19 -0400] "GET /.well-known/acme-challenge/sx/ HTTP/1.1" 404 - "-" "-"
104.28.211.186 - - [19/Aug/2025:16:50:36 -0400] "GET /.well-known/acme-challenge/dropdown/ HTTP/1.1" 404 - "-" "-"
66.249.74.169 - - [19/Aug/2025:16:50:46 -0400] "GET /027037440.htm HTTP/1.1" 404 - "-" "Mozilla/5.0 (Linux; Android 6.0.1; Nexus 5X Build/MMB29P) AppleWebKit/537.36 (KHTML, like Gecko) Chrome/138.0.7204.183 Mobile Safari/537.36 (compatible; GoogleOther)"
66.249.74.160 - - [19/Aug/2025:16:51:38 -0400] "GET /033039692.htm HTTP/1.1" 404 - "-" "Mozilla/5.0 (Linux; Android 6.0.1; Nexus 5X Build/MMB29P) AppleWebKit/537.36 (KHTML, like Gecko) Chrome/138.0.7204.183 Mobile Safari/537.36 (compatible; GoogleOther)"
66.249.74.169 - - [19/Aug/2025:16:52:23 -0400] "GET /q-~46iICkEotRaHXR6UCif5J6tMxV2xkU7k2136/ HTTP/1.1" 404 - "-" "Mozilla/5.0 (Linux; Android 6.0.1; Nexus 5X Build/MMB29P) AppleWebKit/537.36 (KHTML, like Gecko) Chrome/138.0.7204.183 Mobile Safari/537.36 (compatible; GoogleOther)"
66.249.74.169 - - [19/Aug/2025:16:55:33 -0400] "GET /q-~226UfZ19y2t9bwTxuGZkPUsOCTy2r5Doz17300/ HTTP/1.1" 404 - "-" "Mozilla/5.0 (Linux; Android 6.0.1; Nexus 5X Build/MMB29P) AppleWebKit/537.36 (KHTML, like Gecko) Chrome/138.0.7204.183 Mobile Safari/537.36 (compatible; GoogleOther)"
66.249.74.160 - - [19/Aug/2025:16:57:52 -0400] "GET /222027129.htm HTTP/1.1" 404 - "-" "Mozilla/5.0 (Linux; Android 6.0.1; Nexus 5X Build/MMB29P) AppleWebKit/537.36 (KHTML, like Gecko) Chrome/138.0.7204.183 Mobile Safari/537.36 (compatible; GoogleOther)"
66.249.74.169 - - [19/Aug/2025:16:58:44 -0400] "GET /q-~52g2XhBz0sR9MLaQe4UxvVIWXlc5eIoi34408/ HTTP/1.1" 404 - "-" "Mozilla/5.0 (Linux; Android 6.0.1; Nexus 5X Build/MMB29P) AppleWebKit/537.36 (KHTML, like Gecko) Chrome/138.0.7204.183 Mobile Safari/537.36 (compatible; GoogleOther)"
66.249.74.161 - - [19/Aug/2025:16:59:22 -0400] "GET /q-~122IQNX2wMc2KfkHddyJUz1y9641gdeJG33230/ HTTP/1.1" 404 - "-" "Mozilla/5.0 (Linux; Android 6.0.1; Nexus 5X Build/MMB29P) AppleWebKit/537.36 (KHTML, like Gecko) Chrome/138.0.7204.183 Mobile Safari/537.36 (compatible; GoogleOther)"
45.131.155.102 - - [19/Aug/2025:16:59:23 -0400] "GET / HTTP/1.1" 200 790 "-" "Mozilla/5.0 (X11; Linux x86_64) AppleWebKit/537.36 (KHTML, like Gecko) Chrome/112.0.0.0 Safari/537.36"
66.249.74.160 - - [19/Aug/2025:16:59:24 -0400] "GET /298022331.htm HTTP/1.1" 404 - "-" "Mozilla/5.0 (Linux; Android 6.0.1; Nexus 5X Build/MMB29P) AppleWebKit/537.36 (KHTML, like Gecko) Chrome/138.0.7204.183 Mobile Safari/537.36 (compatible; GoogleOther)"
66.249.74.169 - - [19/Aug/2025:16:59:29 -0400] "GET /208012773.htm HTTP/1.1" 404 - "-" "Mozilla/5.0 (Linux; Android 6.0.1; Nexus 5X Build/MMB29P) AppleWebKit/537.36 (KHTML, like Gecko) Chrome/138.0.7204.183 Mobile Safari/537.36 (compatible; GoogleOther)"
66.249.74.161 - - [19/Aug/2025:17:00:02 -0400] "GET /q-~173JAbQZ0XFG9gmJ7AIC2Il9p5OlbeErZ48087/ HTTP/1.1" 404 - "-" "Mozilla/5.0 (Linux; Android 6.0.1; Nexus 5X Build/MMB29P) AppleWebKit/537.36 (KHTML, like Gecko) Chrome/138.0.7204.183 Mobile Safari/537.36 (compatible; GoogleOther)"
66.249.74.160 - - [19/Aug/2025:17:00:19 -0400] "GET /q-~198lkaLC6YKgj8jhc032NLmBcqDmLiqpW38958/ HTTP/1.1" 404 - "-" "Mozilla/5.0 (Linux; Android 6.0.1; Nexus 5X Build/MMB29P) AppleWebKit/537.36 (KHTML, like Gecko) Chrome/138.0.7204.183 Mobile Safari/537.36 (compatible; GoogleOther)"
66.249.74.169 - - [19/Aug/2025:17:00:54 -0400] "GET /q-~110qBg9RICoVmsLWNm444luF8UbS8ObQH42514/ HTTP/1.1" 404 - "-" "Mozilla/5.0 (Linux; Android 6.0.1; Nexus 5X Build/MMB29P) AppleWebKit/537.36 (KHTML, like Gecko) Chrome/138.0.7204.183 Mobile Safari/537.36 (compatible; GoogleOther)"
66.249.74.169 - - [19/Aug/2025:17:01:15 -0400] "GET /215022386.htm HTTP/1.1" 404 - "-" "Mozilla/5.0 (Linux; Android 6.0.1; Nexus 5X Build/MMB29P) AppleWebKit/537.36 (KHTML, like Gecko) Chrome/138.0.7204.183 Mobile Safari/537.36 (compatible; GoogleOther)"
69.197.149.90 - - [19/Aug/2025:17:01:42 -0400] "GET /wp-includes/wp-configs.php HTTP/1.1" 404 - "http://mail.greenfield.com.sa/wp-includes/wp-configs.php" "Mozilla/5.0 (Windows NT 10.0; Win64; x64) AppleWebKit/537.36 (KHTML, like Gecko) Chrome/58.0.3029.110 Safari/537.3"
66.249.74.169 - - [19/Aug/2025:17:01:55 -0400] "GET /q-~197j8w6zY6yL8PddzYRnIIqtrd3vP6Puo19417/ HTTP/1.1" 404 - "-" "Mozilla/5.0 (Linux; Android 6.0.1; Nexus 5X Build/MMB29P) AppleWebKit/537.36 (KHTML, like Gecko) Chrome/138.0.7204.183 Mobile Safari/537.36 (compatible; GoogleOther)"
66.249.74.169 - - [19/Aug/2025:17:03:31 -0400] "GET /q-~64iimfF6IoNwECww9ZjnwRee0N001bLk26584/ HTTP/1.1" 404 - "-" "Mozilla/5.0 (Linux; Android 6.0.1; Nexus 5X Build/MMB29P) AppleWebKit/537.36 (KHTML, like Gecko) Chrome/138.0.7204.183 Mobile Safari/537.36 (compatible; GoogleOther)"
66.249.74.161 - - [19/Aug/2025:17:05:06 -0400] "GET /q-~156UX9J49ynzx8yFCSABveP4qMaZ7d1oH32562/ HTTP/1.1" 404 - "-" "Mozilla/5.0 (Linux; Android 6.0.1; Nexus 5X Build/MMB29P) AppleWebKit/537.36 (KHTML, like Gecko) Chrome/138.0.7204.183 Mobile Safari/537.36 (compatible; GoogleOther)"
66.249.74.160 - - [19/Aug/2025:17:06:42 -0400] "GET /237007666.htm HTTP/1.1" 404 - "-" "Mozilla/5.0 (Linux; Android 6.0.1; Nexus 5X Build/MMB29P) AppleWebKit/537.36 (KHTML, like Gecko) Chrome/138.0.7204.183 Mobile Safari/537.36 (compatible; GoogleOther)"
66.249.74.169 - - [19/Aug/2025:17:07:04 -0400] "GET /q-~98dylisMDfDQuXRghyKu2Q1999XKMoNd9654/ HTTP/1.1" 404 - "-" "Mozilla/5.0 (Linux; Android 6.0.1; Nexus 5X Build/MMB29P) AppleWebKit/537.36 (KHTML, like Gecko) Chrome/138.0.7204.183 Mobile Safari/537.36 (compatible; GoogleOther)"
66.249.74.161 - - [19/Aug/2025:17:08:17 -0400] "GET /q-~139QJk8KCQyG0ra3CUct7jsO1fAHRqCrJ35689/ HTTP/1.1" 404 - "-" "Mozilla/5.0 (Linux; Android 6.0.1; Nexus 5X Build/MMB29P) AppleWebKit/537.36 (KHTML, like Gecko) Chrome/138.0.7204.183 Mobile Safari/537.36 (compatible; GoogleOther)"
66.249.74.161 - - [19/Aug/2025:17:09:53 -0400] "GET /q-~185mWgAC2E2KB1LuFU7ja7NZlWGSphZdZ43735/ HTTP/1.1" 404 - "-" "Mozilla/5.0 (Linux; Android 6.0.1; Nexus 5X Build/MMB29P) AppleWebKit/537.36 (KHTML, like Gecko) Chrome/138.0.7204.183 Mobile Safari/537.36 (compatible; GoogleOther)"
66.249.74.160 - - [19/Aug/2025:17:11:29 -0400] "GET /q-~216TDVvw07qmNyqpCljDBCyLKcoDP54Rv49248/ HTTP/1.1" 404 - "-" "Mozilla/5.0 (Linux; Android 6.0.1; Nexus 5X Build/MMB29P) AppleWebKit/537.36 (KHTML, like Gecko) Chrome/138.0.7204.183 Mobile Safari/537.36 (compatible; GoogleOther)"
66.249.74.169 - - [19/Aug/2025:17:13:04 -0400] "GET /q-~292IQEcKD15ad3EIxNJe0jLlJvTUPhKQD34806/ HTTP/1.1" 404 - "-" "Mozilla/5.0 (Linux; Android 6.0.1; Nexus 5X Build/MMB29P) AppleWebKit/537.36 (KHTML, like Gecko) Chrome/138.0.7204.183 Mobile Safari/537.36 (compatible; GoogleOther)"
66.249.74.160 - - [19/Aug/2025:17:14:40 -0400] "GET /q-~145qlqIO5SNoATaJtyzIjk92H2A0SOoiG17501/ HTTP/1.1" 404 - "-" "Mozilla/5.0 (Linux; Android 6.0.1; Nexus 5X Build/MMB29P) AppleWebKit/537.36 (KHTML, like Gecko) Chrome/138.0.7204.183 Mobile Safari/537.36 (compatible; GoogleOther)"
66.249.74.161 - - [19/Aug/2025:17:16:15 -0400] "GET /q-~172XjgZiBWqLeRfVYUWgwre1QBSQ16koV47244/ HTTP/1.1" 404 - "-" "Mozilla/5.0 (Linux; Android 6.0.1; Nexus 5X Build/MMB29P) AppleWebKit/537.36 (KHTML, like Gecko) Chrome/138.0.7204.183 Mobile Safari/537.36 (compatible; GoogleOther)"
66.249.74.169 - - [19/Aug/2025:17:17:51 -0400] "GET /q-~81Xv6YlNx90aMMuHPnvpRa9maf4AjyBH7981/ HTTP/1.1" 404 - "-" "Mozilla/5.0 (Linux; Android 6.0.1; Nexus 5X Build/MMB29P) AppleWebKit/537.36 (KHTML, like Gecko) Chrome/138.0.7204.183 Mobile Safari/537.36 (compatible; GoogleOther)"
66.249.74.161 - - [19/Aug/2025:17:19:26 -0400] "GET /q-~274PpHYqgX4Ec8KBtGbPnc0skMraw7Frn27682/ HTTP/1.1" 404 - "-" "Mozilla/5.0 (Linux; Android 6.0.1; Nexus 5X Build/MMB29P) AppleWebKit/537.36 (KHTML, like Gecko) Chrome/138.0.7204.183 Mobile Safari/537.36 (compatible; GoogleOther)"
69.197.149.90 - - [19/Aug/2025:17:22:45 -0400] "GET /wp-includes/wp-configs.php HTTP/1.1" 404 - "http://mail.greenfield.com.sa/wp-includes/wp-configs.php" "Mozilla/5.0 (Windows NT 10.0; Win64; x64) AppleWebKit/537.36 (KHTML, like Gecko) Chrome/58.0.3029.110 Safari/537.3"
66.249.74.169 - - [19/Aug/2025:17:23:32 -0400] "GET /q-~119ttA38DJGVTaBy7GHp7jea0n9DeEgqz3371/ HTTP/1.1" 404 - "-" "Mozilla/5.0 (Linux; Android 6.0.1; Nexus 5X Build/MMB29P) AppleWebKit/537.36 (KHTML, like Gecko) Chrome/138.0.7204.183 Mobile Safari/537.36 (compatible; GoogleOther)"
66.249.74.160 - - [19/Aug/2025:17:25:08 -0400] "GET /q-~176ebYQ86FkzVbcx3RgITOo7Xr4Q1SSgv46738/ HTTP/1.1" 404 - "-" "Mozilla/5.0 (Linux; Android 6.0.1; Nexus 5X Build/MMB29P) AppleWebKit/537.36 (KHTML, like Gecko) Chrome/138.0.7204.183 Mobile Safari/537.36 (compatible; GoogleOther)"
66.249.74.160 - - [19/Aug/2025:17:26:43 -0400] "GET /q-~243W3POlN0u7xPTyWRVUOUeBuXhorR1Ov5197/ HTTP/1.1" 404 - "-" "Mozilla/5.0 (Linux; Android 6.0.1; Nexus 5X Build/MMB29P) AppleWebKit/537.36 (KHTML, like Gecko) Chrome/138.0.7204.183 Mobile Safari/537.36 (compatible; GoogleOther)"
66.249.74.160 - - [19/Aug/2025:17:28:19 -0400] "GET /q-~279ZXFqsrLWTdN4LzVqqf7uStRRChn5Pw1299/ HTTP/1.1" 404 - "-" "Mozilla/5.0 (Linux; Android 6.0.1; Nexus 5X Build/MMB29P) AppleWebKit/537.36 (KHTML, like Gecko) Chrome/138.0.7204.183 Mobile Safari/537.36 (compatible; GoogleOther)"
66.249.74.169 - - [19/Aug/2025:17:29:55 -0400] "GET /q-~275juy3NMS3bx0hkEYifJviye8iYPJ5Si41939/ HTTP/1.1" 404 - "-" "Mozilla/5.0 (Linux; Android 6.0.1; Nexus 5X Build/MMB29P) AppleWebKit/537.36 (KHTML, like Gecko) Chrome/138.0.7204.183 Mobile Safari/537.36 (compatible; GoogleOther)"
66.249.74.169 - - [19/Aug/2025:17:31:30 -0400] "GET /q-~17PgdCe9MmI57WfQFdx2H8PhDzUyHFFL35761/ HTTP/1.1" 404 - "-" "Mozilla/5.0 (Linux; Android 6.0.1; Nexus 5X Build/MMB29P) AppleWebKit/537.36 (KHTML, like Gecko) Chrome/138.0.7204.183 Mobile Safari/537.36 (compatible; GoogleOther)"
66.249.74.169 - - [19/Aug/2025:17:33:06 -0400] "GET /q-~133WHSBmh9Y22ozM5ryzesuUVDxAYLysW40545/ HTTP/1.1" 404 - "-" "Mozilla/5.0 (Linux; Android 6.0.1; Nexus 5X Build/MMB29P) AppleWebKit/537.36 (KHTML, like Gecko) Chrome/138.0.7204.183 Mobile Safari/537.36 (compatible; GoogleOther)"
66.249.74.161 - - [19/Aug/2025:17:34:41 -0400] "GET /q-~245Xmqb96c2MKBLgo9F2WK8CzB7YWAlQI4793/ HTTP/1.1" 404 - "-" "Mozilla/5.0 (Linux; Android 6.0.1; Nexus 5X Build/MMB29P) AppleWebKit/537.36 (KHTML, like Gecko) Chrome/138.0.7204.183 Mobile Safari/537.36 (compatible; GoogleOther)"
66.249.74.160 - - [19/Aug/2025:17:36:17 -0400] "GET /q-~227f9ojaOzMIHUW1Nn1aibulV309MI2Tj19005/ HTTP/1.1" 404 - "-" "Mozilla/5.0 (Linux; Android 6.0.1; Nexus 5X Build/MMB29P) AppleWebKit/537.36 (KHTML, like Gecko) Chrome/138.0.7204.183 Mobile Safari/537.36 (compatible; GoogleOther)"
66.249.74.169 - - [19/Aug/2025:17:37:52 -0400] "GET /q-~67piRMtjDGGbfTDdtkussIDGaoQ2En9k30787/ HTTP/1.1" 404 - "-" "Mozilla/5.0 (Linux; Android 6.0.1; Nexus 5X Build/MMB29P) AppleWebKit/537.36 (KHTML, like Gecko) Chrome/138.0.7204.183 Mobile Safari/537.36 (compatible; GoogleOther)"
66.249.74.160 - - [19/Aug/2025:17:39:28 -0400] "GET /007023718.htm HTTP/1.1" 404 - "-" "Mozilla/5.0 (Linux; Android 6.0.1; Nexus 5X Build/MMB29P) AppleWebKit/537.36 (KHTML, like Gecko) Chrome/138.0.7204.183 Mobile Safari/537.36 (compatible; GoogleOther)"
66.249.74.160 - - [19/Aug/2025:17:40:15 -0400] "GET /q-~86jDfpFsYNnBJWS5dCNIP8UcwPQbUDQO39910/ HTTP/1.1" 404 - "-" "Mozilla/5.0 (Linux; Android 6.0.1; Nexus 5X Build/MMB29P) AppleWebKit/537.36 (KHTML, like Gecko) Chrome/138.0.7204.183 Mobile Safari/537.36 (compatible; GoogleOther)"
66.249.74.161 - - [19/Aug/2025:17:41:03 -0400] "GET /q-~191Zkeay3QlZP5T5HD3nQrk8FW8IHAioJ28243/ HTTP/1.1" 404 - "-" "Mozilla/5.0 (Linux; Android 6.0.1; Nexus 5X Build/MMB29P) AppleWebKit/537.36 (KHTML, like Gecko) Chrome/138.0.7204.183 Mobile Safari/537.36 (compatible; GoogleOther)"
66.249.74.169 - - [19/Aug/2025:17:41:50 -0400] "GET /q-~18hRjw3YixacXWjc9RuVC1qRiy4eMqBj10514/ HTTP/1.1" 404 - "-" "Mozilla/5.0 (Linux; Android 6.0.1; Nexus 5X Build/MMB29P) AppleWebKit/537.36 (KHTML, like Gecko) Chrome/138.0.7204.183 Mobile Safari/537.36 (compatible; GoogleOther)"
66.249.74.169 - - [19/Aug/2025:17:42:39 -0400] "GET /q-~193K4adbWfXOzfcCbvs2773CfDxADpKQd44153/ HTTP/1.1" 404 - "-" "Mozilla/5.0 (Linux; Android 6.0.1; Nexus 5X Build/MMB29P) AppleWebKit/537.36 (KHTML, like Gecko) Chrome/138.0.7204.183 Mobile Safari/537.36 (compatible; GoogleOther)"
66.249.74.161 - - [19/Aug/2025:17:43:26 -0400] "GET /q-~113DcQresiMVch5ipXvFL9qBvwQ7uQtLz44811/ HTTP/1.1" 404 - "-" "Mozilla/5.0 (Linux; Android 6.0.1; Nexus 5X Build/MMB29P) AppleWebKit/537.36 (KHTML, like Gecko) Chrome/138.0.7204.183 Mobile Safari/537.36 (compatible; GoogleOther)"
66.249.74.169 - - [19/Aug/2025:17:44:15 -0400] "GET /q-~122pL705BPEG2aO9IozSyOe7w2fuwHsVm31318/ HTTP/1.1" 404 - "-" "Mozilla/5.0 (Linux; Android 6.0.1; Nexus 5X Build/MMB29P) AppleWebKit/537.36 (KHTML, like Gecko) Chrome/138.0.7204.183 Mobile Safari/537.36 (compatible; GoogleOther)"
69.197.149.90 - - [19/Aug/2025:17:44:46 -0400] "GET /wp-includes/wp-configs.php HTTP/1.1" 404 - "http://mail.greenfield.com.sa/wp-includes/wp-configs.php" "Mozilla/5.0 (Windows NT 10.0; Win64; x64) AppleWebKit/537.36 (KHTML, like Gecko) Chrome/58.0.3029.110 Safari/537.3"
66.249.74.169 - - [19/Aug/2025:17:45:02 -0400] "GET /q-~182yGyKzAtYi4Jt7ae75bR8XjQ2UbsTrZ6392/ HTTP/1.1" 404 - "-" "Mozilla/5.0 (Linux; Android 6.0.1; Nexus 5X Build/MMB29P) AppleWebKit/537.36 (KHTML, like Gecko) Chrome/138.0.7204.183 Mobile Safari/537.36 (compatible; GoogleOther)"
66.249.74.169 - - [19/Aug/2025:17:46:37 -0400] "GET /q-~225GfISQirFmKOsvjfRyqOdEGwGSy9oqk32871/ HTTP/1.1" 404 - "-" "Mozilla/5.0 (Linux; Android 6.0.1; Nexus 5X Build/MMB29P) AppleWebKit/537.36 (KHTML, like Gecko) Chrome/138.0.7204.183 Mobile Safari/537.36 (compatible; GoogleOther)"
66.249.74.160 - - [19/Aug/2025:17:47:18 -0400] "GET /item/u125/38390/] HTTP/1.1" 404 - "-" "Mozilla/5.0 (Linux; Android 6.0.1; Nexus 5X Build/MMB29P) AppleWebKit/537.36 (KHTML, like Gecko) Chrome/138.0.7204.183 Mobile Safari/537.36 (compatible; Googlebot/2.1; +http://www.google.com/bot.html)"
66.249.74.160 - - [19/Aug/2025:17:47:26 -0400] "GET /q-~179upfv6JZEi3YxzWDU4iqo28J5FUBfED15715/ HTTP/1.1" 404 - "-" "Mozilla/5.0 (Linux; Android 6.0.1; Nexus 5X Build/MMB29P) AppleWebKit/537.36 (KHTML, like Gecko) Chrome/138.0.7204.183 Mobile Safari/537.36 (compatible; GoogleOther)"
66.249.74.169 - - [19/Aug/2025:17:48:13 -0400] "GET /q-~100cj5GLx58sK3eKmI4PSSAaAMRMMUO5N30412/ HTTP/1.1" 404 - "-" "Mozilla/5.0 (Linux; Android 6.0.1; Nexus 5X Build/MMB29P) AppleWebKit/537.36 (KHTML, like Gecko) Chrome/138.0.7204.183 Mobile Safari/537.36 (compatible; GoogleOther)"
66.249.74.160 - - [19/Aug/2025:17:48:21 -0400] "GET /item/u300/21525/ HTTP/1.1" 404 - "-" "Mozilla/5.0 (Linux; Android 6.0.1; Nexus 5X Build/MMB29P) AppleWebKit/537.36 (KHTML, like Gecko) Chrome/138.0.7204.183 Mobile Safari/537.36 (compatible; Googlebot/2.1; +http://www.google.com/bot.html)"
66.249.74.161 - - [19/Aug/2025:17:49:01 -0400] "GET /q-~151zolegfEEulkOHnVpdcr5dQVJ45irjD5689/ HTTP/1.1" 404 - "-" "Mozilla/5.0 (Linux; Android 6.0.1; Nexus 5X Build/MMB29P) AppleWebKit/537.36 (KHTML, like Gecko) Chrome/138.0.7204.183 Mobile Safari/537.36 (compatible; GoogleOther)"
66.249.74.160 - - [19/Aug/2025:17:49:48 -0400] "GET /q-~211DkEmttwnVx3MN1jecdkckdOd350ToW26173/ HTTP/1.1" 404 - "-" "Mozilla/5.0 (Linux; Android 6.0.1; Nexus 5X Build/MMB29P) AppleWebKit/537.36 (KHTML, like Gecko) Chrome/138.0.7204.183 Mobile Safari/537.36 (compatible; GoogleOther)"
66.249.74.161 - - [19/Aug/2025:17:50:17 -0400] "GET /item/u283/31782/] HTTP/1.1" 404 - "-" "Mozilla/5.0 (Linux; Android 6.0.1; Nexus 5X Build/MMB29P) AppleWebKit/537.36 (KHTML, like Gecko) Chrome/138.0.7204.183 Mobile Safari/537.36 (compatible; Googlebot/2.1; +http://www.google.com/bot.html)"
66.249.74.169 - - [19/Aug/2025:17:50:37 -0400] "GET /q-~215IASaJ8A23kGPOOlJ9EPpuvmGnQhQFQ2275/ HTTP/1.1" 404 - "-" "Mozilla/5.0 (Linux; Android 6.0.1; Nexus 5X Build/MMB29P) AppleWebKit/537.36 (KHTML, like Gecko) Chrome/138.0.7204.183 Mobile Safari/537.36 (compatible; GoogleOther)"
66.249.74.160 - - [19/Aug/2025:17:51:25 -0400] "GET /q-~287fStv9zFZbK9kpDjrozITiJiK8GXH6F27309/ HTTP/1.1" 404 - "-" "Mozilla/5.0 (Linux; Android 6.0.1; Nexus 5X Build/MMB29P) AppleWebKit/537.36 (KHTML, like Gecko) Chrome/138.0.7204.183 Mobile Safari/537.36 (compatible; GoogleOther)"
66.249.74.161 - - [19/Aug/2025:17:52:13 -0400] "GET /q-~14IVNsrseTvi4vXVn3YLV2EzpVXkpnju16674/ HTTP/1.1" 404 - "-" "Mozilla/5.0 (Linux; Android 6.0.1; Nexus 5X Build/MMB29P) AppleWebKit/537.36 (KHTML, like Gecko) Chrome/138.0.7204.183 Mobile Safari/537.36 (compatible; GoogleOther)"
66.249.74.160 - - [19/Aug/2025:17:52:59 -0400] "GET /q-~173Xl8IY6BKhqrJpwoGWBqzpsbYTCr4Xj291/ HTTP/1.1" 404 - "-" "Mozilla/5.0 (Linux; Android 6.0.1; Nexus 5X Build/MMB29P) AppleWebKit/537.36 (KHTML, like Gecko) Chrome/138.0.7204.183 Mobile Safari/537.36 (compatible; GoogleOther)"
66.249.74.169 - - [19/Aug/2025:17:54:35 -0400] "GET /q-~54Q0NhAt11MvcS0MOOllv64s4PomAhYa24462/ HTTP/1.1" 404 - "-" "Mozilla/5.0 (Linux; Android 6.0.1; Nexus 5X Build/MMB29P) AppleWebKit/537.36 (KHTML, like Gecko) Chrome/138.0.7204.183 Mobile Safari/537.36 (compatible; GoogleOther)"
66.249.74.169 - - [19/Aug/2025:17:56:11 -0400] "GET /q-~39rH8yDCSjTilRVYnI5sRT3XrZXxI2mR10939/ HTTP/1.1" 404 - "-" "Mozilla/5.0 (Linux; Android 6.0.1; Nexus 5X Build/MMB29P) AppleWebKit/537.36 (KHTML, like Gecko) Chrome/138.0.7204.183 Mobile Safari/537.36 (compatible; GoogleOther)"
66.249.74.169 - - [19/Aug/2025:17:57:33 -0400] "GET /058010151.htm HTTP/1.1" 404 - "-" "Mozilla/5.0 (Linux; Android 6.0.1; Nexus 5X Build/MMB29P) AppleWebKit/537.36 (KHTML, like Gecko) Chrome/138.0.7204.183 Mobile Safari/537.36 (compatible; GoogleOther)"
66.249.74.160 - - [19/Aug/2025:17:57:41 -0400] "GET /020010205.htm HTTP/1.1" 404 - "-" "Mozilla/5.0 (Linux; Android 6.0.1; Nexus 5X Build/MMB29P) AppleWebKit/537.36 (KHTML, like Gecko) Chrome/138.0.7204.183 Mobile Safari/537.36 (compatible; GoogleOther)"
66.249.74.169 - - [19/Aug/2025:17:57:42 -0400] "GET /020003079.htm HTTP/1.1" 404 - "-" "Mozilla/5.0 (Linux; Android 6.0.1; Nexus 5X Build/MMB29P) AppleWebKit/537.36 (KHTML, like Gecko) Chrome/138.0.7204.183 Mobile Safari/537.36 (compatible; GoogleOther)"
66.249.74.169 - - [19/Aug/2025:17:57:43 -0400] "GET /216021939.htm HTTP/1.1" 404 - "-" "Mozilla/5.0 (Linux; Android 6.0.1; Nexus 5X Build/MMB29P) AppleWebKit/537.36 (KHTML, like Gecko) Chrome/138.0.7204.183 Mobile Safari/537.36 (compatible; GoogleOther)"
66.249.74.160 - - [19/Aug/2025:17:57:44 -0400] "GET /155000620.htm HTTP/1.1" 404 - "-" "Mozilla/5.0 (Linux; Android 6.0.1; Nexus 5X Build/MMB29P) AppleWebKit/537.36 (KHTML, like Gecko) Chrome/138.0.7204.183 Mobile Safari/537.36 (compatible; GoogleOther)"
66.249.74.169 - - [19/Aug/2025:17:57:45 -0400] "GET /q-~199j3HowzfBHIBO1ML0Gr5FAXJGDq1EpI34551/ HTTP/1.1" 404 - "-" "Mozilla/5.0 (Linux; Android 6.0.1; Nexus 5X Build/MMB29P) AppleWebKit/537.36 (KHTML, like Gecko) Chrome/138.0.7204.183 Mobile Safari/537.36 (compatible; GoogleOther)"
66.249.74.169 - - [19/Aug/2025:17:57:46 -0400] "GET /021016910.htm HTTP/1.1" 404 - "-" "Mozilla/5.0 (Linux; Android 6.0.1; Nexus 5X Build/MMB29P) AppleWebKit/537.36 (KHTML, like Gecko) Chrome/138.0.7204.183 Mobile Safari/537.36 (compatible; GoogleOther)"
66.249.74.169 - - [19/Aug/2025:17:57:49 -0400] "GET /001040774.htm HTTP/1.1" 404 - "-" "Mozilla/5.0 (Linux; Android 6.0.1; Nexus 5X Build/MMB29P) AppleWebKit/537.36 (KHTML, like Gecko) Chrome/138.0.7204.183 Mobile Safari/537.36 (compatible; GoogleOther)"
66.249.74.169 - - [19/Aug/2025:17:57:50 -0400] "GET /032037227.htm HTTP/1.1" 404 - "-" "Mozilla/5.0 (Linux; Android 6.0.1; Nexus 5X Build/MMB29P) AppleWebKit/537.36 (KHTML, like Gecko) Chrome/138.0.7204.183 Mobile Safari/537.36 (compatible; GoogleOther)"
66.249.74.169 - - [19/Aug/2025:17:57:50 -0400] "GET /q-~196aMGszgAIBwMcI0bRXaZPxxP8GQFK1Q35130/ HTTP/1.1" 404 - "-" "Mozilla/5.0 (Linux; Android 6.0.1; Nexus 5X Build/MMB29P) AppleWebKit/537.36 (KHTML, like Gecko) Chrome/138.0.7204.183 Mobile Safari/537.36 (compatible; GoogleOther)"
66.249.74.169 - - [19/Aug/2025:17:58:15 -0400] "GET /272000527.htm HTTP/1.1" 404 - "-" "Mozilla/5.0 (Linux; Android 6.0.1; Nexus 5X Build/MMB29P) AppleWebKit/537.36 (KHTML, like Gecko) Chrome/138.0.7204.183 Mobile Safari/537.36 (compatible; GoogleOther)"
66.249.74.169 - - [19/Aug/2025:17:59:22 -0400] "GET /q-~175wQ1zFRxmsKsBbpQ5f7k5bYkVV4uKSh45239/ HTTP/1.1" 404 - "-" "Mozilla/5.0 (Linux; Android 6.0.1; Nexus 5X Build/MMB29P) AppleWebKit/537.36 (KHTML, like Gecko) Chrome/138.0.7204.183 Mobile Safari/537.36 (compatible; GoogleOther)"
66.249.74.161 - - [19/Aug/2025:18:00:58 -0400] "GET /q-~207rdJBq2QUiOVqQrSXQDolESVuswPorg23131/ HTTP/1.1" 404 - "-" "Mozilla/5.0 (Linux; Android 6.0.1; Nexus 5X Build/MMB29P) AppleWebKit/537.36 (KHTML, like Gecko) Chrome/138.0.7204.183 Mobile Safari/537.36 (compatible; GoogleOther)"
66.249.74.160 - - [19/Aug/2025:18:02:33 -0400] "GET /q-~80WjWRx58nC0Uzl9CsftamYB4oOQZULx34876/ HTTP/1.1" 404 - "-" "Mozilla/5.0 (Linux; Android 6.0.1; Nexus 5X Build/MMB29P) AppleWebKit/537.36 (KHTML, like Gecko) Chrome/138.0.7204.183 Mobile Safari/537.36 (compatible; GoogleOther)"
66.249.74.169 - - [19/Aug/2025:18:03:07 -0400] "GET /q-~51V2LmjxcHLSi4CTeRa7ZxN2MXYb9s9z17959/ HTTP/1.1" 404 - "-" "Mozilla/5.0 (Linux; Android 6.0.1; Nexus 5X Build/MMB29P) AppleWebKit/537.36 (KHTML, like Gecko) Chrome/138.0.7204.183 Mobile Safari/537.36 (compatible; GoogleOther)"
66.249.74.160 - - [19/Aug/2025:18:03:07 -0400] "GET /015028310.htm HTTP/1.1" 404 - "-" "Mozilla/5.0 (Linux; Android 6.0.1; Nexus 5X Build/MMB29P) AppleWebKit/537.36 (KHTML, like Gecko) Chrome/138.0.7204.183 Mobile Safari/537.36 (compatible; GoogleOther)"
66.249.74.169 - - [19/Aug/2025:18:03:08 -0400] "GET /217016756.htm HTTP/1.1" 404 - "-" "Mozilla/5.0 (Linux; Android 6.0.1; Nexus 5X Build/MMB29P) AppleWebKit/537.36 (KHTML, like Gecko) Chrome/138.0.7204.183 Mobile Safari/537.36 (compatible; GoogleOther)"
66.249.74.161 - - [19/Aug/2025:18:03:09 -0400] "GET /165045914.htm HTTP/1.1" 404 - "-" "Mozilla/5.0 (Linux; Android 6.0.1; Nexus 5X Build/MMB29P) AppleWebKit/537.36 (KHTML, like Gecko) Chrome/138.0.7204.183 Mobile Safari/537.36 (compatible; GoogleOther)"
66.249.74.169 - - [19/Aug/2025:18:03:11 -0400] "GET /q-~94TLHvDsbwvhSJct6Kh5g14zkREeKd7o9586/ HTTP/1.1" 404 - "-" "Mozilla/5.0 (Linux; Android 6.0.1; Nexus 5X Build/MMB29P) AppleWebKit/537.36 (KHTML, like Gecko) Chrome/138.0.7204.183 Mobile Safari/537.36 (compatible; GoogleOther)"
66.249.74.169 - - [19/Aug/2025:18:03:11 -0400] "GET /261047316.htm HTTP/1.1" 404 - "-" "Mozilla/5.0 (Linux; Android 6.0.1; Nexus 5X Build/MMB29P) AppleWebKit/537.36 (KHTML, like Gecko) Chrome/138.0.7204.183 Mobile Safari/537.36 (compatible; GoogleOther)"
66.249.74.169 - - [19/Aug/2025:18:03:12 -0400] "GET /003024122.htm HTTP/1.1" 404 - "-" "Mozilla/5.0 (Linux; Android 6.0.1; Nexus 5X Build/MMB29P) AppleWebKit/537.36 (KHTML, like Gecko) Chrome/138.0.7204.183 Mobile Safari/537.36 (compatible; GoogleOther)"
66.249.74.160 - - [19/Aug/2025:18:03:13 -0400] "GET /089025438.htm HTTP/1.1" 404 - "-" "Mozilla/5.0 (Linux; Android 6.0.1; Nexus 5X Build/MMB29P) AppleWebKit/537.36 (KHTML, like Gecko) Chrome/138.0.7204.183 Mobile Safari/537.36 (compatible; GoogleOther)"
66.249.74.160 - - [19/Aug/2025:18:03:14 -0400] "GET /163023530.htm HTTP/1.1" 404 - "-" "Mozilla/5.0 (Linux; Android 6.0.1; Nexus 5X Build/MMB29P) AppleWebKit/537.36 (KHTML, like Gecko) Chrome/138.0.7204.183 Mobile Safari/537.36 (compatible; GoogleOther)"
66.249.74.169 - - [19/Aug/2025:18:03:16 -0400] "GET /q-~160tKMSEItl0PrrHRggP5DpeWbDenlmWQ38488/ HTTP/1.1" 404 - "-" "Mozilla/5.0 (Linux; Android 6.0.1; Nexus 5X Build/MMB29P) AppleWebKit/537.36 (KHTML, like Gecko) Chrome/138.0.7204.183 Mobile Safari/537.36 (compatible; GoogleOther)"
66.249.74.169 - - [19/Aug/2025:18:03:17 -0400] "GET /193010894.htm HTTP/1.1" 404 - "-" "Mozilla/5.0 (Linux; Android 6.0.1; Nexus 5X Build/MMB29P) AppleWebKit/537.36 (KHTML, like Gecko) Chrome/138.0.7204.183 Mobile Safari/537.36 (compatible; GoogleOther)"
66.249.74.169 - - [19/Aug/2025:18:03:37 -0400] "GET /272016741.htm HTTP/1.1" 404 - "-" "Mozilla/5.0 (Linux; Android 6.0.1; Nexus 5X Build/MMB29P) AppleWebKit/537.36 (KHTML, like Gecko) Chrome/138.0.7204.183 Mobile Safari/537.36 (compatible; GoogleOther)"
66.249.74.169 - - [19/Aug/2025:18:03:49 -0400] "GET /159022262.htm HTTP/1.1" 404 - "-" "Mozilla/5.0 (Linux; Android 6.0.1; Nexus 5X Build/MMB29P) AppleWebKit/537.36 (KHTML, like Gecko) Chrome/138.0.7204.183 Mobile Safari/537.36 (compatible; GoogleOther)"
66.249.74.169 - - [19/Aug/2025:18:03:49 -0400] "GET /008006433.htm HTTP/1.1" 404 - "-" "Mozilla/5.0 (Linux; Android 6.0.1; Nexus 5X Build/MMB29P) AppleWebKit/537.36 (KHTML, like Gecko) Chrome/138.0.7204.183 Mobile Safari/537.36 (compatible; GoogleOther)"
66.249.74.161 - - [19/Aug/2025:18:04:08 -0400] "GET /q-~155OMO6bg8NrFaYtMokvprtNovRuSFKMs11711/ HTTP/1.1" 404 - "-" "Mozilla/5.0 (Linux; Android 6.0.1; Nexus 5X Build/MMB29P) AppleWebKit/537.36 (KHTML, like Gecko) Chrome/138.0.7204.183 Mobile Safari/537.36 (compatible; GoogleOther)"
66.249.74.161 - - [19/Aug/2025:18:05:44 -0400] "GET /q-~182LifXoq8xpSvka3eL5kBjrXhvX8QDCU39720/ HTTP/1.1" 404 - "-" "Mozilla/5.0 (Linux; Android 6.0.1; Nexus 5X Build/MMB29P) AppleWebKit/537.36 (KHTML, like Gecko) Chrome/138.0.7204.183 Mobile Safari/537.36 (compatible; GoogleOther)"
69.197.149.90 - - [19/Aug/2025:18:05:46 -0400] "GET /wp-includes/wp-configs.php HTTP/1.1" 404 - "http://mail.greenfield.com.sa/wp-includes/wp-configs.php" "Mozilla/5.0 (Windows NT 10.0; Win64; x64) AppleWebKit/537.36 (KHTML, like Gecko) Chrome/58.0.3029.110 Safari/537.3"
66.249.74.160 - - [19/Aug/2025:18:07:20 -0400] "GET /q-~55O25ZKR2zU94R8XArxcBA7SRQBWVtMZ38169/ HTTP/1.1" 404 - "-" "Mozilla/5.0 (Linux; Android 6.0.1; Nexus 5X Build/MMB29P) AppleWebKit/537.36 (KHTML, like Gecko) Chrome/138.0.7204.183 Mobile Safari/537.36 (compatible; GoogleOther)"
66.249.74.160 - - [19/Aug/2025:18:08:55 -0400] "GET /238037097.htm HTTP/1.1" 404 - "-" "Mozilla/5.0 (Linux; Android 6.0.1; Nexus 5X Build/MMB29P) AppleWebKit/537.36 (KHTML, like Gecko) Chrome/138.0.7204.183 Mobile Safari/537.36 (compatible; GoogleOther)"
66.249.74.161 - - [19/Aug/2025:18:10:35 -0400] "GET /q-~80ATEHfyw8L3J2lM4QbFcV30sNEJ8h0Z15524/ HTTP/1.1" 404 - "-" "Mozilla/5.0 (Linux; Android 6.0.1; Nexus 5X Build/MMB29P) AppleWebKit/537.36 (KHTML, like Gecko) Chrome/138.0.7204.183 Mobile Safari/537.36 (compatible; GoogleOther)"
66.249.74.160 - - [19/Aug/2025:18:12:07 -0400] "GET /q-~21cAjukUwy6tVtD46RiqDVDueDRoe7fl29487/ HTTP/1.1" 404 - "-" "Mozilla/5.0 (Linux; Android 6.0.1; Nexus 5X Build/MMB29P) AppleWebKit/537.36 (KHTML, like Gecko) Chrome/138.0.7204.183 Mobile Safari/537.36 (compatible; GoogleOther)"
66.249.74.160 - - [19/Aug/2025:18:13:42 -0400] "GET /q-~239qnfUXiy96gBrQlBQg3HnvAMamyZB7Z10135/ HTTP/1.1" 404 - "-" "Mozilla/5.0 (Linux; Android 6.0.1; Nexus 5X Build/MMB29P) AppleWebKit/537.36 (KHTML, like Gecko) Chrome/138.0.7204.183 Mobile Safari/537.36 (compatible; GoogleOther)"
66.249.74.161 - - [19/Aug/2025:18:15:17 -0400] "GET /q-~228xRev1xRkf3eiUGNxL8CAoEj7zBw9bX27528/ HTTP/1.1" 404 - "-" "Mozilla/5.0 (Linux; Android 6.0.1; Nexus 5X Build/MMB29P) AppleWebKit/537.36 (KHTML, like Gecko) Chrome/138.0.7204.183 Mobile Safari/537.36 (compatible; GoogleOther)"
66.249.74.161 - - [19/Aug/2025:18:16:53 -0400] "GET /q-~257ggkCZeau9q0pynmeWYuWJkNG3H1TRx12343/ HTTP/1.1" 404 - "-" "Mozilla/5.0 (Linux; Android 6.0.1; Nexus 5X Build/MMB29P) AppleWebKit/537.36 (KHTML, like Gecko) Chrome/138.0.7204.183 Mobile Safari/537.36 (compatible; GoogleOther)"
66.249.74.161 - - [19/Aug/2025:18:18:29 -0400] "GET /q-~227A1fHDzBSClY6Sa5YRBistgFOWLD33Z41935/ HTTP/1.1" 404 - "-" "Mozilla/5.0 (Linux; Android 6.0.1; Nexus 5X Build/MMB29P) AppleWebKit/537.36 (KHTML, like Gecko) Chrome/138.0.7204.183 Mobile Safari/537.36 (compatible; GoogleOther)"
66.249.74.160 - - [19/Aug/2025:18:20:04 -0400] "GET /q-~143uAMgJw7BC0WwwqJn6QicWQo50G0CDG37433/ HTTP/1.1" 404 - "-" "Mozilla/5.0 (Linux; Android 6.0.1; Nexus 5X Build/MMB29P) AppleWebKit/537.36 (KHTML, like Gecko) Chrome/138.0.7204.183 Mobile Safari/537.36 (compatible; GoogleOther)"
66.249.74.160 - - [19/Aug/2025:18:21:40 -0400] "GET /q-~218J9Z4Tad6ricJxlfWzWK7PkkPKoNklz12648/ HTTP/1.1" 404 - "-" "Mozilla/5.0 (Linux; Android 6.0.1; Nexus 5X Build/MMB29P) AppleWebKit/537.36 (KHTML, like Gecko) Chrome/138.0.7204.183 Mobile Safari/537.36 (compatible; GoogleOther)"
66.249.74.161 - - [19/Aug/2025:18:23:15 -0400] "GET /q-~172oTjumuDLHJvJzCq7WnhcjphrolQebw43164/ HTTP/1.1" 404 - "-" "Mozilla/5.0 (Linux; Android 6.0.1; Nexus 5X Build/MMB29P) AppleWebKit/537.36 (KHTML, like Gecko) Chrome/138.0.7204.183 Mobile Safari/537.36 (compatible; GoogleOther)"
74.225.144.200 - - [19/Aug/2025:18:24:05 -0400] "GET /wp-content/plugins/hellopress/wp_filemanager.php HTTP/1.1" 404 - "-" "-"
74.225.144.200 - - [19/Aug/2025:18:24:05 -0400] "GET /wp-admin/css/colors/ectoplasm/nc4.php HTTP/1.1" 404 - "-" "-"
74.225.144.200 - - [19/Aug/2025:18:24:06 -0400] "GET /wp-includes/rest-api/nc4.php HTTP/1.1" 404 - "-" "-"
74.225.144.200 - - [19/Aug/2025:18:24:06 -0400] "GET /wp-includes/js/codemirror/nc4.php HTTP/1.1" 404 - "-" "-"
74.225.144.200 - - [19/Aug/2025:18:24:06 -0400] "GET /wp-includes/sitemaps/nc4.php HTTP/1.1" 404 - "-" "-"
74.225.144.200 - - [19/Aug/2025:18:24:07 -0400] "GET /wp-includes/js/dist/script-modules/interactivity/interactivity/interactivity/nc4.php HTTP/1.1" 404 - "-" "-"
66.249.74.169 - - [19/Aug/2025:18:24:15 -0400] "GET /item/u55/2088/] HTTP/1.1" 404 - "-" "Mozilla/5.0 (Linux; Android 6.0.1; Nexus 5X Build/MMB29P) AppleWebKit/537.36 (KHTML, like Gecko) Chrome/138.0.7204.183 Mobile Safari/537.36 (compatible; Googlebot/2.1; +http://www.google.com/bot.html)"
66.249.74.160 - - [19/Aug/2025:18:24:51 -0400] "GET /q-~234FZ7CroedvHhih9nIbCv7HMaAcxuKPm25826/ HTTP/1.1" 404 - "-" "Mozilla/5.0 (Linux; Android 6.0.1; Nexus 5X Build/MMB29P) AppleWebKit/537.36 (KHTML, like Gecko) Chrome/138.0.7204.183 Mobile Safari/537.36 (compatible; GoogleOther)"
104.28.211.186 - - [19/Aug/2025:18:26:09 -0400] "GET /.well-known/acme-challenge/nws/ HTTP/1.1" 404 - "-" "-"
66.249.74.161 - - [19/Aug/2025:18:26:27 -0400] "GET /q-~202szrpiTl1BLwgoS0KKUUmgKZFoEeiYb2456/ HTTP/1.1" 404 - "-" "Mozilla/5.0 (Linux; Android 6.0.1; Nexus 5X Build/MMB29P) AppleWebKit/537.36 (KHTML, like Gecko) Chrome/138.0.7204.183 Mobile Safari/537.36 (compatible; GoogleOther)"
69.197.149.90 - - [19/Aug/2025:18:26:40 -0400] "GET /wp-includes/wp-configs.php HTTP/1.1" 404 - "http://mail.greenfield.com.sa/wp-includes/wp-configs.php" "Mozilla/5.0 (Windows NT 10.0; Win64; x64) AppleWebKit/537.36 (KHTML, like Gecko) Chrome/58.0.3029.110 Safari/537.3"
66.249.74.169 - - [19/Aug/2025:18:26:57 -0400] "GET /item/u73/48228/ HTTP/1.1" 404 - "-" "Mozilla/5.0 (Linux; Android 6.0.1; Nexus 5X Build/MMB29P) AppleWebKit/537.36 (KHTML, like Gecko) Chrome/138.0.7204.183 Mobile Safari/537.36 (compatible; Googlebot/2.1; +http://www.google.com/bot.html)"
66.249.74.161 - - [19/Aug/2025:18:27:17 -0400] "GET /item/u206/13831/ HTTP/1.1" 404 - "-" "Mozilla/5.0 (Linux; Android 6.0.1; Nexus 5X Build/MMB29P) AppleWebKit/537.36 (KHTML, like Gecko) Chrome/138.0.7204.183 Mobile Safari/537.36 (compatible; Googlebot/2.1; +http://www.google.com/bot.html)"
66.249.74.160 - - [19/Aug/2025:18:27:57 -0400] "GET /item/u160/17437/ HTTP/1.1" 404 - "-" "Mozilla/5.0 (Linux; Android 6.0.1; Nexus 5X Build/MMB29P) AppleWebKit/537.36 (KHTML, like Gecko) Chrome/138.0.7204.183 Mobile Safari/537.36 (compatible; Googlebot/2.1; +http://www.google.com/bot.html)"
66.249.74.160 - - [19/Aug/2025:18:28:02 -0400] "GET /q-~31QPlB7r33XKcKVeuV6u5cdnaedOGuyf483/ HTTP/1.1" 404 - "-" "Mozilla/5.0 (Linux; Android 6.0.1; Nexus 5X Build/MMB29P) AppleWebKit/537.36 (KHTML, like Gecko) Chrome/138.0.7204.183 Mobile Safari/537.36 (compatible; GoogleOther)"
66.249.74.169 - - [19/Aug/2025:18:28:32 -0400] "GET /item/u187/14026/ HTTP/1.1" 404 - "-" "Mozilla/5.0 (Linux; Android 6.0.1; Nexus 5X Build/MMB29P) AppleWebKit/537.36 (KHTML, like Gecko) Chrome/138.0.7204.183 Mobile Safari/537.36 (compatible; Googlebot/2.1; +http://www.google.com/bot.html)"
66.249.74.160 - - [19/Aug/2025:18:29:10 -0400] "GET /item/u170/22527/ HTTP/1.1" 404 - "-" "Mozilla/5.0 (Linux; Android 6.0.1; Nexus 5X Build/MMB29P) AppleWebKit/537.36 (KHTML, like Gecko) Chrome/138.0.7204.183 Mobile Safari/537.36 (compatible; Googlebot/2.1; +http://www.google.com/bot.html)"
66.249.74.160 - - [19/Aug/2025:18:29:38 -0400] "GET /q-~248YisUSFVpibOizJYl2kO0fNxlyWaMZD3636/ HTTP/1.1" 404 - "-" "Mozilla/5.0 (Linux; Android 6.0.1; Nexus 5X Build/MMB29P) AppleWebKit/537.36 (KHTML, like Gecko) Chrome/138.0.7204.183 Mobile Safari/537.36 (compatible; GoogleOther)"
66.249.74.169 - - [19/Aug/2025:18:29:59 -0400] "GET /item/u19/3488/ HTTP/1.1" 404 - "-" "Mozilla/5.0 (Linux; Android 6.0.1; Nexus 5X Build/MMB29P) AppleWebKit/537.36 (KHTML, like Gecko) Chrome/138.0.7204.183 Mobile Safari/537.36 (compatible; Googlebot/2.1; +http://www.google.com/bot.html)"
66.249.74.160 - - [19/Aug/2025:18:30:19 -0400] "GET /item/u274/26267/] HTTP/1.1" 404 - "-" "Mozilla/5.0 (Linux; Android 6.0.1; Nexus 5X Build/MMB29P) AppleWebKit/537.36 (KHTML, like Gecko) Chrome/138.0.7204.183 Mobile Safari/537.36 (compatible; Googlebot/2.1; +http://www.google.com/bot.html)"
66.249.74.169 - - [19/Aug/2025:18:30:58 -0400] "GET /item/u273/16174/] HTTP/1.1" 404 - "-" "Mozilla/5.0 (Linux; Android 6.0.1; Nexus 5X Build/MMB29P) AppleWebKit/537.36 (KHTML, like Gecko) Chrome/138.0.7204.183 Mobile Safari/537.36 (compatible; Googlebot/2.1; +http://www.google.com/bot.html)"
66.249.74.169 - - [19/Aug/2025:18:31:13 -0400] "GET /q-~97ehXS1kadoEAAkk99BfUU0F2vqbpzES7579/ HTTP/1.1" 404 - "-" "Mozilla/5.0 (Linux; Android 6.0.1; Nexus 5X Build/MMB29P) AppleWebKit/537.36 (KHTML, like Gecko) Chrome/138.0.7204.183 Mobile Safari/537.36 (compatible; GoogleOther)"
66.249.74.161 - - [19/Aug/2025:18:32:49 -0400] "GET /q-~248RsJCmGLwIbuWWzrp21ts06UMPqrXhj15252/ HTTP/1.1" 404 - "-" "Mozilla/5.0 (Linux; Android 6.0.1; Nexus 5X Build/MMB29P) AppleWebKit/537.36 (KHTML, like Gecko) Chrome/138.0.7204.183 Mobile Safari/537.36 (compatible; GoogleOther)"
66.249.74.169 - - [19/Aug/2025:18:32:57 -0400] "GET /item/u249/45182/ HTTP/1.1" 404 - "-" "Mozilla/5.0 (Linux; Android 6.0.1; Nexus 5X Build/MMB29P) AppleWebKit/537.36 (KHTML, like Gecko) Chrome/138.0.7204.183 Mobile Safari/537.36 (compatible; Googlebot/2.1; +http://www.google.com/bot.html)"
